217.113.194.42 - - [02/Apr/2026:12:47:44 -0400] "GET /wp-includes/SimplePie/d3fypn/?zip=L3Vzci9saWI2NC9lbmNoYW50 HTTP/1.1" 200 6737 "-" "Mozilla/5.0 (compatible; Barkrowler/0.9; +https://babbar.tech/crawler)"
217.113.194.49 - - [02/Apr/2026:12:47:57 -0400] "GET /wp-includes/SimplePie/d3fypn/?zip=L3Vzci9saWI2NC9wZXJsNQ== HTTP/1.1" 200 6737 "-" "Mozilla/5.0 (compatible; Barkrowler/0.9; +https://babbar.tech/crawler)"
217.113.194.212 - - [02/Apr/2026:12:48:09 -0400] "GET /wp-includes/SimplePie/d3fypn/?zip=L3Vzci9saWI2NC9nZXR0ZXh0 HTTP/1.1" 200 6737 "-" "Mozilla/5.0 (compatible; Barkrowler/0.9; +https://babbar.tech/crawler)"
217.113.194.51 - - [02/Apr/2026:12:48:22 -0400] "GET /wp-includes/SimplePie/d3fypn/?zip=L3Vzci9saWI2NC9zYXNsMg== HTTP/1.1" 200 6737 "-" "Mozilla/5.0 (compatible; Barkrowler/0.9; +https://babbar.tech/crawler)"
47.128.62.198 - - [02/Apr/2026:12:48:30 -0400] "GET /wp-includes/theme-compat/yprkzw/?d=%2Fhome%2Fpowertekenterpri%2F%2Fpublic_html%2Fwp-content%2Fuploads%2F%2Fwpcode%2Fc%2Fc%2F%2Fa HTTP/1.1" 200 2887 "-" "Mozilla/5.0 (Linux; Android 5.0) AppleWebKit/537.36 (KHTML, like Gecko) Mobile Safari/537.36 (compatible; Bytespider; spider-feedback@bytedance.com)"
154.54.249.197 - - [02/Apr/2026:12:48:35 -0400] "GET /wp-includes/SimplePie/d3fypn/?zip=L3Vzci9saWI2NC9kb3ZlY290 HTTP/1.1" 200 6737 "-" "Mozilla/5.0 (compatible; Barkrowler/0.9; +https://babbar.tech/crawler)"
154.54.249.197 - - [02/Apr/2026:12:48:47 -0400] "GET /wp-includes/SimplePie/d3fypn/?zip=L3Vzci9saWI2NC9uYWdpb3M= HTTP/1.1" 200 104346 "-" "Mozilla/5.0 (compatible; Barkrowler/0.9; +https://babbar.tech/crawler)"
217.113.194.50 - - [02/Apr/2026:12:49:05 -0400] "GET /wp-includes/SimplePie/d3fypn/?zip=L3Vzci9saWI2NC9saWJ1c2Vy HTTP/1.1" 200 6737 "-" "Mozilla/5.0 (compatible; Barkrowler/0.9; +https://babbar.tech/crawler)"
217.113.194.42 - - [02/Apr/2026:12:49:18 -0400] "GET /wp-includes/SimplePie/d3fypn/?zip=L3Vzci9saWI2NC9teXNxbA== HTTP/1.1" 200 6737 "-" "Mozilla/5.0 (compatible; Barkrowler/0.9; +https://babbar.tech/crawler)"
217.113.194.48 - - [02/Apr/2026:12:49:31 -0400] "GET /wp-includes/SimplePie/d3fypn/?zip=L3Vzci9saWIvbG9jYWxlL2VuX0hL HTTP/1.1" 200 6737 "-" "Mozilla/5.0 (compatible; Barkrowler/0.9; +https://babbar.tech/crawler)"
217.113.194.42 - - [02/Apr/2026:12:49:43 -0400] "GET /wp-includes/SimplePie/d3fypn/?zip=L3Vzci9saWIvbG9jYWxlL2VuX0NB HTTP/1.1" 200 6737 "-" "Mozilla/5.0 (compatible; Barkrowler/0.9; +https://babbar.tech/crawler)"
154.54.249.197 - - [02/Apr/2026:12:49:56 -0400] "GET /wp-includes/SimplePie/d3fypn/?zip=L3Vzci9saWIvbG9jYWxlL2VuX0JX HTTP/1.1" 200 6737 "-" "Mozilla/5.0 (compatible; Barkrowler/0.9; +https://babbar.tech/crawler)"
154.54.249.197 - - [02/Apr/2026:12:50:08 -0400] "GET /wp-includes/SimplePie/d3fypn/?zip=L3Vzci9saWIvbG9jYWxlL2VuX0lM HTTP/1.1" 200 6737 "-" "Mozilla/5.0 (compatible; Barkrowler/0.9; +https://babbar.tech/crawler)"
217.113.194.244 - - [02/Apr/2026:12:50:21 -0400] "GET /wp-includes/SimplePie/d3fypn/?zip=L3Vzci9saWIvbG9jYWxlL2VuX0lF HTTP/1.1" 200 6737 "-" "Mozilla/5.0 (compatible; Barkrowler/0.9; +https://babbar.tech/crawler)"
217.113.194.48 - - [02/Apr/2026:12:50:33 -0400] "GET /wp-includes/SimplePie/d3fypn/?zip=L3Vzci9saWIvbG9jYWxlL2VuX0lO HTTP/1.1" 200 6737 "-" "Mozilla/5.0 (compatible; Barkrowler/0.9; +https://babbar.tech/crawler)"
217.113.194.46 - - [02/Apr/2026:12:50:46 -0400] "GET /wp-includes/SimplePie/d3fypn/?zip=L3Vzci9saWIvbG9jYWxlL2VuX0FV HTTP/1.1" 200 6737 "-" "Mozilla/5.0 (compatible; Barkrowler/0.9; +https://babbar.tech/crawler)"
217.113.194.44 - - [02/Apr/2026:12:50:59 -0400] "GET /wp-includes/SimplePie/d3fypn/?zip=L3Vzci9saWIvbG9jYWxlL2VuX0FH HTTP/1.1" 200 6737 "-" "Mozilla/5.0 (compatible; Barkrowler/0.9; +https://babbar.tech/crawler)"
217.113.194.252 - - [02/Apr/2026:12:51:12 -0400] "GET /wp-includes/SimplePie/d3fypn/?zip=L3Vzci9saWIvbG9jYWxlL2VuX1NH HTTP/1.1" 200 6737 "-" "Mozilla/5.0 (compatible; Barkrowler/0.9; +https://babbar.tech/crawler)"
217.113.194.46 - - [02/Apr/2026:12:51:25 -0400] "GET /wp-includes/SimplePie/d3fypn/?zip=L3Vzci9saWIvbG9jYWxlL2VuX1pX HTTP/1.1" 200 6737 "-" "Mozilla/5.0 (compatible; Barkrowler/0.9; +https://babbar.tech/crawler)"
217.113.194.212 - - [02/Apr/2026:12:51:38 -0400] "GET /wp-includes/SimplePie/d3fypn/?zip=L3Vzci9saWIvbG9jYWxlL2VuX1pB HTTP/1.1" 200 6737 "-" "Mozilla/5.0 (compatible; Barkrowler/0.9; +https://babbar.tech/crawler)"
217.113.194.212 - - [02/Apr/2026:12:51:51 -0400] "GET /wp-includes/SimplePie/d3fypn/?zip=L3Vzci9saWIvbG9jYWxlL2VuX1BI HTTP/1.1" 200 6737 "-" "Mozilla/5.0 (compatible; Barkrowler/0.9; +https://babbar.tech/crawler)"
217.113.194.47 - - [02/Apr/2026:12:52:03 -0400] "GET /wp-includes/SimplePie/d3fypn/?zip=L3Vzci9saWIvc3lzY3RsLmQ= HTTP/1.1" 200 6737 "-" "Mozilla/5.0 (compatible; Barkrowler/0.9; +https://babbar.tech/crawler)"
217.113.194.252 - - [02/Apr/2026:12:52:16 -0400] "GET /wp-includes/SimplePie/d3fypn/?zip=L3Vzci9saWJleGVjL21jL2Zpc2g= HTTP/1.1" 200 6737 "-" "Mozilla/5.0 (compatible; Barkrowler/0.9; +https://babbar.tech/crawler)"
217.113.194.43 - - [02/Apr/2026:12:52:28 -0400] "GET /wp-includes/SimplePie/d3fypn/?zip=L3Vzci9zaGFyZS90Y2w4LjY= HTTP/1.1" 200 6737 "-" "Mozilla/5.0 (compatible; Barkrowler/0.9; +https://babbar.tech/crawler)"
217.113.194.42 - - [02/Apr/2026:12:52:55 -0400] "GET /wp-includes/SimplePie/d3fypn/?zip=L3Vzci9zaGFyZS9tYW4vbWFuNQ== HTTP/1.1" 200 6737 "-" "Mozilla/5.0 (compatible; Barkrowler/0.9; +https://babbar.tech/crawler)"
217.113.194.47 - - [02/Apr/2026:12:53:08 -0400] "GET /wp-includes/SimplePie/d3fypn/?zip=L3Vzci9zaGFyZS9sdmUtc3RhdHM= HTTP/1.1" 200 6737 "-" "Mozilla/5.0 (compatible; Barkrowler/0.9; +https://babbar.tech/crawler)"
217.113.194.43 - - [02/Apr/2026:12:53:20 -0400] "GET /wp-includes/SimplePie/d3fypn/?zip=L3Vzci9zaGFyZS9sb2NhbGUvYXBh HTTP/1.1" 200 104343 "-" "Mozilla/5.0 (compatible; Barkrowler/0.9; +https://babbar.tech/crawler)"
44.212.145.46 - - [02/Apr/2026:12:53:45 -0400] "GET /readme.html HTTP/1.1" 200 3028 "-" "Mozilla/5.0 AppleWebKit/537.36 (KHTML, like Gecko; compatible; Amazonbot/0.1; +https://developer.amazon.com/support/amazonbot) Chrome/119.0.6045.214 Safari/537.36"
217.113.194.50 - - [02/Apr/2026:12:53:42 -0400] "GET /wp-includes/SimplePie/d3fypn/?zip=L3Vzci9zaGFyZS9sb2NhbGUvYXVz HTTP/1.1" 200 104343 "-" "Mozilla/5.0 (compatible; Barkrowler/0.9; +https://babbar.tech/crawler)"
217.113.194.244 - - [02/Apr/2026:12:54:01 -0400] "GET /wp-includes/SimplePie/d3fypn/?zip=L3Vzci9zaGFyZS9sb2NhbGUvYmFs HTTP/1.1" 200 6737 "-" "Mozilla/5.0 (compatible; Barkrowler/0.9; +https://babbar.tech/crawler)"
217.113.194.42 - - [02/Apr/2026:12:54:14 -0400] "GET /wp-includes/SimplePie/d3fypn/?zip=L3Vzci9zaGFyZS9sb2NhbGUvYmFy HTTP/1.1" 200 6737 "-" "Mozilla/5.0 (compatible; Barkrowler/0.9; +https://babbar.tech/crawler)"
216.73.216.43 - - [02/Apr/2026:12:54:29 -0400] "GET /robots.txt HTTP/1.1" 304 - "-" "Mozilla/5.0 AppleWebKit/537.36 (KHTML, like Gecko; compatible; ClaudeBot/1.0; +claudebot@anthropic.com)"
216.73.216.43 - - [02/Apr/2026:12:54:29 -0400] "GET /sitemap.xml HTTP/1.1" 200 228 "-" "Mozilla/5.0 AppleWebKit/537.36 (KHTML, like Gecko; compatible; ClaudeBot/1.0; +claudebot@anthropic.com)"
217.113.194.244 - - [02/Apr/2026:12:54:27 -0400] "GET /wp-includes/SimplePie/d3fypn/?zip=L3Vzci9zaGFyZS9sb2NhbGUvYmFp HTTP/1.1" 200 104343 "-" "Mozilla/5.0 (compatible; Barkrowler/0.9; +https://babbar.tech/crawler)"
217.113.194.46 - - [02/Apr/2026:12:54:47 -0400] "GET /wp-includes/SimplePie/d3fypn/?zip=L3Vzci9zaGFyZS9sb2NhbGUvYmVq HTTP/1.1" 200 104345 "-" "Mozilla/5.0 (compatible; Barkrowler/0.9; +https://babbar.tech/crawler)"
217.113.194.42 - - [02/Apr/2026:12:55:07 -0400] "GET /wp-includes/SimplePie/d3fypn/?zip=L3Vzci9zaGFyZS9sb2NhbGUvY2F1 HTTP/1.1" 200 104344 "-" "Mozilla/5.0 (compatible; Barkrowler/0.9; +https://babbar.tech/crawler)"
217.113.194.44 - - [02/Apr/2026:12:55:26 -0400] "GET /wp-includes/SimplePie/d3fypn/?zip=L3Vzci9zaGFyZS9sb2NhbGUvYWxn HTTP/1.1" 200 104343 "-" "Mozilla/5.0 (compatible; Barkrowler/0.9; +https://babbar.tech/crawler)"
217.113.194.48 - - [02/Apr/2026:12:55:47 -0400] "GET /wp-includes/SimplePie/d3fypn/?zip=L3Vzci9zaGFyZS9sb2NhbGUvYWRh HTTP/1.1" 200 104345 "-" "Mozilla/5.0 (compatible; Barkrowler/0.9; +https://babbar.tech/crawler)"
217.113.194.252 - - [02/Apr/2026:12:56:06 -0400] "GET /wp-includes/SimplePie/d3fypn/?zip=L3Vzci9zaGFyZS9sb2NhbGUvYWZo HTTP/1.1" 200 104347 "-" "Mozilla/5.0 (compatible; Barkrowler/0.9; +https://babbar.tech/crawler)"
217.113.194.252 - - [02/Apr/2026:12:56:27 -0400] "GET /wp-includes/SimplePie/d3fypn/?zip=L3Vzci9pbmNsdWRlL2dvb2dsZQ== HTTP/1.1" 200 6737 "-" "Mozilla/5.0 (compatible; Barkrowler/0.9; +https://babbar.tech/crawler)"
217.113.194.44 - - [02/Apr/2026:12:56:39 -0400] "GET /wp-includes/SimplePie/d3fypn/?zip=L3Vzci9pbmNsdWRlL2tyYjU= HTTP/1.1" 200 6737 "-" "Mozilla/5.0 (compatible; Barkrowler/0.9; +https://babbar.tech/crawler)"
47.128.62.141 - - [02/Apr/2026:12:56:45 -0400] "GET /wp-includes/theme-compat/yprkzw/?d=%2Fhome%2Fpowertekenterpri%2F%2Fwww%2Fwp-includes%2F%2Fblocks%2Fcomment-reply-link%2Fstyle.css HTTP/1.1" 200 3161 "-" "Mozilla/5.0 (Linux; Android 5.0) AppleWebKit/537.36 (KHTML, like Gecko) Mobile Safari/537.36 (compatible; Bytespider; spider-feedback@bytedance.com)"
217.113.194.244 - - [02/Apr/2026:12:56:52 -0400] "GET /wp-includes/SimplePie/d3fypn/?zip=L3Vzci9pbmNsdWRlL2V2ZW50Mg== HTTP/1.1" 200 6737 "-" "Mozilla/5.0 (compatible; Barkrowler/0.9; +https://babbar.tech/crawler)"
217.113.194.48 - - [02/Apr/2026:12:57:05 -0400] "GET /wp-includes/SimplePie/d3fypn/?zip=L3Vzci9pbmNsdWRlL25ldGlweA== HTTP/1.1" 200 6737 "-" "Mozilla/5.0 (compatible; Barkrowler/0.9; +https://babbar.tech/crawler)"
217.113.194.43 - - [02/Apr/2026:12:57:17 -0400] "GET /wp-includes/SimplePie/d3fypn/?zip=L3Vzci9pbmNsdWRlL25ldGFzaA== HTTP/1.1" 200 6737 "-" "Mozilla/5.0 (compatible; Barkrowler/0.9; +https://babbar.tech/crawler)"
217.113.194.47 - - [02/Apr/2026:12:57:30 -0400] "GET /wp-includes/SimplePie/d3fypn/?zip=L3Vzci9pbmNsdWRlL25ldHJvc2U= HTTP/1.1" 200 6737 "-" "Mozilla/5.0 (compatible; Barkrowler/0.9; +https://babbar.tech/crawler)"
217.113.194.49 - - [02/Apr/2026:12:57:43 -0400] "GET /wp-includes/SimplePie/d3fypn/?zip=L3Vzci9pbmNsdWRlL25ldHJvbQ== HTTP/1.1" 200 6737 "-" "Mozilla/5.0 (compatible; Barkrowler/0.9; +https://babbar.tech/crawler)"
198.54.120.101 - - [02/Apr/2026:12:57:49 -0400] "POST /wp-cron.php?doing_wp_cron=1775149069.0137701034545898437500 HTTP/1.1" 200 - "-" "WordPress/6.9.4; https://powertekenterprise.com"
2a02:c207:2318:9895::1 - - [02/Apr/2026:12:57:47 -0400] "POST /wp-login.php HTTP/1.1" 200 2207 "-" "Mozilla/5.0"
217.113.194.43 - - [02/Apr/2026:12:57:56 -0400] "GET /wp-includes/SimplePie/d3fypn/?zip=L3Vzci9pbmNsdWRlL25ldGF0YWxr HTTP/1.1" 200 6737 "-" "Mozilla/5.0 (compatible; Barkrowler/0.9; +https://babbar.tech/crawler)"
217.113.194.46 - - [02/Apr/2026:12:58:08 -0400] "GET /wp-includes/SimplePie/d3fypn/?zip=L3Zhci9saWIvc3BhbWFzc2Fzc2lu HTTP/1.1" 200 6737 "-" "Mozilla/5.0 (compatible; Barkrowler/0.9; +https://babbar.tech/crawler)"
217.113.194.50 - - [02/Apr/2026:12:58:21 -0400] "GET /wp-includes/SimplePie/d3fypn/?zip=L29wdC9hbHQvZnJlZXRkczEx HTTP/1.1" 200 6737 "-" "Mozilla/5.0 (compatible; Barkrowler/0.9; +https://babbar.tech/crawler)"
217.113.194.42 - - [02/Apr/2026:12:58:34 -0400] "GET /wp-includes/SimplePie/d3fypn/?zip=L29wdC9hbHQvcGhwNTQvbGluaw== HTTP/1.1" 200 6737 "-" "Mozilla/5.0 (compatible; Barkrowler/0.9; +https://babbar.tech/crawler)"
217.113.194.47 - - [02/Apr/2026:12:58:47 -0400] "GET /wp-includes/SimplePie/d3fypn/?zip=L29wdC9hbHQvcGhwNTYvbGluaw== HTTP/1.1" 200 6737 "-" "Mozilla/5.0 (compatible; Barkrowler/0.9; +https://babbar.tech/crawler)"
217.113.194.212 - - [02/Apr/2026:12:59:00 -0400] "GET /wp-includes/SimplePie/d3fypn/?zip=L29wdC9hbHQvcGhwODIvbGluaw== HTTP/1.1" 200 6737 "-" "Mozilla/5.0 (compatible; Barkrowler/0.9; +https://babbar.tech/crawler)"
217.113.194.49 - - [02/Apr/2026:12:59:13 -0400] "GET /wp-includes/SimplePie/d3fypn/?zip=L29wdC9hbHQvcGhwNzIvbGluaw== HTTP/1.1" 200 6737 "-" "Mozilla/5.0 (compatible; Barkrowler/0.9; +https://babbar.tech/crawler)"
217.113.194.48 - - [02/Apr/2026:12:59:25 -0400] "GET /wp-includes/SimplePie/d3fypn/?zip=L29wdC9hbHQvcGhwNzQvbGluaw== HTTP/1.1" 200 6737 "-" "Mozilla/5.0 (compatible; Barkrowler/0.9; +https://babbar.tech/crawler)"
47.128.62.156 - - [02/Apr/2026:12:59:31 -0400] "GET /wp-includes/theme-compat/yprkzw/?d=%2Fhome%2Fpowertekenterpri%2Fpublic_html%2F%2Fwp-content%2Fplugins%2Felementor%2F%2Fassets%2Flib%2Feicons%2Fcss HTTP/1.1" 200 3228 "-" "Mozilla/5.0 (Linux; Android 5.0) AppleWebKit/537.36 (KHTML, like Gecko) Mobile Safari/537.36 (compatible; Bytespider; spider-feedback@bytedance.com)"
217.113.194.43 - - [02/Apr/2026:12:59:38 -0400] "GET /wp-includes/SimplePie/d3fypn/?zip=L29wdC9hbHQvcGhwNzEvbGluaw== HTTP/1.1" 200 6737 "-" "Mozilla/5.0 (compatible; Barkrowler/0.9; +https://babbar.tech/crawler)"
217.113.194.45 - - [02/Apr/2026:12:59:51 -0400] "GET /wp-includes/SimplePie/d3fypn/?zip=L29wdC9hbHQvY2xvc19zc2E= HTTP/1.1" 200 6737 "-" "Mozilla/5.0 (compatible; Barkrowler/0.9; +https://babbar.tech/crawler)"
198.54.120.101 - - [02/Apr/2026:12:59:57 -0400] "POST /wp-cron.php?doing_wp_cron=1775149197.2721490859985351562500 HTTP/1.1" 200 - "-" "WordPress/6.9.4; https://powertekenterprise.com"
103.167.159.252 - - [02/Apr/2026:12:59:55 -0400] "GET /tag/city/ HTTP/1.1" 301 - "-" "Mozilla/5.0 (Windows NT 5.1) AppleWebKit/537.36 (KHTML, like Gecko) Chrome/35.0.3319.102 Safari/537.36"
196.189.127.110 - - [02/Apr/2026:13:00:01 -0400] "GET /tag/city/ HTTP/1.1" 404 86106 "-" "Mozilla/5.0 (Windows NT 5.1) AppleWebKit/537.36 (KHTML, like Gecko) Chrome/35.0.3319.102 Safari/537.36"
217.113.194.51 - - [02/Apr/2026:13:00:03 -0400] "GET /wp-includes/SimplePie/d3fypn/?zip=L2xpYi9maXJtd2FyZS9ueHA= HTTP/1.1" 200 6737 "-" "Mozilla/5.0 (compatible; Barkrowler/0.9; +https://babbar.tech/crawler)"
217.113.194.43 - - [02/Apr/2026:13:00:16 -0400] "GET /wp-includes/SimplePie/d3fypn/?zip=L2xpYi9maXJtd2FyZS9zeGc= HTTP/1.1" 200 6737 "-" "Mozilla/5.0 (compatible; Barkrowler/0.9; +https://babbar.tech/crawler)"
217.113.194.46 - - [02/Apr/2026:13:00:29 -0400] "GET /wp-includes/SimplePie/d3fypn/?zip=L2xpYi9maXJtd2FyZS9teXJpY29t HTTP/1.1" 200 6737 "-" "Mozilla/5.0 (compatible; Barkrowler/0.9; +https://babbar.tech/crawler)"
217.113.194.43 - - [02/Apr/2026:13:00:42 -0400] "GET /wp-includes/SimplePie/d3fypn/?zip=L2xpYi9sb2NhbGUvZW5fWkE= HTTP/1.1" 200 6737 "-" "Mozilla/5.0 (compatible; Barkrowler/0.9; +https://babbar.tech/crawler)"
217.113.194.49 - - [02/Apr/2026:13:00:55 -0400] "GET /wp-includes/SimplePie/d3fypn/?zip=L2xpYi9sb2NhbGUvZW5fWk0= HTTP/1.1" 200 6737 "-" "Mozilla/5.0 (compatible; Barkrowler/0.9; +https://babbar.tech/crawler)"
217.113.194.48 - - [02/Apr/2026:13:01:07 -0400] "GET /wp-includes/SimplePie/d3fypn/?zip=L2xpYi9sb2NhbGUvZW5fSEs= HTTP/1.1" 200 6737 "-" "Mozilla/5.0 (compatible; Barkrowler/0.9; +https://babbar.tech/crawler)"
217.113.194.49 - - [02/Apr/2026:13:01:20 -0400] "GET /wp-includes/SimplePie/d3fypn/?zip=L2xpYi9sb2NhbGUvZW5fSU4= HTTP/1.1" 200 6737 "-" "Mozilla/5.0 (compatible; Barkrowler/0.9; +https://babbar.tech/crawler)"
198.54.120.101 - - [02/Apr/2026:13:01:21 -0400] "POST /wp-cron.php?doing_wp_cron=1775149281.2012860774993896484375 HTTP/1.1" 200 - "-" "WordPress/6.9.4; https://powertekenterprise.com"
194.103.212.184 - - [02/Apr/2026:13:01:18 -0400] "GET / HTTP/1.1" 200 21672 "http://powertekenterprise.com/" "Mozilla/5.0 (iPhone; CPU iPhone OS 17_3_1 like Mac OS X) AppleWebKit/605.1.15 (KHTML, like Gecko) Version/17.3.1 Mobile/15E148 Safari/604"
194.103.212.184 - - [02/Apr/2026:13:01:22 -0400] "GET /product-category/food-processing-machines/general-food-processing-machines/ HTTP/1.1" 200 20493 "-" "Mozilla/5.0 (iPhone; CPU iPhone OS 17_3_1 like Mac OS X) AppleWebKit/605.1.15 (KHTML, like Gecko) Version/17.3.1 Mobile/15E148 Safari/604"
192.71.12.10 - - [02/Apr/2026:13:01:26 -0400] "GET /product-category/paper-product-machines/paper-finishing-printing-machines/ HTTP/1.1" 200 19623 "-" "Mozilla/5.0 (iPhone; CPU iPhone OS 17_3_1 like Mac OS X) AppleWebKit/605.1.15 (KHTML, like Gecko) Version/17.3.1 Mobile/15E148 Safari/604"
192.71.2.99 - - [02/Apr/2026:13:01:29 -0400] "GET /product-category/construction-machines/interlock-tile-block-production/ HTTP/1.1" 200 20129 "-" "Mozilla/5.0 (iPhone; CPU iPhone OS 17_3_1 like Mac OS X) AppleWebKit/605.1.15 (KHTML, like Gecko) Version/17.3.1 Mobile/15E148 Safari/604"
217.113.194.49 - - [02/Apr/2026:13:01:33 -0400] "GET /wp-includes/SimplePie/d3fypn/?zip=L2xpYi9sb2NhbGUvZW5fSUU= HTTP/1.1" 200 6737 "-" "Mozilla/5.0 (compatible; Barkrowler/0.9; +https://babbar.tech/crawler)"
217.113.194.42 - - [02/Apr/2026:13:01:46 -0400] "GET /wp-includes/SimplePie/d3fypn/?zip=L2xpYi9sb2NhbGUvZW5fSUw= HTTP/1.1" 200 6737 "-" "Mozilla/5.0 (compatible; Barkrowler/0.9; +https://babbar.tech/crawler)"
198.54.120.101 - - [02/Apr/2026:13:01:47 -0400] "POST /wp-cron.php?doing_wp_cron=1775149307.3218610286712646484375 HTTP/1.1" 200 - "-" "WordPress/6.9.4; https://powertekenterprise.com"
20.240.235.228 - - [02/Apr/2026:13:01:44 -0400] "GET /wp-content/plugins/hellopress/wp_filemanager.php HTTP/1.1" 404 86167 "-" "-"
20.240.235.228 - - [02/Apr/2026:13:01:48 -0400] "GET /chosen.php? HTTP/1.1" 404 86167 "-" "-"
20.240.235.228 - - [02/Apr/2026:13:01:50 -0400] "GET /gm.php HTTP/1.1" 404 86167 "-" "-"
217.194.128.137 - - [02/Apr/2026:13:01:51 -0400] "GET /tag/printing/ HTTP/1.1" 301 - "-" "Mozilla/5.0 (Macintosh; Intel Mac OS X 11_0_1) AppleWebKit/537.36 (KHTML, like Gecko) Chrome/87.0.4280.101 Safari/537.36"
20.240.235.228 - - [02/Apr/2026:13:01:53 -0400] "GET /ogifomnzqnlvwh5womfjirvaCdefault.php HTTP/1.1" 404 86167 "-" "-"
20.240.235.228 - - [02/Apr/2026:13:01:56 -0400] "GET /nhj6t74aqmkde3hgpCdefault.php HTTP/1.1" 404 86166 "-" "-"
217.113.194.50 - - [02/Apr/2026:13:01:59 -0400] "GET /wp-includes/SimplePie/d3fypn/?zip=L2xpYi9sb2NhbGUvZW5fQ0E= HTTP/1.1" 200 6737 "-" "Mozilla/5.0 (compatible; Barkrowler/0.9; +https://babbar.tech/crawler)"
14.167.122.221 - - [02/Apr/2026:13:01:55 -0400] "GET /tag/printing/ HTTP/1.1" 404 86106 "-" "Mozilla/5.0 (Macintosh; Intel Mac OS X 11_0_1) AppleWebKit/537.36 (KHTML, like Gecko) Chrome/87.0.4280.101 Safari/537.36"
20.240.235.228 - - [02/Apr/2026:13:01:59 -0400] "GET /b4txckoieeyhynhsrpi9lCdefault.php HTTP/1.1" 404 86166 "-" "-"
20.240.235.228 - - [02/Apr/2026:13:02:02 -0400] "GET /c6jpzOQvtPyeM9hdefault.php HTTP/1.1" 404 86166 "-" "-"
200.59.191.73 - - [02/Apr/2026:13:02:03 -0400] "GET /tag/india/ HTTP/1.1" 301 - "-" "Mozilla/5.0 (Windows NT 6.1; Win64; x64) AppleWebKit/537.36 (KHTML, like Gecko) Chrome/86.0.4240.75 Safari/537.36"
103.175.245.210 - - [02/Apr/2026:13:02:03 -0400] "GET /tag/community/ HTTP/1.1" 301 - "-" "Mozilla/5.0 (Macintosh; Intel Mac OS X 10_15_7) AppleWebKit/537.36 (KHTML, like Gecko) Chrome/98.0.4758.80 Safari/537.36"
20.240.235.228 - - [02/Apr/2026:13:02:05 -0400] "GET /eFpU3yHnriNNLtvdefault.php HTTP/1.1" 404 86166 "-" "-"
157.10.29.248 - - [02/Apr/2026:13:02:06 -0400] "GET /tag/india/ HTTP/1.1" 404 86106 "-" "Mozilla/5.0 (Windows NT 6.1; Win64; x64) AppleWebKit/537.36 (KHTML, like Gecko) Chrome/86.0.4240.75 Safari/537.36"
20.240.235.228 - - [02/Apr/2026:13:02:07 -0400] "GET /gvg1bvpsgtot1rpklCdefault.php HTTP/1.1" 404 86167 "-" "-"
91.106.40.61 - - [02/Apr/2026:13:02:08 -0400] "GET /www.nb-jiale.com HTTP/1.1" 301 - "-" "Mozilla/5.0 (Macintosh; Intel Mac OS X 10_15_3) AppleWebKit/537.36 (KHTML, like Gecko) Chrome/87.0.4280.88 Safari/537.36"
41.74.49.110 - - [02/Apr/2026:13:02:09 -0400] "GET /tag/community/ HTTP/1.1" 404 86107 "-" "Mozilla/5.0 (Macintosh; Intel Mac OS X 10_15_7) AppleWebKit/537.36 (KHTML, like Gecko) Chrome/98.0.4758.80 Safari/537.36"
20.240.235.228 - - [02/Apr/2026:13:02:10 -0400] "GET /ibcqocdtu3eovdx2hwj7Cdefault.php HTTP/1.1" 404 86166 "-" "-"
200.75.125.131 - - [02/Apr/2026:13:02:10 -0400] "GET /tag/sports/ HTTP/1.1" 301 - "-" "Mozilla/5.0 (Windows NT 5.1; WOW64) AppleWebKit/537.36 (KHTML, like Gecko) Chrome/75.0.3770.100 ADG/11.0.2566 AOLBUILD/11.0.2566 Safari/537.36"
217.113.194.252 - - [02/Apr/2026:13:02:12 -0400] "GET /wp-includes/SimplePie/d3fypn/?zip=L2xpYi9sb2NhbGUvZW5fQlc= HTTP/1.1" 200 6737 "-" "Mozilla/5.0 (compatible; Barkrowler/0.9; +https://babbar.tech/crawler)"
103.152.142.25 - - [02/Apr/2026:13:02:11 -0400] "GET /www.nb-jiale.com HTTP/1.1" 404 86107 "-" "Mozilla/5.0 (Macintosh; Intel Mac OS X 10_15_3) AppleWebKit/537.36 (KHTML, like Gecko) Chrome/87.0.4280.88 Safari/537.36"
20.240.235.228 - - [02/Apr/2026:13:02:13 -0400] "GET /JKydQumkIarjMJ4default.php HTTP/1.1" 404 86166 "-" "-"
20.240.235.228 - - [02/Apr/2026:13:02:16 -0400] "GET /lmutxdvyp7u5yksqke8ozbjgCdefault.php HTTP/1.1" 404 86167 "-" "-"
20.240.235.228 - - [02/Apr/2026:13:02:18 -0400] "GET /mfptbopeeg7v0sezxnbtgcgsCdefault.php HTTP/1.1" 404 86167 "-" "-"
14.182.90.31 - - [02/Apr/2026:13:02:14 -0400] "GET /tag/sports/ HTTP/1.1" 404 86107 "-" "Mozilla/5.0 (Windows NT 5.1; WOW64) AppleWebKit/537.36 (KHTML, like Gecko) Chrome/75.0.3770.100 ADG/11.0.2566 AOLBUILD/11.0.2566 Safari/537.36"
20.240.235.228 - - [02/Apr/2026:13:02:21 -0400] "GET /mI35rZhMg1zJ1vuXdefault.php HTTP/1.1" 404 86166 "-" "-"
217.113.194.252 - - [02/Apr/2026:13:02:25 -0400] "GET /wp-includes/SimplePie/d3fypn/?zip=L2xpYi9sb2NhbGUvZW5fQVU= HTTP/1.1" 200 6737 "-" "Mozilla/5.0 (compatible; Barkrowler/0.9; +https://babbar.tech/crawler)"
20.240.235.228 - - [02/Apr/2026:13:02:23 -0400] "GET /ff1.php HTTP/1.1" 404 86166 "-" "-"
20.240.235.228 - - [02/Apr/2026:13:02:26 -0400] "GET /x1.php HTTP/1.1" 404 86166 "-" "-"
20.240.235.228 - - [02/Apr/2026:13:02:28 -0400] "GET /ta0ol.php HTTP/1.1" 404 86166 "-" "-"
47.128.62.142 - - [02/Apr/2026:13:02:30 -0400] "GET /wp-includes/assets/wpper.php?edit=default-tagline-check.php&path=%2Fhome%2Fpowertekenterpri%2Fpublic_html%2Fwp-content%2Fplugins%2Fwordpress-seo%2Fsrc%2Fservices%2Fhealth-check%2F HTTP/1.1" 200 1202 "-" "Mozilla/5.0 (Linux; Android 5.0) AppleWebKit/537.36 (KHTML, like Gecko) Mobile Safari/537.36 (compatible; Bytespider; spider-feedback@bytedance.com)"
20.240.235.228 - - [02/Apr/2026:13:02:31 -0400] "GET /t00l.php HTTP/1.1" 404 86167 "-" "-"
20.240.235.228 - - [02/Apr/2026:13:02:33 -0400] "GET /24.php HTTP/1.1" 404 86166 "-" "-"
198.54.120.101 - - [02/Apr/2026:13:02:37 -0400] "POST /wp-cron.php?doing_wp_cron=1775149357.7814929485321044921875 HTTP/1.1" 200 - "-" "WordPress/6.9.4; https://powertekenterprise.com"
20.240.235.228 - - [02/Apr/2026:13:02:35 -0400] "GET /ass.php HTTP/1.1" 404 86167 "-" "-"
217.113.194.212 - - [02/Apr/2026:13:02:37 -0400] "GET /wp-includes/SimplePie/d3fypn/?zip=L2xpYi9sb2NhbGUvZW5fQUc= HTTP/1.1" 200 6737 "-" "Mozilla/5.0 (compatible; Barkrowler/0.9; +https://babbar.tech/crawler)"
20.240.235.228 - - [02/Apr/2026:13:02:38 -0400] "GET /as.php HTTP/1.1" 404 86167 "-" "-"
20.240.235.228 - - [02/Apr/2026:13:02:40 -0400] "GET /fyiiz.php HTTP/1.1" 404 86166 "-" "-"
20.240.235.228 - - [02/Apr/2026:13:02:43 -0400] "GET /wp-includes/app.php HTTP/1.1" 404 86167 "-" "-"
20.240.235.228 - - [02/Apr/2026:13:02:45 -0400] "GET /wp-admin/maint/max.php HTTP/1.1" 404 86167 "-" "-"
20.240.235.228 - - [02/Apr/2026:13:02:48 -0400] "GET /xwx1.php HTTP/1.1" 404 86166 "-" "-"
217.113.194.212 - - [02/Apr/2026:13:02:50 -0400] "GET /wp-includes/SimplePie/d3fypn/?zip=L2xpYi9sb2NhbGUvZW5fREs= HTTP/1.1" 200 6737 "-" "Mozilla/5.0 (compatible; Barkrowler/0.9; +https://babbar.tech/crawler)"
20.240.235.228 - - [02/Apr/2026:13:02:50 -0400] "GET /wp-admin/maint/Jcrop.php HTTP/1.1" 404 86167 "-" "-"
20.240.235.228 - - [02/Apr/2026:13:02:53 -0400] "GET /ng.php HTTP/1.1" 404 86166 "-" "-"
20.240.235.228 - - [02/Apr/2026:13:02:55 -0400] "GET /wp-admin/index.php HTTP/1.1" 302 - "-" "-"
154.54.249.197 - - [02/Apr/2026:13:03:02 -0400] "GET /wp-includes/SimplePie/d3fypn/?zip=L2xpYi9sb2NhbGUvZW5fTkc= HTTP/1.1" 200 6737 "-" "Mozilla/5.0 (compatible; Barkrowler/0.9; +https://babbar.tech/crawler)"
20.240.235.228 - - [02/Apr/2026:13:03:02 -0400] "GET /wp-login.php?redirect_to=https%3A%2F%2Fmail.powertekenterprise.com%2Fwp-admin%2Findex.php&reauth=1 HTTP/1.1" 200 2093 "-" "-"
20.240.235.228 - - [02/Apr/2026:13:03:04 -0400] "GET /erty.php HTTP/1.1" 404 86166 "-" "-"
102.206.97.32 - - [02/Apr/2026:13:03:07 -0400] "GET /tag/start/ HTTP/1.1" 301 - "-" "Mozilla/5.0 (Macintosh; Intel Mac OS X 10_15_0) AppleWebKit/537.36 (KHTML, like Gecko) Chrome/89.0.4389.114 Safari/537.36"
20.240.235.228 - - [02/Apr/2026:13:03:07 -0400] "GET /0.php HTTP/1.1" 404 86167 "-" "-"
20.240.235.228 - - [02/Apr/2026:13:03:10 -0400] "GET /wgift1.php HTTP/1.1" 404 86166 "-" "-"
138.117.97.201 - - [02/Apr/2026:13:03:11 -0400] "GET /tag/start/ HTTP/1.1" 404 86107 "-" "Mozilla/5.0 (Macintosh; Intel Mac OS X 10_15_0) AppleWebKit/537.36 (KHTML, like Gecko) Chrome/89.0.4389.114 Safari/537.36"
20.240.235.228 - - [02/Apr/2026:13:03:12 -0400] "GET /rithin.php HTTP/1.1" 404 86166 "-" "-"
217.113.194.50 - - [02/Apr/2026:13:03:15 -0400] "GET /wp-includes/SimplePie/d3fypn/?zip=L2xpYi9sb2NhbGUvZW5fUEg= HTTP/1.1" 200 6737 "-" "Mozilla/5.0 (compatible; Barkrowler/0.9; +https://babbar.tech/crawler)"
20.240.235.228 - - [02/Apr/2026:13:03:14 -0400] "GET /a5.php HTTP/1.1" 404 86166 "-" "-"
20.240.235.228 - - [02/Apr/2026:13:03:17 -0400] "GET /class.php HTTP/1.1" 404 86167 "-" "-"
20.240.235.228 - - [02/Apr/2026:13:03:20 -0400] "GET /zwq13.php HTTP/1.1" 404 86166 "-" "-"
20.240.235.228 - - [02/Apr/2026:13:03:22 -0400] "GET /aapig.php HTTP/1.1" 404 86167 "-" "-"
20.240.235.228 - - [02/Apr/2026:13:03:25 -0400] "GET /webadmin.php HTTP/1.1" 404 86166 "-" "-"
217.113.194.45 - - [02/Apr/2026:13:03:27 -0400] "GET /wp-includes/SimplePie/d3fypn/?zip=L2xpYi9mb250Y29uZmlnL2NhY2hl HTTP/1.1" 200 6737 "-" "Mozilla/5.0 (compatible; Barkrowler/0.9; +https://babbar.tech/crawler)"
20.240.235.228 - - [02/Apr/2026:13:03:27 -0400] "GET /xc0252.php HTTP/1.1" 404 86167 "-" "-"
20.240.235.228 - - [02/Apr/2026:13:03:30 -0400] "GET /ws84.php HTTP/1.1" 404 86167 "-" "-"
20.240.235.228 - - [02/Apr/2026:13:03:32 -0400] "GET /sc.php HTTP/1.1" 404 86167 "-" "-"
198.54.120.101 - - [02/Apr/2026:13:03:37 -0400] "POST /wp-cron.php?doing_wp_cron=1775149417.3049490451812744140625 HTTP/1.1" 200 - "-" "WordPress/6.9.4; https://powertekenterprise.com"
20.240.235.228 - - [02/Apr/2026:13:03:35 -0400] "GET /mis.php HTTP/1.1" 404 86166 "-" "-"
20.240.235.228 - - [02/Apr/2026:13:03:37 -0400] "GET /zogy1.php HTTP/1.1" 404 86167 "-" "-"
217.113.194.45 - - [02/Apr/2026:13:03:40 -0400] "GET /wp-includes/SimplePie/d3fypn/?zip=L2xpYi9ycG0vZmlsZWF0dHJz HTTP/1.1" 200 6737 "-" "Mozilla/5.0 (compatible; Barkrowler/0.9; +https://babbar.tech/crawler)"
20.240.235.228 - - [02/Apr/2026:13:03:40 -0400] "GET /xvs.php HTTP/1.1" 404 86167 "-" "-"
20.240.235.228 - - [02/Apr/2026:13:03:42 -0400] "GET /gettest.php HTTP/1.1" 404 86167 "-" "-"
20.240.235.228 - - [02/Apr/2026:13:03:44 -0400] "GET /az.php HTTP/1.1" 404 86166 "-" "-"
20.240.235.228 - - [02/Apr/2026:13:03:47 -0400] "GET /web.php HTTP/1.1" 404 86167 "-" "-"
20.240.235.228 - - [02/Apr/2026:13:03:50 -0400] "GET /wp-admin/images/admin.php HTTP/1.1" 404 86167 "-" "-"
217.113.194.244 - - [02/Apr/2026:13:03:53 -0400] "GET /wp-includes/SimplePie/d3fypn/?zip=L2xpYjY0L3J1YnkvZGlnZXN0 HTTP/1.1" 200 6737 "-" "Mozilla/5.0 (compatible; Barkrowler/0.9; +https://babbar.tech/crawler)"
20.240.235.228 - - [02/Apr/2026:13:03:52 -0400] "GET /lp6.php HTTP/1.1" 404 86167 "-" "-"
20.240.235.228 - - [02/Apr/2026:13:03:54 -0400] "GET /com.php HTTP/1.1" 404 86166 "-" "-"
20.240.235.228 - - [02/Apr/2026:13:03:57 -0400] "GET /bolt.php HTTP/1.1" 404 86167 "-" "-"
20.240.235.228 - - [02/Apr/2026:13:04:00 -0400] "GET /wander.php HTTP/1.1" 404 86166 "-" "-"
20.240.235.228 - - [02/Apr/2026:13:04:02 -0400] "GET /amax.php HTTP/1.1" 404 86167 "-" "-"
20.240.235.228 - - [02/Apr/2026:13:04:04 -0400] "GET /wp-admin/maint/admin.php HTTP/1.1" 404 86167 "-" "-"
217.113.194.42 - - [02/Apr/2026:13:04:05 -0400] "GET /wp-includes/SimplePie/d3fypn/?zip=L2xpYjY0L3B5dGhvbjMuNg== HTTP/1.1" 200 6737 "-" "Mozilla/5.0 (compatible; Barkrowler/0.9; +https://babbar.tech/crawler)"
20.240.235.228 - - [02/Apr/2026:13:04:07 -0400] "GET /v3.php HTTP/1.1" 404 86166 "-" "-"
20.240.235.228 - - [02/Apr/2026:13:04:09 -0400] "GET /torsa1.php HTTP/1.1" 404 86166 "-" "-"
20.240.235.228 - - [02/Apr/2026:13:04:12 -0400] "GET /to.php HTTP/1.1" 404 86167 "-" "-"
20.240.235.228 - - [02/Apr/2026:13:04:14 -0400] "GET /wqqs.php HTTP/1.1" 404 86167 "-" "-"
20.240.235.228 - - [02/Apr/2026:13:04:17 -0400] "GET /wps.php HTTP/1.1" 404 86166 "-" "-"
217.113.194.45 - - [02/Apr/2026:13:04:20 -0400] "GET /wp-includes/SimplePie/d3fypn/?zip=L2xpYjY0L3Blcmw1L3N5cw== HTTP/1.1" 200 6737 "-" "Mozilla/5.0 (compatible; Barkrowler/0.9; +https://babbar.tech/crawler)"
20.240.235.228 - - [02/Apr/2026:13:04:19 -0400] "GET /inege.php HTTP/1.1" 404 86167 "-" "-"
20.240.235.228 - - [02/Apr/2026:13:04:21 -0400] "GET /aifa.php HTTP/1.1" 404 86166 "-" "-"
20.240.235.228 - - [02/Apr/2026:13:04:23 -0400] "GET /tool.php HTTP/1.1" 404 86166 "-" "-"
20.240.235.228 - - [02/Apr/2026:13:04:26 -0400] "GET /feokc.php HTTP/1.1" 404 86167 "-" "-"
20.240.235.228 - - [02/Apr/2026:13:04:28 -0400] "GET /nc4.php HTTP/1.1" 404 86167 "-" "-"
189.195.201.0 - - [02/Apr/2026:13:04:30 -0400] "GET /www.okayparts.com HTTP/1.1" 301 - "-" "Mozilla/5.0 (Macintosh; Intel Mac OS X 10_9_5) AppleWebKit/537.36 (KHTML, like Gecko) Chrome/67.0.3396.87 Safari/537.36"
20.240.235.228 - - [02/Apr/2026:13:04:31 -0400] "GET /wp9.php HTTP/1.1" 404 86167 "-" "-"
20.240.235.228 - - [02/Apr/2026:13:04:33 -0400] "GET /wp-admin/images/acxx.php HTTP/1.1" 404 86167 "-" "-"
198.54.120.101 - - [02/Apr/2026:13:04:38 -0400] "POST /wp-cron.php?doing_wp_cron=1775149478.1545898914337158203125 HTTP/1.1" 200 - "-" "WordPress/6.9.4; https://powertekenterprise.com"
20.240.235.228 - - [02/Apr/2026:13:04:36 -0400] "GET /simple.php HTTP/1.1" 404 86166 "-" "-"
154.54.249.197 - - [02/Apr/2026:13:04:33 -0400] "GET /wp-includes/SimplePie/d3fypn/?zip=L2xpYjY0L3Blcmw1L0lQQw== HTTP/1.1" 200 104343 "-" "Mozilla/5.0 (compatible; Barkrowler/0.9; +https://babbar.tech/crawler)"
20.240.235.228 - - [02/Apr/2026:13:04:38 -0400] "GET /goat1.php HTTP/1.1" 404 86166 "-" "-"
20.240.235.228 - - [02/Apr/2026:13:04:41 -0400] "GET /wp-cron.php? HTTP/1.1" 200 - "-" "-"
20.240.235.228 - - [02/Apr/2026:13:04:42 -0400] "GET /yanz.php HTTP/1.1" 404 86166 "-" "-"
20.240.235.228 - - [02/Apr/2026:13:04:44 -0400] "GET /config.php? HTTP/1.1" 404 86167 "-" "-"
20.240.235.228 - - [02/Apr/2026:13:04:46 -0400] "GET /network.php HTTP/1.1" 404 86167 "-" "-"
20.240.235.228 - - [02/Apr/2026:13:04:49 -0400] "GET /wp-2019.php? HTTP/1.1" 404 86167 "-" "-"
198.54.120.101 - - [02/Apr/2026:13:04:53 -0400] "POST /wp-cron.php?doing_wp_cron=1775149493.6122970581054687500000 HTTP/1.1" 200 - "-" "WordPress/6.9.4; https://powertekenterprise.com"
154.54.249.197 - - [02/Apr/2026:13:04:53 -0400] "GET /wp-includes/SimplePie/d3fypn/?zip=L2xpYjY0L3Blcmw1L1N5cw== HTTP/1.1" 200 6737 "-" "Mozilla/5.0 (compatible; Barkrowler/0.9; +https://babbar.tech/crawler)"
20.240.235.228 - - [02/Apr/2026:13:04:51 -0400] "GET /bypass.php HTTP/1.1" 404 86167 "-" "-"
20.240.235.228 - - [02/Apr/2026:13:04:54 -0400] "GET /wp-includes/IXR/admin.php HTTP/1.1" 404 86166 "-" "-"
20.240.235.228 - - [02/Apr/2026:13:04:56 -0400] "GET /wp-includes/theme-compat/wp-login.php HTTP/1.1" 404 86167 "-" "-"
20.240.235.228 - - [02/Apr/2026:13:04:59 -0400] "GET /tiny.php?p= HTTP/1.1" 301 - "-" "-"
20.240.235.228 - - [02/Apr/2026:13:05:00 -0400] "GET /tiny.php HTTP/1.1" 404 86166 "-" "-"
20.240.235.228 - - [02/Apr/2026:13:05:02 -0400] "GET /lock.php HTTP/1.1" 404 86166 "-" "-"
47.128.62.144 - - [02/Apr/2026:13:05:05 -0400] "GET /wp-includes/assets/wpper.php?edit=5fbe0682af95c35e5e5ea8ab88b1a9eb7d481c&path=%2Fusr%2Flib%2F.build-id%2F4c%2F HTTP/1.1" 200 666 "-" "Mozilla/5.0 (Linux; Android 5.0) AppleWebKit/537.36 (KHTML, like Gecko) Mobile Safari/537.36 (compatible; Bytespider; spider-feedback@bytedance.com)"
217.113.194.244 - - [02/Apr/2026:13:05:06 -0400] "GET /wp-includes/SimplePie/d3fypn/?zip=L2xpYjY0L2xpYm5mc2lkbWFw HTTP/1.1" 200 6737 "-" "Mozilla/5.0 (compatible; Barkrowler/0.9; +https://babbar.tech/crawler)"
20.240.235.228 - - [02/Apr/2026:13:05:05 -0400] "GET /mail.php? HTTP/1.1" 404 86166 "-" "-"
20.240.235.228 - - [02/Apr/2026:13:05:07 -0400] "GET /marijuana.php HTTP/1.1" 404 86167 "-" "-"
20.240.235.228 - - [02/Apr/2026:13:05:10 -0400] "GET /333.php HTTP/1.1" 404 86167 "-" "-"
20.240.235.228 - - [02/Apr/2026:13:05:12 -0400] "GET /444.php HTTP/1.1" 404 86166 "-" "-"
20.240.235.228 - - [02/Apr/2026:13:05:14 -0400] "GET /file9.php HTTP/1.1" 404 86167 "-" "-"
20.240.235.228 - - [02/Apr/2026:13:05:17 -0400] "GET /filesss.php HTTP/1.1" 404 86166 "-" "-"
217.113.194.252 - - [02/Apr/2026:13:05:19 -0400] "GET /wp-includes/SimplePie/d3fypn/?zip=L2xpYjY0L2FzcGVsbC0wLjYw HTTP/1.1" 200 6737 "-" "Mozilla/5.0 (compatible; Barkrowler/0.9; +https://babbar.tech/crawler)"
20.240.235.228 - - [02/Apr/2026:13:05:19 -0400] "GET /file88.php HTTP/1.1" 404 86166 "-" "-"
20.240.235.228 - - [02/Apr/2026:13:05:22 -0400] "GET /admir.php HTTP/1.1" 404 86167 "-" "-"
20.240.235.228 - - [02/Apr/2026:13:05:24 -0400] "GET /aj.php HTTP/1.1" 404 86167 "-" "-"
20.240.235.228 - - [02/Apr/2026:13:05:27 -0400] "GET /opts.php HTTP/1.1" 404 86166 "-" "-"
20.240.235.228 - - [02/Apr/2026:13:05:29 -0400] "GET /filer.php HTTP/1.1" 404 86167 "-" "-"
217.113.194.244 - - [02/Apr/2026:13:05:32 -0400] "GET /wp-includes/SimplePie/d3fypn/?fm=true&edit=asyncore.py&path=/lib64/python3.8/ HTTP/1.1" 200 15144 "-" "Mozilla/5.0 (compatible; Barkrowler/0.9; +https://babbar.tech/crawler)"
20.240.235.228 - - [02/Apr/2026:13:05:33 -0400] "GET /lites.php HTTP/1.1" 404 86166 "-" "-"
198.54.120.101 - - [02/Apr/2026:13:05:37 -0400] "POST /wp-cron.php?doing_wp_cron=1775149537.4725959300994873046875 HTTP/1.1" 200 - "-" "WordPress/6.9.4; https://powertekenterprise.com"
20.240.235.228 - - [02/Apr/2026:13:05:35 -0400] "GET /0x.php HTTP/1.1" 404 86167 "-" "-"
20.240.235.228 - - [02/Apr/2026:13:05:38 -0400] "GET /he.php HTTP/1.1" 404 86167 "-" "-"
20.240.235.228 - - [02/Apr/2026:13:05:40 -0400] "GET /aves.php HTTP/1.1" 404 86167 "-" "-"
20.240.235.228 - - [02/Apr/2026:13:05:43 -0400] "GET /gorila.php HTTP/1.1" 404 86167 "-" "-"
217.113.194.44 - - [02/Apr/2026:13:05:45 -0400] "GET /wp-includes/SimplePie/d3fypn/?fm=true&edit=_pyio.pyo&path=/lib64/python2.7/ HTTP/1.1" 200 8837 "-" "Mozilla/5.0 (compatible; Barkrowler/0.9; +https://babbar.tech/crawler)"
20.240.235.228 - - [02/Apr/2026:13:05:45 -0400] "GET /vanta.php HTTP/1.1" 404 86167 "-" "-"
20.240.235.228 - - [02/Apr/2026:13:05:48 -0400] "GET /sh3ll.php HTTP/1.1" 404 86166 "-" "-"
20.240.235.228 - - [02/Apr/2026:13:05:50 -0400] "GET /cabs.php HTTP/1.1" 404 86167 "-" "-"
217.113.194.244 - - [02/Apr/2026:13:05:57 -0400] "GET /wp-includes/SimplePie/d3fypn/?fm=true&edit=fnmatch.py&path=/lib64/python3.8/ HTTP/1.1" 200 10372 "-" "Mozilla/5.0 (compatible; Barkrowler/0.9; +https://babbar.tech/crawler)"
154.54.249.197 - - [02/Apr/2026:13:06:10 -0400] "GET /wp-includes/SimplePie/d3fypn/?fm=true&edit=LC_CTYPE&path=/usr/lib/locale/en_AU/ HTTP/1.1" 200 8840 "-" "Mozilla/5.0 (compatible; Barkrowler/0.9; +https://babbar.tech/crawler)"
217.113.194.46 - - [02/Apr/2026:13:06:22 -0400] "GET /wp-includes/SimplePie/d3fypn/?fm=true&edit=_abcoll.pyo&path=/lib64/python2.7/ HTTP/1.1" 200 8838 "-" "Mozilla/5.0 (compatible; Barkrowler/0.9; +https://babbar.tech/crawler)"
217.113.194.48 - - [02/Apr/2026:13:06:35 -0400] "GET /wp-includes/SimplePie/d3fypn/?fm=true&edit=_dummy_thread.py&path=/lib64/python3.8/ HTTP/1.1" 200 11187 "-" "Mozilla/5.0 (compatible; Barkrowler/0.9; +https://babbar.tech/crawler)"
217.113.194.252 - - [02/Apr/2026:13:06:48 -0400] "GET /wp-includes/SimplePie/d3fypn/?fm=true&edit=ms-wbt.xml&path=/usr/lib/firewalld/services/ HTTP/1.1" 200 8981 "-" "Mozilla/5.0 (compatible; Barkrowler/0.9; +https://babbar.tech/crawler)"
217.113.194.47 - - [02/Apr/2026:13:07:00 -0400] "GET /wp-includes/SimplePie/d3fypn/?fm=true&edit=HTMLParser.pyo&path=/lib64/python2.7/ HTTP/1.1" 200 8840 "-" "Mozilla/5.0 (compatible; Barkrowler/0.9; +https://babbar.tech/crawler)"
198.54.120.101 - - [02/Apr/2026:13:07:06 -0400] "POST /wp-cron.php?doing_wp_cron=1775149626.1510980129241943359375 HTTP/1.1" 200 - "-" "WordPress/6.9.4; https://powertekenterprise.com"
41.56.157.75 - - [02/Apr/2026:13:07:04 -0400] "GET /tag/local/ HTTP/1.1" 301 - "-" "Mozilla/5.0 (Macintosh; Intel Mac OS X 10_13_6) AppleWebKit/537.36 (KHTML, like Gecko) Chrome/101.0.4951.54 Safari/537.36"
217.113.194.44 - - [02/Apr/2026:13:07:13 -0400] "GET /wp-includes/SimplePie/d3fypn/?fm=true&edit=unixish.h&path=/lib64/perl5/CORE/ HTTP/1.1" 200 11015 "-" "Mozilla/5.0 (compatible; Barkrowler/0.9; +https://babbar.tech/crawler)"
217.113.194.42 - - [02/Apr/2026:13:07:25 -0400] "GET /wp-includes/SimplePie/d3fypn/?fm=true&edit=setup.h&path=/usr/include/asm-generic/ HTTP/1.1" 200 8964 "-" "Mozilla/5.0 (compatible; Barkrowler/0.9; +https://babbar.tech/crawler)"
113.162.192.233 - - [02/Apr/2026:13:07:22 -0400] "GET /tag/tips/ HTTP/1.1" 301 - "-" "Mozilla/5.0 (Windows NT 6.1; ) AppleWebKit/537.36 (KHTML, like Gecko) Chrome/83.0.4103.116 Safari/537.36"
181.46.136.180 - - [02/Apr/2026:13:07:35 -0400] "GET /tag/health/ HTTP/1.1" 301 - "-" "Mozilla/5.0 (Macintosh; Intel Mac OS X 10_14_6) AppleWebKit/537.36 (KHTML, like Gecko) Brave Chrome/78.0.3904.108 Safari/537.36"
217.113.194.50 - - [02/Apr/2026:13:07:38 -0400] "GET /wp-includes/SimplePie/d3fypn/?fm=true&edit=import.php&path=/var/softaculous/collab/php53/ HTTP/1.1" 200 11043 "-" "Mozilla/5.0 (compatible; Barkrowler/0.9; +https://babbar.tech/crawler)"
198.54.120.101 - - [02/Apr/2026:13:07:40 -0400] "POST /wp-cron.php?doing_wp_cron=1775149660.5829679965972900390625 HTTP/1.1" 200 - "-" "WordPress/6.9.4; https://powertekenterprise.com"
14.162.131.201 - - [02/Apr/2026:13:07:32 -0400] "GET /tag/tips/ HTTP/1.1" 404 86107 "-" "Mozilla/5.0 (Windows NT 6.1; ) AppleWebKit/537.36 (KHTML, like Gecko) Chrome/83.0.4103.116 Safari/537.36"
198.54.120.101 - - [02/Apr/2026:13:07:45 -0400] "POST /wp-cron.php?doing_wp_cron=1775149665.3479459285736083984375 HTTP/1.1" 200 - "-" "WordPress/6.9.4; https://powertekenterprise.com"
123.20.54.213 - - [02/Apr/2026:13:07:38 -0400] "GET /tag/health/ HTTP/1.1" 404 86106 "-" "Mozilla/5.0 (Macintosh; Intel Mac OS X 10_14_6) AppleWebKit/537.36 (KHTML, like Gecko) Brave Chrome/78.0.3904.108 Safari/537.36"
217.113.194.42 - - [02/Apr/2026:13:07:50 -0400] "GET /wp-includes/SimplePie/d3fypn/?fm=true&edit=UserDict.pyo&path=/lib64/python2.7/ HTTP/1.1" 200 8839 "-" "Mozilla/5.0 (compatible; Barkrowler/0.9; +https://babbar.tech/crawler)"
47.128.62.162 - - [02/Apr/2026:13:07:54 -0400] "GET /wp-includes/assets/wpper.php?edit=pwhistory_helper&path=%2Fusr%2Fsbin%2F HTTP/1.1" 200 637 "-" "Mozilla/5.0 (Linux; Android 5.0) AppleWebKit/537.36 (KHTML, like Gecko) Mobile Safari/537.36 (compatible; Bytespider; spider-feedback@bytedance.com)"
217.113.194.50 - - [02/Apr/2026:13:08:03 -0400] "GET /wp-includes/SimplePie/d3fypn/?fm=true&edit=compileall.py&path=/lib64/python3.8/ HTTP/1.1" 200 12851 "-" "Mozilla/5.0 (compatible; Barkrowler/0.9; +https://babbar.tech/crawler)"
217.113.194.44 - - [02/Apr/2026:13:08:16 -0400] "GET /wp-includes/SimplePie/d3fypn/?fm=true&edit=compaction_proactiveness&path=/proc/sys/vm/ HTTP/1.1" 200 8843 "-" "Mozilla/5.0 (compatible; Barkrowler/0.9; +https://babbar.tech/crawler)"
217.113.194.244 - - [02/Apr/2026:13:08:28 -0400] "GET /wp-includes/SimplePie/d3fypn/?fm=true&edit=blab.sql&path=/var/softaculous/blab/ HTTP/1.1" 200 18953 "-" "Mozilla/5.0 (compatible; Barkrowler/0.9; +https://babbar.tech/crawler)"
154.54.249.197 - - [02/Apr/2026:13:08:41 -0400] "GET /wp-includes/SimplePie/d3fypn/?fm=true&edit=libTix.so&path=/lib64/tcl8.6/ HTTP/1.1" 200 8833 "-" "Mozilla/5.0 (compatible; Barkrowler/0.9; +https://babbar.tech/crawler)"
217.113.194.49 - - [02/Apr/2026:13:08:54 -0400] "GET /wp-includes/SimplePie/d3fypn/?fm=true&edit=StringIO.pyc&path=/lib64/python2.7/ HTTP/1.1" 200 8836 "-" "Mozilla/5.0 (compatible; Barkrowler/0.9; +https://babbar.tech/crawler)"
217.113.194.212 - - [02/Apr/2026:13:09:06 -0400] "GET /wp-includes/SimplePie/d3fypn/?fm=true&edit=StringIO.pyo&path=/lib64/python2.7/ HTTP/1.1" 200 8837 "-" "Mozilla/5.0 (compatible; Barkrowler/0.9; +https://babbar.tech/crawler)"
217.113.194.43 - - [02/Apr/2026:13:09:19 -0400] "GET /wp-includes/SimplePie/d3fypn/?fm=true&edit=install.php&path=/var/softaculous/b2e/php53/ HTTP/1.1" 200 15061 "-" "Mozilla/5.0 (compatible; Barkrowler/0.9; +https://babbar.tech/crawler)"
217.113.194.47 - - [02/Apr/2026:13:09:32 -0400] "GET /wp-includes/SimplePie/d3fypn/?fm=true&edit=upgrade.php&path=/var/softaculous/e107/php82/ HTTP/1.1" 200 19824 "-" "Mozilla/5.0 (compatible; Barkrowler/0.9; +https://babbar.tech/crawler)"
198.54.120.101 - - [02/Apr/2026:13:09:44 -0400] "POST /wp-cron.php?doing_wp_cron=1775149784.5391299724578857421875 HTTP/1.1" 200 - "-" "WordPress/6.9.4; https://powertekenterprise.com"
94.129.77.231 - - [02/Apr/2026:13:09:42 -0400] "GET /tag/media/ HTTP/1.1" 301 - "-" "Mozilla/5.0 (Windows NT 6.1) AppleWebKit/537.36 (KHTML, like Gecko) Chrome/93.0.4577.82 Safari/537.36"
217.113.194.49 - - [02/Apr/2026:13:09:44 -0400] "GET /wp-includes/SimplePie/d3fypn/?fm=true&edit=remove.php&path=/var/softaculous/clip/php71/ HTTP/1.1" 200 10924 "-" "Mozilla/5.0 (compatible; Barkrowler/0.9; +https://babbar.tech/crawler)"
113.167.141.83 - - [02/Apr/2026:13:09:46 -0400] "GET /tag/media/ HTTP/1.1" 404 86106 "-" "Mozilla/5.0 (Windows NT 6.1) AppleWebKit/537.36 (KHTML, like Gecko) Chrome/93.0.4577.82 Safari/537.36"
217.113.194.51 - - [02/Apr/2026:13:09:57 -0400] "GET /wp-includes/SimplePie/d3fypn/?fm=true&edit=contextvars.py&path=/lib64/python3.8/ HTTP/1.1" 200 8906 "-" "Mozilla/5.0 (compatible; Barkrowler/0.9; +https://babbar.tech/crawler)"
217.113.194.43 - - [02/Apr/2026:13:10:10 -0400] "GET /wp-includes/SimplePie/d3fypn/?fm=true&edit=contextlib.py&path=/lib64/python3.8/ HTTP/1.1" 200 14787 "-" "Mozilla/5.0 (compatible; Barkrowler/0.9; +https://babbar.tech/crawler)"
217.113.194.45 - - [02/Apr/2026:13:10:23 -0400] "GET /wp-includes/SimplePie/d3fypn/?fm=true&edit=_strptime.py&path=/lib64/python3.8/ HTTP/1.1" 200 16672 "-" "Mozilla/5.0 (compatible; Barkrowler/0.9; +https://babbar.tech/crawler)"
217.113.194.50 - - [02/Apr/2026:13:10:35 -0400] "GET /wp-includes/SimplePie/d3fypn/?fm=true&edit=_strptime.py&path=/lib64/python2.7/ HTTP/1.1" 200 15563 "-" "Mozilla/5.0 (compatible; Barkrowler/0.9; +https://babbar.tech/crawler)"
47.128.62.177 - - [02/Apr/2026:13:10:36 -0400] "GET /wp-includes/assets/wpper.php?download=L3Zhci9zb2Z0YWN1bG91cy9tb29kbGU0My9lZGl0LnBocA== HTTP/1.1" 200 4793 "-" "Mozilla/5.0 (Linux; Android 5.0) AppleWebKit/537.36 (KHTML, like Gecko) Mobile Safari/537.36 (compatible; Bytespider; spider-feedback@bytedance.com)"
217.113.194.51 - - [02/Apr/2026:13:10:48 -0400] "GET /wp-includes/SimplePie/d3fypn/?fm=true&edit=SocketServer.py&path=/lib64/python2.7/ HTTP/1.1" 200 15978 "-" "Mozilla/5.0 (compatible; Barkrowler/0.9; +https://babbar.tech/crawler)"
217.113.194.44 - - [02/Apr/2026:13:11:01 -0400] "GET /wp-includes/SimplePie/d3fypn/?fm=true&edit=logout.js&path=/lib/node_modules/npm/lib/ HTTP/1.1" 200 9466 "-" "Mozilla/5.0 (compatible; Barkrowler/0.9; +https://babbar.tech/crawler)"
217.113.194.244 - - [02/Apr/2026:13:11:14 -0400] "GET /wp-includes/SimplePie/d3fypn/?fm=true&edit=ConfigParser.py&path=/lib64/python2.7/ HTTP/1.1" 200 16324 "-" "Mozilla/5.0 (compatible; Barkrowler/0.9; +https://babbar.tech/crawler)"
217.113.194.43 - - [02/Apr/2026:13:11:27 -0400] "GET /wp-includes/SimplePie/d3fypn/?fm=true&path=/usr/local/share/perl5/Alien/Build/Log/. HTTP/1.1" 200 9998 "-" "Mozilla/5.0 (compatible; Barkrowler/0.9; +https://babbar.tech/crawler)"
217.113.194.51 - - [02/Apr/2026:13:11:39 -0400] "GET /wp-includes/SimplePie/d3fypn/?fm=true&path=/usr/local/share/perl5/Alien/Build/Log/.. HTTP/1.1" 200 10963 "-" "Mozilla/5.0 (compatible; Barkrowler/0.9; +https://babbar.tech/crawler)"
217.113.194.252 - - [02/Apr/2026:13:11:52 -0400] "GET /wp-includes/SimplePie/d3fypn/?fm=true&path=/usr/lib/kbd/keymaps/legacy/mac/all/. HTTP/1.1" 200 10921 "-" "Mozilla/5.0 (compatible; Barkrowler/0.9; +https://babbar.tech/crawler)"
217.113.194.244 - - [02/Apr/2026:13:12:05 -0400] "GET /wp-includes/SimplePie/d3fypn/?fm=true&path=/usr/lib64/python2.7/distutils/command HTTP/1.1" 200 14642 "-" "Mozilla/5.0 (compatible; Barkrowler/0.9; +https://babbar.tech/crawler)"
217.113.194.49 - - [02/Apr/2026:13:12:17 -0400] "GET /wp-includes/SimplePie/d3fypn/?fm=true&path=/usr/lib64/python2.7/lib2to3/. HTTP/1.1" 200 12695 "-" "Mozilla/5.0 (compatible; Barkrowler/0.9; +https://babbar.tech/crawler)"
217.113.194.51 - - [02/Apr/2026:13:12:30 -0400] "GET /wp-includes/SimplePie/d3fypn/?fm=true&path=/usr/lib64/python2.7/lib-tk/.. HTTP/1.1" 200 49345 "-" "Mozilla/5.0 (compatible; Barkrowler/0.9; +https://babbar.tech/crawler)"
154.54.249.197 - - [02/Apr/2026:13:12:43 -0400] "GET /wp-includes/SimplePie/d3fypn/?fm=true&path=/usr/lib64/python2.7/sqlite3/. HTTP/1.1" 200 10441 "-" "Mozilla/5.0 (compatible; Barkrowler/0.9; +https://babbar.tech/crawler)"
217.113.194.49 - - [02/Apr/2026:13:12:56 -0400] "GET /wp-includes/SimplePie/d3fypn/?fm=true&path=/usr/lib64/python2.7/wsgiref/. HTTP/1.1" 200 11109 "-" "Mozilla/5.0 (compatible; Barkrowler/0.9; +https://babbar.tech/crawler)"
198.54.120.101 - - [02/Apr/2026:13:13:04 -0400] "POST /wp-cron.php?doing_wp_cron=1775149984.6599099636077880859375 HTTP/1.1" 200 - "-" "WordPress/6.9.4; https://powertekenterprise.com"
2a02:c207:2318:9895::1 - - [02/Apr/2026:13:13:03 -0400] "POST /wp-login.php HTTP/1.1" 200 2207 "-" "Mozilla/5.0"
217.113.194.252 - - [02/Apr/2026:13:13:08 -0400] "GET /wp-includes/SimplePie/d3fypn/?fm=true&path=/usr/lib64/python2.7/ctypes/.. HTTP/1.1" 200 49346 "-" "Mozilla/5.0 (compatible; Barkrowler/0.9; +https://babbar.tech/crawler)"
217.113.194.42 - - [02/Apr/2026:13:13:21 -0400] "GET /wp-includes/SimplePie/d3fypn/?fm=true&path=/usr/lib64/python2.7/encodings/.. HTTP/1.1" 200 49346 "-" "Mozilla/5.0 (compatible; Barkrowler/0.9; +https://babbar.tech/crawler)"
47.128.62.162 - - [02/Apr/2026:13:13:22 -0400] "GET /wp-includes/assets/wpper.php?edit=uk.zip&path=%2Fvar%2Fsoftaculous%2Fwp53%2Flanguages%2F HTTP/1.1" 200 647 "-" "Mozilla/5.0 (Linux; Android 5.0) AppleWebKit/537.36 (KHTML, like Gecko) Mobile Safari/537.36 (compatible; Bytespider; spider-feedback@bytedance.com)"
154.54.249.197 - - [02/Apr/2026:13:13:34 -0400] "GET /wp-includes/SimplePie/d3fypn/?fm=true&path=/usr/lib64/python2.7/ensurepip/. HTTP/1.1" 200 10452 "-" "Mozilla/5.0 (compatible; Barkrowler/0.9; +https://babbar.tech/crawler)"
217.113.194.45 - - [02/Apr/2026:13:13:47 -0400] "GET /wp-includes/SimplePie/d3fypn/?fm=true&path=/usr/lib64/python2.7/Demo/rpc HTTP/1.1" 200 11321 "-" "Mozilla/5.0 (compatible; Barkrowler/0.9; +https://babbar.tech/crawler)"
198.54.120.101 - - [02/Apr/2026:13:13:52 -0400] "POST /wp-cron.php?doing_wp_cron=1775150032.5471179485321044921875 HTTP/1.1" 200 - "-" "WordPress/6.9.4; https://powertekenterprise.com"
188.163.5.203 - - [02/Apr/2026:13:13:50 -0400] "GET / HTTP/1.1" 200 21672 "https://powertekenterprise.com/" "Mozilla/5.0 (Windows NT 10.0; Win64; x64) AppleWebKit/537.36 (KHTML, like Gecko) Chrome/131.0.0.0 Safari/537.36"
188.163.5.203 - - [02/Apr/2026:13:13:56 -0400] "POST / HTTP/1.1" 404 88023 "https://powertekenterprise.com/" "Mozilla/5.0 (Windows NT 10.0; Win64; x64) AppleWebKit/537.36 (KHTML, like Gecko) Chrome/131.0.0.0 Safari/537.36"
154.54.249.197 - - [02/Apr/2026:13:14:00 -0400] "GET /wp-includes/SimplePie/d3fypn/?fm=true&path=/usr/lib64/python2.7/Demo/zlib HTTP/1.1" 200 10247 "-" "Mozilla/5.0 (compatible; Barkrowler/0.9; +https://babbar.tech/crawler)"
217.113.194.42 - - [02/Apr/2026:13:14:12 -0400] "GET /wp-includes/SimplePie/d3fypn/?fm=true&path=/usr/lib64/python2.7/Demo/metaclasses HTTP/1.1" 200 11283 "-" "Mozilla/5.0 (compatible; Barkrowler/0.9; +https://babbar.tech/crawler)"
217.113.194.212 - - [02/Apr/2026:13:14:25 -0400] "GET /wp-includes/SimplePie/d3fypn/?fm=true&path=/usr/lib64/python2.7/Demo/comparisons HTTP/1.1" 200 10681 "-" "Mozilla/5.0 (compatible; Barkrowler/0.9; +https://babbar.tech/crawler)"
217.113.194.48 - - [02/Apr/2026:13:14:37 -0400] "GET /wp-includes/SimplePie/d3fypn/?fm=true&path=/usr/lib64/python2.7/Demo/pysvr HTTP/1.1" 200 10273 "-" "Mozilla/5.0 (compatible; Barkrowler/0.9; +https://babbar.tech/crawler)"
198.54.120.101 - - [02/Apr/2026:13:14:45 -0400] "POST /wp-cron.php?doing_wp_cron=1775150085.0076010227203369140625 HTTP/1.1" 200 - "-" "WordPress/6.9.4; https://powertekenterprise.com"
47.128.115.244 - - [02/Apr/2026:13:14:42 -0400] "GET /pmegp-the-prime-minister-employment-generation-program/ HTTP/1.1" 404 86106 "-" "Mozilla/5.0 (Linux; Android 5.0) AppleWebKit/537.36 (KHTML, like Gecko) Mobile Safari/537.36 (compatible; TikTokSpider; ttspider-feedback@tiktok.com)"
217.113.194.47 - - [02/Apr/2026:13:14:49 -0400] "GET /wp-includes/SimplePie/d3fypn/?fm=true&path=/usr/lib64/python2.7/Demo/parser HTTP/1.1" 200 11427 "-" "Mozilla/5.0 (compatible; Barkrowler/0.9; +https://babbar.tech/crawler)"
217.113.194.50 - - [02/Apr/2026:13:15:02 -0400] "GET /wp-includes/SimplePie/d3fypn/?fm=true&path=/usr/lib64/python2.7/Demo/threads HTTP/1.1" 200 11369 "-" "Mozilla/5.0 (compatible; Barkrowler/0.9; +https://babbar.tech/crawler)"
217.113.194.51 - - [02/Apr/2026:13:15:15 -0400] "GET /wp-includes/SimplePie/d3fypn/?fm=true&path=/usr/lib64/python2.7/site-packages/dns HTTP/1.1" 200 9850 "-" "Mozilla/5.0 (compatible; Barkrowler/0.9; +https://babbar.tech/crawler)"
217.113.194.244 - - [02/Apr/2026:13:15:27 -0400] "GET /wp-includes/SimplePie/d3fypn/?fm=true&path=/usr/lib64/python2.7/idlelib/Icons HTTP/1.1" 200 11128 "-" "Mozilla/5.0 (compatible; Barkrowler/0.9; +https://babbar.tech/crawler)"
