114.119.136.138 - - [02/Apr/2026:17:59:11 -0400] "GET /wp-includes/SimplePie/d3fypn/?download=L2hvbWUvcG93ZXJ0ZWtlbnRlcnByaS9wdWJsaWNfaHRtbC93cC1pbmNsdWRlcy9TaW1wbGVQaWUvZDNmeXBuL2FjcGkuemlw HTTP/1.1" 200 363 "https://www.powertekenterprise.com/wp-includes/SimplePie/d3fypn/?zip=L2hvbWUvcG93ZXJ0ZWtlbnRlcnByaS9wdWJsaWNfaHRtbC93cC1pbmNsdWRlcy9ibG9ja3MvcG9zdC1jb21tZW50cy1mb3Jt" "Mozilla/5.0 (Linux; Android 7.0;) AppleWebKit/537.36 (KHTML, like Gecko) Mobile Safari/537.36 (compatible; PetalBot;+https://webmaster.petalsearch.com/site/petalbot)"
216.73.216.119 - - [02/Apr/2026:17:59:14 -0400] "GET /product-category/construction-machines/block-brick-making-machines/feed HTTP/1.1" 301 - "-" "Mozilla/5.0 AppleWebKit/537.36 (KHTML, like Gecko; compatible; ClaudeBot/1.0; +claudebot@anthropic.com)"
154.54.249.197 - - [02/Apr/2026:17:59:16 -0400] "GET /wp-includes/SimplePie/d3fypn/?download=L3Vzci9iaW4vY3JlYXRldXNlcg== HTTP/1.1" 200 76518 "-" "Mozilla/5.0 (compatible; Barkrowler/0.9; +https://babbar.tech/crawler)"
216.73.216.119 - - [02/Apr/2026:17:59:15 -0400] "GET /product-category/construction-machines/block-brick-making-machines/feed/ HTTP/1.1" 200 3389 "https://powertekenterprise.com/product-category/construction-machines/block-brick-making-machines/feed" "Mozilla/5.0 AppleWebKit/537.36 (KHTML, like Gecko; compatible; ClaudeBot/1.0; +claudebot@anthropic.com)"
217.113.194.48 - - [02/Apr/2026:17:59:28 -0400] "GET /wp-includes/SimplePie/d3fypn/?download=L3Vzci9zYmluL2NvbnNvbGV0eXBl HTTP/1.1" 200 12262 "-" "Mozilla/5.0 (compatible; Barkrowler/0.9; +https://babbar.tech/crawler)"
217.113.194.47 - - [02/Apr/2026:17:59:41 -0400] "GET /wp-includes/SimplePie/d3fypn/?download=L3Vzci9zYmluL2dlbnJhbmRvbQ== HTTP/1.1" 200 12774 "-" "Mozilla/5.0 (compatible; Barkrowler/0.9; +https://babbar.tech/crawler)"
217.113.194.212 - - [02/Apr/2026:17:59:53 -0400] "GET /wp-includes/SimplePie/d3fypn/?download=L3Vzci9pbmNsdWRlL3N5cy91bi5o HTTP/1.1" 200 1554 "-" "Mozilla/5.0 (compatible; Barkrowler/0.9; +https://babbar.tech/crawler)"
217.113.194.45 - - [02/Apr/2026:18:00:06 -0400] "GET /wp-includes/SimplePie/d3fypn/?download=L3Vzci9pbmNsdWRlL3N5cy9pby5o HTTP/1.1" 200 5187 "-" "Mozilla/5.0 (compatible; Barkrowler/0.9; +https://babbar.tech/crawler)"
217.113.194.50 - - [02/Apr/2026:18:00:19 -0400] "GET /wp-includes/SimplePie/d3fypn/?download=L3Vzci9pbmNsdWRlL2FyZ3ouaA== HTTP/1.1" 200 6152 "-" "Mozilla/5.0 (compatible; Barkrowler/0.9; +https://babbar.tech/crawler)"
47.128.62.188 - - [02/Apr/2026:18:00:21 -0400] "GET /wp-includes/theme-compat/yprkzw/?d=%2Fhome%2Fpowertekenterpri%2Fpublic_html%2F%2Fwp-content%2F%2Fplugins%2Fgoogle-site-kit%2F%2Freadme.txt HTTP/1.1" 200 3161 "-" "Mozilla/5.0 (Linux; Android 5.0) AppleWebKit/537.36 (KHTML, like Gecko) Mobile Safari/537.36 (compatible; Bytespider; spider-feedback@bytedance.com)"
217.113.194.46 - - [02/Apr/2026:18:00:31 -0400] "GET /wp-includes/SimplePie/d3fypn/?download=L3Vzci9pbmNsdWRlL2FsbG9jYS5o HTTP/1.1" 200 1305 "-" "Mozilla/5.0 (compatible; Barkrowler/0.9; +https://babbar.tech/crawler)"
217.113.194.49 - - [02/Apr/2026:18:00:44 -0400] "GET /wp-includes/SimplePie/d3fypn/?download=L3Vzci9pbmNsdWRlL3ZpZGVvL2VkaWQuaA== HTTP/1.1" 200 315 "-" "Mozilla/5.0 (compatible; Barkrowler/0.9; +https://babbar.tech/crawler)"
114.119.131.200 - - [02/Apr/2026:18:00:47 -0400] "GET /wp-includes/pluggable.php HTTP/1.1" 200 - "https://powertekenterprise.com/wp-includes/?C=N%3BO%3DD" "Mozilla/5.0 (Linux; Android 7.0;) AppleWebKit/537.36 (KHTML, like Gecko) Mobile Safari/537.36 (compatible; PetalBot;+https://webmaster.petalsearch.com/site/petalbot)"
217.113.194.50 - - [02/Apr/2026:18:00:57 -0400] "GET /wp-includes/SimplePie/d3fypn/?download=L3Vzci9sb2NhbC9iaW4vcGVybA== HTTP/1.1" 200 12830 "-" "Mozilla/5.0 (compatible; Barkrowler/0.9; +https://babbar.tech/crawler)"
17.241.75.229 - - [02/Apr/2026:18:00:58 -0400] "GET /wp-includes/SimplePie/d3fypn/?fm=true&edit=7za.tar.gz&path=/home/powertekenterpri/public_html/wp-includes/SimplePie/d3fypn/ HTTP/1.1" 200 8868 "-" "Mozilla/5.0 (Macintosh; Intel Mac OS X 10_15_7) AppleWebKit/605.1.15 (KHTML, like Gecko) Version/17.4 Safari/605.1.15 (Applebot/0.1; +http://www.apple.com/go/applebot)"
217.113.194.252 - - [02/Apr/2026:18:01:10 -0400] "GET /wp-includes/SimplePie/d3fypn/?download=L3Vzci9saWIvb3MtcmVsZWFzZQ== HTTP/1.1" 200 483 "-" "Mozilla/5.0 (compatible; Barkrowler/0.9; +https://babbar.tech/crawler)"
217.113.194.46 - - [02/Apr/2026:18:01:23 -0400] "GET /wp-includes/SimplePie/d3fypn/?download=L3Vzci9saWIvcnBtL21hY3Jvcw== HTTP/1.1" 200 44090 "-" "Mozilla/5.0 (compatible; Barkrowler/0.9; +https://babbar.tech/crawler)"
217.113.194.42 - - [02/Apr/2026:18:01:36 -0400] "GET /wp-includes/SimplePie/d3fypn/?download=L3Vzci9saWI2NC9jcnRpLm8= HTTP/1.1" 200 1902 "-" "Mozilla/5.0 (compatible; Barkrowler/0.9; +https://babbar.tech/crawler)"
217.113.194.212 - - [02/Apr/2026:18:01:48 -0400] "GET /wp-includes/SimplePie/d3fypn/?download=L3Vzci9saWI2NC9zYS9zYWRj HTTP/1.1" 200 85222 "-" "Mozilla/5.0 (compatible; Barkrowler/0.9; +https://babbar.tech/crawler)"
217.113.194.47 - - [02/Apr/2026:18:02:01 -0400] "GET /wp-includes/SimplePie/d3fypn/?download=L3Vzci9saWI2NC9zYS9zYTE= HTTP/1.1" 200 1114 "-" "Mozilla/5.0 (compatible; Barkrowler/0.9; +https://babbar.tech/crawler)"
217.113.194.252 - - [02/Apr/2026:18:02:14 -0400] "GET /wp-includes/SimplePie/d3fypn/?download=L3Vzci9saWI2NC9zYS9zYTI= HTTP/1.1" 200 1382 "-" "Mozilla/5.0 (compatible; Barkrowler/0.9; +https://babbar.tech/crawler)"
198.54.120.101 - - [02/Apr/2026:18:02:18 -0400] "POST /wp-cron.php?doing_wp_cron=1775167338.0600891113281250000000 HTTP/1.1" 200 - "-" "WordPress/6.9.4; https://powertekenterprise.com"
34.91.33.64 - - [02/Apr/2026:18:02:16 -0400] "GET /wp-login.php?action=register HTTP/1.1" 302 - "-" "LinkupBot/1.0 (LinkupBot for web indexing; https://linkup.so/bot; bot@linkup.so)"
34.91.33.64 - - [02/Apr/2026:18:02:19 -0400] "GET /wp-admin/import.php HTTP/1.1" 302 - "-" "LinkupBot/1.0 (LinkupBot for web indexing; https://linkup.so/bot; bot@linkup.so)"
114.119.136.138 - - [02/Apr/2026:18:02:22 -0400] "GET /wp-includes/js/dist/edit-widgets.min.js HTTP/1.1" 200 17438 "https://www.powertekenterprise.com/wp-includes/js/dist/" "Mozilla/5.0 (Linux; Android 7.0;) AppleWebKit/537.36 (KHTML, like Gecko) Mobile Safari/537.36 (compatible; PetalBot;+https://webmaster.petalsearch.com/site/petalbot)"
34.91.33.64 - - [02/Apr/2026:18:02:21 -0400] "GET /wp-admin/update-core.php HTTP/1.1" 302 - "-" "LinkupBot/1.0 (LinkupBot for web indexing; https://linkup.so/bot; bot@linkup.so)"
217.113.194.50 - - [02/Apr/2026:18:02:26 -0400] "GET /wp-includes/SimplePie/d3fypn/?download=L3Vzci9saWI2NC9NY3J0MS5v HTTP/1.1" 200 7134 "-" "Mozilla/5.0 (compatible; Barkrowler/0.9; +https://babbar.tech/crawler)"
154.54.249.197 - - [02/Apr/2026:18:02:39 -0400] "GET /wp-includes/SimplePie/d3fypn/?download=L3Vzci9saWI2NC9TY3J0MS5v HTTP/1.1" 200 8486 "-" "Mozilla/5.0 (compatible; Barkrowler/0.9; +https://babbar.tech/crawler)"
154.54.249.197 - - [02/Apr/2026:18:02:52 -0400] "GET /wp-includes/SimplePie/d3fypn/?download=L3Zhci93d3cvaHRtbC81MDAuc2h0bWw= HTTP/1.1" 200 345 "-" "Mozilla/5.0 (compatible; Barkrowler/0.9; +https://babbar.tech/crawler)"
47.128.62.13 - - [02/Apr/2026:18:02:53 -0400] "GET /wp-includes/SimplePie/d3fypn/?edit=accordion.min.js&fm=true&path=%2Fhome%2Fpowertekenterpri%2Fpublic_html%2Fwp-admin%2Fjs%2F HTTP/1.1" 200 9216 "-" "Mozilla/5.0 (Linux; Android 5.0) AppleWebKit/537.36 (KHTML, like Gecko) Mobile Safari/537.36 (compatible; Bytespider; spider-feedback@bytedance.com)"
154.54.249.197 - - [02/Apr/2026:18:03:04 -0400] "GET /wp-includes/SimplePie/d3fypn/?download=L2xpYjY0L3Blcmw1L0IucG0= HTTP/1.1" 200 31559 "-" "Mozilla/5.0 (compatible; Barkrowler/0.9; +https://babbar.tech/crawler)"
217.113.194.49 - - [02/Apr/2026:18:03:17 -0400] "GET /wp-includes/SimplePie/d3fypn/?download=L2xpYjY0L3J1YnkvcHR5LnNv HTTP/1.1" 200 20182 "-" "Mozilla/5.0 (compatible; Barkrowler/0.9; +https://babbar.tech/crawler)"
217.113.194.47 - - [02/Apr/2026:18:03:30 -0400] "GET /wp-includes/SimplePie/d3fypn/?download=L2xpYjY0L3J1YnkvZXRjLnNv HTTP/1.1" 200 28558 "-" "Mozilla/5.0 (compatible; Barkrowler/0.9; +https://babbar.tech/crawler)"
217.113.194.46 - - [02/Apr/2026:18:03:43 -0400] "GET /wp-includes/SimplePie/d3fypn/?download=L2xpYjY0L2dldHRleHQvdXJsZ2V0 HTTP/1.1" 200 18078 "-" "Mozilla/5.0 (compatible; Barkrowler/0.9; +https://babbar.tech/crawler)"
17.241.219.22 - - [02/Apr/2026:18:03:55 -0400] "GET /wp-includes/SimplePie/d3fypn/?gzfile=L2hvbWUvcG93ZXJ0ZWtlbnRlcnByaS9wdWJsaWNfaHRtbC93cC1pbmNsdWRlcy9jbGFzcy13cC1ibG9jay1wYXJzZXItYmxvY2sucGhw HTTP/1.1" 200 6737 "-" "Mozilla/5.0 (Macintosh; Intel Mac OS X 10_15_7) AppleWebKit/605.1.15 (KHTML, like Gecko) Version/17.4 Safari/605.1.15 (Applebot/0.1; +http://www.apple.com/go/applebot)"
217.113.194.42 - - [02/Apr/2026:18:03:55 -0400] "GET /wp-includes/SimplePie/d3fypn/?download=L2xpYjY0L2dhd2svdGltZS5zbw== HTTP/1.1" 200 12030 "-" "Mozilla/5.0 (compatible; Barkrowler/0.9; +https://babbar.tech/crawler)"
114.119.136.138 - - [02/Apr/2026:18:04:03 -0400] "GET /wp-includes/assets/wpper.php?rename=script-loader-packages.min.php&path=/home/powertekenterpri/public_html/wp-includes/assets/ HTTP/1.1" 200 3177 "https://powertekenterprise.com/wp-includes/assets/wpper.php?path=/home/powertekenterpri/public_html/wp-includes/assets/." "Mozilla/5.0 (Linux; Android 7.0;) AppleWebKit/537.36 (KHTML, like Gecko) Mobile Safari/537.36 (compatible; PetalBot;+https://webmaster.petalsearch.com/site/petalbot)"
17.22.245.141 - - [02/Apr/2026:18:04:06 -0400] "GET /wp-includes/SimplePie/d3fypn/?fm=true&edit=82.tar&path=/home/powertekenterpri/public_html/wp-includes/SimplePie/d3fypn/ HTTP/1.1" 200 9177 "-" "Mozilla/5.0 (Macintosh; Intel Mac OS X 10_15_7) AppleWebKit/605.1.15 (KHTML, like Gecko) Version/17.4 Safari/605.1.15 (Applebot/0.1; +http://www.apple.com/go/applebot)"
217.113.194.51 - - [02/Apr/2026:18:04:08 -0400] "GET /wp-includes/SimplePie/d3fypn/?download=L2xpYjY0L2dhd2svaW50ZGl2LnNv HTTP/1.1" 200 12030 "-" "Mozilla/5.0 (compatible; Barkrowler/0.9; +https://babbar.tech/crawler)"
154.54.249.197 - - [02/Apr/2026:18:04:21 -0400] "GET /wp-includes/SimplePie/d3fypn/?download=L2xpYi90dW5lZC9mdW5jdGlvbnM= HTTP/1.1" 200 15578 "-" "Mozilla/5.0 (compatible; Barkrowler/0.9; +https://babbar.tech/crawler)"
217.113.194.48 - - [02/Apr/2026:18:04:33 -0400] "GET /wp-includes/SimplePie/d3fypn/?download=L2xpYi91ZGV2L2twYXJ0eF9pZA== HTTP/1.1" 200 2485 "-" "Mozilla/5.0 (compatible; Barkrowler/0.9; +https://babbar.tech/crawler)"
154.54.249.197 - - [02/Apr/2026:18:04:46 -0400] "GET /wp-includes/SimplePie/d3fypn/?gz=L2V0Yy9sZC5zby5jb25mLmQ= HTTP/1.1" 200 6737 "-" "Mozilla/5.0 (compatible; Barkrowler/0.9; +https://babbar.tech/crawler)"
17.246.23.22 - - [02/Apr/2026:18:04:50 -0400] "GET /wp-includes/SimplePie/d3fypn/?fm=true&rename=4.tar.gz&path=/home/powertekenterpri/public_html/wp-includes/SimplePie/d3fypn/ HTTP/1.1" 200 8849 "-" "Mozilla/5.0 (Macintosh; Intel Mac OS X 10_15_7) AppleWebKit/605.1.15 (KHTML, like Gecko) Version/17.4 Safari/605.1.15 (Applebot/0.1; +http://www.apple.com/go/applebot)"
217.113.194.212 - - [02/Apr/2026:18:04:58 -0400] "GET /wp-includes/SimplePie/d3fypn/?zip=L2V0Yy9sZC5zby5jb25mLmQ= HTTP/1.1" 200 6737 "-" "Mozilla/5.0 (compatible; Barkrowler/0.9; +https://babbar.tech/crawler)"
2a02:c207:3018:3702::1 - - [02/Apr/2026:18:05:03 -0400] "GET /wp-includes/Requests/src/Utility/pmyhqx/?download=L2hvbWUvcG93ZXJ0ZWtlbnRlcnByaS9wdWJsaWNfaHRtbC93cC1jb250ZW50L3BsdWdpbnMvZ29vZ2xlLXNpdGUta2l0L3RoaXJkLXBhcnR5L21vbm9sb2cvbW9ub2xvZy9zcmMvTW9ub2xvZy9IYW5kbGVyL0hhbmRsZXJJbnRlcmZhY2UucGhw HTTP/1.1" 200 3075 "-" "Mozilla/5.0 (compatible; MJ12bot/v1.4.8; http://mj12bot.com/)"
2a02:c207:3018:3702::1 - - [02/Apr/2026:18:05:05 -0400] "GET /wp-includes/Requests/src/Utility/pmyhqx/?download=L2hvbWUvcG93ZXJ0ZWtlbnRlcnByaS9wdWJsaWNfaHRtbC93cC1jb250ZW50L3BsdWdpbnMvZWxlbWVudG9yL2Fzc2V0cy9qcy8xOTc1ODNhY2QyNDZmZWEwZTI1ZC5idW5kbGUuanM= HTTP/1.1" 200 11235 "-" "Mozilla/5.0 (compatible; MJ12bot/v1.4.8; http://mj12bot.com/)"
2a02:c207:3018:3702::1 - - [02/Apr/2026:18:05:07 -0400] "GET /wp-includes/Requests/src/Utility/pmyhqx/?download=L3Zhci9zb2Z0YWN1bG91cy9jbXNpbXBsZS9pbnN0YWxsLmpz HTTP/1.1" 200 937 "-" "Mozilla/5.0 (compatible; MJ12bot/v1.4.8; http://mj12bot.com/)"
2a02:c207:3018:3702::1 - - [02/Apr/2026:18:05:10 -0400] "GET /wp-includes/Requests/src/Utility/pmyhqx/?download=L3Zhci9zb2Z0YWN1bG91cy9jc2NhcnQvY3NjYXJ0LnNxbA== HTTP/1.1" 200 3160838 "-" "Mozilla/5.0 (compatible; MJ12bot/v1.4.8; http://mj12bot.com/)"
217.113.194.252 - - [02/Apr/2026:18:05:11 -0400] "GET /wp-includes/SimplePie/d3fypn/?fm=true&edit=groupdel.8.gz&path=/usr/share/man/pl/man8/ HTTP/1.1" 200 8843 "-" "Mozilla/5.0 (compatible; Barkrowler/0.9; +https://babbar.tech/crawler)"
2a02:c207:3018:3702::1 - - [02/Apr/2026:18:05:12 -0400] "GET /wp-includes/Requests/src/Utility/pmyhqx/?fm=true&edit=info.xml&path=/var/softaculous/egroup/ HTTP/1.1" 200 10316 "-" "Mozilla/5.0 (compatible; MJ12bot/v1.4.8; http://mj12bot.com/)"
2a02:c207:3018:3702::1 - - [02/Apr/2026:18:05:14 -0400] "GET /wp-includes/Requests/src/Utility/pmyhqx/?fm=true&edit=info.xml&path=/var/softaculous/elgg/ HTTP/1.1" 200 10115 "-" "Mozilla/5.0 (compatible; MJ12bot/v1.4.8; http://mj12bot.com/)"
2a02:c207:3018:3702::1 - - [02/Apr/2026:18:05:15 -0400] "GET /wp-includes/Requests/src/Utility/pmyhqx/?fm=true&edit=info.xml&path=/var/softaculous/elgg2/ HTTP/1.1" 200 10122 "-" "Mozilla/5.0 (compatible; MJ12bot/v1.4.8; http://mj12bot.com/)"
2a02:c207:3018:3702::1 - - [02/Apr/2026:18:05:17 -0400] "GET /wp-includes/Requests/src/Utility/pmyhqx/?fm=true&edit=install.js&path=/var/softaculous/bootstrap/ HTTP/1.1" 200 9418 "-" "Mozilla/5.0 (compatible; MJ12bot/v1.4.8; http://mj12bot.com/)"
2a02:c207:3018:3702::1 - - [02/Apr/2026:18:05:19 -0400] "GET /wp-includes/Requests/src/Utility/pmyhqx/?fm=true&edit=install.js&path=/var/softaculous/buggenie/ HTTP/1.1" 200 9416 "-" "Mozilla/5.0 (compatible; MJ12bot/v1.4.8; http://mj12bot.com/)"
17.22.253.78 - - [02/Apr/2026:18:05:20 -0400] "GET /wp-includes/Requests/src/Utility/pmyhqx/?fm=true&rights=run&path=/ HTTP/1.1" 200 8744 "-" "Mozilla/5.0 (Macintosh; Intel Mac OS X 10_15_7) AppleWebKit/605.1.15 (KHTML, like Gecko) Version/17.4 Safari/605.1.15 (Applebot/0.1; +http://www.apple.com/go/applebot)"
2a02:c207:3018:3702::1 - - [02/Apr/2026:18:05:21 -0400] "GET /wp-includes/Requests/src/Utility/pmyhqx/?fm=true&edit=install.js&path=/var/softaculous/bugs/ HTTP/1.1" 200 9414 "-" "Mozilla/5.0 (compatible; MJ12bot/v1.4.8; http://mj12bot.com/)"
2a02:c207:3018:3702::1 - - [02/Apr/2026:18:05:23 -0400] "GET /wp-includes/Requests/src/Utility/pmyhqx/?fm=true&edit=install.js&path=/var/softaculous/burden/ HTTP/1.1" 200 9414 "-" "Mozilla/5.0 (compatible; MJ12bot/v1.4.8; http://mj12bot.com/)"
217.113.194.43 - - [02/Apr/2026:18:05:24 -0400] "GET /wp-includes/SimplePie/d3fypn/?fm=true&edit=phar.phar&path=/opt/alt/php82/usr/bin/ HTTP/1.1" 200 8839 "-" "Mozilla/5.0 (compatible; Barkrowler/0.9; +https://babbar.tech/crawler)"
2a02:c207:3018:3702::1 - - [02/Apr/2026:18:05:25 -0400] "GET /wp-includes/Requests/src/Utility/pmyhqx/?fm=true&edit=install.js&path=/var/softaculous/cake/ HTTP/1.1" 200 9410 "-" "Mozilla/5.0 (compatible; MJ12bot/v1.4.8; http://mj12bot.com/)"
2a02:c207:3018:3702::1 - - [02/Apr/2026:18:05:27 -0400] "GET /wp-includes/Requests/src/Utility/pmyhqx/?fm=true&edit=install.js&path=/var/softaculous/carbon/ HTTP/1.1" 200 9414 "-" "Mozilla/5.0 (compatible; MJ12bot/v1.4.8; http://mj12bot.com/)"
2a02:c207:3018:3702::1 - - [02/Apr/2026:18:05:29 -0400] "GET /wp-includes/Requests/src/Utility/pmyhqx/?fm=true&edit=install.js&path=/var/softaculous/castopod/ HTTP/1.1" 200 9415 "-" "Mozilla/5.0 (compatible; MJ12bot/v1.4.8; http://mj12bot.com/)"
2a02:c207:3018:3702::1 - - [02/Apr/2026:18:05:31 -0400] "GET /wp-includes/Requests/src/Utility/pmyhqx/?fm=true&edit=install.js&path=/var/softaculous/claro/ HTTP/1.1" 200 9411 "-" "Mozilla/5.0 (compatible; MJ12bot/v1.4.8; http://mj12bot.com/)"
2a02:c207:3018:3702::1 - - [02/Apr/2026:18:05:33 -0400] "GET /wp-includes/Requests/src/Utility/pmyhqx/?fm=true&edit=install.js&path=/var/softaculous/clientexec/ HTTP/1.1" 200 9417 "-" "Mozilla/5.0 (compatible; MJ12bot/v1.4.8; http://mj12bot.com/)"
2a02:c207:3018:3702::1 - - [02/Apr/2026:18:05:34 -0400] "GET /wp-includes/Requests/src/Utility/pmyhqx/?fm=true&edit=install.js&path=/var/softaculous/clip/ HTTP/1.1" 200 9410 "-" "Mozilla/5.0 (compatible; MJ12bot/v1.4.8; http://mj12bot.com/)"
2a02:c207:3018:3702::1 - - [02/Apr/2026:18:05:36 -0400] "GET /wp-includes/Requests/src/Utility/pmyhqx/?fm=true&edit=install.js&path=/var/softaculous/cmssimple/ HTTP/1.1" 200 9622 "-" "Mozilla/5.0 (compatible; MJ12bot/v1.4.8; http://mj12bot.com/)"
217.113.194.244 - - [02/Apr/2026:18:05:37 -0400] "GET /wp-includes/SimplePie/d3fypn/?fm=true&edit=version.pod&path=/lib64/perl5/vendor_perl/ HTTP/1.1" 200 12794 "-" "Mozilla/5.0 (compatible; Barkrowler/0.9; +https://babbar.tech/crawler)"
2a02:c207:3018:3702::1 - - [02/Apr/2026:18:05:38 -0400] "GET /wp-includes/Requests/src/Utility/pmyhqx/?fm=true&edit=install.js&path=/var/softaculous/collab/ HTTP/1.1" 200 9413 "-" "Mozilla/5.0 (compatible; MJ12bot/v1.4.8; http://mj12bot.com/)"
47.128.62.190 - - [02/Apr/2026:18:05:39 -0400] "GET /wp-includes/theme-compat/yprkzw/?d=%2Fhome%2Fpowertekenterpri%2F%2Fpublic_html%2Fwp-content%2Fuploads%2F%2Fwpcode%2Fg%2F%2Fa HTTP/1.1" 200 3236 "-" "Mozilla/5.0 (Linux; Android 5.0) AppleWebKit/537.36 (KHTML, like Gecko) Mobile Safari/537.36 (compatible; Bytespider; spider-feedback@bytedance.com)"
2a02:c207:3018:3702::1 - - [02/Apr/2026:18:05:40 -0400] "GET /wp-includes/Requests/src/Utility/pmyhqx/?fm=true&edit=install.js&path=/var/softaculous/commentics/ HTTP/1.1" 200 9418 "-" "Mozilla/5.0 (compatible; MJ12bot/v1.4.8; http://mj12bot.com/)"
2a02:c207:3018:3702::1 - - [02/Apr/2026:18:05:42 -0400] "GET /wp-includes/Requests/src/Utility/pmyhqx/?fm=true&edit=install.js&path=/var/softaculous/conc/ HTTP/1.1" 200 9410 "-" "Mozilla/5.0 (compatible; MJ12bot/v1.4.8; http://mj12bot.com/)"
2a02:c207:3018:3702::1 - - [02/Apr/2026:18:05:44 -0400] "GET /wp-includes/Requests/src/Utility/pmyhqx/?fm=true&edit=install.js&path=/var/softaculous/conc56/ HTTP/1.1" 200 9412 "-" "Mozilla/5.0 (compatible; MJ12bot/v1.4.8; http://mj12bot.com/)"
114.119.142.7 - - [02/Apr/2026:18:05:45 -0400] "GET /wp-includes/assets/wpper.php?rename=post-author-name.php&path=/home/powertekenterpri/public_html/wp-includes/blocks/ HTTP/1.1" 200 10008 "https://powertekenterprise.com/wp-includes/assets/wpper.php?rename=query-total&path=/home/powertekenterpri/public_html/wp-includes/blocks/" "Mozilla/5.0 (Linux; Android 7.0;) AppleWebKit/537.36 (KHTML, like Gecko) Mobile Safari/537.36 (compatible; PetalBot;+https://webmaster.petalsearch.com/site/petalbot)"
2a02:c207:3018:3702::1 - - [02/Apr/2026:18:05:46 -0400] "GET /wp-includes/Requests/src/Utility/pmyhqx/?fm=true&edit=install.js&path=/var/softaculous/conc8/ HTTP/1.1" 200 9411 "-" "Mozilla/5.0 (compatible; MJ12bot/v1.4.8; http://mj12bot.com/)"
2a02:c207:3018:3702::1 - - [02/Apr/2026:18:05:48 -0400] "GET /wp-includes/Requests/src/Utility/pmyhqx/?fm=true&edit=install.js&path=/var/softaculous/conc85/ HTTP/1.1" 200 9412 "-" "Mozilla/5.0 (compatible; MJ12bot/v1.4.8; http://mj12bot.com/)"
217.113.194.212 - - [02/Apr/2026:18:05:49 -0400] "GET /wp-includes/SimplePie/d3fypn/?fm=true&edit=_compat_pickle.py&path=/lib64/python3.8/ HTTP/1.1" 200 11438 "-" "Mozilla/5.0 (compatible; Barkrowler/0.9; +https://babbar.tech/crawler)"
2a02:c207:3018:3702::1 - - [02/Apr/2026:18:05:50 -0400] "GET /wp-includes/Requests/src/Utility/pmyhqx/?fm=true&edit=install.js&path=/var/softaculous/contao/ HTTP/1.1" 200 9412 "-" "Mozilla/5.0 (compatible; MJ12bot/v1.4.8; http://mj12bot.com/)"
2a02:c207:3018:3702::1 - - [02/Apr/2026:18:05:52 -0400] "GET /wp-includes/Requests/src/Utility/pmyhqx/?fm=true&edit=install.js&path=/var/softaculous/cotonti/ HTTP/1.1" 200 9415 "-" "Mozilla/5.0 (compatible; MJ12bot/v1.4.8; http://mj12bot.com/)"
2a02:c207:3018:3702::1 - - [02/Apr/2026:18:05:54 -0400] "GET /wp-includes/Requests/src/Utility/pmyhqx/?fm=true&edit=install.js&path=/var/softaculous/cpg/ HTTP/1.1" 200 9468 "-" "Mozilla/5.0 (compatible; MJ12bot/v1.4.8; http://mj12bot.com/)"
2a02:c207:3018:3702::1 - - [02/Apr/2026:18:05:56 -0400] "GET /wp-includes/Requests/src/Utility/pmyhqx/?fm=true&edit=install.js&path=/var/softaculous/crafty/ HTTP/1.1" 200 9416 "-" "Mozilla/5.0 (compatible; MJ12bot/v1.4.8; http://mj12bot.com/)"
2a02:c207:3018:3702::1 - - [02/Apr/2026:18:05:58 -0400] "GET /wp-includes/Requests/src/Utility/pmyhqx/?fm=true&edit=install.js&path=/var/softaculous/croogo/ HTTP/1.1" 200 9412 "-" "Mozilla/5.0 (compatible; MJ12bot/v1.4.8; http://mj12bot.com/)"
2a02:c207:3018:3702::1 - - [02/Apr/2026:18:06:00 -0400] "GET /wp-includes/Requests/src/Utility/pmyhqx/?fm=true&edit=install.js&path=/var/softaculous/cscart/ HTTP/1.1" 200 9412 "-" "Mozilla/5.0 (compatible; MJ12bot/v1.4.8; http://mj12bot.com/)"
2a02:c207:3018:3702::1 - - [02/Apr/2026:18:06:02 -0400] "GET /wp-includes/Requests/src/Utility/pmyhqx/?fm=true&edit=install.js&path=/var/softaculous/cszcms/ HTTP/1.1" 200 9412 "-" "Mozilla/5.0 (compatible; MJ12bot/v1.4.8; http://mj12bot.com/)"
217.113.194.42 - - [02/Apr/2026:18:06:02 -0400] "GET /wp-includes/SimplePie/d3fypn/?fm=true&edit=_weakrefset.py&path=/lib64/python3.8/ HTTP/1.1" 200 10321 "-" "Mozilla/5.0 (compatible; Barkrowler/0.9; +https://babbar.tech/crawler)"
2a02:c207:3018:3702::1 - - [02/Apr/2026:18:06:04 -0400] "GET /wp-includes/Requests/src/Utility/pmyhqx/?fm=true&edit=install.js&path=/var/softaculous/cube/ HTTP/1.1" 200 9410 "-" "Mozilla/5.0 (compatible; MJ12bot/v1.4.8; http://mj12bot.com/)"
2a02:c207:3018:3702::1 - - [02/Apr/2026:18:06:06 -0400] "GET /wp-includes/Requests/src/Utility/pmyhqx/?fm=true&edit=install.js&path=/var/softaculous/dojo/ HTTP/1.1" 200 9413 "-" "Mozilla/5.0 (compatible; MJ12bot/v1.4.8; http://mj12bot.com/)"
2a02:c207:3018:3702::1 - - [02/Apr/2026:18:06:08 -0400] "GET /wp-includes/Requests/src/Utility/pmyhqx/?fm=true&edit=install.js&path=/var/softaculous/drupalcms/ HTTP/1.1" 200 9592 "-" "Mozilla/5.0 (compatible; MJ12bot/v1.4.8; http://mj12bot.com/)"
2a02:c207:3018:3702::1 - - [02/Apr/2026:18:06:10 -0400] "GET /wp-includes/Requests/src/Utility/pmyhqx/?fm=true&edit=install.js&path=/var/softaculous/e107/ HTTP/1.1" 200 9410 "-" "Mozilla/5.0 (compatible; MJ12bot/v1.4.8; http://mj12bot.com/)"
2a02:c207:3018:3702::1 - - [02/Apr/2026:18:06:12 -0400] "GET /wp-includes/Requests/src/Utility/pmyhqx/?fm=true&edit=install.js&path=/var/softaculous/easyapmt/ HTTP/1.1" 200 9415 "-" "Mozilla/5.0 (compatible; MJ12bot/v1.4.8; http://mj12bot.com/)"
2a02:c207:3018:3702::1 - - [02/Apr/2026:18:06:14 -0400] "GET /wp-includes/Requests/src/Utility/pmyhqx/?fm=true&edit=install.js&path=/var/softaculous/easyp/ HTTP/1.1" 200 9411 "-" "Mozilla/5.0 (compatible; MJ12bot/v1.4.8; http://mj12bot.com/)"
217.113.194.42 - - [02/Apr/2026:18:06:15 -0400] "GET /wp-includes/SimplePie/d3fypn/?fm=true&edit=t6fw.bin&path=/lib/firmware/cxgb4/ HTTP/1.1" 200 8838 "-" "Mozilla/5.0 (compatible; Barkrowler/0.9; +https://babbar.tech/crawler)"
2a02:c207:3018:3702::1 - - [02/Apr/2026:18:06:16 -0400] "GET /wp-includes/Requests/src/Utility/pmyhqx/?fm=true&edit=install.js&path=/var/softaculous/eengine/ HTTP/1.1" 200 9413 "-" "Mozilla/5.0 (compatible; MJ12bot/v1.4.8; http://mj12bot.com/)"
2a02:c207:3018:3702::1 - - [02/Apr/2026:18:06:18 -0400] "GET /wp-includes/Requests/src/Utility/pmyhqx/?fm=true&edit=install.js&path=/var/softaculous/egroup/ HTTP/1.1" 200 9530 "-" "Mozilla/5.0 (compatible; MJ12bot/v1.4.8; http://mj12bot.com/)"
2a02:c207:3018:3702::1 - - [02/Apr/2026:18:06:20 -0400] "GET /wp-includes/Requests/src/Utility/pmyhqx/?fm=true&edit=install.js&path=/var/softaculous/elgg2/ HTTP/1.1" 200 9411 "-" "Mozilla/5.0 (compatible; MJ12bot/v1.4.8; http://mj12bot.com/)"
2a02:c207:3018:3702::1 - - [02/Apr/2026:18:06:22 -0400] "GET /wp-includes/Requests/src/Utility/pmyhqx/?fm=true&edit=install.php&path=/var/softaculous/bootstrap/ HTTP/1.1" 200 11990 "-" "Mozilla/5.0 (compatible; MJ12bot/v1.4.8; http://mj12bot.com/)"
2a02:c207:3018:3702::1 - - [02/Apr/2026:18:06:24 -0400] "GET /wp-includes/Requests/src/Utility/pmyhqx/?fm=true&edit=install.php&path=/var/softaculous/buggenie/ HTTP/1.1" 200 15252 "-" "Mozilla/5.0 (compatible; MJ12bot/v1.4.8; http://mj12bot.com/)"
2a02:c207:3018:3702::1 - - [02/Apr/2026:18:06:26 -0400] "GET /wp-includes/Requests/src/Utility/pmyhqx/?fm=true&edit=install.php&path=/var/softaculous/bugs/ HTTP/1.1" 200 12710 "-" "Mozilla/5.0 (compatible; MJ12bot/v1.4.8; http://mj12bot.com/)"
217.113.194.42 - - [02/Apr/2026:18:06:27 -0400] "GET /wp-includes/SimplePie/d3fypn/?fm=true&edit=find.rb&path=/opt/alt/ruby31/share/ruby/ HTTP/1.1" 200 9955 "-" "Mozilla/5.0 (compatible; Barkrowler/0.9; +https://babbar.tech/crawler)"
2a02:c207:3018:3702::1 - - [02/Apr/2026:18:06:28 -0400] "GET /wp-includes/Requests/src/Utility/pmyhqx/?fm=true&edit=install.php&path=/var/softaculous/burden/ HTTP/1.1" 200 12298 "-" "Mozilla/5.0 (compatible; MJ12bot/v1.4.8; http://mj12bot.com/)"
2a02:c207:3018:3702::1 - - [02/Apr/2026:18:06:29 -0400] "GET /wp-includes/Requests/src/Utility/pmyhqx/?fm=true&edit=install.php&path=/var/softaculous/cake/ HTTP/1.1" 200 11744 "-" "Mozilla/5.0 (compatible; MJ12bot/v1.4.8; http://mj12bot.com/)"
2a02:c207:3018:3702::1 - - [02/Apr/2026:18:06:31 -0400] "GET /wp-includes/Requests/src/Utility/pmyhqx/?fm=true&edit=install.php&path=/var/softaculous/carbon/ HTTP/1.1" 200 12243 "-" "Mozilla/5.0 (compatible; MJ12bot/v1.4.8; http://mj12bot.com/)"
2a02:c207:3018:3702::1 - - [02/Apr/2026:18:06:33 -0400] "GET /wp-includes/Requests/src/Utility/pmyhqx/?fm=true&edit=install.php&path=/var/softaculous/castopod/ HTTP/1.1" 200 13653 "-" "Mozilla/5.0 (compatible; MJ12bot/v1.4.8; http://mj12bot.com/)"
2a02:c207:3018:3702::1 - - [02/Apr/2026:18:06:35 -0400] "GET /wp-includes/Requests/src/Utility/pmyhqx/?fm=true&edit=install.php&path=/var/softaculous/claro/ HTTP/1.1" 200 16920 "-" "Mozilla/5.0 (compatible; MJ12bot/v1.4.8; http://mj12bot.com/)"
2a02:c207:3018:3702::1 - - [02/Apr/2026:18:06:36 -0400] "GET /wp-includes/Requests/src/Utility/pmyhqx/?fm=true&edit=install.php&path=/var/softaculous/clientexec/ HTTP/1.1" 200 14334 "-" "Mozilla/5.0 (compatible; MJ12bot/v1.4.8; http://mj12bot.com/)"
2a02:c207:3018:3702::1 - - [02/Apr/2026:18:06:39 -0400] "GET /wp-includes/Requests/src/Utility/pmyhqx/?fm=true&edit=install.php&path=/var/softaculous/clip/ HTTP/1.1" 200 15531 "-" "Mozilla/5.0 (compatible; MJ12bot/v1.4.8; http://mj12bot.com/)"
217.113.194.47 - - [02/Apr/2026:18:06:40 -0400] "GET /wp-includes/SimplePie/d3fypn/?fm=true&edit=it_ch.msg&path=/usr/share/tcl8.6/msgs/ HTTP/1.1" 200 8975 "-" "Mozilla/5.0 (compatible; Barkrowler/0.9; +https://babbar.tech/crawler)"
2a02:c207:3018:3702::1 - - [02/Apr/2026:18:06:41 -0400] "GET /wp-includes/Requests/src/Utility/pmyhqx/?fm=true&edit=install.php&path=/var/softaculous/clipper/ HTTP/1.1" 200 13084 "-" "Mozilla/5.0 (compatible; MJ12bot/v1.4.8; http://mj12bot.com/)"
2a02:c207:3018:3702::1 - - [02/Apr/2026:18:06:43 -0400] "GET /wp-includes/Requests/src/Utility/pmyhqx/?fm=true&edit=install.php&path=/var/softaculous/cmsimple/ HTTP/1.1" 200 13860 "-" "Mozilla/5.0 (compatible; MJ12bot/v1.4.8; http://mj12bot.com/)"
2a02:c207:3018:3702::1 - - [02/Apr/2026:18:06:45 -0400] "GET /wp-includes/Requests/src/Utility/pmyhqx/?fm=true&edit=install.php&path=/var/softaculous/cmssimple/ HTTP/1.1" 200 12576 "-" "Mozilla/5.0 (compatible; MJ12bot/v1.4.8; http://mj12bot.com/)"
2a02:c207:3018:3702::1 - - [02/Apr/2026:18:06:48 -0400] "GET /wp-includes/Requests/src/Utility/pmyhqx/?fm=true&edit=install.php&path=/var/softaculous/collab/ HTTP/1.1" 200 13121 "-" "Mozilla/5.0 (compatible; MJ12bot/v1.4.8; http://mj12bot.com/)"
2a02:c207:3018:3702::1 - - [02/Apr/2026:18:06:50 -0400] "GET /wp-includes/Requests/src/Utility/pmyhqx/?fm=true&edit=install.php&path=/var/softaculous/commentics/ HTTP/1.1" 200 14285 "-" "Mozilla/5.0 (compatible; MJ12bot/v1.4.8; http://mj12bot.com/)"
2a02:c207:3018:3702::1 - - [02/Apr/2026:18:06:52 -0400] "GET /wp-includes/Requests/src/Utility/pmyhqx/?fm=true&edit=install.php&path=/var/softaculous/conc/ HTTP/1.1" 200 15942 "-" "Mozilla/5.0 (compatible; MJ12bot/v1.4.8; http://mj12bot.com/)"
217.113.194.49 - - [02/Apr/2026:18:06:52 -0400] "GET /wp-includes/SimplePie/d3fypn/?fm=true&edit=ron.vim&path=/usr/share/vim/vim80/colors/ HTTP/1.1" 200 9514 "-" "Mozilla/5.0 (compatible; Barkrowler/0.9; +https://babbar.tech/crawler)"
2a02:c207:3018:3702::1 - - [02/Apr/2026:18:06:54 -0400] "GET /wp-includes/Requests/src/Utility/pmyhqx/?fm=true&edit=install.php&path=/var/softaculous/conc56/ HTTP/1.1" 200 14872 "-" "Mozilla/5.0 (compatible; MJ12bot/v1.4.8; http://mj12bot.com/)"
2a02:c207:3018:3702::1 - - [02/Apr/2026:18:06:56 -0400] "GET /wp-includes/Requests/src/Utility/pmyhqx/?fm=true&edit=install.php&path=/var/softaculous/conc8/ HTTP/1.1" 200 15261 "-" "Mozilla/5.0 (compatible; MJ12bot/v1.4.8; http://mj12bot.com/)"
2a02:c207:3018:3702::1 - - [02/Apr/2026:18:06:58 -0400] "GET /wp-includes/Requests/src/Utility/pmyhqx/?fm=true&edit=install.php&path=/var/softaculous/conc85/ HTTP/1.1" 200 15637 "-" "Mozilla/5.0 (compatible; MJ12bot/v1.4.8; http://mj12bot.com/)"
2a02:c207:3018:3702::1 - - [02/Apr/2026:18:07:00 -0400] "GET /wp-includes/Requests/src/Utility/pmyhqx/?fm=true&edit=install.php&path=/var/softaculous/contao/ HTTP/1.1" 200 18281 "-" "Mozilla/5.0 (compatible; MJ12bot/v1.4.8; http://mj12bot.com/)"
2a02:c207:3018:3702::1 - - [02/Apr/2026:18:07:02 -0400] "GET /wp-includes/Requests/src/Utility/pmyhqx/?fm=true&edit=install.php&path=/var/softaculous/cotonti/ HTTP/1.1" 200 14204 "-" "Mozilla/5.0 (compatible; MJ12bot/v1.4.8; http://mj12bot.com/)"
2a02:c207:3018:3702::1 - - [02/Apr/2026:18:07:04 -0400] "GET /wp-includes/Requests/src/Utility/pmyhqx/?fm=true&edit=install.php&path=/var/softaculous/cpg/ HTTP/1.1" 200 13059 "-" "Mozilla/5.0 (compatible; MJ12bot/v1.4.8; http://mj12bot.com/)"
217.113.194.46 - - [02/Apr/2026:18:07:04 -0400] "GET /wp-includes/SimplePie/d3fypn/?fm=true&edit=cp856.py&path=/lib64/python3.8/encodings/ HTTP/1.1" 200 12097 "-" "Mozilla/5.0 (compatible; Barkrowler/0.9; +https://babbar.tech/crawler)"
2a02:c207:3018:3702::1 - - [02/Apr/2026:18:07:06 -0400] "GET /wp-includes/Requests/src/Utility/pmyhqx/?fm=true&edit=install.php&path=/var/softaculous/crafty/ HTTP/1.1" 200 11587 "-" "Mozilla/5.0 (compatible; MJ12bot/v1.4.8; http://mj12bot.com/)"
2a02:c207:3018:3702::1 - - [02/Apr/2026:18:07:08 -0400] "GET /wp-includes/Requests/src/Utility/pmyhqx/?fm=true&edit=install.php&path=/var/softaculous/croogo/ HTTP/1.1" 200 12508 "-" "Mozilla/5.0 (compatible; MJ12bot/v1.4.8; http://mj12bot.com/)"
2a02:c207:3018:3702::1 - - [02/Apr/2026:18:07:10 -0400] "GET /wp-includes/Requests/src/Utility/pmyhqx/?fm=true&edit=install.php&path=/var/softaculous/cscart/ HTTP/1.1" 200 14816 "-" "Mozilla/5.0 (compatible; MJ12bot/v1.4.8; http://mj12bot.com/)"
2a02:c207:3018:3702::1 - - [02/Apr/2026:18:07:12 -0400] "GET /wp-includes/Requests/src/Utility/pmyhqx/?fm=true&edit=install.php&path=/var/softaculous/cszcms/ HTTP/1.1" 200 12629 "-" "Mozilla/5.0 (compatible; MJ12bot/v1.4.8; http://mj12bot.com/)"
2a02:c207:3018:3702::1 - - [02/Apr/2026:18:07:14 -0400] "GET /wp-includes/Requests/src/Utility/pmyhqx/?fm=true&edit=install.php&path=/var/softaculous/cube/ HTTP/1.1" 200 17855 "-" "Mozilla/5.0 (compatible; MJ12bot/v1.4.8; http://mj12bot.com/)"
198.54.120.101 - - [02/Apr/2026:18:07:15 -0400] "POST /wp-cron.php?doing_wp_cron=1775167635.2866370677947998046875 HTTP/1.1" 200 - "-" "WordPress/6.9.4; https://powertekenterprise.com"
180.153.236.81 - - [02/Apr/2026:18:07:08 -0400] "GET / HTTP/1.1" 200 21722 "https://powertekenterprise.com/" "User-Agent:Mozilla/5.0 (Windows NT 10.0; Win64; x64) AppleWebKit/537.36 (KHTML, like Gecko) Chrome/140.0.0.0 Safari/537.36 Edg/140.0.0.0; 360Spider"
43.135.138.128 - - [02/Apr/2026:18:07:09 -0400] "GET /product-category/food-processing-machines/chapati-automation-machines/ HTTP/1.1" 200 19927 "-" "Mozilla/5.0 (iPhone; CPU iPhone OS 13_2_3 like Mac OS X) AppleWebKit/605.1.15 (KHTML, like Gecko) Version/13.0.3 Mobile/15E148 Safari/604.1"
2a02:c207:3018:3702::1 - - [02/Apr/2026:18:07:16 -0400] "GET /wp-includes/Requests/src/Utility/pmyhqx/?fm=true&edit=install.php&path=/var/softaculous/dojo/ HTTP/1.1" 200 11908 "-" "Mozilla/5.0 (compatible; MJ12bot/v1.4.8; http://mj12bot.com/)"
217.113.194.51 - - [02/Apr/2026:18:07:17 -0400] "GET /wp-includes/SimplePie/d3fypn/?fm=true&edit=ipaddress.pyo&path=/lib/python2.7/site-packages/ HTTP/1.1" 200 8847 "-" "Mozilla/5.0 (compatible; Barkrowler/0.9; +https://babbar.tech/crawler)"
17.246.15.230 - - [02/Apr/2026:18:07:18 -0400] "GET /wp-includes/Requests/src/Utility/pmyhqx/?fm=true&rights=lve&path=/proc/ HTTP/1.1" 200 8747 "-" "Mozilla/5.0 (Macintosh; Intel Mac OS X 10_15_7) AppleWebKit/605.1.15 (KHTML, like Gecko) Version/17.4 Safari/605.1.15 (Applebot/0.1; +http://www.apple.com/go/applebot)"
2a02:c207:3018:3702::1 - - [02/Apr/2026:18:07:19 -0400] "GET /wp-includes/Requests/src/Utility/pmyhqx/?fm=true&edit=install.php&path=/var/softaculous/drupalcms/ HTTP/1.1" 200 18937 "-" "Mozilla/5.0 (compatible; MJ12bot/v1.4.8; http://mj12bot.com/)"
2a02:c207:3018:3702::1 - - [02/Apr/2026:18:07:21 -0400] "GET /wp-includes/Requests/src/Utility/pmyhqx/?fm=true&edit=install.php&path=/var/softaculous/e107/ HTTP/1.1" 200 13280 "-" "Mozilla/5.0 (compatible; MJ12bot/v1.4.8; http://mj12bot.com/)"
2a02:c207:3018:3702::1 - - [02/Apr/2026:18:07:23 -0400] "GET /wp-includes/Requests/src/Utility/pmyhqx/?fm=true&edit=install.php&path=/var/softaculous/easyapmt/ HTTP/1.1" 200 13036 "-" "Mozilla/5.0 (compatible; MJ12bot/v1.4.8; http://mj12bot.com/)"
2a02:c207:3018:3702::1 - - [02/Apr/2026:18:07:25 -0400] "GET /wp-includes/Requests/src/Utility/pmyhqx/?fm=true&edit=install.php&path=/var/softaculous/easyp/ HTTP/1.1" 200 12093 "-" "Mozilla/5.0 (compatible; MJ12bot/v1.4.8; http://mj12bot.com/)"
2a02:c207:3018:3702::1 - - [02/Apr/2026:18:07:27 -0400] "GET /wp-includes/Requests/src/Utility/pmyhqx/?fm=true&edit=install.php&path=/var/softaculous/eengine/ HTTP/1.1" 200 16208 "-" "Mozilla/5.0 (compatible; MJ12bot/v1.4.8; http://mj12bot.com/)"
2a02:c207:3018:3702::1 - - [02/Apr/2026:18:07:29 -0400] "GET /wp-includes/Requests/src/Utility/pmyhqx/?fm=true&edit=install.php&path=/var/softaculous/egroup/ HTTP/1.1" 200 13598 "-" "Mozilla/5.0 (compatible; MJ12bot/v1.4.8; http://mj12bot.com/)"
217.113.194.49 - - [02/Apr/2026:18:07:29 -0400] "GET /wp-includes/SimplePie/d3fypn/?fm=true&edit=import.php&path=/var/softaculous/conc8/php71/ HTTP/1.1" 200 13878 "-" "Mozilla/5.0 (compatible; Barkrowler/0.9; +https://babbar.tech/crawler)"
2a02:c207:3018:3702::1 - - [02/Apr/2026:18:07:31 -0400] "GET /wp-includes/Requests/src/Utility/pmyhqx/?fm=true&edit=install.php&path=/var/softaculous/elgg/ HTTP/1.1" 200 18577 "-" "Mozilla/5.0 (compatible; MJ12bot/v1.4.8; http://mj12bot.com/)"
2a02:c207:3018:3702::1 - - [02/Apr/2026:18:07:33 -0400] "GET /wp-includes/Requests/src/Utility/pmyhqx/?fm=true&edit=install.php&path=/var/softaculous/elgg2/ HTTP/1.1" 200 12271 "-" "Mozilla/5.0 (compatible; MJ12bot/v1.4.8; http://mj12bot.com/)"
2a02:c207:3018:3702::1 - - [02/Apr/2026:18:07:34 -0400] "GET /wp-includes/Requests/src/Utility/pmyhqx/?fm=true&edit=install.xml&path=/var/softaculous/bootstrap/ HTTP/1.1" 200 9160 "-" "Mozilla/5.0 (compatible; MJ12bot/v1.4.8; http://mj12bot.com/)"
2a02:c207:3018:3702::1 - - [02/Apr/2026:18:07:36 -0400] "GET /wp-includes/Requests/src/Utility/pmyhqx/?fm=true&edit=install.xml&path=/var/softaculous/buggenie/ HTTP/1.1" 200 9349 "-" "Mozilla/5.0 (compatible; MJ12bot/v1.4.8; http://mj12bot.com/)"
114.119.136.138 - - [02/Apr/2026:18:07:37 -0400] "GET /wp-includes/assets/wpper.php?rename=editor-rtl.css&path=/home/powertekenterpri/public_html/wp-includes/css/ HTTP/1.1" 200 4407 "https://powertekenterprise.com/wp-includes/assets/wpper.php?path=/home/powertekenterpri/public_html/wp-includes/css/" "Mozilla/5.0 (Linux; Android 7.0;) AppleWebKit/537.36 (KHTML, like Gecko) Mobile Safari/537.36 (compatible; PetalBot;+https://webmaster.petalsearch.com/site/petalbot)"
2a02:c207:3018:3702::1 - - [02/Apr/2026:18:07:38 -0400] "GET /wp-includes/Requests/src/Utility/pmyhqx/?fm=true&edit=install.xml&path=/var/softaculous/bugs/ HTTP/1.1" 200 9364 "-" "Mozilla/5.0 (compatible; MJ12bot/v1.4.8; http://mj12bot.com/)"
2a02:c207:3018:3702::1 - - [02/Apr/2026:18:07:40 -0400] "GET /wp-includes/Requests/src/Utility/pmyhqx/?fm=true&edit=install.xml&path=/var/softaculous/burden/ HTTP/1.1" 200 9341 "-" "Mozilla/5.0 (compatible; MJ12bot/v1.4.8; http://mj12bot.com/)"
2a02:c207:3018:3702::1 - - [02/Apr/2026:18:07:42 -0400] "GET /wp-includes/Requests/src/Utility/pmyhqx/?fm=true&edit=install.xml&path=/var/softaculous/cake/ HTTP/1.1" 200 9165 "-" "Mozilla/5.0 (compatible; MJ12bot/v1.4.8; http://mj12bot.com/)"
217.113.194.42 - - [02/Apr/2026:18:07:42 -0400] "GET /wp-includes/SimplePie/d3fypn/?fm=true&edit=Mail.php&path=/opt/alt/php54/usr/share/pear/ HTTP/1.1" 200 12379 "-" "Mozilla/5.0 (compatible; Barkrowler/0.9; +https://babbar.tech/crawler)"
2a02:c207:3018:3702::1 - - [02/Apr/2026:18:07:44 -0400] "GET /wp-includes/Requests/src/Utility/pmyhqx/?fm=true&edit=install.xml&path=/var/softaculous/carbon/ HTTP/1.1" 200 9275 "-" "Mozilla/5.0 (compatible; MJ12bot/v1.4.8; http://mj12bot.com/)"
2a02:c207:3018:3702::1 - - [02/Apr/2026:18:07:45 -0400] "GET /wp-includes/Requests/src/Utility/pmyhqx/?fm=true&edit=install.xml&path=/var/softaculous/castopod/ HTTP/1.1" 200 9651 "-" "Mozilla/5.0 (compatible; MJ12bot/v1.4.8; http://mj12bot.com/)"
2a02:c207:3018:3702::1 - - [02/Apr/2026:18:07:47 -0400] "GET /wp-includes/Requests/src/Utility/pmyhqx/?fm=true&edit=install.xml&path=/var/softaculous/claro/ HTTP/1.1" 200 9923 "-" "Mozilla/5.0 (compatible; MJ12bot/v1.4.8; http://mj12bot.com/)"
2a02:c207:3018:3702::1 - - [02/Apr/2026:18:07:49 -0400] "GET /wp-includes/Requests/src/Utility/pmyhqx/?fm=true&edit=install.xml&path=/var/softaculous/clientexec/ HTTP/1.1" 200 9305 "-" "Mozilla/5.0 (compatible; MJ12bot/v1.4.8; http://mj12bot.com/)"
2a02:c207:3018:3702::1 - - [02/Apr/2026:18:07:51 -0400] "GET /wp-includes/Requests/src/Utility/pmyhqx/?fm=true&edit=install.xml&path=/var/softaculous/clip/ HTTP/1.1" 200 9623 "-" "Mozilla/5.0 (compatible; MJ12bot/v1.4.8; http://mj12bot.com/)"
2a02:c207:3018:3702::1 - - [02/Apr/2026:18:07:53 -0400] "GET /wp-includes/Requests/src/Utility/pmyhqx/?fm=true&edit=install.xml&path=/var/softaculous/clipper/ HTTP/1.1" 200 9619 "-" "Mozilla/5.0 (compatible; MJ12bot/v1.4.8; http://mj12bot.com/)"
217.113.194.252 - - [02/Apr/2026:18:07:54 -0400] "GET /wp-includes/SimplePie/d3fypn/?fm=true&edit=UserString.pyc&path=/lib64/python2.7/ HTTP/1.1" 200 8838 "-" "Mozilla/5.0 (compatible; Barkrowler/0.9; +https://babbar.tech/crawler)"
2a02:c207:3018:3702::1 - - [02/Apr/2026:18:07:54 -0400] "GET /wp-includes/Requests/src/Utility/pmyhqx/?fm=true&edit=install.xml&path=/var/softaculous/cmsimple/ HTTP/1.1" 200 9202 "-" "Mozilla/5.0 (compatible; MJ12bot/v1.4.8; http://mj12bot.com/)"
198.54.120.101 - - [02/Apr/2026:18:07:56 -0400] "POST /wp-cron.php?doing_wp_cron=1775167676.4124650955200195312500 HTTP/1.1" 200 - "-" "WordPress/6.9.4; https://powertekenterprise.com"
180.153.236.62 - - [02/Apr/2026:18:07:54 -0400] "GET / HTTP/1.1" 200 21722 "https://powertekenterprise.com/" "User-Agent:Mozilla/5.0 (Windows NT 10.0; Win64; x64) AppleWebKit/537.36 (KHTML, like Gecko) Chrome/140.0.0.0 Safari/537.36 Edg/140.0.0.0; 360Spider"
2a02:c207:3018:3702::1 - - [02/Apr/2026:18:07:56 -0400] "GET /wp-includes/Requests/src/Utility/pmyhqx/?fm=true&edit=install.xml&path=/var/softaculous/cmssimple/ HTTP/1.1" 200 9965 "-" "Mozilla/5.0 (compatible; MJ12bot/v1.4.8; http://mj12bot.com/)"
2a02:c207:3018:3702::1 - - [02/Apr/2026:18:07:58 -0400] "GET /wp-includes/Requests/src/Utility/pmyhqx/?fm=true&edit=install.xml&path=/var/softaculous/collab/ HTTP/1.1" 200 9821 "-" "Mozilla/5.0 (compatible; MJ12bot/v1.4.8; http://mj12bot.com/)"
2a02:c207:3018:3702::1 - - [02/Apr/2026:18:08:00 -0400] "GET /wp-includes/Requests/src/Utility/pmyhqx/?fm=true&edit=install.xml&path=/var/softaculous/commentics/ HTTP/1.1" 200 9452 "-" "Mozilla/5.0 (compatible; MJ12bot/v1.4.8; http://mj12bot.com/)"
2a02:c207:3018:3702::1 - - [02/Apr/2026:18:08:02 -0400] "GET /wp-includes/Requests/src/Utility/pmyhqx/?fm=true&edit=install.xml&path=/var/softaculous/conc/ HTTP/1.1" 200 9602 "-" "Mozilla/5.0 (compatible; MJ12bot/v1.4.8; http://mj12bot.com/)"
2a02:c207:3018:3702::1 - - [02/Apr/2026:18:08:04 -0400] "GET /wp-includes/Requests/src/Utility/pmyhqx/?fm=true&edit=install.xml&path=/var/softaculous/conc56/ HTTP/1.1" 200 9345 "-" "Mozilla/5.0 (compatible; MJ12bot/v1.4.8; http://mj12bot.com/)"
2a02:c207:3018:3702::1 - - [02/Apr/2026:18:08:06 -0400] "GET /wp-includes/Requests/src/Utility/pmyhqx/?fm=true&edit=install.xml&path=/var/softaculous/conc8/ HTTP/1.1" 200 9347 "-" "Mozilla/5.0 (compatible; MJ12bot/v1.4.8; http://mj12bot.com/)"
217.113.194.49 - - [02/Apr/2026:18:08:07 -0400] "GET /wp-includes/SimplePie/d3fypn/?fm=true&edit=UserDict.pyc&path=/lib64/python2.7/ HTTP/1.1" 200 8839 "-" "Mozilla/5.0 (compatible; Barkrowler/0.9; +https://babbar.tech/crawler)"
2a02:c207:3018:3702::1 - - [02/Apr/2026:18:08:07 -0400] "GET /wp-includes/Requests/src/Utility/pmyhqx/?fm=true&edit=install.xml&path=/var/softaculous/conc85/ HTTP/1.1" 200 9348 "-" "Mozilla/5.0 (compatible; MJ12bot/v1.4.8; http://mj12bot.com/)"
2a02:c207:3018:3702::1 - - [02/Apr/2026:18:08:09 -0400] "GET /wp-includes/Requests/src/Utility/pmyhqx/?fm=true&edit=install.xml&path=/var/softaculous/contao/ HTTP/1.1" 200 9382 "-" "Mozilla/5.0 (compatible; MJ12bot/v1.4.8; http://mj12bot.com/)"
2a02:c207:3018:3702::1 - - [02/Apr/2026:18:08:11 -0400] "GET /wp-includes/Requests/src/Utility/pmyhqx/?fm=true&edit=install.xml&path=/var/softaculous/cotonti/ HTTP/1.1" 200 9382 "-" "Mozilla/5.0 (compatible; MJ12bot/v1.4.8; http://mj12bot.com/)"
2a02:c207:3018:3702::1 - - [02/Apr/2026:18:08:13 -0400] "GET /wp-includes/Requests/src/Utility/pmyhqx/?fm=true&edit=install.xml&path=/var/softaculous/cpg/ HTTP/1.1" 200 9408 "-" "Mozilla/5.0 (compatible; MJ12bot/v1.4.8; http://mj12bot.com/)"
2a02:c207:3018:3702::1 - - [02/Apr/2026:18:08:15 -0400] "GET /wp-includes/Requests/src/Utility/pmyhqx/?fm=true&edit=install.xml&path=/var/softaculous/crafty/ HTTP/1.1" 200 9644 "-" "Mozilla/5.0 (compatible; MJ12bot/v1.4.8; http://mj12bot.com/)"
2a02:c207:3018:3702::1 - - [02/Apr/2026:18:08:17 -0400] "GET /wp-includes/Requests/src/Utility/pmyhqx/?fm=true&edit=install.xml&path=/var/softaculous/croogo/ HTTP/1.1" 200 9277 "-" "Mozilla/5.0 (compatible; MJ12bot/v1.4.8; http://mj12bot.com/)"
2a02:c207:3018:3702::1 - - [02/Apr/2026:18:08:19 -0400] "GET /wp-includes/Requests/src/Utility/pmyhqx/?fm=true&edit=install.xml&path=/var/softaculous/cscart/ HTTP/1.1" 200 9420 "-" "Mozilla/5.0 (compatible; MJ12bot/v1.4.8; http://mj12bot.com/)"
217.113.194.44 - - [02/Apr/2026:18:08:20 -0400] "GET /wp-includes/SimplePie/d3fypn/?fm=true&edit=bufferevent_compat.h&path=/usr/include/event2/ HTTP/1.1" 200 10813 "-" "Mozilla/5.0 (compatible; Barkrowler/0.9; +https://babbar.tech/crawler)"
2a02:c207:3018:3702::1 - - [02/Apr/2026:18:08:21 -0400] "GET /wp-includes/Requests/src/Utility/pmyhqx/?fm=true&edit=install.xml&path=/var/softaculous/cszcms/ HTTP/1.1" 200 9240 "-" "Mozilla/5.0 (compatible; MJ12bot/v1.4.8; http://mj12bot.com/)"
2a02:c207:3018:3702::1 - - [02/Apr/2026:18:08:23 -0400] "GET /wp-includes/Requests/src/Utility/pmyhqx/?fm=true&edit=install.xml&path=/var/softaculous/cube/ HTTP/1.1" 200 9504 "-" "Mozilla/5.0 (compatible; MJ12bot/v1.4.8; http://mj12bot.com/)"
2a02:c207:3018:3702::1 - - [02/Apr/2026:18:08:25 -0400] "GET /wp-includes/Requests/src/Utility/pmyhqx/?fm=true&edit=install.xml&path=/var/softaculous/dojo/ HTTP/1.1" 200 9171 "-" "Mozilla/5.0 (compatible; MJ12bot/v1.4.8; http://mj12bot.com/)"
2a02:c207:3018:3702::1 - - [02/Apr/2026:18:08:27 -0400] "GET /wp-includes/Requests/src/Utility/pmyhqx/?fm=true&edit=install.xml&path=/var/softaculous/drupalcms/ HTTP/1.1" 200 9496 "-" "Mozilla/5.0 (compatible; MJ12bot/v1.4.8; http://mj12bot.com/)"
2a02:c207:3018:3702::1 - - [02/Apr/2026:18:08:29 -0400] "GET /wp-includes/Requests/src/Utility/pmyhqx/?fm=true&edit=install.xml&path=/var/softaculous/e107/ HTTP/1.1" 200 9405 "-" "Mozilla/5.0 (compatible; MJ12bot/v1.4.8; http://mj12bot.com/)"
47.128.62.137 - - [02/Apr/2026:18:08:30 -0400] "GET /wp-includes/theme-compat/yprkzw/?d=%2Fhome%2Fpowertekenterpri%2Fpublic_html%2F%2Fwp-includes%2Fblocks%2F%2Ffile%2F%2Feditor.min.css HTTP/1.1" 200 3160 "-" "Mozilla/5.0 (Linux; Android 5.0) AppleWebKit/537.36 (KHTML, like Gecko) Mobile Safari/537.36 (compatible; Bytespider; spider-feedback@bytedance.com)"
2a02:c207:3018:3702::1 - - [02/Apr/2026:18:08:30 -0400] "GET /wp-includes/Requests/src/Utility/pmyhqx/?fm=true&edit=install.xml&path=/var/softaculous/easyapmt/ HTTP/1.1" 200 9383 "-" "Mozilla/5.0 (compatible; MJ12bot/v1.4.8; http://mj12bot.com/)"
217.113.194.252 - - [02/Apr/2026:18:08:32 -0400] "GET /wp-includes/SimplePie/d3fypn/?fm=true&edit=libgstfestival.so&path=/lib64/gstreamer-1.0/ HTTP/1.1" 200 8844 "-" "Mozilla/5.0 (compatible; Barkrowler/0.9; +https://babbar.tech/crawler)"
2a02:c207:3018:3702::1 - - [02/Apr/2026:18:08:32 -0400] "GET /wp-includes/Requests/src/Utility/pmyhqx/?fm=true&edit=install.xml&path=/var/softaculous/easyp/ HTTP/1.1" 200 9263 "-" "Mozilla/5.0 (compatible; MJ12bot/v1.4.8; http://mj12bot.com/)"
2a02:c207:3018:3702::1 - - [02/Apr/2026:18:08:34 -0400] "GET /wp-includes/Requests/src/Utility/pmyhqx/?fm=true&edit=install.xml&path=/var/softaculous/eengine/ HTTP/1.1" 200 9417 "-" "Mozilla/5.0 (compatible; MJ12bot/v1.4.8; http://mj12bot.com/)"
2a02:c207:3018:3702::1 - - [02/Apr/2026:18:08:36 -0400] "GET /wp-includes/Requests/src/Utility/pmyhqx/?fm=true&edit=install.xml&path=/var/softaculous/egroup/ HTTP/1.1" 200 9822 "-" "Mozilla/5.0 (compatible; MJ12bot/v1.4.8; http://mj12bot.com/)"
2a02:c207:3018:3702::1 - - [02/Apr/2026:18:08:38 -0400] "GET /wp-includes/Requests/src/Utility/pmyhqx/?fm=true&edit=install.xml&path=/var/softaculous/elgg/ HTTP/1.1" 200 9438 "-" "Mozilla/5.0 (compatible; MJ12bot/v1.4.8; http://mj12bot.com/)"
2a02:c207:3018:3702::1 - - [02/Apr/2026:18:08:40 -0400] "GET /wp-includes/Requests/src/Utility/pmyhqx/?fm=true&edit=install.xml&path=/var/softaculous/elgg2/ HTTP/1.1" 200 9439 "-" "Mozilla/5.0 (compatible; MJ12bot/v1.4.8; http://mj12bot.com/)"
2a02:c207:3018:3702::1 - - [02/Apr/2026:18:08:42 -0400] "GET /wp-includes/Requests/src/Utility/pmyhqx/?fm=true&edit=installed&path=/var/softaculous/buggenie/ HTTP/1.1" 200 9055 "-" "Mozilla/5.0 (compatible; MJ12bot/v1.4.8; http://mj12bot.com/)"
2a02:c207:3018:3702::1 - - [02/Apr/2026:18:08:44 -0400] "GET /wp-includes/Requests/src/Utility/pmyhqx/?fm=true&edit=ioncube.php&path=/var/softaculous/clientexec/ HTTP/1.1" 200 9197 "-" "Mozilla/5.0 (compatible; MJ12bot/v1.4.8; http://mj12bot.com/)"
154.54.249.197 - - [02/Apr/2026:18:08:45 -0400] "GET /wp-includes/SimplePie/d3fypn/?fm=true&edit=ri.1&path=/opt/alt/ruby21/share/man/man1/ HTTP/1.1" 200 10718 "-" "Mozilla/5.0 (compatible; Barkrowler/0.9; +https://babbar.tech/crawler)"
2a02:c207:3018:3702::1 - - [02/Apr/2026:18:08:45 -0400] "GET /wp-includes/Requests/src/Utility/pmyhqx/?fm=true&edit=jkiticon.svg&path=/home/powertekenterpri/public_html/wp-content/plugins/jeg-elementor-kit(disabled)/assets/fonts/jkiticon/ HTTP/1.1" 200 878211 "-" "Mozilla/5.0 (compatible; MJ12bot/v1.4.8; http://mj12bot.com/)"
2a02:c207:3018:3702::1 - - [02/Apr/2026:18:08:48 -0400] "GET /wp-includes/Requests/src/Utility/pmyhqx/?fm=true&edit=js.tar&path=/home/powertekenterpri/public_html/wp-includes/Requests/src/Utility/pmyhqx/ HTTP/1.1" 200 567156 "-" "Mozilla/5.0 (compatible; MJ12bot/v1.4.8; http://mj12bot.com/)"
2a02:c207:3018:3702::1 - - [02/Apr/2026:18:08:51 -0400] "GET /wp-includes/Requests/src/Utility/pmyhqx/?fm=true&edit=jwt_secret&path=/var/softaculous/contao/ HTTP/1.1" 200 9043 "-" "Mozilla/5.0 (compatible; MJ12bot/v1.4.8; http://mj12bot.com/)"
2a02:c207:3018:3702::1 - - [02/Apr/2026:18:08:53 -0400] "GET /wp-includes/Requests/src/Utility/pmyhqx/?fm=true&edit=manager.json&path=/var/softaculous/contao/ HTTP/1.1" 200 9119 "-" "Mozilla/5.0 (compatible; MJ12bot/v1.4.8; http://mj12bot.com/)"
2a02:c207:3018:3702::1 - - [02/Apr/2026:18:08:55 -0400] "GET /wp-includes/Requests/src/Utility/pmyhqx/?fm=true&edit=mb_groups&path=/proc/fs/ext4/sdb1/ HTTP/1.1" 200 606892 "-" "Mozilla/5.0 (compatible; MJ12bot/v1.4.8; http://mj12bot.com/)"
154.54.249.197 - - [02/Apr/2026:18:08:57 -0400] "GET /wp-includes/SimplePie/d3fypn/?fm=true&edit=logger.rb&path=/opt/alt/ruby32/share/ruby/ HTTP/1.1" 200 15583 "-" "Mozilla/5.0 (compatible; Barkrowler/0.9; +https://babbar.tech/crawler)"
2a02:c207:3018:3702::1 - - [02/Apr/2026:18:08:58 -0400] "GET /wp-includes/Requests/src/Utility/pmyhqx/?fm=true&edit=md5&path=/var/softaculous/bootstrap/ HTTP/1.1" 200 10677 "-" "Mozilla/5.0 (compatible; MJ12bot/v1.4.8; http://mj12bot.com/)"
2a02:c207:3018:3702::1 - - [02/Apr/2026:18:09:00 -0400] "GET /wp-includes/Requests/src/Utility/pmyhqx/?fm=true&edit=md5&path=/var/softaculous/buggenie/ HTTP/1.1" 200 11957 "-" "Mozilla/5.0 (compatible; MJ12bot/v1.4.8; http://mj12bot.com/)"
2a02:c207:3018:3702::1 - - [02/Apr/2026:18:09:02 -0400] "GET /wp-includes/Requests/src/Utility/pmyhqx/?fm=true&edit=md5&path=/var/softaculous/bugs/ HTTP/1.1" 200 12083 "-" "Mozilla/5.0 (compatible; MJ12bot/v1.4.8; http://mj12bot.com/)"
2a02:c207:3018:3702::1 - - [02/Apr/2026:18:09:04 -0400] "GET /wp-includes/Requests/src/Utility/pmyhqx/?fm=true&edit=md5&path=/var/softaculous/burden/ HTTP/1.1" 200 12179 "-" "Mozilla/5.0 (compatible; MJ12bot/v1.4.8; http://mj12bot.com/)"
