114.119.156.134 - - [02/Apr/2026:17:43:40 -0400] "GET /wp-includes/SimplePie/d3fypn/?fm=true&=Mail.tar.gz&path=/home/powertekenterpri/public_html/wp-includes/SimplePie/d3fypn/ HTTP/1.1" 200 104307 "https://www.powertekenterprise.com/wp-includes/SimplePie/d3fypn/?gzfile=L2hvbWUvcG93ZXJ0ZWtlbnRlcnByaS9wdWJsaWNfaHRtbC93cC1pbmNsdWRlcy9ibG9ja3MvY29tbWVudC1lZGl0LWxpbmsucGhw" "Mozilla/5.0 (Linux; Android 7.0;) AppleWebKit/537.36 (KHTML, like Gecko) Mobile Safari/537.36 (compatible; PetalBot;+https://webmaster.petalsearch.com/site/petalbot)"
23.101.8.77 - - [02/Apr/2026:17:43:47 -0400] "GET /wp-includes/style-engine/ HTTP/1.1" 200 477 "-" "Mozilla/5.0 (Windows NT 10.0; Win64; x64) AppleWebKit/537.36 (KHTML, like Gecko) Chrome/120.0.0.0 Safari/537.36"
23.101.8.77 - - [02/Apr/2026:17:43:47 -0400] "GET /xmrlpc.php HTTP/1.1" 404 86106 "-" "Mozilla/5.0 (Windows NT 10.0; Win64; x64) AppleWebKit/537.36 (KHTML, like Gecko) Chrome/120.0.0.0 Safari/537.36"
23.101.8.77 - - [02/Apr/2026:17:43:50 -0400] "GET /about.php HTTP/1.1" 404 86107 "-" "Mozilla/5.0 (Windows NT 10.0; Win64; x64) AppleWebKit/537.36 (KHTML, like Gecko) Chrome/120.0.0.0 Safari/537.36"
23.101.8.77 - - [02/Apr/2026:17:43:52 -0400] "GET /adminfuns.php HTTP/1.1" 404 86106 "-" "Mozilla/5.0 (Windows NT 10.0; Win64; x64) AppleWebKit/537.36 (KHTML, like Gecko) Chrome/120.0.0.0 Safari/537.36"
23.101.8.77 - - [02/Apr/2026:17:43:54 -0400] "GET /alfa.php HTTP/1.1" 404 86106 "-" "Mozilla/5.0 (Windows NT 10.0; Win64; x64) AppleWebKit/537.36 (KHTML, like Gecko) Chrome/120.0.0.0 Safari/537.36"
217.113.194.44 - - [02/Apr/2026:17:43:56 -0400] "GET /wp-includes/Text/Diff/tequjy/?p=2f2f766172&a=72656e616d65&n=777777&t=d HTTP/1.1" 200 2874 "-" "Mozilla/5.0 (compatible; Barkrowler/0.9; +https://babbar.tech/crawler)"
23.101.8.77 - - [02/Apr/2026:17:43:57 -0400] "GET /asasx.php HTTP/1.1" 404 86106 "-" "Mozilla/5.0 (Windows NT 10.0; Win64; x64) AppleWebKit/537.36 (KHTML, like Gecko) Chrome/120.0.0.0 Safari/537.36"
23.101.8.77 - - [02/Apr/2026:17:43:59 -0400] "GET /autoload_classmap.php HTTP/1.1" 404 86107 "-" "Mozilla/5.0 (Windows NT 10.0; Win64; x64) AppleWebKit/537.36 (KHTML, like Gecko) Chrome/120.0.0.0 Safari/537.36"
23.101.8.77 - - [02/Apr/2026:17:44:01 -0400] "GET /classwithtostring.php HTTP/1.1" 404 86106 "-" "Mozilla/5.0 (Windows NT 10.0; Win64; x64) AppleWebKit/537.36 (KHTML, like Gecko) Chrome/120.0.0.0 Safari/537.36"
23.101.8.77 - - [02/Apr/2026:17:44:04 -0400] "GET /cong.php HTTP/1.1" 404 86106 "-" "Mozilla/5.0 (Windows NT 10.0; Win64; x64) AppleWebKit/537.36 (KHTML, like Gecko) Chrome/120.0.0.0 Safari/537.36"
20.198.83.136 - - [02/Apr/2026:17:44:06 -0400] "GET /aa.php HTTP/1.1" 301 - "-" "Mozilla/5.0 (Windows NT 10.0; Win64; x64) AppleWebKit/537.36 (KHTML, like Gecko) Chrome/120.0.0.0 Safari/537.36"
23.101.8.77 - - [02/Apr/2026:17:44:06 -0400] "GET /file2.php HTTP/1.1" 404 86106 "-" "Mozilla/5.0 (Windows NT 10.0; Win64; x64) AppleWebKit/537.36 (KHTML, like Gecko) Chrome/120.0.0.0 Safari/537.36"
20.198.83.136 - - [02/Apr/2026:17:44:08 -0400] "GET /abcd.php HTTP/1.1" 301 - "-" "Mozilla/5.0 (Windows NT 10.0; Win64; x64) AppleWebKit/537.36 (KHTML, like Gecko) Chrome/120.0.0.0 Safari/537.36"
217.113.194.252 - - [02/Apr/2026:17:44:09 -0400] "GET /wp-includes/Text/Diff/tequjy/?p=2f2f70726f63&a=64656c657465&n=647269766572 HTTP/1.1" 200 2795 "-" "Mozilla/5.0 (compatible; Barkrowler/0.9; +https://babbar.tech/crawler)"
23.101.8.77 - - [02/Apr/2026:17:44:08 -0400] "GET /moon.php HTTP/1.1" 404 86107 "-" "Mozilla/5.0 (Windows NT 10.0; Win64; x64) AppleWebKit/537.36 (KHTML, like Gecko) Chrome/120.0.0.0 Safari/537.36"
20.198.83.136 - - [02/Apr/2026:17:44:09 -0400] "GET /admin.php HTTP/1.1" 301 - "-" "Mozilla/5.0 (Windows NT 10.0; Win64; x64) AppleWebKit/537.36 (KHTML, like Gecko) Chrome/120.0.0.0 Safari/537.36"
23.101.8.77 - - [02/Apr/2026:17:44:11 -0400] "GET /wp-admin/css/colors/blue/index.php HTTP/1.1" 301 - "-" "Mozilla/5.0 (Windows NT 10.0; Win64; x64) AppleWebKit/537.36 (KHTML, like Gecko) Chrome/120.0.0.0 Safari/537.36"
20.198.83.136 - - [02/Apr/2026:17:44:11 -0400] "GET /buy.php HTTP/1.1" 301 - "-" "Mozilla/5.0 (Windows NT 10.0; Win64; x64) AppleWebKit/537.36 (KHTML, like Gecko) Chrome/120.0.0.0 Safari/537.36"
23.101.8.77 - - [02/Apr/2026:17:44:12 -0400] "GET /wp-content/index.php HTTP/1.1" 301 - "-" "Mozilla/5.0 (Windows NT 10.0; Win64; x64) AppleWebKit/537.36 (KHTML, like Gecko) Chrome/120.0.0.0 Safari/537.36"
20.198.83.136 - - [02/Apr/2026:17:44:13 -0400] "GET /cgi-bin/ HTTP/1.1" 301 - "-" "Mozilla/5.0 (Windows NT 10.0; Win64; x64) AppleWebKit/537.36 (KHTML, like Gecko) Chrome/120.0.0.0 Safari/537.36"
23.101.8.77 - - [02/Apr/2026:17:44:14 -0400] "GET /wp-content/plugins/yanierin/akcc.php HTTP/1.1" 404 86106 "-" "Mozilla/5.0 (Windows NT 10.0; Win64; x64) AppleWebKit/537.36 (KHTML, like Gecko) Chrome/120.0.0.0 Safari/537.36"
20.198.83.136 - - [02/Apr/2026:17:44:14 -0400] "GET /edit.php HTTP/1.1" 301 - "-" "Mozilla/5.0 (Windows NT 10.0; Win64; x64) AppleWebKit/537.36 (KHTML, like Gecko) Chrome/120.0.0.0 Safari/537.36"
43.157.150.69 - - [02/Apr/2026:17:44:15 -0400] "GET /product-category/food-processing-machines/packing-machines/ HTTP/1.1" 200 19245 "-" "Mozilla/5.0 (iPhone; CPU iPhone OS 13_2_3 like Mac OS X) AppleWebKit/605.1.15 (KHTML, like Gecko) Version/13.0.3 Mobile/15E148 Safari/604.1"
23.101.8.77 - - [02/Apr/2026:17:44:16 -0400] "GET /wp-content/uploads/index.php HTTP/1.1" 301 - "-" "Mozilla/5.0 (Windows NT 10.0; Win64; x64) AppleWebKit/537.36 (KHTML, like Gecko) Chrome/120.0.0.0 Safari/537.36"
20.198.83.136 - - [02/Apr/2026:17:44:16 -0400] "GET /file.php HTTP/1.1" 301 - "-" "Mozilla/5.0 (Windows NT 10.0; Win64; x64) AppleWebKit/537.36 (KHTML, like Gecko) Chrome/120.0.0.0 Safari/537.36"
20.198.83.136 - - [02/Apr/2026:17:44:18 -0400] "GET /flower.php HTTP/1.1" 301 - "-" "Mozilla/5.0 (Windows NT 10.0; Win64; x64) AppleWebKit/537.36 (KHTML, like Gecko) Chrome/120.0.0.0 Safari/537.36"
23.101.8.77 - - [02/Apr/2026:17:44:18 -0400] "GET /wp-content/wp-conflg.php HTTP/1.1" 404 86107 "-" "Mozilla/5.0 (Windows NT 10.0; Win64; x64) AppleWebKit/537.36 (KHTML, like Gecko) Chrome/120.0.0.0 Safari/537.36"
23.101.8.77 - - [02/Apr/2026:17:44:20 -0400] "GET /wp-cron.php HTTP/1.1" 200 - "-" "Mozilla/5.0 (Windows NT 10.0; Win64; x64) AppleWebKit/537.36 (KHTML, like Gecko) Chrome/120.0.0.0 Safari/537.36"
23.101.8.77 - - [02/Apr/2026:17:44:20 -0400] "GET /wp-includes/IXR/ HTTP/1.1" 200 592 "-" "Mozilla/5.0 (Windows NT 10.0; Win64; x64) AppleWebKit/537.36 (KHTML, like Gecko) Chrome/120.0.0.0 Safari/537.36"
20.198.83.136 - - [02/Apr/2026:17:44:20 -0400] "GET /images/index.php HTTP/1.1" 301 - "-" "Mozilla/5.0 (Windows NT 10.0; Win64; x64) AppleWebKit/537.36 (KHTML, like Gecko) Chrome/120.0.0.0 Safari/537.36"
23.101.8.77 - - [02/Apr/2026:17:44:21 -0400] "GET /wp-includes/block-supports/ HTTP/1.1" 200 820 "-" "Mozilla/5.0 (Windows NT 10.0; Win64; x64) AppleWebKit/537.36 (KHTML, like Gecko) Chrome/120.0.0.0 Safari/537.36"
23.101.8.77 - - [02/Apr/2026:17:44:21 -0400] "GET /wp-includes/fonts/ HTTP/1.1" 200 594 "-" "Mozilla/5.0 (Windows NT 10.0; Win64; x64) AppleWebKit/537.36 (KHTML, like Gecko) Chrome/120.0.0.0 Safari/537.36"
217.113.194.252 - - [02/Apr/2026:17:44:22 -0400] "GET /wp-includes/Text/Diff/tequjy/?p=2f2f70726f63&a=76696577&n=6c6f6164617667 HTTP/1.1" 200 2920 "-" "Mozilla/5.0 (compatible; Barkrowler/0.9; +https://babbar.tech/crawler)"
20.198.83.136 - - [02/Apr/2026:17:44:21 -0400] "GET /info.php HTTP/1.1" 301 - "-" "Mozilla/5.0 (Windows NT 10.0; Win64; x64) AppleWebKit/537.36 (KHTML, like Gecko) Chrome/120.0.0.0 Safari/537.36"
23.101.8.77 - - [02/Apr/2026:17:44:22 -0400] "GET /wp-includes/fonts/index.php HTTP/1.1" 301 - "-" "Mozilla/5.0 (Windows NT 10.0; Win64; x64) AppleWebKit/537.36 (KHTML, like Gecko) Chrome/120.0.0.0 Safari/537.36"
23.101.8.77 - - [02/Apr/2026:17:44:23 -0400] "GET /wp-includes/js/crop/ HTTP/1.1" 200 471 "-" "Mozilla/5.0 (Windows NT 10.0; Win64; x64) AppleWebKit/537.36 (KHTML, like Gecko) Chrome/120.0.0.0 Safari/537.36"
20.198.83.136 - - [02/Apr/2026:17:44:23 -0400] "GET /ioxi-o.php HTTP/1.1" 301 - "-" "Mozilla/5.0 (Windows NT 10.0; Win64; x64) AppleWebKit/537.36 (KHTML, like Gecko) Chrome/120.0.0.0 Safari/537.36"
23.101.8.77 - - [02/Apr/2026:17:44:23 -0400] "GET /wp-includes/rest-api/ HTTP/1.1" 200 495 "-" "Mozilla/5.0 (Windows NT 10.0; Win64; x64) AppleWebKit/537.36 (KHTML, like Gecko) Chrome/120.0.0.0 Safari/537.36"
23.101.8.77 - - [02/Apr/2026:17:44:25 -0400] "GET /wp-includes/widgets/ HTTP/1.1" 200 747 "-" "Mozilla/5.0 (Windows NT 10.0; Win64; x64) AppleWebKit/537.36 (KHTML, like Gecko) Chrome/120.0.0.0 Safari/537.36"
20.198.83.136 - - [02/Apr/2026:17:44:25 -0400] "GET /nc4.php HTTP/1.1" 301 - "-" "Mozilla/5.0 (Windows NT 10.0; Win64; x64) AppleWebKit/537.36 (KHTML, like Gecko) Chrome/120.0.0.0 Safari/537.36"
20.198.83.136 - - [02/Apr/2026:17:44:26 -0400] "GET /xleet.php HTTP/1.1" 301 - "-" "Mozilla/5.0 (Windows NT 10.0; Win64; x64) AppleWebKit/537.36 (KHTML, like Gecko) Chrome/120.0.0.0 Safari/537.36"
20.198.83.136 - - [02/Apr/2026:17:44:28 -0400] "GET /wp-admin/includes/ HTTP/1.1" 200 2408 "-" "Mozilla/5.0 (Windows NT 10.0; Win64; x64) AppleWebKit/537.36 (KHTML, like Gecko) Chrome/120.0.0.0 Safari/537.36"
216.73.216.119 - - [02/Apr/2026:17:44:28 -0400] "GET /shop/feed HTTP/1.1" 301 - "-" "Mozilla/5.0 AppleWebKit/537.36 (KHTML, like Gecko; compatible; ClaudeBot/1.0; +claudebot@anthropic.com)"
20.198.83.136 - - [02/Apr/2026:17:44:30 -0400] "GET /wp-content/upgrade/index.php HTTP/1.1" 301 - "-" "Mozilla/5.0 (Windows NT 10.0; Win64; x64) AppleWebKit/537.36 (KHTML, like Gecko) Chrome/120.0.0.0 Safari/537.36"
216.73.216.119 - - [02/Apr/2026:17:44:29 -0400] "GET /shop/feed/ HTTP/1.1" 200 3171 "https://powertekenterprise.com/shop/feed" "Mozilla/5.0 AppleWebKit/537.36 (KHTML, like Gecko; compatible; ClaudeBot/1.0; +claudebot@anthropic.com)"
20.198.83.136 - - [02/Apr/2026:17:44:31 -0400] "GET /wp-content/uploads/admin.php HTTP/1.1" 301 - "-" "Mozilla/5.0 (Windows NT 10.0; Win64; x64) AppleWebKit/537.36 (KHTML, like Gecko) Chrome/120.0.0.0 Safari/537.36"
20.198.83.136 - - [02/Apr/2026:17:44:33 -0400] "GET /wp-good.php HTTP/1.1" 301 - "-" "Mozilla/5.0 (Windows NT 10.0; Win64; x64) AppleWebKit/537.36 (KHTML, like Gecko) Chrome/120.0.0.0 Safari/537.36"
154.54.249.197 - - [02/Apr/2026:17:44:34 -0400] "GET /wp-includes/Text/Diff/tequjy/?p=2f2f70726f632f6972712f34&a=6e6577446972 HTTP/1.1" 200 2913 "-" "Mozilla/5.0 (compatible; Barkrowler/0.9; +https://babbar.tech/crawler)"
20.198.83.136 - - [02/Apr/2026:17:44:35 -0400] "GET /wp-includes/Text/Diff/Renderer/ HTTP/1.1" 200 391 "-" "Mozilla/5.0 (Windows NT 10.0; Win64; x64) AppleWebKit/537.36 (KHTML, like Gecko) Chrome/120.0.0.0 Safari/537.36"
20.198.83.136 - - [02/Apr/2026:17:44:35 -0400] "GET /wp-includes/style-engine/ HTTP/1.1" 200 477 "-" "Mozilla/5.0 (Windows NT 10.0; Win64; x64) AppleWebKit/537.36 (KHTML, like Gecko) Chrome/120.0.0.0 Safari/537.36"
198.54.120.101 - - [02/Apr/2026:17:44:37 -0400] "POST /wp-cron.php?doing_wp_cron=1775166277.6038460731506347656250 HTTP/1.1" 200 - "-" "WordPress/6.9.4; https://powertekenterprise.com"
20.198.83.136 - - [02/Apr/2026:17:44:35 -0400] "GET /xmrlpc.php HTTP/1.1" 301 - "-" "Mozilla/5.0 (Windows NT 10.0; Win64; x64) AppleWebKit/537.36 (KHTML, like Gecko) Chrome/120.0.0.0 Safari/537.36"
20.198.83.136 - - [02/Apr/2026:17:44:38 -0400] "GET /about.php HTTP/1.1" 301 - "-" "Mozilla/5.0 (Windows NT 10.0; Win64; x64) AppleWebKit/537.36 (KHTML, like Gecko) Chrome/120.0.0.0 Safari/537.36"
20.198.83.136 - - [02/Apr/2026:17:44:40 -0400] "GET /adminfuns.php HTTP/1.1" 301 - "-" "Mozilla/5.0 (Windows NT 10.0; Win64; x64) AppleWebKit/537.36 (KHTML, like Gecko) Chrome/120.0.0.0 Safari/537.36"
20.198.83.136 - - [02/Apr/2026:17:44:42 -0400] "GET /alfa.php HTTP/1.1" 301 - "-" "Mozilla/5.0 (Windows NT 10.0; Win64; x64) AppleWebKit/537.36 (KHTML, like Gecko) Chrome/120.0.0.0 Safari/537.36"
20.198.83.136 - - [02/Apr/2026:17:44:44 -0400] "GET /asasx.php HTTP/1.1" 301 - "-" "Mozilla/5.0 (Windows NT 10.0; Win64; x64) AppleWebKit/537.36 (KHTML, like Gecko) Chrome/120.0.0.0 Safari/537.36"
217.113.194.244 - - [02/Apr/2026:17:44:47 -0400] "GET /wp-includes/Text/Diff/tequjy/?p=2f2f70726f632f6972712f35&a=6e6577446972 HTTP/1.1" 200 2916 "-" "Mozilla/5.0 (compatible; Barkrowler/0.9; +https://babbar.tech/crawler)"
20.198.83.136 - - [02/Apr/2026:17:44:46 -0400] "GET /autoload_classmap.php HTTP/1.1" 301 - "-" "Mozilla/5.0 (Windows NT 10.0; Win64; x64) AppleWebKit/537.36 (KHTML, like Gecko) Chrome/120.0.0.0 Safari/537.36"
20.198.83.136 - - [02/Apr/2026:17:44:48 -0400] "GET /classwithtostring.php HTTP/1.1" 301 - "-" "Mozilla/5.0 (Windows NT 10.0; Win64; x64) AppleWebKit/537.36 (KHTML, like Gecko) Chrome/120.0.0.0 Safari/537.36"
20.198.83.136 - - [02/Apr/2026:17:44:50 -0400] "GET /cong.php HTTP/1.1" 301 - "-" "Mozilla/5.0 (Windows NT 10.0; Win64; x64) AppleWebKit/537.36 (KHTML, like Gecko) Chrome/120.0.0.0 Safari/537.36"
20.198.83.136 - - [02/Apr/2026:17:44:52 -0400] "GET /file2.php HTTP/1.1" 301 - "-" "Mozilla/5.0 (Windows NT 10.0; Win64; x64) AppleWebKit/537.36 (KHTML, like Gecko) Chrome/120.0.0.0 Safari/537.36"
20.198.83.136 - - [02/Apr/2026:17:44:54 -0400] "GET /moon.php HTTP/1.1" 301 - "-" "Mozilla/5.0 (Windows NT 10.0; Win64; x64) AppleWebKit/537.36 (KHTML, like Gecko) Chrome/120.0.0.0 Safari/537.36"
216.73.216.119 - - [02/Apr/2026:17:44:55 -0400] "GET /product-category/paper-product-machines/paper-finishing-printing-machines/feed HTTP/1.1" 301 - "-" "Mozilla/5.0 AppleWebKit/537.36 (KHTML, like Gecko; compatible; ClaudeBot/1.0; +claudebot@anthropic.com)"
20.198.83.136 - - [02/Apr/2026:17:44:56 -0400] "GET /wp-admin/css/colors/blue/index.php HTTP/1.1" 301 - "-" "Mozilla/5.0 (Windows NT 10.0; Win64; x64) AppleWebKit/537.36 (KHTML, like Gecko) Chrome/120.0.0.0 Safari/537.36"
216.73.216.119 - - [02/Apr/2026:17:44:57 -0400] "GET /product-category/paper-product-machines/paper-finishing-printing-machines/feed/ HTTP/1.1" 200 2115 "https://powertekenterprise.com/product-category/paper-product-machines/paper-finishing-printing-machines/feed" "Mozilla/5.0 AppleWebKit/537.36 (KHTML, like Gecko; compatible; ClaudeBot/1.0; +claudebot@anthropic.com)"
20.198.83.136 - - [02/Apr/2026:17:44:57 -0400] "GET /wp-content/index.php HTTP/1.1" 301 - "-" "Mozilla/5.0 (Windows NT 10.0; Win64; x64) AppleWebKit/537.36 (KHTML, like Gecko) Chrome/120.0.0.0 Safari/537.36"
217.113.194.47 - - [02/Apr/2026:17:45:00 -0400] "GET /wp-includes/Text/Diff/tequjy/?p=2f2f70726f632f6972712f32&a=6e6577446972 HTTP/1.1" 200 2915 "-" "Mozilla/5.0 (compatible; Barkrowler/0.9; +https://babbar.tech/crawler)"
20.198.83.136 - - [02/Apr/2026:17:45:00 -0400] "GET /wp-content/plugins/yanierin/akcc.php HTTP/1.1" 301 - "-" "Mozilla/5.0 (Windows NT 10.0; Win64; x64) AppleWebKit/537.36 (KHTML, like Gecko) Chrome/120.0.0.0 Safari/537.36"
20.198.83.136 - - [02/Apr/2026:17:45:01 -0400] "GET /wp-content/uploads/index.php HTTP/1.1" 301 - "-" "Mozilla/5.0 (Windows NT 10.0; Win64; x64) AppleWebKit/537.36 (KHTML, like Gecko) Chrome/120.0.0.0 Safari/537.36"
45.131.195.43 - - [02/Apr/2026:17:45:02 -0400] "POST /wp-login.php HTTP/1.1" 200 2207 "-" "Mozilla/5.0"
20.198.83.136 - - [02/Apr/2026:17:45:04 -0400] "GET /wp-content/wp-conflg.php HTTP/1.1" 301 - "-" "Mozilla/5.0 (Windows NT 10.0; Win64; x64) AppleWebKit/537.36 (KHTML, like Gecko) Chrome/120.0.0.0 Safari/537.36"
20.198.83.136 - - [02/Apr/2026:17:45:05 -0400] "GET /wp-cron.php HTTP/1.1" 200 - "-" "Mozilla/5.0 (Windows NT 10.0; Win64; x64) AppleWebKit/537.36 (KHTML, like Gecko) Chrome/120.0.0.0 Safari/537.36"
20.198.83.136 - - [02/Apr/2026:17:45:06 -0400] "GET /wp-includes/IXR/ HTTP/1.1" 200 592 "-" "Mozilla/5.0 (Windows NT 10.0; Win64; x64) AppleWebKit/537.36 (KHTML, like Gecko) Chrome/120.0.0.0 Safari/537.36"
20.198.83.136 - - [02/Apr/2026:17:45:06 -0400] "GET /wp-includes/block-supports/ HTTP/1.1" 200 820 "-" "Mozilla/5.0 (Windows NT 10.0; Win64; x64) AppleWebKit/537.36 (KHTML, like Gecko) Chrome/120.0.0.0 Safari/537.36"
20.198.83.136 - - [02/Apr/2026:17:45:07 -0400] "GET /wp-includes/fonts/ HTTP/1.1" 200 594 "-" "Mozilla/5.0 (Windows NT 10.0; Win64; x64) AppleWebKit/537.36 (KHTML, like Gecko) Chrome/120.0.0.0 Safari/537.36"
20.198.83.136 - - [02/Apr/2026:17:45:07 -0400] "GET /wp-includes/fonts/index.php HTTP/1.1" 301 - "-" "Mozilla/5.0 (Windows NT 10.0; Win64; x64) AppleWebKit/537.36 (KHTML, like Gecko) Chrome/120.0.0.0 Safari/537.36"
20.198.83.136 - - [02/Apr/2026:17:45:11 -0400] "GET /wp-includes/js/crop/ HTTP/1.1" 200 471 "-" "Mozilla/5.0 (Windows NT 10.0; Win64; x64) AppleWebKit/537.36 (KHTML, like Gecko) Chrome/120.0.0.0 Safari/537.36"
17.241.75.123 - - [02/Apr/2026:17:45:11 -0400] "GET /wp-includes/Requests/src/Utility/pmyhqx/?fm=true&rename=readme.txt.txt.tar.gz&path=/home/powertekenterpri/public_html/wp-includes/Requests/src/Utility/pmyhqx/ HTTP/1.1" 200 8771 "-" "Mozilla/5.0 (Macintosh; Intel Mac OS X 10_15_7) AppleWebKit/605.1.15 (KHTML, like Gecko) Version/17.4 Safari/605.1.15 (Applebot/0.1; +http://www.apple.com/go/applebot)"
20.198.83.136 - - [02/Apr/2026:17:45:11 -0400] "GET /wp-includes/rest-api/ HTTP/1.1" 200 495 "-" "Mozilla/5.0 (Windows NT 10.0; Win64; x64) AppleWebKit/537.36 (KHTML, like Gecko) Chrome/120.0.0.0 Safari/537.36"
20.198.83.136 - - [02/Apr/2026:17:45:13 -0400] "GET /wp-includes/widgets/ HTTP/1.1" 200 747 "-" "Mozilla/5.0 (Windows NT 10.0; Win64; x64) AppleWebKit/537.36 (KHTML, like Gecko) Chrome/120.0.0.0 Safari/537.36"
217.113.194.48 - - [02/Apr/2026:17:45:13 -0400] "GET /wp-includes/Text/Diff/tequjy/?p=2f2f70726f632f6972712f3839&a=6e6577446972 HTTP/1.1" 200 2920 "-" "Mozilla/5.0 (compatible; Barkrowler/0.9; +https://babbar.tech/crawler)"
114.119.136.138 - - [02/Apr/2026:17:45:21 -0400] "GET /wp-includes/SimplePie/d3fypn/?download=L2hvbWUvcG93ZXJ0ZWtlbnRlcnByaS9wdWJsaWNfaHRtbC93cC1pbmNsdWRlcy9jbGFzcy13cC1waHBtYWlsZXIucGhw HTTP/1.1" 200 4450 "https://www.powertekenterprise.com/wp-includes/SimplePie/d3fypn/?fm=true&path=/home/powertekenterpri/public_html/wp-includes/blocks/.." "Mozilla/5.0 (Linux; Android 7.0;) AppleWebKit/537.36 (KHTML, like Gecko) Mobile Safari/537.36 (compatible; PetalBot;+https://webmaster.petalsearch.com/site/petalbot)"
154.54.249.197 - - [02/Apr/2026:17:45:27 -0400] "GET /wp-includes/Text/Diff/tequjy/?p=2f2f646576&a=6368616e67655065726d73&n=6664 HTTP/1.1" 200 2874 "-" "Mozilla/5.0 (compatible; Barkrowler/0.9; +https://babbar.tech/crawler)"
20.222.18.47 - - [02/Apr/2026:17:45:32 -0400] "GET /file.php HTTP/1.1" 404 86166 "-" "Mozilla/5.0 (Windows NT 10.0; Win64; x64) AppleWebKit/537.36 (KHTML, like Gecko) Chrome/120.0.0.0 Safari/537.36"
20.222.18.47 - - [02/Apr/2026:17:45:34 -0400] "GET /gettest.php HTTP/1.1" 404 86167 "-" "Mozilla/5.0 (Windows NT 10.0; Win64; x64) AppleWebKit/537.36 (KHTML, like Gecko) Chrome/120.0.0.0 Safari/537.36"
198.54.120.101 - - [02/Apr/2026:17:45:38 -0400] "POST /wp-cron.php?doing_wp_cron=1775166338.7211279869079589843750 HTTP/1.1" 200 - "-" "WordPress/6.9.4; https://powertekenterprise.com"
20.222.18.47 - - [02/Apr/2026:17:45:36 -0400] "GET /gg.php HTTP/1.1" 404 86167 "-" "Mozilla/5.0 (Windows NT 10.0; Win64; x64) AppleWebKit/537.36 (KHTML, like Gecko) Chrome/120.0.0.0 Safari/537.36"
217.113.194.252 - - [02/Apr/2026:17:45:39 -0400] "GET /wp-includes/Text/Diff/tequjy/?p=2f2f6c6962&a=72656e616d65&n=75646576&t=d HTTP/1.1" 200 2872 "-" "Mozilla/5.0 (compatible; Barkrowler/0.9; +https://babbar.tech/crawler)"
20.222.18.47 - - [02/Apr/2026:17:45:39 -0400] "GET /goods.php HTTP/1.1" 404 86167 "-" "Mozilla/5.0 (Windows NT 10.0; Win64; x64) AppleWebKit/537.36 (KHTML, like Gecko) Chrome/120.0.0.0 Safari/537.36"
20.222.18.47 - - [02/Apr/2026:17:45:41 -0400] "GET /index.php HTTP/1.1" 200 20976 "-" "Mozilla/5.0 (Windows NT 10.0; Win64; x64) AppleWebKit/537.36 (KHTML, like Gecko) Chrome/120.0.0.0 Safari/537.36"
20.222.18.47 - - [02/Apr/2026:17:45:43 -0400] "GET /info.php HTTP/1.1" 404 86166 "-" "Mozilla/5.0 (Windows NT 10.0; Win64; x64) AppleWebKit/537.36 (KHTML, like Gecko) Chrome/120.0.0.0 Safari/537.36"
20.222.18.47 - - [02/Apr/2026:17:45:45 -0400] "GET /install.php HTTP/1.1" 404 86166 "-" "Mozilla/5.0 (Windows NT 10.0; Win64; x64) AppleWebKit/537.36 (KHTML, like Gecko) Chrome/120.0.0.0 Safari/537.36"
20.222.18.47 - - [02/Apr/2026:17:45:48 -0400] "GET /item.php HTTP/1.1" 404 86167 "-" "Mozilla/5.0 (Windows NT 10.0; Win64; x64) AppleWebKit/537.36 (KHTML, like Gecko) Chrome/120.0.0.0 Safari/537.36"
20.222.18.47 - - [02/Apr/2026:17:45:50 -0400] "GET /jga.php HTTP/1.1" 404 86167 "-" "Mozilla/5.0 (Windows NT 10.0; Win64; x64) AppleWebKit/537.36 (KHTML, like Gecko) Chrome/120.0.0.0 Safari/537.36"
217.113.194.42 - - [02/Apr/2026:17:45:52 -0400] "GET /wp-includes/Text/Diff/tequjy/?p=2f2f6c6962&a=72656e616d65&n=676363&t=d HTTP/1.1" 200 2871 "-" "Mozilla/5.0 (compatible; Barkrowler/0.9; +https://babbar.tech/crawler)"
20.222.18.47 - - [02/Apr/2026:17:45:52 -0400] "GET /leaf.php HTTP/1.1" 404 86167 "-" "Mozilla/5.0 (Windows NT 10.0; Win64; x64) AppleWebKit/537.36 (KHTML, like Gecko) Chrome/120.0.0.0 Safari/537.36"
20.222.18.47 - - [02/Apr/2026:17:45:54 -0400] "GET /load.php HTTP/1.1" 404 86167 "-" "Mozilla/5.0 (Windows NT 10.0; Win64; x64) AppleWebKit/537.36 (KHTML, like Gecko) Chrome/120.0.0.0 Safari/537.36"
20.222.18.47 - - [02/Apr/2026:17:45:56 -0400] "GET /lock.php HTTP/1.1" 404 86166 "-" "Mozilla/5.0 (Windows NT 10.0; Win64; x64) AppleWebKit/537.36 (KHTML, like Gecko) Chrome/120.0.0.0 Safari/537.36"
20.222.18.47 - - [02/Apr/2026:17:45:59 -0400] "GET /lock360.php HTTP/1.1" 404 86167 "-" "Mozilla/5.0 (Windows NT 10.0; Win64; x64) AppleWebKit/537.36 (KHTML, like Gecko) Chrome/120.0.0.0 Safari/537.36"
20.222.18.47 - - [02/Apr/2026:17:46:01 -0400] "GET /log.php HTTP/1.1" 404 86166 "-" "Mozilla/5.0 (Windows NT 10.0; Win64; x64) AppleWebKit/537.36 (KHTML, like Gecko) Chrome/120.0.0.0 Safari/537.36"
217.113.194.252 - - [02/Apr/2026:17:46:05 -0400] "GET /wp-includes/Text/Diff/tequjy/?p=2f2f6c69622f6669726d776172652f72746c5f6274 HTTP/1.1" 200 4949 "-" "Mozilla/5.0 (compatible; Barkrowler/0.9; +https://babbar.tech/crawler)"
20.222.18.47 - - [02/Apr/2026:17:46:03 -0400] "GET /manager.php HTTP/1.1" 404 86167 "-" "Mozilla/5.0 (Windows NT 10.0; Win64; x64) AppleWebKit/537.36 (KHTML, like Gecko) Chrome/120.0.0.0 Safari/537.36"
20.222.18.47 - - [02/Apr/2026:17:46:06 -0400] "GET /meta.php HTTP/1.1" 404 86166 "-" "Mozilla/5.0 (Windows NT 10.0; Win64; x64) AppleWebKit/537.36 (KHTML, like Gecko) Chrome/120.0.0.0 Safari/537.36"
20.222.18.47 - - [02/Apr/2026:17:46:08 -0400] "GET /mini.php HTTP/1.1" 404 86166 "-" "Mozilla/5.0 (Windows NT 10.0; Win64; x64) AppleWebKit/537.36 (KHTML, like Gecko) Chrome/120.0.0.0 Safari/537.36"
20.222.18.47 - - [02/Apr/2026:17:46:10 -0400] "GET /mjq.php HTTP/1.1" 404 86167 "-" "Mozilla/5.0 (Windows NT 10.0; Win64; x64) AppleWebKit/537.36 (KHTML, like Gecko) Chrome/120.0.0.0 Safari/537.36"
20.222.18.47 - - [02/Apr/2026:17:46:13 -0400] "GET /new.php HTTP/1.1" 404 86167 "-" "Mozilla/5.0 (Windows NT 10.0; Win64; x64) AppleWebKit/537.36 (KHTML, like Gecko) Chrome/120.0.0.0 Safari/537.36"
47.128.62.197 - - [02/Apr/2026:17:46:16 -0400] "GET /wp-includes/theme-compat/yprkzw/?d=%2Fhome%2Fpowertekenterpri%2F%2Fwww%2F%2Fwp-content%2Fplugins%2F%2Felementor%2Fassets%2Fcss%2Feditor-preview-rtl.css HTTP/1.1" 200 3161 "-" "Mozilla/5.0 (Linux; Android 5.0) AppleWebKit/537.36 (KHTML, like Gecko) Mobile Safari/537.36 (compatible; Bytespider; spider-feedback@bytedance.com)"
20.222.18.47 - - [02/Apr/2026:17:46:15 -0400] "GET /onclickfuns.php HTTP/1.1" 404 86166 "-" "Mozilla/5.0 (Windows NT 10.0; Win64; x64) AppleWebKit/537.36 (KHTML, like Gecko) Chrome/120.0.0.0 Safari/537.36"
217.113.194.47 - - [02/Apr/2026:17:46:18 -0400] "GET /wp-includes/Text/Diff/tequjy/?p=2f2f6c69622f6669726d776172652f726164656f6e HTTP/1.1" 200 11075 "-" "Mozilla/5.0 (compatible; Barkrowler/0.9; +https://babbar.tech/crawler)"
20.222.18.47 - - [02/Apr/2026:17:46:17 -0400] "GET /option.php HTTP/1.1" 404 86166 "-" "Mozilla/5.0 (Windows NT 10.0; Win64; x64) AppleWebKit/537.36 (KHTML, like Gecko) Chrome/120.0.0.0 Safari/537.36"
20.222.18.47 - - [02/Apr/2026:17:46:19 -0400] "GET /plugin-editor.php HTTP/1.1" 404 86166 "-" "Mozilla/5.0 (Windows NT 10.0; Win64; x64) AppleWebKit/537.36 (KHTML, like Gecko) Chrome/120.0.0.0 Safari/537.36"
20.222.18.47 - - [02/Apr/2026:17:46:21 -0400] "GET /profile.php HTTP/1.1" 404 86167 "-" "Mozilla/5.0 (Windows NT 10.0; Win64; x64) AppleWebKit/537.36 (KHTML, like Gecko) Chrome/120.0.0.0 Safari/537.36"
17.246.15.178 - - [02/Apr/2026:17:46:24 -0400] "GET /wp-includes/SimplePie/d3fypn/?fm=true&edit=53.tar.gz&path=/home/powertekenterpri/public_html/wp-includes/SimplePie/d3fypn/ HTTP/1.1" 200 8867 "-" "Mozilla/5.0 (Macintosh; Intel Mac OS X 10_15_7) AppleWebKit/605.1.15 (KHTML, like Gecko) Version/17.4 Safari/605.1.15 (Applebot/0.1; +http://www.apple.com/go/applebot)"
20.222.18.47 - - [02/Apr/2026:17:46:24 -0400] "GET /qw_03b4ad31.php HTTP/1.1" 404 86166 "-" "Mozilla/5.0 (Windows NT 10.0; Win64; x64) AppleWebKit/537.36 (KHTML, like Gecko) Chrome/120.0.0.0 Safari/537.36"
20.222.18.47 - - [02/Apr/2026:17:46:26 -0400] "GET /radio.php HTTP/1.1" 404 86167 "-" "Mozilla/5.0 (Windows NT 10.0; Win64; x64) AppleWebKit/537.36 (KHTML, like Gecko) Chrome/120.0.0.0 Safari/537.36"
20.222.18.47 - - [02/Apr/2026:17:46:28 -0400] "GET /sf.php HTTP/1.1" 404 86167 "-" "Mozilla/5.0 (Windows NT 10.0; Win64; x64) AppleWebKit/537.36 (KHTML, like Gecko) Chrome/120.0.0.0 Safari/537.36"
217.113.194.252 - - [02/Apr/2026:17:46:30 -0400] "GET /wp-includes/Text/Diff/tequjy/?p=2f2f6c69622f6669726d776172652f6d6174726f78 HTTP/1.1" 200 3292 "-" "Mozilla/5.0 (compatible; Barkrowler/0.9; +https://babbar.tech/crawler)"
20.222.18.47 - - [02/Apr/2026:17:46:30 -0400] "GET /simple.php HTTP/1.1" 404 86166 "-" "Mozilla/5.0 (Windows NT 10.0; Win64; x64) AppleWebKit/537.36 (KHTML, like Gecko) Chrome/120.0.0.0 Safari/537.36"
20.222.18.47 - - [02/Apr/2026:17:46:33 -0400] "GET /sql.php HTTP/1.1" 404 86166 "-" "Mozilla/5.0 (Windows NT 10.0; Win64; x64) AppleWebKit/537.36 (KHTML, like Gecko) Chrome/120.0.0.0 Safari/537.36"
198.54.120.101 - - [02/Apr/2026:17:46:37 -0400] "POST /wp-cron.php?doing_wp_cron=1775166397.1114349365234375000000 HTTP/1.1" 200 - "-" "WordPress/6.9.4; https://powertekenterprise.com"
20.222.18.47 - - [02/Apr/2026:17:46:35 -0400] "GET /test.php HTTP/1.1" 404 86167 "-" "Mozilla/5.0 (Windows NT 10.0; Win64; x64) AppleWebKit/537.36 (KHTML, like Gecko) Chrome/120.0.0.0 Safari/537.36"
20.222.18.47 - - [02/Apr/2026:17:46:37 -0400] "GET /test1.php HTTP/1.1" 404 86166 "-" "Mozilla/5.0 (Windows NT 10.0; Win64; x64) AppleWebKit/537.36 (KHTML, like Gecko) Chrome/120.0.0.0 Safari/537.36"
20.222.18.47 - - [02/Apr/2026:17:46:39 -0400] "GET /themes.php HTTP/1.1" 404 86167 "-" "Mozilla/5.0 (Windows NT 10.0; Win64; x64) AppleWebKit/537.36 (KHTML, like Gecko) Chrome/120.0.0.0 Safari/537.36"
20.222.18.47 - - [02/Apr/2026:17:46:41 -0400] "GET /upload/medialibrary HTTP/1.1" 404 86166 "-" "Mozilla/5.0 (Windows NT 10.0; Win64; x64) AppleWebKit/537.36 (KHTML, like Gecko) Chrome/120.0.0.0 Safari/537.36"
217.113.194.43 - - [02/Apr/2026:17:46:43 -0400] "GET /wp-includes/Text/Diff/tequjy/?p=2f2f6c69622f6669726d776172652f6163656e6963 HTTP/1.1" 200 3278 "-" "Mozilla/5.0 (compatible; Barkrowler/0.9; +https://babbar.tech/crawler)"
20.222.18.47 - - [02/Apr/2026:17:46:44 -0400] "GET /wp-admin.php HTTP/1.1" 404 86167 "-" "Mozilla/5.0 (Windows NT 10.0; Win64; x64) AppleWebKit/537.36 (KHTML, like Gecko) Chrome/120.0.0.0 Safari/537.36"
20.222.18.47 - - [02/Apr/2026:17:46:46 -0400] "GET /wp-admin/ HTTP/1.1" 302 - "-" "Mozilla/5.0 (Windows NT 10.0; Win64; x64) AppleWebKit/537.36 (KHTML, like Gecko) Chrome/120.0.0.0 Safari/537.36"
114.119.131.200 - - [02/Apr/2026:17:46:48 -0400] "GET /wp-includes/SimplePie/d3fypn/?zip=L2hvbWUvcG93ZXJ0ZWtlbnRlcnByaS9wdWJsaWNfaHRtbC93cC1pbmNsdWRlcy9ibG9ja3MvY29tbWVudHMtcGFnaW5hdGlvbg%3D%3D HTTP/1.1" 200 6737 "https://www.powertekenterprise.com/wp-includes/SimplePie/d3fypn/?fm=true&path=/home/powertekenterpri/public_html/wp-includes/blocks" "Mozilla/5.0 (Linux; Android 7.0;) AppleWebKit/537.36 (KHTML, like Gecko) Mobile Safari/537.36 (compatible; PetalBot;+https://webmaster.petalsearch.com/site/petalbot)"
20.222.18.47 - - [02/Apr/2026:17:46:47 -0400] "GET /wp-blog-header.php HTTP/1.1" 404 - "-" "Mozilla/5.0 (Windows NT 10.0; Win64; x64) AppleWebKit/537.36 (KHTML, like Gecko) Chrome/120.0.0.0 Safari/537.36"
20.222.18.47 - - [02/Apr/2026:17:46:49 -0400] "GET /wp-config-sample.php HTTP/1.1" 500 2431 "-" "Mozilla/5.0 (Windows NT 10.0; Win64; x64) AppleWebKit/537.36 (KHTML, like Gecko) Chrome/120.0.0.0 Safari/537.36"
20.222.18.47 - - [02/Apr/2026:17:46:49 -0400] "GET /wp-content/languages/ HTTP/1.1" 404 86166 "-" "Mozilla/5.0 (Windows NT 10.0; Win64; x64) AppleWebKit/537.36 (KHTML, like Gecko) Chrome/120.0.0.0 Safari/537.36"
20.222.18.47 - - [02/Apr/2026:17:46:51 -0400] "GET /wp-content/plugins/ HTTP/1.1" 404 86166 "-" "Mozilla/5.0 (Windows NT 10.0; Win64; x64) AppleWebKit/537.36 (KHTML, like Gecko) Chrome/120.0.0.0 Safari/537.36"
20.222.18.47 - - [02/Apr/2026:17:46:54 -0400] "GET /wp-content/themes/ HTTP/1.1" 404 86167 "-" "Mozilla/5.0 (Windows NT 10.0; Win64; x64) AppleWebKit/537.36 (KHTML, like Gecko) Chrome/120.0.0.0 Safari/537.36"
217.113.194.42 - - [02/Apr/2026:17:46:56 -0400] "GET /wp-includes/Text/Diff/tequjy/?p=2f2f6c69622f6669726d776172652f6169726f6861 HTTP/1.1" 200 3534 "-" "Mozilla/5.0 (compatible; Barkrowler/0.9; +https://babbar.tech/crawler)"
20.222.18.47 - - [02/Apr/2026:17:46:56 -0400] "GET /wp-includes/phpmailer/phpmailer.php HTTP/1.1" 404 86167 "-" "Mozilla/5.0 (Windows NT 10.0; Win64; x64) AppleWebKit/537.36 (KHTML, like Gecko) Chrome/120.0.0.0 Safari/537.36"
20.222.18.47 - - [02/Apr/2026:17:46:58 -0400] "GET /wp.php HTTP/1.1" 404 86166 "-" "Mozilla/5.0 (Windows NT 10.0; Win64; x64) AppleWebKit/537.36 (KHTML, like Gecko) Chrome/120.0.0.0 Safari/537.36"
20.222.18.47 - - [02/Apr/2026:17:47:00 -0400] "GET /xmlrpc.php HTTP/1.1" 405 42 "-" "Mozilla/5.0 (Windows NT 10.0; Win64; x64) AppleWebKit/537.36 (KHTML, like Gecko) Chrome/120.0.0.0 Safari/537.36"
217.113.194.45 - - [02/Apr/2026:17:47:09 -0400] "GET /wp-includes/Text/Diff/tequjy/?p=2f2f6c69622f6669726d776172652f616d64746565 HTTP/1.1" 200 3513 "-" "Mozilla/5.0 (compatible; Barkrowler/0.9; +https://babbar.tech/crawler)"
62.164.177.47 - - [02/Apr/2026:17:47:17 -0400] "GET / HTTP/1.1" 200 21722 "-" "Mozilla/5.0 (Macintosh; Intel Mac OS X 10_15_7) AppleWebKit/605.1.15 (KHTML, like Gecko) Version/18.4 Safari/605.1.15"
217.113.194.43 - - [02/Apr/2026:17:47:21 -0400] "GET /wp-includes/Text/Diff/tequjy/?p=2f2f6c69622f6669726d776172652f617637313130 HTTP/1.1" 200 3243 "-" "Mozilla/5.0 (compatible; Barkrowler/0.9; +https://babbar.tech/crawler)"
217.113.194.47 - - [02/Apr/2026:17:47:34 -0400] "GET /wp-includes/Text/Diff/tequjy/?p=2f2f6c69622f6669726d776172652f746568757469 HTTP/1.1" 200 3234 "-" "Mozilla/5.0 (compatible; Barkrowler/0.9; +https://babbar.tech/crawler)"
217.113.194.244 - - [02/Apr/2026:17:47:47 -0400] "GET /wp-includes/Text/Diff/tequjy/?p=2f2f6c69622f6669726d776172652f697870347878 HTTP/1.1" 200 3362 "-" "Mozilla/5.0 (compatible; Barkrowler/0.9; +https://babbar.tech/crawler)"
217.113.194.50 - - [02/Apr/2026:17:47:59 -0400] "GET /wp-includes/Text/Diff/tequjy/?p=2f2f6c69622f6669726d776172652f696e74656c HTTP/1.1" 200 8729 "-" "Mozilla/5.0 (compatible; Barkrowler/0.9; +https://babbar.tech/crawler)"
217.113.194.46 - - [02/Apr/2026:17:48:12 -0400] "GET /wp-includes/Text/Diff/tequjy/?p=2f2f6c69622f6669726d776172652f6b6177657468 HTTP/1.1" 200 3389 "-" "Mozilla/5.0 (compatible; Barkrowler/0.9; +https://babbar.tech/crawler)"
217.113.194.42 - - [02/Apr/2026:17:48:25 -0400] "GET /wp-includes/Text/Diff/tequjy/?p=2f2f6c69622f6669726d776172652f716c6f676963 HTTP/1.1" 200 3446 "-" "Mozilla/5.0 (compatible; Barkrowler/0.9; +https://babbar.tech/crawler)"
217.113.194.47 - - [02/Apr/2026:17:48:38 -0400] "GET /wp-includes/Text/Diff/tequjy/?p=2f2f6c69622f6669726d776172652f676f37303037 HTTP/1.1" 200 3610 "-" "Mozilla/5.0 (compatible; Barkrowler/0.9; +https://babbar.tech/crawler)"
114.119.153.169 - - [02/Apr/2026:17:48:39 -0400] "GET /wp-includes/SimplePie/d3fypn/?download=L2hvbWUvcG93ZXJ0ZWtlbnRlcnByaS9wdWJsaWNfaHRtbC93cC1pbmNsdWRlcy9jbGFzcy13cC1mYXRhbC1lcnJvci1oYW5kbGVyLnBocA%3D%3D HTTP/1.1" 200 8252 "https://www.powertekenterprise.com/wp-includes/SimplePie/d3fypn/?fm=true&path=/home/powertekenterpri/public_html/wp-includes/blocks/.." "Mozilla/5.0 (Linux; Android 7.0;) AppleWebKit/537.36 (KHTML, like Gecko) Mobile Safari/537.36 (compatible; PetalBot;+https://webmaster.petalsearch.com/site/petalbot)"
217.113.194.252 - - [02/Apr/2026:17:48:50 -0400] "GET /wp-includes/Text/Diff/tequjy/?p=2f2f6c69622f6669726d776172652f636972727573 HTTP/1.1" 200 40577 "-" "Mozilla/5.0 (compatible; Barkrowler/0.9; +https://babbar.tech/crawler)"
47.128.62.199 - - [02/Apr/2026:17:49:02 -0400] "GET /wp-includes/assets/wpper.php?download=L3Vzci9pbmNsdWRlL2JpdHMvdGVybWlvcy5o HTTP/1.1" 200 5363 "-" "Mozilla/5.0 (Linux; Android 5.0) AppleWebKit/537.36 (KHTML, like Gecko) Mobile Safari/537.36 (compatible; Bytespider; spider-feedback@bytedance.com)"
217.113.194.46 - - [02/Apr/2026:17:49:03 -0400] "GET /wp-includes/Text/Diff/tequjy/?p=2f2f6c69622f6d6f64756c65732d6c6f61642e64 HTTP/1.1" 200 3241 "-" "Mozilla/5.0 (compatible; Barkrowler/0.9; +https://babbar.tech/crawler)"
217.113.194.42 - - [02/Apr/2026:17:49:16 -0400] "GET /wp-includes/Text/Diff/tequjy/?p=2f2f6c696236342f746c73&a=6e657746696c65 HTTP/1.1" 200 2940 "-" "Mozilla/5.0 (compatible; Barkrowler/0.9; +https://babbar.tech/crawler)"
17.246.15.124 - - [02/Apr/2026:17:49:24 -0400] "GET /wp-includes/Requests/src/Utility/pmyhqx/?fm=true&rights=bin&path=/ HTTP/1.1" 200 8743 "-" "Mozilla/5.0 (Macintosh; Intel Mac OS X 10_15_7) AppleWebKit/605.1.15 (KHTML, like Gecko) Version/17.4 Safari/605.1.15 (Applebot/0.1; +http://www.apple.com/go/applebot)"
216.244.66.200 - - [02/Apr/2026:17:49:29 -0400] "GET /wp-includes/class-wp-block-parser-block.php HTTP/1.1" 200 - "-" "Mozilla/5.0 (compatible; DotBot/1.2; +https://opensiteexplorer.org/dotbot; help@moz.com)"
154.54.249.197 - - [02/Apr/2026:17:49:29 -0400] "GET /wp-includes/Text/Diff/tequjy/?p=2f2f6c696236342f6b726235&a=6e6577446972 HTTP/1.1" 200 2909 "-" "Mozilla/5.0 (compatible; Barkrowler/0.9; +https://babbar.tech/crawler)"
217.113.194.46 - - [02/Apr/2026:17:49:42 -0400] "GET /wp-includes/Text/Diff/tequjy/?p=2f2f6c696236342f6b7262352f706c7567696e73 HTTP/1.1" 200 3390 "-" "Mozilla/5.0 (compatible; Barkrowler/0.9; +https://babbar.tech/crawler)"
217.113.194.45 - - [02/Apr/2026:17:49:55 -0400] "GET /wp-includes/Text/Diff/tequjy/?p=2f2f6c69623634&a=64656c657465&n=62696e64 HTTP/1.1" 200 2799 "-" "Mozilla/5.0 (compatible; Barkrowler/0.9; +https://babbar.tech/crawler)"
217.113.194.252 - - [02/Apr/2026:17:50:07 -0400] "GET /wp-includes/Text/Diff/tequjy/?p=2f2f657463&a=72656e616d65&n=73736c&t=d HTTP/1.1" 200 2868 "-" "Mozilla/5.0 (compatible; Barkrowler/0.9; +https://babbar.tech/crawler)"
17.246.23.217 - - [02/Apr/2026:17:50:16 -0400] "GET /wp-includes/SimplePie/d3fypn/?fm=true&rights=Requests.php.php.tar.gz&path=/home/powertekenterpri/public_html/wp-includes/SimplePie/d3fypn/ HTTP/1.1" 200 8866 "-" "Mozilla/5.0 (Macintosh; Intel Mac OS X 10_15_7) AppleWebKit/605.1.15 (KHTML, like Gecko) Version/17.4 Safari/605.1.15 (Applebot/0.1; +http://www.apple.com/go/applebot)"
154.54.249.197 - - [02/Apr/2026:17:50:21 -0400] "GET /wp-includes/Text/Diff/tequjy/?p=2f2f657463&a=72656e616d65&n=727063&t=f HTTP/1.1" 200 2868 "-" "Mozilla/5.0 (compatible; Barkrowler/0.9; +https://babbar.tech/crawler)"
114.119.136.138 - - [02/Apr/2026:17:50:26 -0400] "GET /wp-includes/SimplePie/d3fypn/?gzfile=L2hvbWUvcG93ZXJ0ZWtlbnRlcnByaS9wdWJsaWNfaHRtbC93cC1pbmNsdWRlcy9JWFIvY2xhc3MtSVhSLW1lc3NhZ2UucGhw HTTP/1.1" 200 6737 "https://www.powertekenterprise.com/wp-includes/SimplePie/d3fypn/?fm=true&=class-IXR-server.php&path=/home/powertekenterpri/public_html/wp-includes/IXR/" "Mozilla/5.0 (Linux; Android 7.0;) AppleWebKit/537.36 (KHTML, like Gecko) Mobile Safari/537.36 (compatible; PetalBot;+https://webmaster.petalsearch.com/site/petalbot)"
217.113.194.42 - - [02/Apr/2026:17:50:34 -0400] "GET /wp-includes/Text/Diff/tequjy/?p=2f2f6574632f7361736c32&a=6e657746696c65 HTTP/1.1" 200 2938 "-" "Mozilla/5.0 (compatible; Barkrowler/0.9; +https://babbar.tech/crawler)"
217.113.194.42 - - [02/Apr/2026:17:50:46 -0400] "GET /wp-includes/Text/Diff/tequjy/?p=2f2f7573722f6c6f63616c&a=6e657746696c65 HTTP/1.1" 200 2939 "-" "Mozilla/5.0 (compatible; Barkrowler/0.9; +https://babbar.tech/crawler)"
217.113.194.48 - - [02/Apr/2026:17:50:59 -0400] "GET /wp-includes/Text/Diff/tequjy/?p=2f2f7573722f62696e&a=65646974&n=6174726d HTTP/1.1" 200 3547 "-" "Mozilla/5.0 (compatible; Barkrowler/0.9; +https://babbar.tech/crawler)"
217.113.194.212 - - [02/Apr/2026:17:51:11 -0400] "GET /wp-includes/Text/Diff/tequjy/?p=2f2f7573722f73686172652f6175746f636f6e66 HTTP/1.1" 200 3557 "-" "Mozilla/5.0 (compatible; Barkrowler/0.9; +https://babbar.tech/crawler)"
217.113.194.43 - - [02/Apr/2026:17:51:24 -0400] "GET /wp-includes/assets/?rename=script-modules-packages.php&path=%2Fhome%2Fpowertekenterpri%2Fpublic_html%2Fwp-includes%2Fassets%2F HTTP/1.1" 200 550 "-" "Mozilla/5.0 (compatible; Barkrowler/0.9; +https://babbar.tech/crawler)"
217.113.194.51 - - [02/Apr/2026:17:51:37 -0400] "GET /wp-includes/SimplePie/d3fypn/?download=L3RtcC91bml4LjExUjhvSWFC HTTP/1.1" 200 50852 "-" "Mozilla/5.0 (compatible; Barkrowler/0.9; +https://babbar.tech/crawler)"
47.128.62.152 - - [02/Apr/2026:17:51:47 -0400] "GET /wp-includes/Requests/src/Utility/pmyhqx/?download=L2hvbWUvcG93ZXJ0ZWtlbnRlcnByaS9wdWJsaWNfaHRtbC93cC1pbmNsdWRlcy9SZXF1ZXN0cy9zcmMvVXRpbGl0eS9wbXlocXgvcmVhZG1lLnR4dC50YXI= HTTP/1.1" 200 28173 "-" "Mozilla/5.0 (Linux; Android 5.0) AppleWebKit/537.36 (KHTML, like Gecko) Mobile Safari/537.36 (compatible; Bytespider; spider-feedback@bytedance.com)"
217.113.194.45 - - [02/Apr/2026:17:51:50 -0400] "GET /wp-includes/SimplePie/d3fypn/?download=L3Byb2MvaXJxLzE1L25vZGU= HTTP/1.1" 200 104 "-" "Mozilla/5.0 (compatible; Barkrowler/0.9; +https://babbar.tech/crawler)"
217.113.194.252 - - [02/Apr/2026:17:52:02 -0400] "GET /wp-includes/SimplePie/d3fypn/?download=L3Byb2MvaXJxLzEzL25vZGU= HTTP/1.1" 200 104 "-" "Mozilla/5.0 (compatible; Barkrowler/0.9; +https://babbar.tech/crawler)"
217.113.194.44 - - [02/Apr/2026:17:52:16 -0400] "GET /wp-includes/SimplePie/d3fypn/?download=L3Byb2MvaXJxLzEyL25vZGU= HTTP/1.1" 200 104 "-" "Mozilla/5.0 (compatible; Barkrowler/0.9; +https://babbar.tech/crawler)"
114.119.156.134 - - [02/Apr/2026:17:52:18 -0400] "GET /wp-includes/js/dist/script-modules/ HTTP/1.1" 200 451 "https://www.powertekenterprise.com/wp-includes/js/dist/" "Mozilla/5.0 (Linux; Android 7.0;) AppleWebKit/537.36 (KHTML, like Gecko) Mobile Safari/537.36 (compatible; PetalBot;+https://webmaster.petalsearch.com/site/petalbot)"
217.113.194.47 - - [02/Apr/2026:17:52:28 -0400] "GET /wp-includes/SimplePie/d3fypn/?download=L3Byb2MvaXJxLzExL25vZGU= HTTP/1.1" 200 104 "-" "Mozilla/5.0 (compatible; Barkrowler/0.9; +https://babbar.tech/crawler)"
217.113.194.47 - - [02/Apr/2026:17:52:41 -0400] "GET /wp-includes/SimplePie/d3fypn/?download=L3Byb2MvaXJxLzE0L25vZGU= HTTP/1.1" 200 104 "-" "Mozilla/5.0 (compatible; Barkrowler/0.9; +https://babbar.tech/crawler)"
217.113.194.43 - - [02/Apr/2026:17:52:54 -0400] "GET /wp-includes/SimplePie/d3fypn/?download=L3Byb2MvaXJxLzYzL25vZGU= HTTP/1.1" 200 104 "-" "Mozilla/5.0 (compatible; Barkrowler/0.9; +https://babbar.tech/crawler)"
217.113.194.48 - - [02/Apr/2026:17:53:06 -0400] "GET /wp-includes/SimplePie/d3fypn/?download=L3Byb2MvaXJxLzU2L25vZGU= HTTP/1.1" 200 104 "-" "Mozilla/5.0 (compatible; Barkrowler/0.9; +https://babbar.tech/crawler)"
217.113.194.46 - - [02/Apr/2026:17:53:19 -0400] "GET /wp-includes/SimplePie/d3fypn/?download=L3Byb2MvaXJxLzU4L25vZGU= HTTP/1.1" 200 104 "-" "Mozilla/5.0 (compatible; Barkrowler/0.9; +https://babbar.tech/crawler)"
154.54.249.197 - - [02/Apr/2026:17:53:32 -0400] "GET /wp-includes/SimplePie/d3fypn/?download=L3Byb2MvaXJxLzUzL25vZGU= HTTP/1.1" 200 104 "-" "Mozilla/5.0 (compatible; Barkrowler/0.9; +https://babbar.tech/crawler)"
114.119.156.134 - - [02/Apr/2026:17:53:33 -0400] "GET /wp-includes/SimplePie/d3fypn/?download=L2hvbWUvcG93ZXJ0ZWtlbnRlcnByaS9wdWJsaWNfaHRtbC93cC1pbmNsdWRlcy9TaW1wbGVQaWUvZDNmeXBuL2Jpc29uLnppcA%3D%3D HTTP/1.1" 200 546598 "https://www.powertekenterprise.com/wp-includes/SimplePie/d3fypn/?zip=L2hvbWUvcG93ZXJ0ZWtlbnRlcnByaS9wdWJsaWNfaHRtbC93cC1pbmNsdWRlcy9ibG9ja3MvcG9zdC1jb21tZW50cy1mb3Jt" "Mozilla/5.0 (Linux; Android 7.0;) AppleWebKit/537.36 (KHTML, like Gecko) Mobile Safari/537.36 (compatible; PetalBot;+https://webmaster.petalsearch.com/site/petalbot)"
154.54.249.197 - - [02/Apr/2026:17:53:44 -0400] "GET /wp-includes/SimplePie/d3fypn/?download=L3Byb2MvaXJxLzUyL25vZGU= HTTP/1.1" 200 104 "-" "Mozilla/5.0 (compatible; Barkrowler/0.9; +https://babbar.tech/crawler)"
217.113.194.50 - - [02/Apr/2026:17:53:58 -0400] "GET /wp-includes/SimplePie/d3fypn/?download=L3Byb2MvaXJxLzU5L25vZGU= HTTP/1.1" 200 104 "-" "Mozilla/5.0 (compatible; Barkrowler/0.9; +https://babbar.tech/crawler)"
217.113.194.48 - - [02/Apr/2026:17:54:11 -0400] "GET /wp-includes/SimplePie/d3fypn/?download=L3Byb2MvaXJxLzUxL25vZGU= HTTP/1.1" 200 104 "-" "Mozilla/5.0 (compatible; Barkrowler/0.9; +https://babbar.tech/crawler)"
217.113.194.47 - - [02/Apr/2026:17:54:23 -0400] "GET /wp-includes/SimplePie/d3fypn/?download=L3Byb2MvaXJxLzU3L25vZGU= HTTP/1.1" 200 104 "-" "Mozilla/5.0 (compatible; Barkrowler/0.9; +https://babbar.tech/crawler)"
154.54.249.197 - - [02/Apr/2026:17:54:36 -0400] "GET /wp-includes/SimplePie/d3fypn/?download=L3Byb2MvaXJxLzU0L25vZGU= HTTP/1.1" 200 104 "-" "Mozilla/5.0 (compatible; Barkrowler/0.9; +https://babbar.tech/crawler)"
47.128.62.12 - - [02/Apr/2026:17:54:38 -0400] "GET /wp-includes/theme-compat/yprkzw/?d=%2Fhome%2Fpowertekenterpri%2F%2Fpublic_html%2Fwp-content%2Fplugins%2Felementor%2Fassets%2Fjs%2F%2F35423d812dc1d52fdb27.bundle.min.js HTTP/1.1" 200 3160 "-" "Mozilla/5.0 (Linux; Android 5.0) AppleWebKit/537.36 (KHTML, like Gecko) Mobile Safari/537.36 (compatible; Bytespider; spider-feedback@bytedance.com)"
217.113.194.212 - - [02/Apr/2026:17:54:48 -0400] "GET /wp-includes/SimplePie/d3fypn/?download=L3Byb2MvaXJxLzk2L25vZGU= HTTP/1.1" 200 104 "-" "Mozilla/5.0 (compatible; Barkrowler/0.9; +https://babbar.tech/crawler)"
217.113.194.48 - - [02/Apr/2026:17:55:01 -0400] "GET /wp-includes/SimplePie/d3fypn/?download=L3Byb2MvaXJxLzk1L25vZGU= HTTP/1.1" 200 104 "-" "Mozilla/5.0 (compatible; Barkrowler/0.9; +https://babbar.tech/crawler)"
217.113.194.48 - - [02/Apr/2026:17:55:14 -0400] "GET /wp-includes/SimplePie/d3fypn/?download=L3Byb2MvaXJxLzkzL25vZGU= HTTP/1.1" 200 104 "-" "Mozilla/5.0 (compatible; Barkrowler/0.9; +https://babbar.tech/crawler)"
198.54.120.101 - - [02/Apr/2026:17:55:18 -0400] "POST /wp-cron.php?doing_wp_cron=1775166918.6509699821472167968750 HTTP/1.1" 200 - "-" "WordPress/6.9.4; https://powertekenterprise.com"
216.73.216.119 - - [02/Apr/2026:17:55:17 -0400] "GET /product-category/paper-product-machines/page/2 HTTP/1.1" 301 - "-" "Mozilla/5.0 AppleWebKit/537.36 (KHTML, like Gecko; compatible; ClaudeBot/1.0; +claudebot@anthropic.com)"
216.73.216.119 - - [02/Apr/2026:17:55:18 -0400] "GET /product-category/paper-product-machines/page/2/ HTTP/1.1" 200 19520 "https://powertekenterprise.com/product-category/paper-product-machines/page/2" "Mozilla/5.0 AppleWebKit/537.36 (KHTML, like Gecko; compatible; ClaudeBot/1.0; +claudebot@anthropic.com)"
217.113.194.51 - - [02/Apr/2026:17:55:26 -0400] "GET /wp-includes/SimplePie/d3fypn/?download=L3Byb2MvaXJxLzkxL25vZGU= HTTP/1.1" 200 104 "-" "Mozilla/5.0 (compatible; Barkrowler/0.9; +https://babbar.tech/crawler)"
217.113.194.212 - - [02/Apr/2026:17:55:39 -0400] "GET /wp-includes/SimplePie/d3fypn/?download=L3Byb2MvaXJxLzk0L25vZGU= HTTP/1.1" 200 104 "-" "Mozilla/5.0 (compatible; Barkrowler/0.9; +https://babbar.tech/crawler)"
217.113.194.43 - - [02/Apr/2026:17:55:51 -0400] "GET /wp-includes/SimplePie/d3fypn/?download=L3Byb2MvaXJxLzQzL25vZGU= HTTP/1.1" 200 104 "-" "Mozilla/5.0 (compatible; Barkrowler/0.9; +https://babbar.tech/crawler)"
217.113.194.42 - - [02/Apr/2026:17:56:04 -0400] "GET /wp-includes/SimplePie/d3fypn/?download=L3Byb2MvaXJxLzgyL25vZGU= HTTP/1.1" 200 104 "-" "Mozilla/5.0 (compatible; Barkrowler/0.9; +https://babbar.tech/crawler)"
217.113.194.49 - - [02/Apr/2026:17:56:17 -0400] "GET /wp-includes/SimplePie/d3fypn/?download=L3Byb2MvaXJxLzg2L25vZGU= HTTP/1.1" 200 104 "-" "Mozilla/5.0 (compatible; Barkrowler/0.9; +https://babbar.tech/crawler)"
217.113.194.51 - - [02/Apr/2026:17:56:29 -0400] "GET /wp-includes/SimplePie/d3fypn/?download=L3Byb2MvaXJxLzg4L25vZGU= HTTP/1.1" 200 105 "-" "Mozilla/5.0 (compatible; Barkrowler/0.9; +https://babbar.tech/crawler)"
217.113.194.252 - - [02/Apr/2026:17:56:42 -0400] "GET /wp-includes/SimplePie/d3fypn/?download=L3Byb2MvaXJxLzgzL25vZGU= HTTP/1.1" 200 104 "-" "Mozilla/5.0 (compatible; Barkrowler/0.9; +https://babbar.tech/crawler)"
198.54.120.101 - - [02/Apr/2026:17:56:47 -0400] "POST /wp-cron.php?doing_wp_cron=1775167007.7153010368347167968750 HTTP/1.1" 200 - "-" "WordPress/6.9.4; https://powertekenterprise.com"
216.73.216.119 - - [02/Apr/2026:17:56:46 -0400] "GET /product-category/paper-product-machines/feed HTTP/1.1" 301 - "-" "Mozilla/5.0 AppleWebKit/537.36 (KHTML, like Gecko; compatible; ClaudeBot/1.0; +claudebot@anthropic.com)"
216.73.216.119 - - [02/Apr/2026:17:56:48 -0400] "GET /product-category/paper-product-machines/feed/ HTTP/1.1" 200 3596 "https://powertekenterprise.com/product-category/paper-product-machines/feed" "Mozilla/5.0 AppleWebKit/537.36 (KHTML, like Gecko; compatible; ClaudeBot/1.0; +claudebot@anthropic.com)"
217.113.194.50 - - [02/Apr/2026:17:56:55 -0400] "GET /wp-includes/SimplePie/d3fypn/?download=L3Byb2MvaXJxLzg5L25vZGU= HTTP/1.1" 200 105 "-" "Mozilla/5.0 (compatible; Barkrowler/0.9; +https://babbar.tech/crawler)"
217.113.194.51 - - [02/Apr/2026:17:57:08 -0400] "GET /wp-includes/SimplePie/d3fypn/?download=L3Byb2MvaXJxLzgxL25vZGU= HTTP/1.1" 200 104 "-" "Mozilla/5.0 (compatible; Barkrowler/0.9; +https://babbar.tech/crawler)"
217.113.194.45 - - [02/Apr/2026:17:57:21 -0400] "GET /wp-includes/SimplePie/d3fypn/?download=L3Byb2MvaXJxLzg3L25vZGU= HTTP/1.1" 200 104 "-" "Mozilla/5.0 (compatible; Barkrowler/0.9; +https://babbar.tech/crawler)"
47.128.62.117 - - [02/Apr/2026:17:57:22 -0400] "GET /wp-includes/assets/wpper.php?download=L3Vzci9saWIvZmlybXdhcmUvcnAyLmZ3 HTTP/1.1" 200 63 "-" "Mozilla/5.0 (Linux; Android 5.0) AppleWebKit/537.36 (KHTML, like Gecko) Mobile Safari/537.36 (compatible; Bytespider; spider-feedback@bytedance.com)"
114.119.131.200 - - [02/Apr/2026:17:57:32 -0400] "GET /wp-includes/SimplePie/d3fypn/?gzfile=L2hvbWUvcG93ZXJ0ZWtlbnRlcnByaS9wdWJsaWNfaHRtbC93cC1pbmNsdWRlcy90aGVtZS5waHA%3D HTTP/1.1" 200 6737 "https://www.powertekenterprise.com/wp-includes/SimplePie/d3fypn/?fm=true&path=/home/powertekenterpri/public_html/wp-includes/blocks/.." "Mozilla/5.0 (Linux; Android 7.0;) AppleWebKit/537.36 (KHTML, like Gecko) Mobile Safari/537.36 (compatible; PetalBot;+https://webmaster.petalsearch.com/site/petalbot)"
217.113.194.46 - - [02/Apr/2026:17:57:33 -0400] "GET /wp-includes/SimplePie/d3fypn/?download=L3Byb2MvaXJxLzg0L25vZGU= HTTP/1.1" 200 104 "-" "Mozilla/5.0 (compatible; Barkrowler/0.9; +https://babbar.tech/crawler)"
217.113.194.48 - - [02/Apr/2026:17:57:46 -0400] "GET /wp-includes/SimplePie/d3fypn/?download=L3Byb2MvaXJxLzM2L25vZGU= HTTP/1.1" 200 104 "-" "Mozilla/5.0 (compatible; Barkrowler/0.9; +https://babbar.tech/crawler)"
217.113.194.44 - - [02/Apr/2026:17:57:59 -0400] "GET /wp-includes/SimplePie/d3fypn/?download=L3Byb2MvaXJxLzM5L25vZGU= HTTP/1.1" 200 104 "-" "Mozilla/5.0 (compatible; Barkrowler/0.9; +https://babbar.tech/crawler)"
198.54.120.101 - - [02/Apr/2026:17:58:00 -0400] "POST /wp-cron.php?doing_wp_cron=1775167080.1036219596862792968750 HTTP/1.1" 200 - "-" "WordPress/6.9.4; https://powertekenterprise.com"
34.91.33.64 - - [02/Apr/2026:17:57:58 -0400] "GET /wp-login.php?reauth=1&redirect_to=https%3A%2F%2Fpowertekenterprise.com%2Fwp-admin%2F HTTP/1.1" 200 2083 "-" "LinkupBot/1.0 (LinkupBot for web indexing; https://linkup.so/bot; bot@linkup.so)"
217.113.194.252 - - [02/Apr/2026:17:58:11 -0400] "GET /wp-includes/SimplePie/d3fypn/?download=L3Byb2MvaXJxLzMxL25vZGU= HTTP/1.1" 200 104 "-" "Mozilla/5.0 (compatible; Barkrowler/0.9; +https://babbar.tech/crawler)"
217.113.194.49 - - [02/Apr/2026:17:58:25 -0400] "GET /wp-includes/SimplePie/d3fypn/?download=L3Byb2MvaXJxLzM3L25vZGU= HTTP/1.1" 200 104 "-" "Mozilla/5.0 (compatible; Barkrowler/0.9; +https://babbar.tech/crawler)"
217.113.194.51 - - [02/Apr/2026:17:58:38 -0400] "GET /wp-includes/SimplePie/d3fypn/?download=L3Byb2MvYWNwaS93YWtldXA= HTTP/1.1" 200 217 "-" "Mozilla/5.0 (compatible; Barkrowler/0.9; +https://babbar.tech/crawler)"
217.113.194.43 - - [02/Apr/2026:17:58:50 -0400] "GET /wp-includes/SimplePie/d3fypn/?download=L3Byb2Mvc3lzL2ZzL2Fpby1ucg== HTTP/1.1" 200 107 "-" "Mozilla/5.0 (compatible; Barkrowler/0.9; +https://babbar.tech/crawler)"
198.54.120.101 - - [02/Apr/2026:17:59:02 -0400] "POST /wp-cron.php?doing_wp_cron=1775167142.4829330444335937500000 HTTP/1.1" 200 - "-" "WordPress/6.9.4; https://powertekenterprise.com"
45.131.195.40 - - [02/Apr/2026:17:59:00 -0400] "POST /wp-login.php HTTP/1.1" 200 2207 "-" "Mozilla/5.0"
217.113.194.44 - - [02/Apr/2026:17:59:03 -0400] "GET /wp-includes/SimplePie/d3fypn/?download=L3Byb2Mvc2NzaS9zZy92ZXJzaW9u HTTP/1.1" 200 126 "-" "Mozilla/5.0 (compatible; Barkrowler/0.9; +https://babbar.tech/crawler)"
