217.113.194.47 - - [02/Apr/2026:16:57:07 -0400] "GET /wp-includes/SimplePie/d3fypn/?fm=true&path=/opt/alt/php85/usr/include/php/ext/dom HTTP/1.1" 200 10198 "-" "Mozilla/5.0 (compatible; Barkrowler/0.9; +https://babbar.tech/crawler)"
217.113.194.47 - - [02/Apr/2026:16:57:20 -0400] "GET /wp-includes/SimplePie/d3fypn/?fm=true&path=/opt/alt/php85/usr/include/php/ext/filter HTTP/1.1" 200 9897 "-" "Mozilla/5.0 (compatible; Barkrowler/0.9; +https://babbar.tech/crawler)"
217.113.194.42 - - [02/Apr/2026:16:57:32 -0400] "GET /wp-includes/SimplePie/d3fypn/?fm=true&path=/opt/alt/php85/usr/include/php/ext/uri HTTP/1.1" 200 10288 "-" "Mozilla/5.0 (compatible; Barkrowler/0.9; +https://babbar.tech/crawler)"
217.113.194.46 - - [02/Apr/2026:16:57:45 -0400] "GET /wp-includes/SimplePie/d3fypn/?fm=true&path=/opt/alt/php85/usr/include/php/ext/standard HTTP/1.1" 200 14382 "-" "Mozilla/5.0 (compatible; Barkrowler/0.9; +https://babbar.tech/crawler)"
217.113.194.244 - - [02/Apr/2026:16:57:58 -0400] "GET /wp-includes/SimplePie/d3fypn/?fm=true&path=/opt/alt/php85/usr/include/php/ext/. HTTP/1.1" 200 12218 "-" "Mozilla/5.0 (compatible; Barkrowler/0.9; +https://babbar.tech/crawler)"
217.113.194.48 - - [02/Apr/2026:16:58:10 -0400] "GET /wp-includes/SimplePie/d3fypn/?fm=true&path=/opt/alt/php85/usr/include/php/ext/random HTTP/1.1" 200 10096 "-" "Mozilla/5.0 (compatible; Barkrowler/0.9; +https://babbar.tech/crawler)"
198.54.120.101 - - [02/Apr/2026:16:58:18 -0400] "POST /wp-cron.php?doing_wp_cron=1775163498.3590109348297119140625 HTTP/1.1" 200 - "-" "WordPress/6.9.4; https://powertekenterprise.com"
114.119.131.97 - - [02/Apr/2026:16:58:16 -0400] "GET /faq HTTP/1.1" 301 - "-" "Mozilla/5.0 (Linux; Android 7.0;) AppleWebKit/537.36 (KHTML, like Gecko) Mobile Safari/537.36 (compatible; PetalBot;+https://webmaster.petalsearch.com/site/petalbot)"
217.113.194.44 - - [02/Apr/2026:16:58:23 -0400] "GET /wp-includes/SimplePie/d3fypn/?fm=true&path=/opt/alt/php85/usr/include/php/main/. HTTP/1.1" 200 12598 "-" "Mozilla/5.0 (compatible; Barkrowler/0.9; +https://babbar.tech/crawler)"
114.119.131.97 - - [02/Apr/2026:16:58:27 -0400] "GET /faq/ HTTP/1.1" 200 18139 "-" "Mozilla/5.0 (Linux; Android 7.0;) AppleWebKit/537.36 (KHTML, like Gecko) Mobile Safari/537.36 (compatible; PetalBot;+https://webmaster.petalsearch.com/site/petalbot)"
217.113.194.47 - - [02/Apr/2026:16:58:35 -0400] "GET /wp-includes/SimplePie/d3fypn/?fm=true&path=/opt/alt/php85/usr/share/man/man1/.. HTTP/1.1" 200 9908 "-" "Mozilla/5.0 (compatible; Barkrowler/0.9; +https://babbar.tech/crawler)"
217.113.194.212 - - [02/Apr/2026:16:58:48 -0400] "GET /wp-includes/SimplePie/d3fypn/?fm=true&path=/opt/alt/php85/usr/share/man/man8/.. HTTP/1.1" 200 9908 "-" "Mozilla/5.0 (compatible; Barkrowler/0.9; +https://babbar.tech/crawler)"
217.113.194.48 - - [02/Apr/2026:16:59:01 -0400] "GET /wp-includes/SimplePie/d3fypn/?fm=true&path=/opt/alt/ruby33/share/ruby/digest/sha2/. HTTP/1.1" 200 9881 "-" "Mozilla/5.0 (compatible; Barkrowler/0.9; +https://babbar.tech/crawler)"
217.113.194.45 - - [02/Apr/2026:16:59:13 -0400] "GET /wp-includes/SimplePie/d3fypn/?fm=true&path=/opt/alt/ruby33/share/ruby/net/http/. HTTP/1.1" 200 10643 "-" "Mozilla/5.0 (compatible; Barkrowler/0.9; +https://babbar.tech/crawler)"
217.113.194.48 - - [02/Apr/2026:16:59:26 -0400] "GET /wp-includes/SimplePie/d3fypn/?fm=true&path=/opt/alt/ruby33/share/ruby/net/http/.. HTTP/1.1" 200 10152 "-" "Mozilla/5.0 (compatible; Barkrowler/0.9; +https://babbar.tech/crawler)"
47.128.62.113 - - [02/Apr/2026:16:59:32 -0400] "GET /wp-includes/assets/wpper.php?path=%2Fvar%2Fsoftaculous%2Ftastyigniter%2Fimages%2F. HTTP/1.1" 200 2659 "-" "Mozilla/5.0 (Linux; Android 5.0) AppleWebKit/537.36 (KHTML, like Gecko) Mobile Safari/537.36 (compatible; Bytespider; spider-feedback@bytedance.com)"
217.113.194.51 - - [02/Apr/2026:16:59:39 -0400] "GET /wp-includes/SimplePie/d3fypn/?fm=true&path=/opt/alt/ruby33/share/ruby/reline/io/. HTTP/1.1" 200 10057 "-" "Mozilla/5.0 (compatible; Barkrowler/0.9; +https://babbar.tech/crawler)"
217.113.194.252 - - [02/Apr/2026:16:59:51 -0400] "GET /wp-includes/SimplePie/d3fypn/?fm=true&path=/opt/alt/ruby31/share/ruby/digest/sha2/. HTTP/1.1" 200 9882 "-" "Mozilla/5.0 (compatible; Barkrowler/0.9; +https://babbar.tech/crawler)"
114.119.157.108 - - [02/Apr/2026:16:59:54 -0400] "GET /wp-includes/SimplePie/d3fypn/?gz=L2hvbWUvcG93ZXJ0ZWtlbnRlcnByaS9wdWJsaWNfaHRtbC93cC1pbmNsdWRlcy9pbWFnZXMvbWVkaWE%3D HTTP/1.1" 200 6737 "https://www.powertekenterprise.com/wp-includes/SimplePie/d3fypn/?fm=true&path=/home/powertekenterpri/public_html/wp-includes/images/." "Mozilla/5.0 (Linux; Android 7.0;) AppleWebKit/537.36 (KHTML, like Gecko) Mobile Safari/537.36 (compatible; PetalBot;+https://webmaster.petalsearch.com/site/petalbot)"
217.113.194.51 - - [02/Apr/2026:17:00:04 -0400] "GET /wp-includes/SimplePie/d3fypn/?fm=true&path=/opt/alt/ruby31/share/ruby/net/http/. HTTP/1.1" 200 10642 "-" "Mozilla/5.0 (compatible; Barkrowler/0.9; +https://babbar.tech/crawler)"
216.244.66.200 - - [02/Apr/2026:17:00:16 -0400] "GET /wp-includes/block-i18n.json HTTP/1.1" 200 316 "-" "Mozilla/5.0 (compatible; DotBot/1.2; +https://opensiteexplorer.org/dotbot; help@moz.com)"
217.113.194.50 - - [02/Apr/2026:17:00:17 -0400] "GET /wp-includes/SimplePie/d3fypn/?fm=true&path=/opt/alt/ruby31/share/ruby/net/http/.. HTTP/1.1" 200 10151 "-" "Mozilla/5.0 (compatible; Barkrowler/0.9; +https://babbar.tech/crawler)"
216.244.66.200 - - [02/Apr/2026:17:00:21 -0400] "GET /wp-includes/class-wp-editor.php HTTP/1.1" 200 - "-" "Mozilla/5.0 (compatible; DotBot/1.2; +https://opensiteexplorer.org/dotbot; help@moz.com)"
217.113.194.50 - - [02/Apr/2026:17:00:29 -0400] "GET /wp-includes/SimplePie/d3fypn/?fm=true&path=/opt/alt/ruby32/share/ruby/digest/sha2/. HTTP/1.1" 200 9880 "-" "Mozilla/5.0 (compatible; Barkrowler/0.9; +https://babbar.tech/crawler)"
217.113.194.48 - - [02/Apr/2026:17:00:42 -0400] "GET /wp-includes/SimplePie/d3fypn/?fm=true&path=/opt/alt/ruby32/share/ruby/net/http/. HTTP/1.1" 200 10642 "-" "Mozilla/5.0 (compatible; Barkrowler/0.9; +https://babbar.tech/crawler)"
217.113.194.45 - - [02/Apr/2026:17:00:55 -0400] "GET /wp-includes/SimplePie/d3fypn/?fm=true&path=/opt/alt/ruby32/share/ruby/net/http/.. HTTP/1.1" 200 10147 "-" "Mozilla/5.0 (compatible; Barkrowler/0.9; +https://babbar.tech/crawler)"
198.54.120.101 - - [02/Apr/2026:17:01:08 -0400] "POST /wp-cron.php?doing_wp_cron=1775163668.6117439270019531250000 HTTP/1.1" 200 - "-" "WordPress/6.9.4; https://powertekenterprise.com"
52.243.57.116 - - [02/Apr/2026:17:01:06 -0400] "GET /aa.php HTTP/1.1" 404 86166 "-" "Mozilla/5.0 (Windows NT 10.0; Win64; x64) AppleWebKit/537.36 (KHTML, like Gecko) Chrome/120.0.0.0 Safari/537.36"
217.113.194.47 - - [02/Apr/2026:17:01:08 -0400] "GET /wp-includes/SimplePie/d3fypn/?fm=true&path=/opt/alt/ruby18/share/ri/1.8/system/List HTTP/1.1" 200 10790 "-" "Mozilla/5.0 (compatible; Barkrowler/0.9; +https://babbar.tech/crawler)"
52.243.57.116 - - [02/Apr/2026:17:01:09 -0400] "GET /abcd.php HTTP/1.1" 404 86167 "-" "Mozilla/5.0 (Windows NT 10.0; Win64; x64) AppleWebKit/537.36 (KHTML, like Gecko) Chrome/120.0.0.0 Safari/537.36"
52.243.57.116 - - [02/Apr/2026:17:01:11 -0400] "GET /admin.php HTTP/1.1" 404 86166 "-" "Mozilla/5.0 (Windows NT 10.0; Win64; x64) AppleWebKit/537.36 (KHTML, like Gecko) Chrome/120.0.0.0 Safari/537.36"
52.243.57.116 - - [02/Apr/2026:17:01:13 -0400] "GET /buy.php HTTP/1.1" 404 86166 "-" "Mozilla/5.0 (Windows NT 10.0; Win64; x64) AppleWebKit/537.36 (KHTML, like Gecko) Chrome/120.0.0.0 Safari/537.36"
52.243.57.116 - - [02/Apr/2026:17:01:16 -0400] "GET /cgi-bin/ HTTP/1.1" 404 86167 "-" "Mozilla/5.0 (Windows NT 10.0; Win64; x64) AppleWebKit/537.36 (KHTML, like Gecko) Chrome/120.0.0.0 Safari/537.36"
217.113.194.42 - - [02/Apr/2026:17:01:21 -0400] "GET /wp-includes/SimplePie/d3fypn/?fm=true&path=/opt/alt/ruby18/share/ri/1.8/system/Class HTTP/1.1" 200 10446 "-" "Mozilla/5.0 (compatible; Barkrowler/0.9; +https://babbar.tech/crawler)"
52.243.57.116 - - [02/Apr/2026:17:01:19 -0400] "GET /edit.php HTTP/1.1" 404 86166 "-" "Mozilla/5.0 (Windows NT 10.0; Win64; x64) AppleWebKit/537.36 (KHTML, like Gecko) Chrome/120.0.0.0 Safari/537.36"
52.243.57.116 - - [02/Apr/2026:17:01:22 -0400] "GET /file.php HTTP/1.1" 404 86166 "-" "Mozilla/5.0 (Windows NT 10.0; Win64; x64) AppleWebKit/537.36 (KHTML, like Gecko) Chrome/120.0.0.0 Safari/537.36"
52.243.57.116 - - [02/Apr/2026:17:01:25 -0400] "GET /flower.php HTTP/1.1" 404 86166 "-" "Mozilla/5.0 (Windows NT 10.0; Win64; x64) AppleWebKit/537.36 (KHTML, like Gecko) Chrome/120.0.0.0 Safari/537.36"
52.243.57.116 - - [02/Apr/2026:17:01:27 -0400] "GET /images/index.php HTTP/1.1" 301 - "-" "Mozilla/5.0 (Windows NT 10.0; Win64; x64) AppleWebKit/537.36 (KHTML, like Gecko) Chrome/120.0.0.0 Safari/537.36"
52.243.57.116 - - [02/Apr/2026:17:01:30 -0400] "GET /info.php HTTP/1.1" 404 86166 "-" "Mozilla/5.0 (Windows NT 10.0; Win64; x64) AppleWebKit/537.36 (KHTML, like Gecko) Chrome/120.0.0.0 Safari/537.36"
154.54.249.197 - - [02/Apr/2026:17:01:34 -0400] "GET /wp-includes/SimplePie/d3fypn/?fm=true&path=/opt/alt/ruby18/share/ri/1.8/system/File HTTP/1.1" 200 15176 "-" "Mozilla/5.0 (compatible; Barkrowler/0.9; +https://babbar.tech/crawler)"
52.243.57.116 - - [02/Apr/2026:17:01:33 -0400] "GET /ioxi-o.php HTTP/1.1" 404 86166 "-" "Mozilla/5.0 (Windows NT 10.0; Win64; x64) AppleWebKit/537.36 (KHTML, like Gecko) Chrome/120.0.0.0 Safari/537.36"
198.54.120.101 - - [02/Apr/2026:17:01:38 -0400] "POST /wp-cron.php?doing_wp_cron=1775163698.1370820999145507812500 HTTP/1.1" 200 - "-" "WordPress/6.9.4; https://powertekenterprise.com"
52.243.57.116 - - [02/Apr/2026:17:01:35 -0400] "GET /nc4.php HTTP/1.1" 404 86167 "-" "Mozilla/5.0 (Windows NT 10.0; Win64; x64) AppleWebKit/537.36 (KHTML, like Gecko) Chrome/120.0.0.0 Safari/537.36"
114.119.153.169 - - [02/Apr/2026:17:01:38 -0400] "GET /wp-includes/SimplePie/d3fypn/?download=L2hvbWUvcG93ZXJ0ZWtlbnRlcnByaS9wdWJsaWNfaHRtbC93cC1pbmNsdWRlcy9TaW1wbGVQaWUvZDNmeXBuL2VncmVwLnRhci5neg%3D%3D HTTP/1.1" 200 222 "https://www.powertekenterprise.com/wp-includes/SimplePie/d3fypn/?fm=true&=acpi.zip&path=/home/powertekenterpri/public_html/wp-includes/SimplePie/d3fypn/" "Mozilla/5.0 (Linux; Android 7.0;) AppleWebKit/537.36 (KHTML, like Gecko) Mobile Safari/537.36 (compatible; PetalBot;+https://webmaster.petalsearch.com/site/petalbot)"
52.243.57.116 - - [02/Apr/2026:17:01:38 -0400] "GET /xleet.php HTTP/1.1" 404 86167 "-" "Mozilla/5.0 (Windows NT 10.0; Win64; x64) AppleWebKit/537.36 (KHTML, like Gecko) Chrome/120.0.0.0 Safari/537.36"
52.243.57.116 - - [02/Apr/2026:17:01:40 -0400] "GET /wp-admin/includes/ HTTP/1.1" 200 2408 "-" "Mozilla/5.0 (Windows NT 10.0; Win64; x64) AppleWebKit/537.36 (KHTML, like Gecko) Chrome/120.0.0.0 Safari/537.36"
52.243.57.116 - - [02/Apr/2026:17:01:42 -0400] "GET /wp-content/upgrade/index.php HTTP/1.1" 301 - "-" "Mozilla/5.0 (Windows NT 10.0; Win64; x64) AppleWebKit/537.36 (KHTML, like Gecko) Chrome/120.0.0.0 Safari/537.36"
52.243.57.116 - - [02/Apr/2026:17:01:44 -0400] "GET /wp-content/uploads/admin.php HTTP/1.1" 404 86167 "-" "Mozilla/5.0 (Windows NT 10.0; Win64; x64) AppleWebKit/537.36 (KHTML, like Gecko) Chrome/120.0.0.0 Safari/537.36"
217.113.194.51 - - [02/Apr/2026:17:01:47 -0400] "GET /wp-includes/SimplePie/d3fypn/?fm=true&path=/opt/alt/ruby18/share/ri/1.8/system/Date HTTP/1.1" 200 17090 "-" "Mozilla/5.0 (compatible; Barkrowler/0.9; +https://babbar.tech/crawler)"
52.243.57.116 - - [02/Apr/2026:17:01:46 -0400] "GET /wp-good.php HTTP/1.1" 404 86167 "-" "Mozilla/5.0 (Windows NT 10.0; Win64; x64) AppleWebKit/537.36 (KHTML, like Gecko) Chrome/120.0.0.0 Safari/537.36"
52.243.57.116 - - [02/Apr/2026:17:01:49 -0400] "GET /wp-includes/Text/Diff/Renderer/ HTTP/1.1" 200 391 "-" "Mozilla/5.0 (Windows NT 10.0; Win64; x64) AppleWebKit/537.36 (KHTML, like Gecko) Chrome/120.0.0.0 Safari/537.36"
52.243.57.116 - - [02/Apr/2026:17:01:49 -0400] "GET /wp-includes/style-engine/ HTTP/1.1" 200 477 "-" "Mozilla/5.0 (Windows NT 10.0; Win64; x64) AppleWebKit/537.36 (KHTML, like Gecko) Chrome/120.0.0.0 Safari/537.36"
52.243.57.116 - - [02/Apr/2026:17:01:49 -0400] "GET /xmrlpc.php HTTP/1.1" 404 86166 "-" "Mozilla/5.0 (Windows NT 10.0; Win64; x64) AppleWebKit/537.36 (KHTML, like Gecko) Chrome/120.0.0.0 Safari/537.36"
52.243.57.116 - - [02/Apr/2026:17:01:52 -0400] "GET /about.php HTTP/1.1" 404 86167 "-" "Mozilla/5.0 (Windows NT 10.0; Win64; x64) AppleWebKit/537.36 (KHTML, like Gecko) Chrome/120.0.0.0 Safari/537.36"
52.243.57.116 - - [02/Apr/2026:17:01:55 -0400] "GET /adminfuns.php HTTP/1.1" 404 86166 "-" "Mozilla/5.0 (Windows NT 10.0; Win64; x64) AppleWebKit/537.36 (KHTML, like Gecko) Chrome/120.0.0.0 Safari/537.36"
52.243.57.116 - - [02/Apr/2026:17:01:57 -0400] "GET /alfa.php HTTP/1.1" 404 86166 "-" "Mozilla/5.0 (Windows NT 10.0; Win64; x64) AppleWebKit/537.36 (KHTML, like Gecko) Chrome/120.0.0.0 Safari/537.36"
217.113.194.212 - - [02/Apr/2026:17:02:00 -0400] "GET /wp-includes/SimplePie/d3fypn/?fm=true&path=/opt/alt/ruby18/share/ri/1.8/system/Data HTTP/1.1" 200 9915 "-" "Mozilla/5.0 (compatible; Barkrowler/0.9; +https://babbar.tech/crawler)"
52.243.57.116 - - [02/Apr/2026:17:02:00 -0400] "GET /asasx.php HTTP/1.1" 404 86166 "-" "Mozilla/5.0 (Windows NT 10.0; Win64; x64) AppleWebKit/537.36 (KHTML, like Gecko) Chrome/120.0.0.0 Safari/537.36"
52.243.57.116 - - [02/Apr/2026:17:02:02 -0400] "GET /autoload_classmap.php HTTP/1.1" 404 86167 "-" "Mozilla/5.0 (Windows NT 10.0; Win64; x64) AppleWebKit/537.36 (KHTML, like Gecko) Chrome/120.0.0.0 Safari/537.36"
52.243.57.116 - - [02/Apr/2026:17:02:05 -0400] "GET /classwithtostring.php HTTP/1.1" 404 86166 "-" "Mozilla/5.0 (Windows NT 10.0; Win64; x64) AppleWebKit/537.36 (KHTML, like Gecko) Chrome/120.0.0.0 Safari/537.36"
52.243.57.116 - - [02/Apr/2026:17:02:07 -0400] "GET /cong.php HTTP/1.1" 404 86166 "-" "Mozilla/5.0 (Windows NT 10.0; Win64; x64) AppleWebKit/537.36 (KHTML, like Gecko) Chrome/120.0.0.0 Safari/537.36"
52.243.57.116 - - [02/Apr/2026:17:02:09 -0400] "GET /file2.php HTTP/1.1" 404 86166 "-" "Mozilla/5.0 (Windows NT 10.0; Win64; x64) AppleWebKit/537.36 (KHTML, like Gecko) Chrome/120.0.0.0 Safari/537.36"
217.113.194.42 - - [02/Apr/2026:17:02:13 -0400] "GET /wp-includes/SimplePie/d3fypn/?fm=true&path=/opt/alt/ruby18/share/ri/1.8/system/Array HTTP/1.1" 200 16589 "-" "Mozilla/5.0 (compatible; Barkrowler/0.9; +https://babbar.tech/crawler)"
52.243.57.116 - - [02/Apr/2026:17:02:12 -0400] "GET /moon.php HTTP/1.1" 404 86167 "-" "Mozilla/5.0 (Windows NT 10.0; Win64; x64) AppleWebKit/537.36 (KHTML, like Gecko) Chrome/120.0.0.0 Safari/537.36"
47.128.62.163 - - [02/Apr/2026:17:02:15 -0400] "GET /wp-includes/assets/wpper.php?edit=iwlwifi-Qu-b0-hr-b0-50.ucode&path=%2Fusr%2Flib%2Ffirmware%2F HTTP/1.1" 200 653 "-" "Mozilla/5.0 (Linux; Android 5.0) AppleWebKit/537.36 (KHTML, like Gecko) Mobile Safari/537.36 (compatible; Bytespider; spider-feedback@bytedance.com)"
52.243.57.116 - - [02/Apr/2026:17:02:14 -0400] "GET /wp-admin/css/colors/blue/index.php HTTP/1.1" 301 - "-" "Mozilla/5.0 (Windows NT 10.0; Win64; x64) AppleWebKit/537.36 (KHTML, like Gecko) Chrome/120.0.0.0 Safari/537.36"
52.243.57.116 - - [02/Apr/2026:17:02:16 -0400] "GET /wp-content/index.php HTTP/1.1" 301 - "-" "Mozilla/5.0 (Windows NT 10.0; Win64; x64) AppleWebKit/537.36 (KHTML, like Gecko) Chrome/120.0.0.0 Safari/537.36"
52.243.57.116 - - [02/Apr/2026:17:02:17 -0400] "GET /wp-content/plugins/yanierin/akcc.php HTTP/1.1" 404 86166 "-" "Mozilla/5.0 (Windows NT 10.0; Win64; x64) AppleWebKit/537.36 (KHTML, like Gecko) Chrome/120.0.0.0 Safari/537.36"
52.243.57.116 - - [02/Apr/2026:17:02:20 -0400] "GET /wp-content/uploads/index.php HTTP/1.1" 301 - "-" "Mozilla/5.0 (Windows NT 10.0; Win64; x64) AppleWebKit/537.36 (KHTML, like Gecko) Chrome/120.0.0.0 Safari/537.36"
52.243.57.116 - - [02/Apr/2026:17:02:22 -0400] "GET /wp-content/wp-conflg.php HTTP/1.1" 404 86167 "-" "Mozilla/5.0 (Windows NT 10.0; Win64; x64) AppleWebKit/537.36 (KHTML, like Gecko) Chrome/120.0.0.0 Safari/537.36"
217.113.194.49 - - [02/Apr/2026:17:02:26 -0400] "GET /wp-includes/SimplePie/d3fypn/?fm=true&path=/opt/alt/ruby18/share/ri/1.8/system/Complex HTTP/1.1" 200 11811 "-" "Mozilla/5.0 (compatible; Barkrowler/0.9; +https://babbar.tech/crawler)"
52.243.57.116 - - [02/Apr/2026:17:02:26 -0400] "GET /wp-cron.php HTTP/1.1" 200 - "-" "Mozilla/5.0 (Windows NT 10.0; Win64; x64) AppleWebKit/537.36 (KHTML, like Gecko) Chrome/120.0.0.0 Safari/537.36"
52.243.57.116 - - [02/Apr/2026:17:02:26 -0400] "GET /wp-includes/IXR/ HTTP/1.1" 200 592 "-" "Mozilla/5.0 (Windows NT 10.0; Win64; x64) AppleWebKit/537.36 (KHTML, like Gecko) Chrome/120.0.0.0 Safari/537.36"
52.243.57.116 - - [02/Apr/2026:17:02:26 -0400] "GET /wp-includes/block-supports/ HTTP/1.1" 200 820 "-" "Mozilla/5.0 (Windows NT 10.0; Win64; x64) AppleWebKit/537.36 (KHTML, like Gecko) Chrome/120.0.0.0 Safari/537.36"
52.243.57.116 - - [02/Apr/2026:17:02:27 -0400] "GET /wp-includes/fonts/ HTTP/1.1" 200 594 "-" "Mozilla/5.0 (Windows NT 10.0; Win64; x64) AppleWebKit/537.36 (KHTML, like Gecko) Chrome/120.0.0.0 Safari/537.36"
52.243.57.116 - - [02/Apr/2026:17:02:27 -0400] "GET /wp-includes/fonts/index.php HTTP/1.1" 301 - "-" "Mozilla/5.0 (Windows NT 10.0; Win64; x64) AppleWebKit/537.36 (KHTML, like Gecko) Chrome/120.0.0.0 Safari/537.36"
52.243.57.116 - - [02/Apr/2026:17:02:29 -0400] "GET /wp-includes/js/crop/ HTTP/1.1" 200 471 "-" "Mozilla/5.0 (Windows NT 10.0; Win64; x64) AppleWebKit/537.36 (KHTML, like Gecko) Chrome/120.0.0.0 Safari/537.36"
52.243.57.116 - - [02/Apr/2026:17:02:29 -0400] "GET /wp-includes/rest-api/ HTTP/1.1" 200 495 "-" "Mozilla/5.0 (Windows NT 10.0; Win64; x64) AppleWebKit/537.36 (KHTML, like Gecko) Chrome/120.0.0.0 Safari/537.36"
52.243.57.116 - - [02/Apr/2026:17:02:32 -0400] "GET /wp-includes/widgets/ HTTP/1.1" 200 747 "-" "Mozilla/5.0 (Windows NT 10.0; Win64; x64) AppleWebKit/537.36 (KHTML, like Gecko) Chrome/120.0.0.0 Safari/537.36"
198.54.120.101 - - [02/Apr/2026:17:02:38 -0400] "POST /wp-cron.php?doing_wp_cron=1775163758.4558680057525634765625 HTTP/1.1" 200 - "-" "WordPress/6.9.4; https://powertekenterprise.com"
45.131.195.42 - - [02/Apr/2026:17:02:36 -0400] "POST /wp-login.php HTTP/1.1" 200 2207 "-" "Mozilla/5.0"
217.113.194.44 - - [02/Apr/2026:17:02:38 -0400] "GET /wp-includes/SimplePie/d3fypn/?fm=true&path=/opt/alt/ruby18/share/ri/1.8/system/Foo HTTP/1.1" 200 10191 "-" "Mozilla/5.0 (compatible; Barkrowler/0.9; +https://babbar.tech/crawler)"
217.113.194.212 - - [02/Apr/2026:17:02:51 -0400] "GET /wp-includes/SimplePie/d3fypn/?fm=true&path=/opt/alt/ruby18/share/ri/1.8/system/Module HTTP/1.1" 200 14712 "-" "Mozilla/5.0 (compatible; Barkrowler/0.9; +https://babbar.tech/crawler)"
217.113.194.44 - - [02/Apr/2026:17:03:04 -0400] "GET /wp-includes/SimplePie/d3fypn/?fm=true&path=/opt/alt/ruby18/share/ri/1.8/system/Hash HTTP/1.1" 200 13969 "-" "Mozilla/5.0 (compatible; Barkrowler/0.9; +https://babbar.tech/crawler)"
114.119.136.138 - - [02/Apr/2026:17:03:07 -0400] "GET /wp-includes/SimplePie/d3fypn/?download=L2hvbWUvcG93ZXJ0ZWtlbnRlcnByaS9wdWJsaWNfaHRtbC93cC1pbmNsdWRlcy9TaW1wbGVQaWUvZDNmeXBuL2NsYXNzLXdwLWh0bWwtYXR0cmlidXRlLXRva2VuLnBocC5waHAudGFyLmd6 HTTP/1.1" 200 1129 "https://www.powertekenterprise.com/wp-includes/SimplePie/d3fypn/?fm=true&=acpi.zip&path=/home/powertekenterpri/public_html/wp-includes/SimplePie/d3fypn/" "Mozilla/5.0 (Linux; Android 7.0;) AppleWebKit/537.36 (KHTML, like Gecko) Mobile Safari/537.36 (compatible; PetalBot;+https://webmaster.petalsearch.com/site/petalbot)"
20.63.60.10 - - [02/Apr/2026:17:03:11 -0400] "GET /wp-content/plugins/hellopress/wp_filemanager.php HTTP/1.1" 301 - "-" "-"
20.63.60.10 - - [02/Apr/2026:17:03:13 -0400] "GET /wp-content/plugins/hellopress/wp_filemanager.php HTTP/1.1" 404 86107 "-" "-"
217.113.194.42 - - [02/Apr/2026:17:03:16 -0400] "GET /wp-includes/SimplePie/d3fypn/?fm=true&path=/opt/alt/ruby18/share/ri/1.8/system/Net HTTP/1.1" 200 13095 "-" "Mozilla/5.0 (compatible; Barkrowler/0.9; +https://babbar.tech/crawler)"
20.63.60.10 - - [02/Apr/2026:17:03:15 -0400] "GET /less.php HTTP/1.1" 301 - "-" "-"
20.63.60.10 - - [02/Apr/2026:17:03:17 -0400] "GET /less.php HTTP/1.1" 404 86107 "-" "-"
217.113.194.48 - - [02/Apr/2026:17:03:29 -0400] "GET /wp-includes/SimplePie/d3fypn/?fm=true&path=/opt/alt/ruby18/share/ri/1.8/system/Fill HTTP/1.1" 200 9915 "-" "Mozilla/5.0 (compatible; Barkrowler/0.9; +https://babbar.tech/crawler)"
154.54.249.197 - - [02/Apr/2026:17:03:42 -0400] "GET /wp-includes/SimplePie/d3fypn/?fm=true&path=/opt/alt/ruby18/share/ri/1.8/system/Math HTTP/1.1" 200 12561 "-" "Mozilla/5.0 (compatible; Barkrowler/0.9; +https://babbar.tech/crawler)"
217.113.194.212 - - [02/Apr/2026:17:03:54 -0400] "GET /wp-includes/SimplePie/d3fypn/?fm=true&path=/opt/alt/ruby18/share/ri/1.8/system/Monitor HTTP/1.1" 200 9922 "-" "Mozilla/5.0 (compatible; Barkrowler/0.9; +https://babbar.tech/crawler)"
217.113.194.49 - - [02/Apr/2026:17:04:07 -0400] "GET /wp-includes/SimplePie/d3fypn/?fm=true&path=/opt/alt/ruby18/share/ri/1.8/system/Object HTTP/1.1" 200 14144 "-" "Mozilla/5.0 (compatible; Barkrowler/0.9; +https://babbar.tech/crawler)"
154.54.249.197 - - [02/Apr/2026:17:04:20 -0400] "GET /wp-includes/SimplePie/d3fypn/?fm=true&path=/opt/alt/ruby18/share/ri/1.8/system/Mail HTTP/1.1" 200 10280 "-" "Mozilla/5.0 (compatible; Barkrowler/0.9; +https://babbar.tech/crawler)"
217.113.194.244 - - [02/Apr/2026:17:04:32 -0400] "GET /wp-includes/SimplePie/d3fypn/?fm=true&path=/opt/alt/ruby18/share/ri/1.8/system/Matrix HTTP/1.1" 200 13626 "-" "Mozilla/5.0 (compatible; Barkrowler/0.9; +https://babbar.tech/crawler)"
198.54.120.101 - - [02/Apr/2026:17:04:40 -0400] "POST /wp-cron.php?doing_wp_cron=1775163880.3750069141387939453125 HTTP/1.1" 200 - "-" "WordPress/6.9.4; https://powertekenterprise.com"
20.198.83.136 - - [02/Apr/2026:17:04:38 -0400] "GET /aa.php HTTP/1.1" 404 86106 "-" "Mozilla/5.0 (Windows NT 10.0; Win64; x64) AppleWebKit/537.36 (KHTML, like Gecko) Chrome/120.0.0.0 Safari/537.36"
20.198.83.136 - - [02/Apr/2026:17:04:41 -0400] "GET /abcd.php HTTP/1.1" 404 86107 "-" "Mozilla/5.0 (Windows NT 10.0; Win64; x64) AppleWebKit/537.36 (KHTML, like Gecko) Chrome/120.0.0.0 Safari/537.36"
217.113.194.47 - - [02/Apr/2026:17:04:45 -0400] "GET /wp-includes/SimplePie/d3fypn/?fm=true&path=/opt/alt/ruby18/share/ri/1.8/system/Method HTTP/1.1" 200 10916 "-" "Mozilla/5.0 (compatible; Barkrowler/0.9; +https://babbar.tech/crawler)"
20.198.83.136 - - [02/Apr/2026:17:04:43 -0400] "GET /admin.php HTTP/1.1" 404 86106 "-" "Mozilla/5.0 (Windows NT 10.0; Win64; x64) AppleWebKit/537.36 (KHTML, like Gecko) Chrome/120.0.0.0 Safari/537.36"
20.198.83.136 - - [02/Apr/2026:17:04:46 -0400] "GET /buy.php HTTP/1.1" 404 86106 "-" "Mozilla/5.0 (Windows NT 10.0; Win64; x64) AppleWebKit/537.36 (KHTML, like Gecko) Chrome/120.0.0.0 Safari/537.36"
20.198.83.136 - - [02/Apr/2026:17:04:49 -0400] "GET /cgi-bin/ HTTP/1.1" 404 86107 "-" "Mozilla/5.0 (Windows NT 10.0; Win64; x64) AppleWebKit/537.36 (KHTML, like Gecko) Chrome/120.0.0.0 Safari/537.36"
198.54.120.101 - - [02/Apr/2026:17:04:55 -0400] "POST /wp-cron.php?doing_wp_cron=1775163895.0140531063079833984375 HTTP/1.1" 200 - "-" "WordPress/6.9.4; https://powertekenterprise.com"
20.198.83.136 - - [02/Apr/2026:17:04:52 -0400] "GET /edit.php HTTP/1.1" 404 86106 "-" "Mozilla/5.0 (Windows NT 10.0; Win64; x64) AppleWebKit/537.36 (KHTML, like Gecko) Chrome/120.0.0.0 Safari/537.36"
20.198.83.136 - - [02/Apr/2026:17:04:55 -0400] "GET /file.php HTTP/1.1" 404 86106 "-" "Mozilla/5.0 (Windows NT 10.0; Win64; x64) AppleWebKit/537.36 (KHTML, like Gecko) Chrome/120.0.0.0 Safari/537.36"
217.113.194.49 - - [02/Apr/2026:17:04:57 -0400] "GET /wp-includes/SimplePie/d3fypn/?fm=true&path=/opt/alt/ruby18/share/ri/1.8/system/DOT HTTP/1.1" 200 10593 "-" "Mozilla/5.0 (compatible; Barkrowler/0.9; +https://babbar.tech/crawler)"
47.128.62.188 - - [02/Apr/2026:17:05:01 -0400] "GET /wp-includes/assets/wpper.php?edit=ti_5052.fw&path=%2Fusr%2Flib%2Ffirmware%2F HTTP/1.1" 200 640 "-" "Mozilla/5.0 (Linux; Android 5.0) AppleWebKit/537.36 (KHTML, like Gecko) Mobile Safari/537.36 (compatible; Bytespider; spider-feedback@bytedance.com)"
20.198.83.136 - - [02/Apr/2026:17:04:58 -0400] "GET /flower.php HTTP/1.1" 404 86106 "-" "Mozilla/5.0 (Windows NT 10.0; Win64; x64) AppleWebKit/537.36 (KHTML, like Gecko) Chrome/120.0.0.0 Safari/537.36"
20.198.83.136 - - [02/Apr/2026:17:05:02 -0400] "GET /images/index.php HTTP/1.1" 301 - "-" "Mozilla/5.0 (Windows NT 10.0; Win64; x64) AppleWebKit/537.36 (KHTML, like Gecko) Chrome/120.0.0.0 Safari/537.36"
20.198.83.136 - - [02/Apr/2026:17:05:03 -0400] "GET /info.php HTTP/1.1" 404 86106 "-" "Mozilla/5.0 (Windows NT 10.0; Win64; x64) AppleWebKit/537.36 (KHTML, like Gecko) Chrome/120.0.0.0 Safari/537.36"
20.198.83.136 - - [02/Apr/2026:17:05:06 -0400] "GET /ioxi-o.php HTTP/1.1" 404 86106 "-" "Mozilla/5.0 (Windows NT 10.0; Win64; x64) AppleWebKit/537.36 (KHTML, like Gecko) Chrome/120.0.0.0 Safari/537.36"
217.113.194.47 - - [02/Apr/2026:17:05:10 -0400] "GET /wp-includes/SimplePie/d3fypn/?fm=true&path=/opt/alt/ruby18/share/ri/1.8/system/Find HTTP/1.1" 200 10103 "-" "Mozilla/5.0 (compatible; Barkrowler/0.9; +https://babbar.tech/crawler)"
20.198.83.136 - - [02/Apr/2026:17:05:09 -0400] "GET /nc4.php HTTP/1.1" 404 86107 "-" "Mozilla/5.0 (Windows NT 10.0; Win64; x64) AppleWebKit/537.36 (KHTML, like Gecko) Chrome/120.0.0.0 Safari/537.36"
20.198.83.136 - - [02/Apr/2026:17:05:12 -0400] "GET /xleet.php HTTP/1.1" 404 86107 "-" "Mozilla/5.0 (Windows NT 10.0; Win64; x64) AppleWebKit/537.36 (KHTML, like Gecko) Chrome/120.0.0.0 Safari/537.36"
20.198.83.136 - - [02/Apr/2026:17:05:15 -0400] "GET /wp-admin/includes/ HTTP/1.1" 200 2408 "-" "Mozilla/5.0 (Windows NT 10.0; Win64; x64) AppleWebKit/537.36 (KHTML, like Gecko) Chrome/120.0.0.0 Safari/537.36"
20.198.83.136 - - [02/Apr/2026:17:05:16 -0400] "GET /wp-content/upgrade/index.php HTTP/1.1" 301 - "-" "Mozilla/5.0 (Windows NT 10.0; Win64; x64) AppleWebKit/537.36 (KHTML, like Gecko) Chrome/120.0.0.0 Safari/537.36"
20.198.83.136 - - [02/Apr/2026:17:05:18 -0400] "GET /wp-content/uploads/admin.php HTTP/1.1" 404 86107 "-" "Mozilla/5.0 (Windows NT 10.0; Win64; x64) AppleWebKit/537.36 (KHTML, like Gecko) Chrome/120.0.0.0 Safari/537.36"
20.198.83.136 - - [02/Apr/2026:17:05:20 -0400] "GET /wp-good.php HTTP/1.1" 404 86107 "-" "Mozilla/5.0 (Windows NT 10.0; Win64; x64) AppleWebKit/537.36 (KHTML, like Gecko) Chrome/120.0.0.0 Safari/537.36"
217.113.194.44 - - [02/Apr/2026:17:05:23 -0400] "GET /wp-includes/SimplePie/d3fypn/?fm=true&path=/opt/alt/ruby18/share/ri/1.8/system/CGI HTTP/1.1" 200 12476 "-" "Mozilla/5.0 (compatible; Barkrowler/0.9; +https://babbar.tech/crawler)"
20.198.83.136 - - [02/Apr/2026:17:05:23 -0400] "GET /wp-includes/Text/Diff/Renderer/ HTTP/1.1" 200 391 "-" "Mozilla/5.0 (Windows NT 10.0; Win64; x64) AppleWebKit/537.36 (KHTML, like Gecko) Chrome/120.0.0.0 Safari/537.36"
20.198.83.136 - - [02/Apr/2026:17:05:24 -0400] "GET /wp-includes/style-engine/ HTTP/1.1" 200 477 "-" "Mozilla/5.0 (Windows NT 10.0; Win64; x64) AppleWebKit/537.36 (KHTML, like Gecko) Chrome/120.0.0.0 Safari/537.36"
20.198.83.136 - - [02/Apr/2026:17:05:24 -0400] "GET /xmrlpc.php HTTP/1.1" 404 86106 "-" "Mozilla/5.0 (Windows NT 10.0; Win64; x64) AppleWebKit/537.36 (KHTML, like Gecko) Chrome/120.0.0.0 Safari/537.36"
20.198.83.136 - - [02/Apr/2026:17:05:27 -0400] "GET /about.php HTTP/1.1" 404 86107 "-" "Mozilla/5.0 (Windows NT 10.0; Win64; x64) AppleWebKit/537.36 (KHTML, like Gecko) Chrome/120.0.0.0 Safari/537.36"
20.198.83.136 - - [02/Apr/2026:17:05:29 -0400] "GET /adminfuns.php HTTP/1.1" 404 86106 "-" "Mozilla/5.0 (Windows NT 10.0; Win64; x64) AppleWebKit/537.36 (KHTML, like Gecko) Chrome/120.0.0.0 Safari/537.36"
20.198.83.136 - - [02/Apr/2026:17:05:32 -0400] "GET /alfa.php HTTP/1.1" 404 86106 "-" "Mozilla/5.0 (Windows NT 10.0; Win64; x64) AppleWebKit/537.36 (KHTML, like Gecko) Chrome/120.0.0.0 Safari/537.36"
217.113.194.44 - - [02/Apr/2026:17:05:36 -0400] "GET /wp-includes/SimplePie/d3fypn/?fm=true&path=/opt/alt/ruby18/share/ri/1.8/system/Dir HTTP/1.1" 200 11983 "-" "Mozilla/5.0 (compatible; Barkrowler/0.9; +https://babbar.tech/crawler)"
198.54.120.101 - - [02/Apr/2026:17:05:37 -0400] "POST /wp-cron.php?doing_wp_cron=1775163937.2973029613494873046875 HTTP/1.1" 200 - "-" "WordPress/6.9.4; https://powertekenterprise.com"
20.198.83.136 - - [02/Apr/2026:17:05:35 -0400] "GET /asasx.php HTTP/1.1" 404 86106 "-" "Mozilla/5.0 (Windows NT 10.0; Win64; x64) AppleWebKit/537.36 (KHTML, like Gecko) Chrome/120.0.0.0 Safari/537.36"
20.198.83.136 - - [02/Apr/2026:17:05:38 -0400] "GET /autoload_classmap.php HTTP/1.1" 404 86107 "-" "Mozilla/5.0 (Windows NT 10.0; Win64; x64) AppleWebKit/537.36 (KHTML, like Gecko) Chrome/120.0.0.0 Safari/537.36"
20.198.83.136 - - [02/Apr/2026:17:05:40 -0400] "GET /classwithtostring.php HTTP/1.1" 404 86106 "-" "Mozilla/5.0 (Windows NT 10.0; Win64; x64) AppleWebKit/537.36 (KHTML, like Gecko) Chrome/120.0.0.0 Safari/537.36"
20.198.83.136 - - [02/Apr/2026:17:05:43 -0400] "GET /cong.php HTTP/1.1" 404 86106 "-" "Mozilla/5.0 (Windows NT 10.0; Win64; x64) AppleWebKit/537.36 (KHTML, like Gecko) Chrome/120.0.0.0 Safari/537.36"
20.198.83.136 - - [02/Apr/2026:17:05:46 -0400] "GET /file2.php HTTP/1.1" 404 86106 "-" "Mozilla/5.0 (Windows NT 10.0; Win64; x64) AppleWebKit/537.36 (KHTML, like Gecko) Chrome/120.0.0.0 Safari/537.36"
217.113.194.43 - - [02/Apr/2026:17:05:48 -0400] "GET /wp-includes/SimplePie/d3fypn/?fm=true&path=/opt/alt/ruby34/share/ruby/digest/sha2/. HTTP/1.1" 200 9882 "-" "Mozilla/5.0 (compatible; Barkrowler/0.9; +https://babbar.tech/crawler)"
20.198.83.136 - - [02/Apr/2026:17:05:49 -0400] "GET /moon.php HTTP/1.1" 404 86107 "-" "Mozilla/5.0 (Windows NT 10.0; Win64; x64) AppleWebKit/537.36 (KHTML, like Gecko) Chrome/120.0.0.0 Safari/537.36"
20.198.83.136 - - [02/Apr/2026:17:05:52 -0400] "GET /wp-admin/css/colors/blue/index.php HTTP/1.1" 301 - "-" "Mozilla/5.0 (Windows NT 10.0; Win64; x64) AppleWebKit/537.36 (KHTML, like Gecko) Chrome/120.0.0.0 Safari/537.36"
20.198.83.136 - - [02/Apr/2026:17:05:53 -0400] "GET /wp-content/index.php HTTP/1.1" 301 - "-" "Mozilla/5.0 (Windows NT 10.0; Win64; x64) AppleWebKit/537.36 (KHTML, like Gecko) Chrome/120.0.0.0 Safari/537.36"
20.198.83.136 - - [02/Apr/2026:17:05:55 -0400] "GET /wp-content/plugins/yanierin/akcc.php HTTP/1.1" 404 86106 "-" "Mozilla/5.0 (Windows NT 10.0; Win64; x64) AppleWebKit/537.36 (KHTML, like Gecko) Chrome/120.0.0.0 Safari/537.36"
20.198.83.136 - - [02/Apr/2026:17:05:58 -0400] "GET /wp-content/uploads/index.php HTTP/1.1" 301 - "-" "Mozilla/5.0 (Windows NT 10.0; Win64; x64) AppleWebKit/537.36 (KHTML, like Gecko) Chrome/120.0.0.0 Safari/537.36"
217.113.194.244 - - [02/Apr/2026:17:06:01 -0400] "GET /wp-includes/SimplePie/d3fypn/?fm=true&path=/opt/alt/ruby34/share/ruby/net/http/.. HTTP/1.1" 200 10150 "-" "Mozilla/5.0 (compatible; Barkrowler/0.9; +https://babbar.tech/crawler)"
20.198.83.136 - - [02/Apr/2026:17:05:59 -0400] "GET /wp-content/wp-conflg.php HTTP/1.1" 404 86107 "-" "Mozilla/5.0 (Windows NT 10.0; Win64; x64) AppleWebKit/537.36 (KHTML, like Gecko) Chrome/120.0.0.0 Safari/537.36"
20.198.83.136 - - [02/Apr/2026:17:06:02 -0400] "GET /wp-cron.php HTTP/1.1" 200 - "-" "Mozilla/5.0 (Windows NT 10.0; Win64; x64) AppleWebKit/537.36 (KHTML, like Gecko) Chrome/120.0.0.0 Safari/537.36"
20.198.83.136 - - [02/Apr/2026:17:06:02 -0400] "GET /wp-includes/IXR/ HTTP/1.1" 200 592 "-" "Mozilla/5.0 (Windows NT 10.0; Win64; x64) AppleWebKit/537.36 (KHTML, like Gecko) Chrome/120.0.0.0 Safari/537.36"
20.198.83.136 - - [02/Apr/2026:17:06:03 -0400] "GET /wp-includes/block-supports/ HTTP/1.1" 200 820 "-" "Mozilla/5.0 (Windows NT 10.0; Win64; x64) AppleWebKit/537.36 (KHTML, like Gecko) Chrome/120.0.0.0 Safari/537.36"
20.198.83.136 - - [02/Apr/2026:17:06:03 -0400] "GET /wp-includes/fonts/ HTTP/1.1" 200 594 "-" "Mozilla/5.0 (Windows NT 10.0; Win64; x64) AppleWebKit/537.36 (KHTML, like Gecko) Chrome/120.0.0.0 Safari/537.36"
20.198.83.136 - - [02/Apr/2026:17:06:03 -0400] "GET /wp-includes/fonts/index.php HTTP/1.1" 301 - "-" "Mozilla/5.0 (Windows NT 10.0; Win64; x64) AppleWebKit/537.36 (KHTML, like Gecko) Chrome/120.0.0.0 Safari/537.36"
20.198.83.136 - - [02/Apr/2026:17:06:05 -0400] "GET /wp-includes/js/crop/ HTTP/1.1" 200 471 "-" "Mozilla/5.0 (Windows NT 10.0; Win64; x64) AppleWebKit/537.36 (KHTML, like Gecko) Chrome/120.0.0.0 Safari/537.36"
20.198.83.136 - - [02/Apr/2026:17:06:06 -0400] "GET /wp-includes/rest-api/ HTTP/1.1" 200 495 "-" "Mozilla/5.0 (Windows NT 10.0; Win64; x64) AppleWebKit/537.36 (KHTML, like Gecko) Chrome/120.0.0.0 Safari/537.36"
20.198.83.136 - - [02/Apr/2026:17:06:07 -0400] "GET /wp-includes/widgets/ HTTP/1.1" 200 747 "-" "Mozilla/5.0 (Windows NT 10.0; Win64; x64) AppleWebKit/537.36 (KHTML, like Gecko) Chrome/120.0.0.0 Safari/537.36"
217.113.194.42 - - [02/Apr/2026:17:06:13 -0400] "GET /wp-includes/SimplePie/d3fypn/?fm=true&path=/opt/alt/ruby34/share/ruby/reline/io/. HTTP/1.1" 200 10057 "-" "Mozilla/5.0 (compatible; Barkrowler/0.9; +https://babbar.tech/crawler)"
217.113.194.49 - - [02/Apr/2026:17:06:26 -0400] "GET /wp-includes/SimplePie/d3fypn/?fm=true&path=/opt/alt/ruby27/share/ruby/rss/maker/.. HTTP/1.1" 200 11844 "-" "Mozilla/5.0 (compatible; Barkrowler/0.9; +https://babbar.tech/crawler)"
217.113.194.45 - - [02/Apr/2026:17:06:39 -0400] "GET /wp-includes/SimplePie/d3fypn/?fm=true&path=/opt/alt/ruby27/share/ruby/rss/dublincore/. HTTP/1.1" 200 10050 "-" "Mozilla/5.0 (compatible; Barkrowler/0.9; +https://babbar.tech/crawler)"
217.113.194.42 - - [02/Apr/2026:17:06:51 -0400] "GET /wp-includes/SimplePie/d3fypn/?fm=true&path=/opt/alt/ruby27/share/ruby/irb/lc/ja HTTP/1.1" 200 10101 "-" "Mozilla/5.0 (compatible; Barkrowler/0.9; +https://babbar.tech/crawler)"
114.119.156.134 - - [02/Apr/2026:17:06:52 -0400] "GET /wp-includes/assets/wpper.php?path=/home/powertekenterpri/public_html/wp-includes/Requests/ HTTP/1.1" 200 2797 "https://powertekenterprise.com/wp-includes/assets/wpper.php?edit=library&path=/home/powertekenterpri/public_html/wp-includes/Requests/" "Mozilla/5.0 (Linux; Android 7.0;) AppleWebKit/537.36 (KHTML, like Gecko) Mobile Safari/537.36 (compatible; PetalBot;+https://webmaster.petalsearch.com/site/petalbot)"
217.113.194.45 - - [02/Apr/2026:17:07:04 -0400] "GET /wp-includes/SimplePie/d3fypn/?fm=true&path=/opt/alt/ruby27/share/ruby/irb/ext/. HTTP/1.1" 200 10509 "-" "Mozilla/5.0 (compatible; Barkrowler/0.9; +https://babbar.tech/crawler)"
217.113.194.49 - - [02/Apr/2026:17:07:16 -0400] "GET /wp-includes/SimplePie/d3fypn/?fm=true&path=/opt/alt/ruby27/share/ruby/net/pop/.. HTTP/1.1" 200 10593 "-" "Mozilla/5.0 (compatible; Barkrowler/0.9; +https://babbar.tech/crawler)"
217.113.194.49 - - [02/Apr/2026:17:07:29 -0400] "GET /wp-includes/SimplePie/d3fypn/?fm=true&path=/opt/alt/ruby27/share/ruby/net/http/.. HTTP/1.1" 200 10593 "-" "Mozilla/5.0 (compatible; Barkrowler/0.9; +https://babbar.tech/crawler)"
217.113.194.51 - - [02/Apr/2026:17:07:41 -0400] "GET /wp-includes/SimplePie/d3fypn/?fm=true&path=/opt/alt/ruby27/share/ruby/net/smtp/. HTTP/1.1" 200 9888 "-" "Mozilla/5.0 (compatible; Barkrowler/0.9; +https://babbar.tech/crawler)"
47.128.62.12 - - [02/Apr/2026:17:07:47 -0400] "GET /wp-includes/assets/wpper.php?edit=fd&path=%2Fusr%2Flib%2F.build-id%2F HTTP/1.1" 200 631 "-" "Mozilla/5.0 (Linux; Android 5.0) AppleWebKit/537.36 (KHTML, like Gecko) Mobile Safari/537.36 (compatible; Bytespider; spider-feedback@bytedance.com)"
217.113.194.48 - - [02/Apr/2026:17:07:54 -0400] "GET /wp-includes/SimplePie/d3fypn/?fm=true&path=/opt/alt/ruby34/include/ruby/backward/2/. HTTP/1.1" 200 10759 "-" "Mozilla/5.0 (compatible; Barkrowler/0.9; +https://babbar.tech/crawler)"
217.113.194.46 - - [02/Apr/2026:17:08:07 -0400] "GET /wp-includes/SimplePie/d3fypn/?fm=true&path=/opt/alt/ruby34/include/ruby/internal/attr/. HTTP/1.1" 200 12020 "-" "Mozilla/5.0 (compatible; Barkrowler/0.9; +https://babbar.tech/crawler)"
217.113.194.47 - - [02/Apr/2026:17:08:19 -0400] "GET /wp-includes/SimplePie/d3fypn/?fm=true&path=/opt/alt/ruby32/include/ruby/backward/2/. HTTP/1.1" 200 10757 "-" "Mozilla/5.0 (compatible; Barkrowler/0.9; +https://babbar.tech/crawler)"
217.113.194.212 - - [02/Apr/2026:17:08:32 -0400] "GET /wp-includes/SimplePie/d3fypn/?fm=true&path=/opt/alt/ruby32/include/ruby/internal/attr/. HTTP/1.1" 200 11907 "-" "Mozilla/5.0 (compatible; Barkrowler/0.9; +https://babbar.tech/crawler)"
217.113.194.46 - - [02/Apr/2026:17:08:45 -0400] "GET /wp-includes/SimplePie/d3fypn/?fm=true&path=/opt/alt/ruby18/lib64/ruby/1.8/rss/. HTTP/1.1" 200 11854 "-" "Mozilla/5.0 (compatible; Barkrowler/0.9; +https://babbar.tech/crawler)"
217.113.194.212 - - [02/Apr/2026:17:08:58 -0400] "GET /wp-includes/SimplePie/d3fypn/?fm=true&path=/opt/alt/ruby30/include/ruby/internal/intern/select HTTP/1.1" 200 9993 "-" "Mozilla/5.0 (compatible; Barkrowler/0.9; +https://babbar.tech/crawler)"
217.113.194.51 - - [02/Apr/2026:17:09:10 -0400] "GET /wp-includes/SimplePie/d3fypn/?fm=true&path=/opt/alt/ruby31/include/ruby/internal/has/. HTTP/1.1" 200 10518 "-" "Mozilla/5.0 (compatible; Barkrowler/0.9; +https://babbar.tech/crawler)"
114.119.131.97 - - [02/Apr/2026:17:09:16 -0400] "GET /wp-includes/SimplePie/d3fypn/?fm=true&rights=document.svg.svg.tar.gz&path=/home/powertekenterpri/public_html/wp-includes/SimplePie/d3fypn/ HTTP/1.1" 200 8863 "https://powertekenterprise.com/wp-includes/SimplePie/d3fypn/?fm=true&=HSalsa20.php.tar&path=/home/powertekenterpri/public_html/wp-includes/SimplePie/d3fypn/" "Mozilla/5.0 (Linux; Android 7.0;) AppleWebKit/537.36 (KHTML, like Gecko) Mobile Safari/537.36 (compatible; PetalBot;+https://webmaster.petalsearch.com/site/petalbot)"
198.54.120.101 - - [02/Apr/2026:17:09:21 -0400] "POST /wp-cron.php?doing_wp_cron=1775164161.1507179737091064453125 HTTP/1.1" 200 - "-" "WordPress/6.9.4; https://powertekenterprise.com"
43.135.115.233 - - [02/Apr/2026:17:09:17 -0400] "GET /product-category/construction-machines/ HTTP/1.1" 200 22780 "-" "Mozilla/5.0 (iPhone; CPU iPhone OS 13_2_3 like Mac OS X) AppleWebKit/605.1.15 (KHTML, like Gecko) Version/13.0.3 Mobile/15E148 Safari/604.1"
217.113.194.44 - - [02/Apr/2026:17:09:23 -0400] "GET /wp-includes/SimplePie/d3fypn/?fm=true&path=/opt/alt/ruby31/include/ruby/internal/attr/. HTTP/1.1" 200 11812 "-" "Mozilla/5.0 (compatible; Barkrowler/0.9; +https://babbar.tech/crawler)"
217.113.194.46 - - [02/Apr/2026:17:09:36 -0400] "GET /wp-includes/SimplePie/d3fypn/?fm=true&path=/opt/alt/ruby31/include/ruby/internal/core/. HTTP/1.1" 200 10877 "-" "Mozilla/5.0 (compatible; Barkrowler/0.9; +https://babbar.tech/crawler)"
217.113.194.42 - - [02/Apr/2026:17:09:49 -0400] "GET /wp-includes/SimplePie/d3fypn/?fm=true&path=/opt/alt/ruby31/include/ruby/internal/intern/.. HTTP/1.1" 200 13325 "-" "Mozilla/5.0 (compatible; Barkrowler/0.9; +https://babbar.tech/crawler)"
217.113.194.46 - - [02/Apr/2026:17:10:01 -0400] "GET /wp-includes/SimplePie/d3fypn/?fm=true&path=/opt/alt/ruby31/include/ruby/backward/2/. HTTP/1.1" 200 10758 "-" "Mozilla/5.0 (compatible; Barkrowler/0.9; +https://babbar.tech/crawler)"
217.113.194.50 - - [02/Apr/2026:17:10:14 -0400] "GET /wp-includes/SimplePie/d3fypn/?fm=true&path=/opt/alt/ruby33/include/ruby/internal/intern/select HTTP/1.1" 200 9994 "-" "Mozilla/5.0 (compatible; Barkrowler/0.9; +https://babbar.tech/crawler)"
114.119.153.169 - - [02/Apr/2026:17:10:15 -0400] "GET /wp-includes/SimplePie/d3fypn/?fm=true&rename=90.tar&path=/home/powertekenterpri/public_html/wp-includes/SimplePie/d3fypn/ HTTP/1.1" 200 8847 "https://powertekenterprise.com/wp-includes/SimplePie/d3fypn/?fm=true&=Capability.php.php.tar.gz&path=/home/powertekenterpri/public_html/wp-includes/SimplePie/d3fypn/" "Mozilla/5.0 (Linux; Android 7.0;) AppleWebKit/537.36 (KHTML, like Gecko) Mobile Safari/537.36 (compatible; PetalBot;+https://webmaster.petalsearch.com/site/petalbot)"
217.113.194.51 - - [02/Apr/2026:17:10:28 -0400] "GET /wp-includes/SimplePie/d3fypn/?fm=true&path=/opt/alt/krb5/usr/share/locale/de/.. HTTP/1.1" 200 9904 "-" "Mozilla/5.0 (compatible; Barkrowler/0.9; +https://babbar.tech/crawler)"
47.128.62.167 - - [02/Apr/2026:17:10:33 -0400] "GET /wp-includes/assets/wpper.php?edit=TAS2XXX12040.bin&path=%2Fusr%2Flib%2Ffirmware%2F HTTP/1.1" 200 647 "-" "Mozilla/5.0 (Linux; Android 5.0) AppleWebKit/537.36 (KHTML, like Gecko) Mobile Safari/537.36 (compatible; Bytespider; spider-feedback@bytedance.com)"
217.113.194.44 - - [02/Apr/2026:17:10:41 -0400] "GET /wp-includes/SimplePie/d3fypn/?fm=true&path=/lib/kbd/consolefonts/partialfonts/.. HTTP/1.1" 200 21842 "-" "Mozilla/5.0 (compatible; Barkrowler/0.9; +https://babbar.tech/crawler)"
217.113.194.42 - - [02/Apr/2026:17:10:54 -0400] "GET /wp-includes/SimplePie/d3fypn/?fm=true&path=/lib/dracut/modules.d/05nss-softokn/. HTTP/1.1" 200 9899 "-" "Mozilla/5.0 (compatible; Barkrowler/0.9; +https://babbar.tech/crawler)"
138.246.253.24 - - [02/Apr/2026:17:11:04 -0400] "GET /robots.txt HTTP/1.1" 200 93 "-" "Mozilla/5.0 (Windows NT 10.0; Win64; x64) AppleWebKit/537.36 (KHTML, like Gecko) Chrome/103.0.5060.134 Safari/537.36"
217.113.194.43 - - [02/Apr/2026:17:11:06 -0400] "GET /wp-includes/SimplePie/d3fypn/?fm=true&path=/lib/dracut/modules.d/01systemd-initrd/. HTTP/1.1" 200 9898 "-" "Mozilla/5.0 (compatible; Barkrowler/0.9; +https://babbar.tech/crawler)"
217.113.194.49 - - [02/Apr/2026:17:11:20 -0400] "GET /wp-includes/SimplePie/d3fypn/?fm=true&path=/lib/dracut/modules.d/90kernel-network-modules/. HTTP/1.1" 200 9915 "-" "Mozilla/5.0 (compatible; Barkrowler/0.9; +https://babbar.tech/crawler)"
217.113.194.43 - - [02/Apr/2026:17:11:33 -0400] "GET /wp-includes/SimplePie/d3fypn/?fm=true&path=/lib/dracut/modules.d/90kernel-network-modules/.. HTTP/1.1" 200 15293 "-" "Mozilla/5.0 (compatible; Barkrowler/0.9; +https://babbar.tech/crawler)"
114.119.136.138 - - [02/Apr/2026:17:11:44 -0400] "GET /wp-includes/SimplePie/d3fypn/?download=L2hvbWUvcG93ZXJ0ZWtlbnRlcnByaS9wdWJsaWNfaHRtbC93cC1pbmNsdWRlcy9TaW1wbGVQaWUvZDNmeXBuL0hTYWxzYTIwLnBocC50YXI%3D HTTP/1.1" 200 5734 "https://powertekenterprise.com/wp-includes/SimplePie/d3fypn/?fm=true&=openldap.tar&path=/home/powertekenterpri/public_html/wp-includes/SimplePie/d3fypn/" "Mozilla/5.0 (Linux; Android 7.0;) AppleWebKit/537.36 (KHTML, like Gecko) Mobile Safari/537.36 (compatible; PetalBot;+https://webmaster.petalsearch.com/site/petalbot)"
217.113.194.49 - - [02/Apr/2026:17:11:46 -0400] "GET /wp-includes/SimplePie/d3fypn/?fm=true&path=/lib/dracut/modules.d/95ssh-client/.. HTTP/1.1" 200 15293 "-" "Mozilla/5.0 (compatible; Barkrowler/0.9; +https://babbar.tech/crawler)"
217.113.194.244 - - [02/Apr/2026:17:11:58 -0400] "GET /wp-includes/SimplePie/d3fypn/?fm=true&path=/lib/dracut/modules.d/99kdumpbase/.. HTTP/1.1" 200 15294 "-" "Mozilla/5.0 (compatible; Barkrowler/0.9; +https://babbar.tech/crawler)"
154.54.249.197 - - [02/Apr/2026:17:12:11 -0400] "GET /wp-includes/SimplePie/d3fypn/?fm=true&path=/lib/dracut/modules.d/99memstrack/.. HTTP/1.1" 200 15294 "-" "Mozilla/5.0 (compatible; Barkrowler/0.9; +https://babbar.tech/crawler)"
217.113.194.48 - - [02/Apr/2026:17:12:24 -0400] "GET /wp-includes/SimplePie/d3fypn/?fm=true&path=/lib/rpm/platform/x86_64-linux/.. HTTP/1.1" 200 13793 "-" "Mozilla/5.0 (compatible; Barkrowler/0.9; +https://babbar.tech/crawler)"
217.113.194.51 - - [02/Apr/2026:17:12:36 -0400] "GET /wp-includes/SimplePie/d3fypn/?fm=true&path=/lib/rpm/platform/riscv64-linux/.. HTTP/1.1" 200 13792 "-" "Mozilla/5.0 (compatible; Barkrowler/0.9; +https://babbar.tech/crawler)"
154.54.249.197 - - [02/Apr/2026:17:12:49 -0400] "GET /wp-includes/SimplePie/d3fypn/?fm=true&path=/lib/rpm/platform/sparcv9-linux/.. HTTP/1.1" 200 13793 "-" "Mozilla/5.0 (compatible; Barkrowler/0.9; +https://babbar.tech/crawler)"
154.54.249.197 - - [02/Apr/2026:17:13:02 -0400] "GET /wp-includes/SimplePie/d3fypn/?fm=true&path=/lib/rpm/platform/mips64r6-linux/. HTTP/1.1" 200 9863 "-" "Mozilla/5.0 (compatible; Barkrowler/0.9; +https://babbar.tech/crawler)"
198.54.120.101 - - [02/Apr/2026:17:13:14 -0400] "POST /wp-cron.php?doing_wp_cron=1775164394.5792009830474853515625 HTTP/1.1" 200 - "-" "WordPress/6.9.4; https://powertekenterprise.com"
47.88.60.135 - - [02/Apr/2026:17:13:11 -0400] "GET / HTTP/1.1" 200 21722 "-" "Mozilla/5.0 (Windows NT 10.0; Win64; x64) AppleWebKit/537.36 (KHTML, like Gecko) Chrome/134.0.0.0 Safari/537.36 Edg/134.0.0.0"
217.113.194.212 - - [02/Apr/2026:17:13:14 -0400] "GET /wp-includes/SimplePie/d3fypn/?fm=true&path=/lib/rpm/platform/mipsr6el-linux/. HTTP/1.1" 200 9863 "-" "Mozilla/5.0 (compatible; Barkrowler/0.9; +https://babbar.tech/crawler)"
47.88.60.135 - - [02/Apr/2026:17:13:19 -0400] "GET /about-us/ HTTP/1.1" 200 20734 "https://powertekenterprise.com/" "Mozilla/5.0 (Windows NT 10.0; Win64; x64) AppleWebKit/537.36 (KHTML, like Gecko) Chrome/134.0.0.0 Safari/537.36 Edg/134.0.0.0"
47.128.62.179 - - [02/Apr/2026:17:13:23 -0400] "GET /wp-includes/assets/wpper.php?edit=WPRocket&path=%2Fhome%2Fpowertekenterpri%2Fpublic_html%2Fwp-content%2Fplugins%2Fsmart-slider-3%2FNextend%2FSmartSlider3%2FPlatform%2FWordPress%2FIntegration%2F HTTP/1.1" 200 708 "-" "Mozilla/5.0 (Linux; Android 5.0) AppleWebKit/537.36 (KHTML, like Gecko) Mobile Safari/537.36 (compatible; Bytespider; spider-feedback@bytedance.com)"
47.88.60.135 - - [02/Apr/2026:17:13:23 -0400] "GET /shop/ HTTP/1.1" 200 23473 "https://powertekenterprise.com/" "Mozilla/5.0 (Windows NT 10.0; Win64; x64) AppleWebKit/537.36 (KHTML, like Gecko) Chrome/134.0.0.0 Safari/537.36 Edg/134.0.0.0"
217.113.194.44 - - [02/Apr/2026:17:13:27 -0400] "GET /wp-includes/SimplePie/d3fypn/?fm=true&path=/lib/rpm/platform/armv3l-linux/.. HTTP/1.1" 200 13793 "-" "Mozilla/5.0 (compatible; Barkrowler/0.9; +https://babbar.tech/crawler)"
47.88.60.135 - - [02/Apr/2026:17:13:29 -0400] "GET /product-category/paper-product-machines/paper-finishing-printing-machines/ HTTP/1.1" 200 19623 "https://powertekenterprise.com/" "Mozilla/5.0 (Windows NT 10.0; Win64; x64) AppleWebKit/537.36 (KHTML, like Gecko) Chrome/134.0.0.0 Safari/537.36 Edg/134.0.0.0"
47.88.60.135 - - [02/Apr/2026:17:13:31 -0400] "GET /product-category/paper-product-machines/paper-disposable-machines/ HTTP/1.1" 200 19487 "https://powertekenterprise.com/" "Mozilla/5.0 (Windows NT 10.0; Win64; x64) AppleWebKit/537.36 (KHTML, like Gecko) Chrome/134.0.0.0 Safari/537.36 Edg/134.0.0.0"
47.88.60.135 - - [02/Apr/2026:17:13:33 -0400] "GET /product-category/paper-product-machines/paper-converting-machines/ HTTP/1.1" 200 20176 "https://powertekenterprise.com/" "Mozilla/5.0 (Windows NT 10.0; Win64; x64) AppleWebKit/537.36 (KHTML, like Gecko) Chrome/134.0.0.0 Safari/537.36 Edg/134.0.0.0"
198.54.120.101 - - [02/Apr/2026:17:13:39 -0400] "POST /wp-cron.php?doing_wp_cron=1775164419.2194030284881591796875 HTTP/1.1" 200 - "-" "WordPress/6.9.4; https://powertekenterprise.com"
47.88.60.135 - - [02/Apr/2026:17:13:36 -0400] "GET /product-category/paper-product-machines/paper-bag-making-machines/ HTTP/1.1" 200 20378 "https://powertekenterprise.com/" "Mozilla/5.0 (Windows NT 10.0; Win64; x64) AppleWebKit/537.36 (KHTML, like Gecko) Chrome/134.0.0.0 Safari/537.36 Edg/134.0.0.0"
47.88.60.135 - - [02/Apr/2026:17:13:36 -0400] "GET /product-category/paper-product-machines/paper-bag-accessories/ HTTP/1.1" 200 18940 "https://powertekenterprise.com/" "Mozilla/5.0 (Windows NT 10.0; Win64; x64) AppleWebKit/537.36 (KHTML, like Gecko) Chrome/134.0.0.0 Safari/537.36 Edg/134.0.0.0"
217.113.194.44 - - [02/Apr/2026:17:13:40 -0400] "GET /wp-includes/SimplePie/d3fypn/?fm=true&path=/lib/rpm/platform/armv5tl-linux/.. HTTP/1.1" 200 13793 "-" "Mozilla/5.0 (compatible; Barkrowler/0.9; +https://babbar.tech/crawler)"
47.88.60.135 - - [02/Apr/2026:17:13:41 -0400] "GET /product-category/paper-product-machines/non-woven-mask-machines/ HTTP/1.1" 200 19034 "https://powertekenterprise.com/" "Mozilla/5.0 (Windows NT 10.0; Win64; x64) AppleWebKit/537.36 (KHTML, like Gecko) Chrome/134.0.0.0 Safari/537.36 Edg/134.0.0.0"
47.88.60.135 - - [02/Apr/2026:17:13:41 -0400] "GET /product-category/paper-product-machines/non-woven-bag-machines/ HTTP/1.1" 200 19681 "https://powertekenterprise.com/" "Mozilla/5.0 (Windows NT 10.0; Win64; x64) AppleWebKit/537.36 (KHTML, like Gecko) Chrome/134.0.0.0 Safari/537.36 Edg/134.0.0.0"
20.200.222.0 - - [02/Apr/2026:17:13:46 -0400] "GET /aa.php HTTP/1.1" 301 - "-" "Mozilla/5.0 (Windows NT 10.0; Win64; x64) AppleWebKit/537.36 (KHTML, like Gecko) Chrome/120.0.0.0 Safari/537.36"
47.88.60.135 - - [02/Apr/2026:17:13:46 -0400] "GET /product-category/food-processing-machines/packing-machines/ HTTP/1.1" 200 19245 "https://powertekenterprise.com/" "Mozilla/5.0 (Windows NT 10.0; Win64; x64) AppleWebKit/537.36 (KHTML, like Gecko) Chrome/134.0.0.0 Safari/537.36 Edg/134.0.0.0"
47.88.60.135 - - [02/Apr/2026:17:13:46 -0400] "GET /product-category/food-processing-machines/oil-extraction-machines/ HTTP/1.1" 200 19466 "https://powertekenterprise.com/" "Mozilla/5.0 (Windows NT 10.0; Win64; x64) AppleWebKit/537.36 (KHTML, like Gecko) Chrome/134.0.0.0 Safari/537.36 Edg/134.0.0.0"
20.200.222.0 - - [02/Apr/2026:17:13:49 -0400] "GET /abcd.php HTTP/1.1" 301 - "-" "Mozilla/5.0 (Windows NT 10.0; Win64; x64) AppleWebKit/537.36 (KHTML, like Gecko) Chrome/120.0.0.0 Safari/537.36"
47.88.60.135 - - [02/Apr/2026:17:13:46 -0400] "GET /product-category/paper-product-machines/ HTTP/1.1" 200 24326 "https://powertekenterprise.com/" "Mozilla/5.0 (Windows NT 10.0; Win64; x64) AppleWebKit/537.36 (KHTML, like Gecko) Chrome/134.0.0.0 Safari/537.36 Edg/134.0.0.0"
217.113.194.51 - - [02/Apr/2026:17:13:52 -0400] "GET /wp-includes/SimplePie/d3fypn/?fm=true&path=/lib/rpm/platform/ppc64p7-linux/. HTTP/1.1" 200 9864 "-" "Mozilla/5.0 (compatible; Barkrowler/0.9; +https://babbar.tech/crawler)"
20.200.222.0 - - [02/Apr/2026:17:13:51 -0400] "GET /admin.php HTTP/1.1" 301 - "-" "Mozilla/5.0 (Windows NT 10.0; Win64; x64) AppleWebKit/537.36 (KHTML, like Gecko) Chrome/120.0.0.0 Safari/537.36"
