217.113.194.46 - - [02/Apr/2026:15:30:29 -0400] "GET /wp-includes/SimplePie/d3fypn/?fm=true&path=/usr/lib64/python2.7/Demo/newmetaclasses HTTP/1.1" 200 10272 "-" "Mozilla/5.0 (compatible; Barkrowler/0.9; +https://babbar.tech/crawler)"
198.54.120.101 - - [02/Apr/2026:15:30:34 -0400] "POST /wp-cron.php?doing_wp_cron=1775158233.9507510662078857421875 HTTP/1.1" 200 - "-" "WordPress/6.9.4; https://powertekenterprise.com"
45.38.128.30 - - [02/Apr/2026:15:30:31 -0400] "GET / HTTP/1.1" 200 21722 "-" "Mozilla/5.0 (Windows NT 10.0; Win64; x64) AppleWebKit/537.36 (KHTML, like Gecko) Chrome/139.0.0.0 Safari/537.36"
2600:1f14:1c1:bf02:fddf::6 - - [02/Apr/2026:15:30:34 -0400] "GET /wp-json/oembed/1.0/embed?url=https%3A%2F%2Fpowertekenterprise.com%2F&format=xml HTTP/1.1" 200 1229 "-" "axios/1.13.5"
217.113.194.49 - - [02/Apr/2026:15:30:41 -0400] "GET /wp-includes/SimplePie/d3fypn/?fm=true&path=/usr/lib64/python2.7/Demo/md5test HTTP/1.1" 200 10203 "-" "Mozilla/5.0 (compatible; Barkrowler/0.9; +https://babbar.tech/crawler)"
217.113.194.48 - - [02/Apr/2026:15:30:54 -0400] "GET /wp-includes/SimplePie/d3fypn/?fm=true&path=/usr/lib64/python2.7/multiprocessing/. HTTP/1.1" 200 12503 "-" "Mozilla/5.0 (compatible; Barkrowler/0.9; +https://babbar.tech/crawler)"
217.113.194.49 - - [02/Apr/2026:15:31:07 -0400] "GET /wp-includes/SimplePie/d3fypn/?fm=true&path=/usr/lib64/python2.7/multiprocessing/.. HTTP/1.1" 200 49345 "-" "Mozilla/5.0 (compatible; Barkrowler/0.9; +https://babbar.tech/crawler)"
47.128.62.127 - - [02/Apr/2026:15:31:17 -0400] "GET /wp-includes/theme-compat/yprkzw/?d=%2Fhome%2Fpowertekenterpri%2F%2Fpublic_html%2Fwp-content%2Fuploads%2Fwpcode%2F%2Fb%2Ff%2F%2Fb HTTP/1.1" 200 2887 "-" "Mozilla/5.0 (Linux; Android 5.0) AppleWebKit/537.36 (KHTML, like Gecko) Mobile Safari/537.36 (compatible; Bytespider; spider-feedback@bytedance.com)"
217.113.194.252 - - [02/Apr/2026:15:31:22 -0400] "GET /wp-includes/SimplePie/d3fypn/?fm=true&path=/usr/lib64/python2.7/site-packages/.. HTTP/1.1" 200 49345 "-" "Mozilla/5.0 (compatible; Barkrowler/0.9; +https://babbar.tech/crawler)"
217.113.194.45 - - [02/Apr/2026:15:31:35 -0400] "GET /wp-includes/SimplePie/d3fypn/?fm=true&path=/usr/lib64/python3.6/pydoc_data/. HTTP/1.1" 200 10206 "-" "Mozilla/5.0 (compatible; Barkrowler/0.9; +https://babbar.tech/crawler)"
217.113.194.252 - - [02/Apr/2026:15:31:48 -0400] "GET /wp-includes/SimplePie/d3fypn/?fm=true&path=/usr/lib64/perl5/vendor_perl/Sub/. HTTP/1.1" 200 9895 "-" "Mozilla/5.0 (compatible; Barkrowler/0.9; +https://babbar.tech/crawler)"
217.113.194.47 - - [02/Apr/2026:15:32:01 -0400] "GET /wp-includes/SimplePie/d3fypn/?fm=true&path=/usr/lib64/perl5/vendor_perl/Time/. HTTP/1.1" 200 9898 "-" "Mozilla/5.0 (compatible; Barkrowler/0.9; +https://babbar.tech/crawler)"
217.113.194.44 - - [02/Apr/2026:15:32:13 -0400] "GET /wp-includes/SimplePie/d3fypn/?fm=true&path=/usr/lib64/perl5/vendor_perl/Net/. HTTP/1.1" 200 10197 "-" "Mozilla/5.0 (compatible; Barkrowler/0.9; +https://babbar.tech/crawler)"
217.113.194.47 - - [02/Apr/2026:15:32:26 -0400] "GET /wp-includes/SimplePie/d3fypn/?fm=true&path=/usr/lib64/perl5/vendor_perl/Filter/. HTTP/1.1" 200 10343 "-" "Mozilla/5.0 (compatible; Barkrowler/0.9; +https://babbar.tech/crawler)"
217.113.194.44 - - [02/Apr/2026:15:32:38 -0400] "GET /wp-includes/SimplePie/d3fypn/?fm=true&path=/usr/lib64/perl5/vendor_perl/File/. HTTP/1.1" 200 10007 "-" "Mozilla/5.0 (compatible; Barkrowler/0.9; +https://babbar.tech/crawler)"
217.113.194.47 - - [02/Apr/2026:15:32:51 -0400] "GET /wp-includes/SimplePie/d3fypn/?fm=true&path=/usr/lib64/perl5/vendor_perl/HTML/. HTTP/1.1" 200 10433 "-" "Mozilla/5.0 (compatible; Barkrowler/0.9; +https://babbar.tech/crawler)"
217.113.194.44 - - [02/Apr/2026:15:33:04 -0400] "GET /wp-includes/SimplePie/d3fypn/?fm=true&path=/usr/lib64/perl5/vendor_perl/Data/. HTTP/1.1" 200 9901 "-" "Mozilla/5.0 (compatible; Barkrowler/0.9; +https://babbar.tech/crawler)"
217.113.194.49 - - [02/Apr/2026:15:33:16 -0400] "GET /wp-includes/SimplePie/d3fypn/?fm=true&path=/usr/lib64/perl5/vendor_perl/Devel/. HTTP/1.1" 200 10009 "-" "Mozilla/5.0 (compatible; Barkrowler/0.9; +https://babbar.tech/crawler)"
217.113.194.45 - - [02/Apr/2026:15:33:29 -0400] "GET /wp-includes/SimplePie/d3fypn/?fm=true&path=/usr/lib64/perl5/vendor_perl/common/. HTTP/1.1" 200 9986 "-" "Mozilla/5.0 (compatible; Barkrowler/0.9; +https://babbar.tech/crawler)"
217.113.194.244 - - [02/Apr/2026:15:33:42 -0400] "GET /wp-includes/SimplePie/d3fypn/?fm=true&path=/usr/lib/node_modules/npm/lib/install/action/. HTTP/1.1" 200 11030 "-" "Mozilla/5.0 (compatible; Barkrowler/0.9; +https://babbar.tech/crawler)"
217.113.194.51 - - [02/Apr/2026:15:33:54 -0400] "GET /wp-includes/SimplePie/d3fypn/?fm=true&path=/usr/share/vim/vim80/pack/dist/opt/matchit HTTP/1.1" 200 9945 "-" "Mozilla/5.0 (compatible; Barkrowler/0.9; +https://babbar.tech/crawler)"
217.113.194.244 - - [02/Apr/2026:15:34:07 -0400] "GET /wp-includes/SimplePie/d3fypn/?fm=true&path=/proc/irq/43/megasas0-msix4/. HTTP/1.1" 200 9575 "-" "Mozilla/5.0 (compatible; Barkrowler/0.9; +https://babbar.tech/crawler)"
47.128.62.147 - - [02/Apr/2026:15:34:08 -0400] "GET /wp-includes/theme-compat/yprkzw/?d=%2Fhome%2Fpowertekenterpri%2F%2Fpublic_html%2Fwp-content%2Fplugins%2Fclick-to-chat-for-whatsapp%2F%2Fnew%2Ftools%2Fwoo%2Fwoo-admin HTTP/1.1" 200 3263 "-" "Mozilla/5.0 (Linux; Android 5.0) AppleWebKit/537.36 (KHTML, like Gecko) Mobile Safari/537.36 (compatible; Bytespider; spider-feedback@bytedance.com)"
217.113.194.244 - - [02/Apr/2026:15:34:20 -0400] "GET /wp-includes/SimplePie/d3fypn/?fm=true&path=/proc/irq/41/megasas0-msix2/. HTTP/1.1" 200 9575 "-" "Mozilla/5.0 (compatible; Barkrowler/0.9; +https://babbar.tech/crawler)"
217.113.194.51 - - [02/Apr/2026:15:34:32 -0400] "GET /wp-includes/SimplePie/d3fypn/?fm=true&path=/var/lib/net-snmp/mib_indexes/.. HTTP/1.1" 200 9924 "-" "Mozilla/5.0 (compatible; Barkrowler/0.9; +https://babbar.tech/crawler)"
217.113.194.51 - - [02/Apr/2026:15:34:45 -0400] "GET /wp-includes/SimplePie/d3fypn/?fm=true&path=/var/cpanel/userdata/powertekenterpri/. HTTP/1.1" 200 10325 "-" "Mozilla/5.0 (compatible; Barkrowler/0.9; +https://babbar.tech/crawler)"
217.113.194.45 - - [02/Apr/2026:15:34:58 -0400] "GET /wp-includes/SimplePie/d3fypn/?fm=true&path=/var/cpanel/userdata/powertekenterpri/.. HTTP/1.1" 200 9846 "-" "Mozilla/5.0 (compatible; Barkrowler/0.9; +https://babbar.tech/crawler)"
104.210.140.143 - - [02/Apr/2026:15:35:05 -0400] "GET /robots.txt HTTP/1.1" 304 - "-" "Mozilla/5.0 (Macintosh; Intel Mac OS X 10_15_7) AppleWebKit/537.36 (KHTML, like Gecko) Chrome/131.0.0.0 Safari/537.36; compatible; OAI-SearchBot/1.0; +https://openai.com/searchbot"
217.113.194.48 - - [02/Apr/2026:15:35:10 -0400] "GET /wp-includes/SimplePie/d3fypn/?fm=true&path=/var/softaculous/blesta4/php56/.. HTTP/1.1" 200 11749 "-" "Mozilla/5.0 (compatible; Barkrowler/0.9; +https://babbar.tech/crawler)"
198.54.120.101 - - [02/Apr/2026:15:35:20 -0400] "POST /wp-cron.php?doing_wp_cron=1775158520.6767849922180175781250 HTTP/1.1" 200 - "-" "WordPress/6.9.4; https://powertekenterprise.com"
43.157.95.131 - - [02/Apr/2026:15:35:17 -0400] "GET /product-category/paper-product-machines/paper-finishing-printing-machines/ HTTP/1.1" 200 19623 "-" "Mozilla/5.0 (iPhone; CPU iPhone OS 13_2_3 like Mac OS X) AppleWebKit/605.1.15 (KHTML, like Gecko) Version/13.0.3 Mobile/15E148 Safari/604.1"
217.113.194.48 - - [02/Apr/2026:15:35:23 -0400] "GET /wp-includes/SimplePie/d3fypn/?fm=true&path=/var/imunify360/files/sigs/.. HTTP/1.1" 200 9821 "-" "Mozilla/5.0 (compatible; Barkrowler/0.9; +https://babbar.tech/crawler)"
217.113.194.43 - - [02/Apr/2026:15:35:38 -0400] "GET /wp-includes/SimplePie/d3fypn/?fm=true&path=/home/powertekenterpri/public_html/wp-includes/images/. HTTP/1.1" 200 12401 "-" "Mozilla/5.0 (compatible; Barkrowler/0.9; +https://babbar.tech/crawler)"
217.113.194.252 - - [02/Apr/2026:15:35:50 -0400] "GET /wp-includes/SimplePie/d3fypn/?fm=true&path=/home/powertekenterpri/public_html/wp-includes/blocks HTTP/1.1" 200 23926 "-" "Mozilla/5.0 (compatible; Barkrowler/0.9; +https://babbar.tech/crawler)"
217.113.194.47 - - [02/Apr/2026:15:36:03 -0400] "GET /wp-includes/SimplePie/d3fypn/?fm=true&path=/home/powertekenterpri/public_html/wp-content/themes/. HTTP/1.1" 200 10273 "-" "Mozilla/5.0 (compatible; Barkrowler/0.9; +https://babbar.tech/crawler)"
198.54.120.101 - - [02/Apr/2026:15:36:13 -0400] "POST /wp-cron.php?doing_wp_cron=1775158573.0059940814971923828125 HTTP/1.1" 200 - "-" "WordPress/6.9.4; https://powertekenterprise.com"
45.131.195.32 - - [02/Apr/2026:15:36:11 -0400] "POST /wp-login.php HTTP/1.1" 200 2207 "-" "Mozilla/5.0"
217.113.194.44 - - [02/Apr/2026:15:36:16 -0400] "GET /wp-includes/SimplePie/d3fypn/?fm=true&path=/opt/imunify360/venv/lib/.. HTTP/1.1" 200 10295 "-" "Mozilla/5.0 (compatible; Barkrowler/0.9; +https://babbar.tech/crawler)"
217.113.194.50 - - [02/Apr/2026:15:36:29 -0400] "GET /wp-includes/SimplePie/d3fypn/?fm=true&path=/opt/imunify360/venv/share/.. HTTP/1.1" 200 10296 "-" "Mozilla/5.0 (compatible; Barkrowler/0.9; +https://babbar.tech/crawler)"
217.113.194.47 - - [02/Apr/2026:15:36:41 -0400] "GET /wp-includes/SimplePie/d3fypn/?fm=true&path=/opt/alt/alt-ImageMagick/usr/share/doc/. HTTP/1.1" 200 9950 "-" "Mozilla/5.0 (compatible; Barkrowler/0.9; +https://babbar.tech/crawler)"
47.128.62.137 - - [02/Apr/2026:15:36:50 -0400] "GET /wp-includes/theme-compat/yprkzw/?d=%2Fhome%2F%2Fpowertekenterpri%2F%2F.cagefs%2F%2Fvar%2F%2Fcache HTTP/1.1" 200 3058 "-" "Mozilla/5.0 (Linux; Android 5.0) AppleWebKit/537.36 (KHTML, like Gecko) Mobile Safari/537.36 (compatible; Bytespider; spider-feedback@bytedance.com)"
217.113.194.47 - - [02/Apr/2026:15:36:54 -0400] "GET /wp-includes/SimplePie/d3fypn/?fm=true&path=/opt/alt/postgresql11/usr/share/locale/ru/. HTTP/1.1" 200 9882 "-" "Mozilla/5.0 (compatible; Barkrowler/0.9; +https://babbar.tech/crawler)"
217.113.194.48 - - [02/Apr/2026:15:37:06 -0400] "GET /wp-includes/SimplePie/d3fypn/?fm=true&path=/opt/alt/postgresql11/usr/share/locale/cs/. HTTP/1.1" 200 9882 "-" "Mozilla/5.0 (compatible; Barkrowler/0.9; +https://babbar.tech/crawler)"
114.119.156.134 - - [02/Apr/2026:15:37:10 -0400] "GET /wp-includes/SimplePie/d3fypn/?zip=L2hvbWUvcG93ZXJ0ZWtlbnRlcnByaS9wdWJsaWNfaHRtbC93cC1pbmNsdWRlcy9pbWFnZXMvbWVkaWE%3D HTTP/1.1" 200 6737 "https://www.powertekenterprise.com/wp-includes/SimplePie/d3fypn/?fm=true&path=/home/powertekenterpri/public_html/wp-includes/images/." "Mozilla/5.0 (Linux; Android 7.0;) AppleWebKit/537.36 (KHTML, like Gecko) Mobile Safari/537.36 (compatible; PetalBot;+https://webmaster.petalsearch.com/site/petalbot)"
217.113.194.48 - - [02/Apr/2026:15:37:19 -0400] "GET /wp-includes/SimplePie/d3fypn/?fm=true&path=/opt/alt/postgresql11/usr/share/locale/ja/. HTTP/1.1" 200 9881 "-" "Mozilla/5.0 (compatible; Barkrowler/0.9; +https://babbar.tech/crawler)"
217.113.194.44 - - [02/Apr/2026:15:37:31 -0400] "GET /wp-includes/SimplePie/d3fypn/?fm=true&path=/opt/alt/postgresql11/usr/share/locale/pl/. HTTP/1.1" 200 9882 "-" "Mozilla/5.0 (compatible; Barkrowler/0.9; +https://babbar.tech/crawler)"
217.113.194.212 - - [02/Apr/2026:15:37:44 -0400] "GET /wp-includes/SimplePie/d3fypn/?fm=true&path=/opt/alt/postgresql11/usr/share/locale/de/. HTTP/1.1" 200 9881 "-" "Mozilla/5.0 (compatible; Barkrowler/0.9; +https://babbar.tech/crawler)"
217.113.194.49 - - [02/Apr/2026:15:37:57 -0400] "GET /wp-includes/SimplePie/d3fypn/?fm=true&path=/opt/alt/postgresql11/usr/share/locale/it/. HTTP/1.1" 200 9882 "-" "Mozilla/5.0 (compatible; Barkrowler/0.9; +https://babbar.tech/crawler)"
217.113.194.48 - - [02/Apr/2026:15:38:09 -0400] "GET /wp-includes/SimplePie/d3fypn/?fm=true&path=/opt/alt/postgresql11/usr/share/locale/fr/. HTTP/1.1" 200 9881 "-" "Mozilla/5.0 (compatible; Barkrowler/0.9; +https://babbar.tech/crawler)"
154.54.249.197 - - [02/Apr/2026:15:38:22 -0400] "GET /wp-includes/SimplePie/d3fypn/?fm=true&path=/opt/alt/sqlite/usr/share/man/man1/. HTTP/1.1" 200 9895 "-" "Mozilla/5.0 (compatible; Barkrowler/0.9; +https://babbar.tech/crawler)"
217.113.194.42 - - [02/Apr/2026:15:38:34 -0400] "GET /wp-includes/SimplePie/d3fypn/?fm=true&path=/opt/alt/t1lib/usr/share/man/man5/. HTTP/1.1" 200 9895 "-" "Mozilla/5.0 (compatible; Barkrowler/0.9; +https://babbar.tech/crawler)"
114.119.131.200 - - [02/Apr/2026:15:38:41 -0400] "GET /wp-includes/SimplePie/d3fypn/?fm=true&edit=0.tar&path=/home/powertekenterpri/public_html/wp-includes/SimplePie/d3fypn/ HTTP/1.1" 200 9179 "https://www.powertekenterprise.com/wp-includes/SimplePie/d3fypn/?zip=L2hvbWUvcG93ZXJ0ZWtlbnRlcnByaS9wdWJsaWNfaHRtbC93cC1pbmNsdWRlcy9ibG9ja3MvcG9zdC1jb21tZW50cy1mb3Jt" "Mozilla/5.0 (Linux; Android 7.0;) AppleWebKit/537.36 (KHTML, like Gecko) Mobile Safari/537.36 (compatible; PetalBot;+https://webmaster.petalsearch.com/site/petalbot)"
217.113.194.48 - - [02/Apr/2026:15:38:47 -0400] "GET /wp-includes/SimplePie/d3fypn/?fm=true&path=/opt/alt/t1lib/usr/share/man/man8/. HTTP/1.1" 200 9892 "-" "Mozilla/5.0 (compatible; Barkrowler/0.9; +https://babbar.tech/crawler)"
154.54.249.197 - - [02/Apr/2026:15:39:00 -0400] "GET /wp-includes/SimplePie/d3fypn/?fm=true&path=/opt/alt/pcre/usr/share/man/man1/.. HTTP/1.1" 200 9817 "-" "Mozilla/5.0 (compatible; Barkrowler/0.9; +https://babbar.tech/crawler)"
217.113.194.47 - - [02/Apr/2026:15:39:12 -0400] "GET /wp-includes/SimplePie/d3fypn/?fm=true&path=/opt/alt/pcre802/usr/share/man/man1/. HTTP/1.1" 200 10078 "-" "Mozilla/5.0 (compatible; Barkrowler/0.9; +https://babbar.tech/crawler)"
217.113.194.47 - - [02/Apr/2026:15:39:25 -0400] "GET /wp-includes/SimplePie/d3fypn/?fm=true&path=/opt/alt/pcre802/usr/share/man/man3/. HTTP/1.1" 200 12566 "-" "Mozilla/5.0 (compatible; Barkrowler/0.9; +https://babbar.tech/crawler)"
47.128.62.149 - - [02/Apr/2026:15:39:30 -0400] "GET /wp-includes/assets/wpper.php?path=%2Fvar%2Fsoftaculous%2Fuikit%2Fphp82%2F.. HTTP/1.1" 200 3134 "-" "Mozilla/5.0 (Linux; Android 5.0) AppleWebKit/537.36 (KHTML, like Gecko) Mobile Safari/537.36 (compatible; Bytespider; spider-feedback@bytedance.com)"
217.113.194.44 - - [02/Apr/2026:15:39:38 -0400] "GET /wp-includes/SimplePie/d3fypn/?fm=true&path=/opt/alt/php74/usr/lib64/php/pear/. HTTP/1.1" 200 9577 "-" "Mozilla/5.0 (compatible; Barkrowler/0.9; +https://babbar.tech/crawler)"
114.119.142.7 - - [02/Apr/2026:15:39:44 -0400] "GET /wp-includes/pomo/translations.php HTTP/1.1" 200 - "https://powertekenterprise.com/wp-includes/pomo/?C=D%3BO%3DA" "Mozilla/5.0 (Linux; Android 7.0;) AppleWebKit/537.36 (KHTML, like Gecko) Mobile Safari/537.36 (compatible; PetalBot;+https://webmaster.petalsearch.com/site/petalbot)"
154.54.249.197 - - [02/Apr/2026:15:39:51 -0400] "GET /wp-includes/SimplePie/d3fypn/?fm=true&path=/opt/alt/php74/usr/lib64/php/modules/. HTTP/1.1" 200 18812 "-" "Mozilla/5.0 (compatible; Barkrowler/0.9; +https://babbar.tech/crawler)"
217.113.194.252 - - [02/Apr/2026:15:40:04 -0400] "GET /wp-includes/SimplePie/d3fypn/?fm=true&path=/opt/alt/php74/usr/include/php/ext/xml HTTP/1.1" 200 9996 "-" "Mozilla/5.0 (compatible; Barkrowler/0.9; +https://babbar.tech/crawler)"
198.54.120.101 - - [02/Apr/2026:15:40:10 -0400] "POST /wp-cron.php?doing_wp_cron=1775158810.5161240100860595703125 HTTP/1.1" 200 - "-" "WordPress/6.9.4; https://powertekenterprise.com"
136.109.79.127 - - [02/Apr/2026:15:40:08 -0400] "HEAD /blog/ HTTP/1.1" 301 - "http://www.powertekenterprise.com/blog/" "Mozilla/5.0 (Linux; Android 14; Xiaomi 14 Pro) AppleWebKit/537.36 (KHTML, like Gecko) Chrome/126.0.6478.33 Mobile Safari/537.36"
136.109.79.127 - - [02/Apr/2026:15:40:10 -0400] "HEAD /blog/ HTTP/1.1" 200 - "https://www.powertekenterprise.com/blog/" "Mozilla/5.0 (Linux; Android 14; Xiaomi 14 Pro) AppleWebKit/537.36 (KHTML, like Gecko) Chrome/126.0.6478.33 Mobile Safari/537.36"
136.109.79.127 - - [02/Apr/2026:15:40:12 -0400] "HEAD /new/ HTTP/1.1" 301 - "http://www.powertekenterprise.com/new/" "Mozilla/5.0 (X11; Linux x86_64; rv:127.0) Gecko/20100101 Firefox/127.0"
136.109.79.127 - - [02/Apr/2026:15:40:14 -0400] "HEAD /new/ HTTP/1.1" 404 - "https://www.powertekenterprise.com/new/" "Mozilla/5.0 (X11; Linux x86_64; rv:127.0) Gecko/20100101 Firefox/127.0"
217.113.194.252 - - [02/Apr/2026:15:40:17 -0400] "GET /wp-includes/SimplePie/d3fypn/?fm=true&path=/opt/alt/php74/usr/include/php/ext/session HTTP/1.1" 200 10087 "-" "Mozilla/5.0 (compatible; Barkrowler/0.9; +https://babbar.tech/crawler)"
136.109.79.127 - - [02/Apr/2026:15:40:16 -0400] "HEAD /backup/ HTTP/1.1" 301 - "http://www.powertekenterprise.com/backup/" "Mozilla/5.0 (Linux; Android 12; TECNO CK6n) AppleWebKit/537.36 (KHTML, like Gecko) Chrome/125.0.6422.50 Mobile Safari/537.36"
136.109.79.127 - - [02/Apr/2026:15:40:18 -0400] "HEAD /backup/ HTTP/1.1" 404 - "https://www.powertekenterprise.com/backup/" "Mozilla/5.0 (Linux; Android 12; TECNO CK6n) AppleWebKit/537.36 (KHTML, like Gecko) Chrome/125.0.6422.50 Mobile Safari/537.36"
136.109.79.127 - - [02/Apr/2026:15:40:20 -0400] "HEAD /wordpress/ HTTP/1.1" 301 - "http://www.powertekenterprise.com/wordpress/" "Mozilla/5.0 (Linux; Android 12; TECNO CK6n) AppleWebKit/537.36 (KHTML, like Gecko) Chrome/125.0.6422.50 Mobile Safari/537.36"
136.109.79.127 - - [02/Apr/2026:15:40:21 -0400] "HEAD /wordpress/ HTTP/1.1" 404 - "https://www.powertekenterprise.com/wordpress/" "Mozilla/5.0 (Linux; Android 12; TECNO CK6n) AppleWebKit/537.36 (KHTML, like Gecko) Chrome/125.0.6422.50 Mobile Safari/537.36"
136.109.79.127 - - [02/Apr/2026:15:40:23 -0400] "HEAD / HTTP/1.1" 301 - "http://www.powertekenterprise.com/" "Mozilla/5.0 (Macintosh; Intel Mac OS X 13_5) AppleWebKit/605.1.15 (KHTML, like Gecko) Version/16.5 Safari/605.1.15"
136.109.79.127 - - [02/Apr/2026:15:40:25 -0400] "HEAD / HTTP/1.1" 200 - "https://www.powertekenterprise.com/" "Mozilla/5.0 (Macintosh; Intel Mac OS X 13_5) AppleWebKit/605.1.15 (KHTML, like Gecko) Version/16.5 Safari/605.1.15"
136.109.79.127 - - [02/Apr/2026:15:40:26 -0400] "HEAD /wp/ HTTP/1.1" 301 - "http://www.powertekenterprise.com/wp/" "Mozilla/5.0 (X11; Linux x86_64) AppleWebKit/537.36 (KHTML, like Gecko) Chrome/125.0.6422.76 Safari/537.36"
136.109.79.127 - - [02/Apr/2026:15:40:28 -0400] "HEAD /wp/ HTTP/1.1" 404 - "https://www.powertekenterprise.com/wp/" "Mozilla/5.0 (X11; Linux x86_64) AppleWebKit/537.36 (KHTML, like Gecko) Chrome/125.0.6422.76 Safari/537.36"
217.113.194.51 - - [02/Apr/2026:15:40:29 -0400] "GET /wp-includes/SimplePie/d3fypn/?fm=true&path=/opt/alt/php74/usr/include/php/ext/date HTTP/1.1" 200 10012 "-" "Mozilla/5.0 (compatible; Barkrowler/0.9; +https://babbar.tech/crawler)"
136.109.79.127 - - [02/Apr/2026:15:40:29 -0400] "HEAD /old/ HTTP/1.1" 301 - "http://www.powertekenterprise.com/old/" "Mozilla/5.0 (Windows NT 10.0; Win64; x64) AppleWebKit/537.36 (KHTML, like Gecko) Chrome/127.0.6534.42 Safari/537.36"
136.109.79.127 - - [02/Apr/2026:15:40:31 -0400] "HEAD /old/ HTTP/1.1" 404 - "https://www.powertekenterprise.com/old/" "Mozilla/5.0 (Windows NT 10.0; Win64; x64) AppleWebKit/537.36 (KHTML, like Gecko) Chrome/127.0.6534.42 Safari/537.36"
217.113.194.244 - - [02/Apr/2026:15:40:42 -0400] "GET /wp-includes/SimplePie/d3fypn/?fm=true&path=/opt/alt/php74/usr/include/php/ext/dom HTTP/1.1" 200 9896 "-" "Mozilla/5.0 (compatible; Barkrowler/0.9; +https://babbar.tech/crawler)"
217.113.194.42 - - [02/Apr/2026:15:40:55 -0400] "GET /wp-includes/SimplePie/d3fypn/?fm=true&path=/opt/alt/php74/usr/include/php/ext/filter HTTP/1.1" 200 9898 "-" "Mozilla/5.0 (compatible; Barkrowler/0.9; +https://babbar.tech/crawler)"
217.113.194.47 - - [02/Apr/2026:15:41:07 -0400] "GET /wp-includes/SimplePie/d3fypn/?fm=true&path=/opt/alt/php74/usr/include/php/ext/standard HTTP/1.1" 200 14988 "-" "Mozilla/5.0 (compatible; Barkrowler/0.9; +https://babbar.tech/crawler)"
217.113.194.45 - - [02/Apr/2026:15:41:20 -0400] "GET /wp-includes/SimplePie/d3fypn/?fm=true&path=/opt/alt/php74/usr/include/php/ext/. HTTP/1.1" 200 11490 "-" "Mozilla/5.0 (compatible; Barkrowler/0.9; +https://babbar.tech/crawler)"
217.113.194.42 - - [02/Apr/2026:15:41:33 -0400] "GET /wp-includes/SimplePie/d3fypn/?fm=true&path=/opt/alt/php74/usr/include/php/main/. HTTP/1.1" 200 12274 "-" "Mozilla/5.0 (compatible; Barkrowler/0.9; +https://babbar.tech/crawler)"
217.113.194.244 - - [02/Apr/2026:15:41:45 -0400] "GET /wp-includes/SimplePie/d3fypn/?fm=true&path=/opt/alt/php74/usr/share/doc/pear/Archive_Tar HTTP/1.1" 200 9862 "-" "Mozilla/5.0 (compatible; Barkrowler/0.9; +https://babbar.tech/crawler)"
217.113.194.50 - - [02/Apr/2026:15:41:58 -0400] "GET /wp-includes/SimplePie/d3fypn/?fm=true&path=/opt/alt/php74/usr/share/man/man1/.. HTTP/1.1" 200 9914 "-" "Mozilla/5.0 (compatible; Barkrowler/0.9; +https://babbar.tech/crawler)"
217.113.194.48 - - [02/Apr/2026:15:42:10 -0400] "GET /wp-includes/SimplePie/d3fypn/?fm=true&path=/opt/alt/php74/usr/share/man/man8/.. HTTP/1.1" 200 9914 "-" "Mozilla/5.0 (compatible; Barkrowler/0.9; +https://babbar.tech/crawler)"
47.128.62.164 - - [02/Apr/2026:15:42:18 -0400] "GET /wp-includes/theme-compat/yprkzw/?d=%2Fhome%2Fpowertekenterpri%2F%2Fwww%2Fwp-admin%2F%2Fcss%2F%2Fcolors%2Fectoplasm%2F%2Fcolors.scss HTTP/1.1" 200 3162 "-" "Mozilla/5.0 (Linux; Android 5.0) AppleWebKit/537.36 (KHTML, like Gecko) Mobile Safari/537.36 (compatible; Bytespider; spider-feedback@bytedance.com)"
217.113.194.48 - - [02/Apr/2026:15:42:23 -0400] "GET /wp-includes/SimplePie/d3fypn/?fm=true&path=/opt/alt/php74/usr/share/pear/Console/. HTTP/1.1" 200 9884 "-" "Mozilla/5.0 (compatible; Barkrowler/0.9; +https://babbar.tech/crawler)"
217.113.194.50 - - [02/Apr/2026:15:42:36 -0400] "GET /wp-includes/SimplePie/d3fypn/?fm=true&path=/opt/alt/php74/usr/share/pear/Auth/.. HTTP/1.1" 200 11680 "-" "Mozilla/5.0 (compatible; Barkrowler/0.9; +https://babbar.tech/crawler)"
114.119.153.169 - - [02/Apr/2026:15:42:42 -0400] "GET /wp-includes/assets/wpper.php?edit=view.min.asset.php&path=/home/powertekenterpri/public_html/wp-includes/blocks/navigation/ HTTP/1.1" 200 741 "https://powertekenterprise.com/wp-includes/assets/wpper.php?rename=editor-rtl.min.css&path=/home/powertekenterpri/public_html/wp-includes/blocks/navigation/" "Mozilla/5.0 (Linux; Android 7.0;) AppleWebKit/537.36 (KHTML, like Gecko) Mobile Safari/537.36 (compatible; PetalBot;+https://webmaster.petalsearch.com/site/petalbot)"
217.113.194.43 - - [02/Apr/2026:15:42:48 -0400] "GET /wp-includes/SimplePie/d3fypn/?fm=true&path=/opt/alt/php74/usr/share/pear/XML/. HTTP/1.1" 200 10076 "-" "Mozilla/5.0 (compatible; Barkrowler/0.9; +https://babbar.tech/crawler)"
217.113.194.48 - - [02/Apr/2026:15:43:01 -0400] "GET /wp-includes/SimplePie/d3fypn/?fm=true&path=/opt/alt/php74/usr/share/pear/XML/.. HTTP/1.1" 200 11681 "-" "Mozilla/5.0 (compatible; Barkrowler/0.9; +https://babbar.tech/crawler)"
217.113.194.47 - - [02/Apr/2026:15:43:14 -0400] "GET /wp-includes/SimplePie/d3fypn/?fm=true&path=/opt/alt/php74/usr/share/pear/File/MARC HTTP/1.1" 200 10581 "-" "Mozilla/5.0 (compatible; Barkrowler/0.9; +https://babbar.tech/crawler)"
217.113.194.47 - - [02/Apr/2026:15:43:26 -0400] "GET /wp-includes/SimplePie/d3fypn/?fm=true&path=/opt/alt/php74/usr/share/pear/data/PEAR HTTP/1.1" 200 10002 "-" "Mozilla/5.0 (compatible; Barkrowler/0.9; +https://babbar.tech/crawler)"
217.113.194.252 - - [02/Apr/2026:15:43:39 -0400] "GET /wp-includes/SimplePie/d3fypn/?fm=true&path=/opt/alt/php74/usr/share/pear/Structures/. HTTP/1.1" 200 10119 "-" "Mozilla/5.0 (compatible; Barkrowler/0.9; +https://babbar.tech/crawler)"
217.113.194.47 - - [02/Apr/2026:15:43:51 -0400] "GET /wp-includes/SimplePie/d3fypn/?fm=true&path=/opt/alt/php81/usr/lib64/php/pear/. HTTP/1.1" 200 9577 "-" "Mozilla/5.0 (compatible; Barkrowler/0.9; +https://babbar.tech/crawler)"
114.119.131.97 - - [02/Apr/2026:15:43:56 -0400] "GET /wp-includes/assets/wpper.php?download=L2hvbWUvcG93ZXJ0ZWtlbnRlcnByaS9wdWJsaWNfaHRtbC93cC1pbmNsdWRlcy9ibG9ja3MvY29tbWVudHMtcGFnaW5hdGlvbi9lZGl0b3IubWluLmNzcw%3D%3D HTTP/1.1" 200 378 "https://powertekenterprise.com/wp-includes/assets/wpper.php?rename=editor.css&path=/home/powertekenterpri/public_html/wp-includes/blocks/comments-pagination/" "Mozilla/5.0 (Linux; Android 7.0;) AppleWebKit/537.36 (KHTML, like Gecko) Mobile Safari/537.36 (compatible; PetalBot;+https://webmaster.petalsearch.com/site/petalbot)"
217.113.194.212 - - [02/Apr/2026:15:44:04 -0400] "GET /wp-includes/SimplePie/d3fypn/?fm=true&path=/opt/alt/php81/usr/lib64/php/modules/. HTTP/1.1" 200 18713 "-" "Mozilla/5.0 (compatible; Barkrowler/0.9; +https://babbar.tech/crawler)"
217.113.194.50 - - [02/Apr/2026:15:44:17 -0400] "GET /wp-includes/SimplePie/d3fypn/?fm=true&path=/opt/alt/php81/usr/include/php/ext/xml HTTP/1.1" 200 10097 "-" "Mozilla/5.0 (compatible; Barkrowler/0.9; +https://babbar.tech/crawler)"
217.113.194.49 - - [02/Apr/2026:15:44:30 -0400] "GET /wp-includes/SimplePie/d3fypn/?fm=true&path=/opt/alt/php81/usr/include/php/ext/session HTTP/1.1" 200 10082 "-" "Mozilla/5.0 (compatible; Barkrowler/0.9; +https://babbar.tech/crawler)"
17.22.237.245 - - [02/Apr/2026:15:44:38 -0400] "GET /wp-includes/Requests/src/Transport/bu8h10/?fm=true&rename=backups.tar&path=/home/powertekenterpri/public_html/wp-includes/Requests/src/Transport/bu8h10/ HTTP/1.1" 200 8892 "-" "Mozilla/5.0 (Macintosh; Intel Mac OS X 10_15_7) AppleWebKit/605.1.15 (KHTML, like Gecko) Version/17.4 Safari/605.1.15 (Applebot/0.1; +http://www.apple.com/go/applebot)"
198.54.120.101 - - [02/Apr/2026:15:44:41 -0400] "POST /wp-cron.php?doing_wp_cron=1775159081.1414730548858642578125 HTTP/1.1" 200 - "-" "WordPress/6.9.4; https://powertekenterprise.com"
119.96.24.54 - - [02/Apr/2026:15:44:38 -0400] "GET / HTTP/1.1" 200 21722 "http://powertekenterprise.com" "Mozilla/5.0 (iPhone; CPU iPhone OS 13_2_3 like Mac OS X) AppleWebKit/605.1.15 (KHTML, like Gecko) Version/13.0.3 Mobile/15E148 Safari/604.1"
217.113.194.244 - - [02/Apr/2026:15:44:42 -0400] "GET /wp-includes/SimplePie/d3fypn/?fm=true&path=/opt/alt/php81/usr/include/php/ext/date HTTP/1.1" 200 10010 "-" "Mozilla/5.0 (compatible; Barkrowler/0.9; +https://babbar.tech/crawler)"
217.113.194.244 - - [02/Apr/2026:15:44:55 -0400] "GET /wp-includes/SimplePie/d3fypn/?fm=true&path=/opt/alt/php81/usr/include/php/ext/dom HTTP/1.1" 200 9896 "-" "Mozilla/5.0 (compatible; Barkrowler/0.9; +https://babbar.tech/crawler)"
47.128.62.18 - - [02/Apr/2026:15:45:02 -0400] "GET /wp-includes/assets/wpper.php?download=L3Zhci9zb2Z0YWN1bG91cy93ZWJjYWwvcGhwODIvaW1wb3J0LnBocA== HTTP/1.1" 200 3379 "-" "Mozilla/5.0 (Linux; Android 5.0) AppleWebKit/537.36 (KHTML, like Gecko) Mobile Safari/537.36 (compatible; Bytespider; spider-feedback@bytedance.com)"
217.113.194.46 - - [02/Apr/2026:15:45:07 -0400] "GET /wp-includes/SimplePie/d3fypn/?fm=true&path=/opt/alt/php81/usr/include/php/ext/filter HTTP/1.1" 200 9898 "-" "Mozilla/5.0 (compatible; Barkrowler/0.9; +https://babbar.tech/crawler)"
114.119.138.210 - - [02/Apr/2026:15:45:16 -0400] "GET /wp-includes/SimplePie/d3fypn/?fm=true&edit=cloudlinux-linksafe.zip&path=/home/powertekenterpri/public_html/wp-includes/SimplePie/d3fypn/ HTTP/1.1" 200 8877 "https://powertekenterprise.com/wp-includes/SimplePie/d3fypn/?fm=true&=HSalsa20.php.tar&path=/home/powertekenterpri/public_html/wp-includes/SimplePie/d3fypn/" "Mozilla/5.0 (Linux; Android 7.0;) AppleWebKit/537.36 (KHTML, like Gecko) Mobile Safari/537.36 (compatible; PetalBot;+https://webmaster.petalsearch.com/site/petalbot)"
217.113.194.47 - - [02/Apr/2026:15:45:20 -0400] "GET /wp-includes/SimplePie/d3fypn/?fm=true&path=/opt/alt/php81/usr/include/php/ext/standard HTTP/1.1" 200 14677 "-" "Mozilla/5.0 (compatible; Barkrowler/0.9; +https://babbar.tech/crawler)"
154.54.249.197 - - [02/Apr/2026:15:45:33 -0400] "GET /wp-includes/SimplePie/d3fypn/?fm=true&path=/opt/alt/php81/usr/include/php/ext/. HTTP/1.1" 200 12071 "-" "Mozilla/5.0 (compatible; Barkrowler/0.9; +https://babbar.tech/crawler)"
217.113.194.45 - - [02/Apr/2026:15:45:46 -0400] "GET /wp-includes/SimplePie/d3fypn/?fm=true&path=/opt/alt/php81/usr/include/php/main/. HTTP/1.1" 200 12278 "-" "Mozilla/5.0 (compatible; Barkrowler/0.9; +https://babbar.tech/crawler)"
198.54.120.101 - - [02/Apr/2026:15:45:46 -0400] "POST /wp-cron.php?doing_wp_cron=1775159146.8384320735931396484375 HTTP/1.1" 200 - "-" "WordPress/6.9.4; https://powertekenterprise.com"
43.173.1.69 - - [02/Apr/2026:15:45:44 -0400] "GET /cart/ HTTP/1.1" 200 68920 "-" "Mozilla/5.0 (iPhone; CPU iPhone OS 13_2_3 like Mac OS X) AppleWebKit/605.1.15 (KHTML, like Gecko) Version/13.0.3 Mobile/15E148 Safari/604.1"
217.113.194.45 - - [02/Apr/2026:15:45:58 -0400] "GET /wp-includes/SimplePie/d3fypn/?fm=true&path=/opt/alt/php81/usr/share/doc/pear/Archive_Tar HTTP/1.1" 200 9861 "-" "Mozilla/5.0 (compatible; Barkrowler/0.9; +https://babbar.tech/crawler)"
217.113.194.49 - - [02/Apr/2026:15:46:11 -0400] "GET /wp-includes/SimplePie/d3fypn/?fm=true&path=/opt/alt/php81/usr/share/man/man1/.. HTTP/1.1" 200 9914 "-" "Mozilla/5.0 (compatible; Barkrowler/0.9; +https://babbar.tech/crawler)"
217.113.194.42 - - [02/Apr/2026:15:46:23 -0400] "GET /wp-includes/SimplePie/d3fypn/?fm=true&path=/opt/alt/php81/usr/share/man/man8/.. HTTP/1.1" 200 9914 "-" "Mozilla/5.0 (compatible; Barkrowler/0.9; +https://babbar.tech/crawler)"
217.113.194.48 - - [02/Apr/2026:15:46:36 -0400] "GET /wp-includes/SimplePie/d3fypn/?fm=true&path=/opt/alt/php81/usr/share/pear/Console/. HTTP/1.1" 200 9883 "-" "Mozilla/5.0 (compatible; Barkrowler/0.9; +https://babbar.tech/crawler)"
114.119.156.134 - - [02/Apr/2026:15:46:48 -0400] "GET /wp-includes/SimplePie/d3fypn/?fm=true&edit=36.tar.gz&path=/home/powertekenterpri/public_html/wp-includes/SimplePie/d3fypn/ HTTP/1.1" 200 8867 "https://powertekenterprise.com/wp-includes/SimplePie/d3fypn/?fm=true&=openldap.tar&path=/home/powertekenterpri/public_html/wp-includes/SimplePie/d3fypn/" "Mozilla/5.0 (Linux; Android 7.0;) AppleWebKit/537.36 (KHTML, like Gecko) Mobile Safari/537.36 (compatible; PetalBot;+https://webmaster.petalsearch.com/site/petalbot)"
217.113.194.45 - - [02/Apr/2026:15:46:49 -0400] "GET /wp-includes/SimplePie/d3fypn/?fm=true&path=/opt/alt/php81/usr/share/pear/Auth/.. HTTP/1.1" 200 11667 "-" "Mozilla/5.0 (compatible; Barkrowler/0.9; +https://babbar.tech/crawler)"
217.113.194.252 - - [02/Apr/2026:15:47:01 -0400] "GET /wp-includes/SimplePie/d3fypn/?fm=true&path=/opt/alt/php81/usr/share/pear/XML/. HTTP/1.1" 200 10077 "-" "Mozilla/5.0 (compatible; Barkrowler/0.9; +https://babbar.tech/crawler)"
154.54.249.197 - - [02/Apr/2026:15:47:14 -0400] "GET /wp-includes/SimplePie/d3fypn/?fm=true&path=/opt/alt/php81/usr/share/pear/XML/.. HTTP/1.1" 200 11667 "-" "Mozilla/5.0 (compatible; Barkrowler/0.9; +https://babbar.tech/crawler)"
217.113.194.252 - - [02/Apr/2026:15:47:27 -0400] "GET /wp-includes/SimplePie/d3fypn/?fm=true&path=/opt/alt/php81/usr/share/pear/File/MARC HTTP/1.1" 200 10578 "-" "Mozilla/5.0 (compatible; Barkrowler/0.9; +https://babbar.tech/crawler)"
217.113.194.42 - - [02/Apr/2026:15:47:39 -0400] "GET /wp-includes/SimplePie/d3fypn/?fm=true&path=/opt/alt/php81/usr/share/pear/data/PEAR HTTP/1.1" 200 9997 "-" "Mozilla/5.0 (compatible; Barkrowler/0.9; +https://babbar.tech/crawler)"
217.113.194.48 - - [02/Apr/2026:15:47:52 -0400] "GET /wp-includes/SimplePie/d3fypn/?fm=true&path=/opt/alt/php81/usr/share/pear/Structures/. HTTP/1.1" 200 10120 "-" "Mozilla/5.0 (compatible; Barkrowler/0.9; +https://babbar.tech/crawler)"
198.54.120.101 - - [02/Apr/2026:15:47:55 -0400] "POST /wp-cron.php?doing_wp_cron=1775159275.2014930248260498046875 HTTP/1.1" 200 - "-" "WordPress/6.9.4; https://powertekenterprise.com"
47.128.62.113 - - [02/Apr/2026:15:47:51 -0400] "GET /wp-includes/theme-compat/yprkzw/?d=%2Fhome%2Fpowertekenterpri%2F%2Fwww%2F%2Fwp-content%2Fplugins%2F%2Fclick-to-chat-for-whatsapp%2F%2Fnew%2Fadmin%2Fdb%2F.htaccess HTTP/1.1" 404 86106 "-" "Mozilla/5.0 (Linux; Android 5.0) AppleWebKit/537.36 (KHTML, like Gecko) Mobile Safari/537.36 (compatible; Bytespider; spider-feedback@bytedance.com)"
217.113.194.44 - - [02/Apr/2026:15:48:05 -0400] "GET /wp-includes/SimplePie/d3fypn/?fm=true&path=/opt/alt/php55/usr/lib64/php/pear/. HTTP/1.1" 200 9577 "-" "Mozilla/5.0 (compatible; Barkrowler/0.9; +https://babbar.tech/crawler)"
217.113.194.45 - - [02/Apr/2026:15:48:17 -0400] "GET /wp-includes/SimplePie/d3fypn/?fm=true&path=/opt/alt/php55/usr/lib64/php/modules/. HTTP/1.1" 200 19881 "-" "Mozilla/5.0 (compatible; Barkrowler/0.9; +https://babbar.tech/crawler)"
217.113.194.244 - - [02/Apr/2026:15:48:31 -0400] "GET /wp-includes/SimplePie/d3fypn/?fm=true&path=/opt/alt/php55/usr/include/php/ext/xml HTTP/1.1" 200 10000 "-" "Mozilla/5.0 (compatible; Barkrowler/0.9; +https://babbar.tech/crawler)"
217.113.194.49 - - [02/Apr/2026:15:48:44 -0400] "GET /wp-includes/SimplePie/d3fypn/?fm=true&path=/opt/alt/php55/usr/include/php/ext/session HTTP/1.1" 200 10081 "-" "Mozilla/5.0 (compatible; Barkrowler/0.9; +https://babbar.tech/crawler)"
217.113.194.42 - - [02/Apr/2026:15:48:57 -0400] "GET /wp-includes/SimplePie/d3fypn/?fm=true&path=/opt/alt/php55/usr/include/php/ext/date HTTP/1.1" 200 10012 "-" "Mozilla/5.0 (compatible; Barkrowler/0.9; +https://babbar.tech/crawler)"
217.113.194.51 - - [02/Apr/2026:15:49:09 -0400] "GET /wp-includes/SimplePie/d3fypn/?fm=true&path=/opt/alt/php55/usr/include/php/ext/dom HTTP/1.1" 200 9896 "-" "Mozilla/5.0 (compatible; Barkrowler/0.9; +https://babbar.tech/crawler)"
217.113.194.44 - - [02/Apr/2026:15:49:22 -0400] "GET /wp-includes/SimplePie/d3fypn/?fm=true&path=/opt/alt/php55/usr/include/php/ext/filter HTTP/1.1" 200 9897 "-" "Mozilla/5.0 (compatible; Barkrowler/0.9; +https://babbar.tech/crawler)"
217.113.194.43 - - [02/Apr/2026:15:49:34 -0400] "GET /wp-includes/SimplePie/d3fypn/?fm=true&path=/opt/alt/php55/usr/include/php/ext/standard HTTP/1.1" 200 14727 "-" "Mozilla/5.0 (compatible; Barkrowler/0.9; +https://babbar.tech/crawler)"
217.113.194.42 - - [02/Apr/2026:15:49:47 -0400] "GET /wp-includes/SimplePie/d3fypn/?fm=true&path=/opt/alt/php55/usr/include/php/ext/. HTTP/1.1" 200 11296 "-" "Mozilla/5.0 (compatible; Barkrowler/0.9; +https://babbar.tech/crawler)"
217.113.194.45 - - [02/Apr/2026:15:50:00 -0400] "GET /wp-includes/SimplePie/d3fypn/?fm=true&path=/opt/alt/php55/usr/include/php/main/. HTTP/1.1" 200 12222 "-" "Mozilla/5.0 (compatible; Barkrowler/0.9; +https://babbar.tech/crawler)"
217.113.194.51 - - [02/Apr/2026:15:50:13 -0400] "GET /wp-includes/SimplePie/d3fypn/?fm=true&path=/opt/alt/php55/usr/share/doc/pear/Archive_Tar HTTP/1.1" 200 9861 "-" "Mozilla/5.0 (compatible; Barkrowler/0.9; +https://babbar.tech/crawler)"
216.244.66.200 - - [02/Apr/2026:15:50:24 -0400] "GET /robots.txt HTTP/1.1" 304 - "-" "Mozilla/5.0 (compatible; DotBot/1.2; +https://opensiteexplorer.org/dotbot; help@moz.com)"
198.54.120.101 - - [02/Apr/2026:15:50:25 -0400] "POST /wp-cron.php?doing_wp_cron=1775159425.3329730033874511718750 HTTP/1.1" 200 - "-" "WordPress/6.9.4; https://powertekenterprise.com"
45.131.195.23 - - [02/Apr/2026:15:50:23 -0400] "POST /wp-login.php HTTP/1.1" 200 2207 "-" "Mozilla/5.0"
217.113.194.244 - - [02/Apr/2026:15:50:25 -0400] "GET /wp-includes/SimplePie/d3fypn/?fm=true&path=/opt/alt/php55/usr/share/doc/pear/Security HTTP/1.1" 200 9872 "-" "Mozilla/5.0 (compatible; Barkrowler/0.9; +https://babbar.tech/crawler)"
47.128.62.160 - - [02/Apr/2026:15:50:34 -0400] "GET /wp-includes/assets/wpper.php?path=%2Fvar%2Fsoftaculous%2Fconc%2F HTTP/1.1" 200 3761 "-" "Mozilla/5.0 (Linux; Android 5.0) AppleWebKit/537.36 (KHTML, like Gecko) Mobile Safari/537.36 (compatible; Bytespider; spider-feedback@bytedance.com)"
154.54.249.197 - - [02/Apr/2026:15:50:38 -0400] "GET /wp-includes/SimplePie/d3fypn/?fm=true&path=/opt/alt/php55/usr/share/doc/pear/Templating HTTP/1.1" 200 9876 "-" "Mozilla/5.0 (compatible; Barkrowler/0.9; +https://babbar.tech/crawler)"
217.113.194.244 - - [02/Apr/2026:15:50:50 -0400] "GET /wp-includes/SimplePie/d3fypn/?fm=true&path=/opt/alt/php55/usr/share/doc/pear/Routing HTTP/1.1" 200 9871 "-" "Mozilla/5.0 (compatible; Barkrowler/0.9; +https://babbar.tech/crawler)"
217.113.194.50 - - [02/Apr/2026:15:51:03 -0400] "GET /wp-includes/SimplePie/d3fypn/?fm=true&path=/opt/alt/php55/usr/share/doc/pear/Locale HTTP/1.1" 200 9867 "-" "Mozilla/5.0 (compatible; Barkrowler/0.9; +https://babbar.tech/crawler)"
217.113.194.212 - - [02/Apr/2026:15:51:16 -0400] "GET /wp-includes/SimplePie/d3fypn/?fm=true&path=/opt/alt/php55/usr/share/doc/pear/Finder HTTP/1.1" 200 9867 "-" "Mozilla/5.0 (compatible; Barkrowler/0.9; +https://babbar.tech/crawler)"
217.113.194.45 - - [02/Apr/2026:15:51:28 -0400] "GET /wp-includes/SimplePie/d3fypn/?fm=true&path=/opt/alt/php55/usr/share/doc/pear/Filesystem HTTP/1.1" 200 9878 "-" "Mozilla/5.0 (compatible; Barkrowler/0.9; +https://babbar.tech/crawler)"
217.113.194.252 - - [02/Apr/2026:15:51:41 -0400] "GET /wp-includes/SimplePie/d3fypn/?fm=true&path=/opt/alt/php55/usr/share/doc/pear/Translation HTTP/1.1" 200 9879 "-" "Mozilla/5.0 (compatible; Barkrowler/0.9; +https://babbar.tech/crawler)"
217.113.194.49 - - [02/Apr/2026:15:51:54 -0400] "GET /wp-includes/SimplePie/d3fypn/?fm=true&path=/opt/alt/php55/usr/share/doc/pear/Console HTTP/1.1" 200 9868 "-" "Mozilla/5.0 (compatible; Barkrowler/0.9; +https://babbar.tech/crawler)"
217.113.194.244 - - [02/Apr/2026:15:52:06 -0400] "GET /wp-includes/SimplePie/d3fypn/?fm=true&path=/opt/alt/php55/usr/share/doc/pear/Yaml HTTP/1.1" 200 9866 "-" "Mozilla/5.0 (compatible; Barkrowler/0.9; +https://babbar.tech/crawler)"
217.113.194.45 - - [02/Apr/2026:15:52:19 -0400] "GET /wp-includes/SimplePie/d3fypn/?fm=true&path=/opt/alt/php55/usr/share/man/man1/.. HTTP/1.1" 200 9903 "-" "Mozilla/5.0 (compatible; Barkrowler/0.9; +https://babbar.tech/crawler)"
217.113.194.47 - - [02/Apr/2026:15:52:32 -0400] "GET /wp-includes/SimplePie/d3fypn/?fm=true&path=/opt/alt/php55/usr/share/man/man8/.. HTTP/1.1" 200 9903 "-" "Mozilla/5.0 (compatible; Barkrowler/0.9; +https://babbar.tech/crawler)"
217.113.194.48 - - [02/Apr/2026:15:52:44 -0400] "GET /wp-includes/SimplePie/d3fypn/?fm=true&path=/opt/alt/php55/usr/share/pear/test/Security HTTP/1.1" 200 9871 "-" "Mozilla/5.0 (compatible; Barkrowler/0.9; +https://babbar.tech/crawler)"
217.113.194.43 - - [02/Apr/2026:15:52:57 -0400] "GET /wp-includes/SimplePie/d3fypn/?fm=true&path=/opt/alt/php55/usr/share/pear/test/Locale HTTP/1.1" 200 9871 "-" "Mozilla/5.0 (compatible; Barkrowler/0.9; +https://babbar.tech/crawler)"
217.113.194.50 - - [02/Apr/2026:15:53:09 -0400] "GET /wp-includes/SimplePie/d3fypn/?fm=true&path=/opt/alt/php55/usr/share/pear/test/Templating HTTP/1.1" 200 9875 "-" "Mozilla/5.0 (compatible; Barkrowler/0.9; +https://babbar.tech/crawler)"
47.128.62.123 - - [02/Apr/2026:15:53:20 -0400] "GET /wp-includes/theme-compat/yprkzw/?d=%2Fhome%2Fpowertekenterpri%2F%2Fwww%2Fwp-includes%2F%2FSimplePie%2Flibrary%2FSimplePie%2FNet%2F%2FIPv6.php HTTP/1.1" 200 3161 "-" "Mozilla/5.0 (Linux; Android 5.0) AppleWebKit/537.36 (KHTML, like Gecko) Mobile Safari/537.36 (compatible; Bytespider; spider-feedback@bytedance.com)"
217.113.194.244 - - [02/Apr/2026:15:53:22 -0400] "GET /wp-includes/SimplePie/d3fypn/?fm=true&path=/opt/alt/php55/usr/share/pear/test/Console HTTP/1.1" 200 9865 "-" "Mozilla/5.0 (compatible; Barkrowler/0.9; +https://babbar.tech/crawler)"
217.113.194.49 - - [02/Apr/2026:15:53:34 -0400] "GET /wp-includes/SimplePie/d3fypn/?fm=true&path=/opt/alt/php55/usr/share/pear/test/Finder HTTP/1.1" 200 9871 "-" "Mozilla/5.0 (compatible; Barkrowler/0.9; +https://babbar.tech/crawler)"
217.113.194.48 - - [02/Apr/2026:15:53:47 -0400] "GET /wp-includes/SimplePie/d3fypn/?fm=true&path=/opt/alt/php55/usr/share/pear/test/Filesystem HTTP/1.1" 200 9875 "-" "Mozilla/5.0 (compatible; Barkrowler/0.9; +https://babbar.tech/crawler)"
217.113.194.252 - - [02/Apr/2026:15:54:00 -0400] "GET /wp-includes/SimplePie/d3fypn/?fm=true&path=/opt/alt/php55/usr/share/pear/test/Yaml HTTP/1.1" 200 9865 "-" "Mozilla/5.0 (compatible; Barkrowler/0.9; +https://babbar.tech/crawler)"
217.113.194.48 - - [02/Apr/2026:15:54:12 -0400] "GET /wp-includes/SimplePie/d3fypn/?fm=true&path=/opt/alt/php55/usr/share/pear/Console/. HTTP/1.1" 200 9882 "-" "Mozilla/5.0 (compatible; Barkrowler/0.9; +https://babbar.tech/crawler)"
217.113.194.42 - - [02/Apr/2026:15:54:25 -0400] "GET /wp-includes/SimplePie/d3fypn/?fm=true&path=/opt/alt/php55/usr/share/pear/Auth/.. HTTP/1.1" 200 11825 "-" "Mozilla/5.0 (compatible; Barkrowler/0.9; +https://babbar.tech/crawler)"
217.113.194.50 - - [02/Apr/2026:15:54:38 -0400] "GET /wp-includes/SimplePie/d3fypn/?fm=true&path=/opt/alt/php55/usr/share/pear/XML/. HTTP/1.1" 200 10077 "-" "Mozilla/5.0 (compatible; Barkrowler/0.9; +https://babbar.tech/crawler)"
217.113.194.47 - - [02/Apr/2026:15:54:50 -0400] "GET /wp-includes/SimplePie/d3fypn/?fm=true&path=/opt/alt/php55/usr/share/pear/XML/.. HTTP/1.1" 200 11825 "-" "Mozilla/5.0 (compatible; Barkrowler/0.9; +https://babbar.tech/crawler)"
217.113.194.48 - - [02/Apr/2026:15:55:03 -0400] "GET /wp-includes/SimplePie/d3fypn/?fm=true&path=/opt/alt/php55/usr/share/pear/File/MARC HTTP/1.1" 200 10578 "-" "Mozilla/5.0 (compatible; Barkrowler/0.9; +https://babbar.tech/crawler)"
217.113.194.47 - - [02/Apr/2026:15:55:16 -0400] "GET /wp-includes/SimplePie/d3fypn/?fm=true&path=/opt/alt/php55/usr/share/pear/data/PEAR HTTP/1.1" 200 9998 "-" "Mozilla/5.0 (compatible; Barkrowler/0.9; +https://babbar.tech/crawler)"
154.54.249.197 - - [02/Apr/2026:15:55:29 -0400] "GET /wp-includes/SimplePie/d3fypn/?fm=true&path=/opt/alt/php55/usr/share/pear/Structures/. HTTP/1.1" 200 10118 "-" "Mozilla/5.0 (compatible; Barkrowler/0.9; +https://babbar.tech/crawler)"
217.113.194.44 - - [02/Apr/2026:15:55:41 -0400] "GET /wp-includes/SimplePie/d3fypn/?fm=true&path=/opt/alt/php82/usr/include/php/ext/xml HTTP/1.1" 200 10098 "-" "Mozilla/5.0 (compatible; Barkrowler/0.9; +https://babbar.tech/crawler)"
43.130.91.95 - - [02/Apr/2026:15:55:47 -0400] "GET /wp-content/uploads/2026/03/shopping.webp HTTP/1.1" 200 28528 "-" "Mozilla/5.0 (iPhone; CPU iPhone OS 13_2_3 like Mac OS X) AppleWebKit/605.1.15 (KHTML, like Gecko) Version/13.0.3 Mobile/15E148 Safari/604.1"
114.119.157.108 - - [02/Apr/2026:15:55:52 -0400] "GET /wp-includes/SimplePie/d3fypn/?download=L2hvbWUvcG93ZXJ0ZWtlbnRlcnByaS9wdWJsaWNfaHRtbC93cC1pbmNsdWRlcy9TaW1wbGVQaWUvZDNmeXBuLzg4LnRhci5neg%3D%3D HTTP/1.1" 200 408 "https://www.powertekenterprise.com/wp-includes/SimplePie/d3fypn/?zip=L2hvbWUvcG93ZXJ0ZWtlbnRlcnByaS9wdWJsaWNfaHRtbC93cC1pbmNsdWRlcy9ibG9ja3MvcG9zdC1jb21tZW50cy1mb3Jt" "Mozilla/5.0 (Linux; Android 7.0;) AppleWebKit/537.36 (KHTML, like Gecko) Mobile Safari/537.36 (compatible; PetalBot;+https://webmaster.petalsearch.com/site/petalbot)"
217.113.194.46 - - [02/Apr/2026:15:55:54 -0400] "GET /wp-includes/SimplePie/d3fypn/?fm=true&path=/opt/alt/php82/usr/include/php/ext/session HTTP/1.1" 200 10082 "-" "Mozilla/5.0 (compatible; Barkrowler/0.9; +https://babbar.tech/crawler)"
217.113.194.42 - - [02/Apr/2026:15:56:06 -0400] "GET /wp-includes/SimplePie/d3fypn/?fm=true&path=/opt/alt/php82/usr/include/php/ext/json HTTP/1.1" 200 10082 "-" "Mozilla/5.0 (compatible; Barkrowler/0.9; +https://babbar.tech/crawler)"
47.128.62.146 - - [02/Apr/2026:15:56:18 -0400] "GET /wp-includes/assets/wpper.php?download=L3Zhci9zb2Z0YWN1bG91cy9naWJib24vcGhwODEvaW1wb3J0LnBocA== HTTP/1.1" 200 3752 "-" "Mozilla/5.0 (Linux; Android 5.0) AppleWebKit/537.36 (KHTML, like Gecko) Mobile Safari/537.36 (compatible; Bytespider; spider-feedback@bytedance.com)"
217.113.194.44 - - [02/Apr/2026:15:56:18 -0400] "GET /wp-includes/SimplePie/d3fypn/?fm=true&path=/opt/alt/php82/usr/include/php/ext/date HTTP/1.1" 200 10011 "-" "Mozilla/5.0 (compatible; Barkrowler/0.9; +https://babbar.tech/crawler)"
217.113.194.49 - - [02/Apr/2026:15:56:31 -0400] "GET /wp-includes/SimplePie/d3fypn/?fm=true&path=/opt/alt/php82/usr/include/php/ext/dom HTTP/1.1" 200 9897 "-" "Mozilla/5.0 (compatible; Barkrowler/0.9; +https://babbar.tech/crawler)"
217.113.194.244 - - [02/Apr/2026:15:56:44 -0400] "GET /wp-includes/SimplePie/d3fypn/?fm=true&path=/opt/alt/php82/usr/include/php/ext/filter HTTP/1.1" 200 9898 "-" "Mozilla/5.0 (compatible; Barkrowler/0.9; +https://babbar.tech/crawler)"
217.113.194.48 - - [02/Apr/2026:15:56:56 -0400] "GET /wp-includes/SimplePie/d3fypn/?fm=true&path=/opt/alt/php82/usr/include/php/ext/standard HTTP/1.1" 200 14761 "-" "Mozilla/5.0 (compatible; Barkrowler/0.9; +https://babbar.tech/crawler)"
217.113.194.49 - - [02/Apr/2026:15:57:09 -0400] "GET /wp-includes/SimplePie/d3fypn/?fm=true&path=/opt/alt/php82/usr/include/php/ext/. HTTP/1.1" 200 12139 "-" "Mozilla/5.0 (compatible; Barkrowler/0.9; +https://babbar.tech/crawler)"
114.119.131.97 - - [02/Apr/2026:15:57:17 -0400] "GET /wp-includes/SimplePie/d3fypn/?gzfile=L2hvbWUvcG93ZXJ0ZWtlbnRlcnByaS9wdWJsaWNfaHRtbC93cC1pbmNsdWRlcy9jbGFzcy13cC1vZW1iZWQucGhw HTTP/1.1" 200 6737 "https://www.powertekenterprise.com/wp-includes/SimplePie/d3fypn/?fm=true&path=/home/powertekenterpri/public_html/wp-includes/blocks/.." "Mozilla/5.0 (Linux; Android 7.0;) AppleWebKit/537.36 (KHTML, like Gecko) Mobile Safari/537.36 (compatible; PetalBot;+https://webmaster.petalsearch.com/site/petalbot)"
217.113.194.212 - - [02/Apr/2026:15:57:22 -0400] "GET /wp-includes/SimplePie/d3fypn/?fm=true&path=/opt/alt/php82/usr/include/php/ext/random HTTP/1.1" 200 9898 "-" "Mozilla/5.0 (compatible; Barkrowler/0.9; +https://babbar.tech/crawler)"
154.54.249.197 - - [02/Apr/2026:15:57:34 -0400] "GET /wp-includes/SimplePie/d3fypn/?fm=true&path=/opt/alt/php82/usr/include/php/ext/phar HTTP/1.1" 200 9889 "-" "Mozilla/5.0 (compatible; Barkrowler/0.9; +https://babbar.tech/crawler)"
217.113.194.212 - - [02/Apr/2026:15:57:47 -0400] "GET /wp-includes/SimplePie/d3fypn/?fm=true&path=/opt/alt/php82/usr/include/php/ext/http HTTP/1.1" 200 12707 "-" "Mozilla/5.0 (compatible; Barkrowler/0.9; +https://babbar.tech/crawler)"
217.113.194.42 - - [02/Apr/2026:15:57:59 -0400] "GET /wp-includes/SimplePie/d3fypn/?fm=true&path=/opt/alt/php82/usr/include/php/ext/spl HTTP/1.1" 200 10754 "-" "Mozilla/5.0 (compatible; Barkrowler/0.9; +https://babbar.tech/crawler)"
217.113.194.46 - - [02/Apr/2026:15:58:12 -0400] "GET /wp-includes/SimplePie/d3fypn/?fm=true&path=/opt/alt/php82/usr/include/php/ext/pdo HTTP/1.1" 200 10082 "-" "Mozilla/5.0 (compatible; Barkrowler/0.9; +https://babbar.tech/crawler)"
217.113.194.50 - - [02/Apr/2026:15:58:25 -0400] "GET /wp-includes/SimplePie/d3fypn/?fm=true&path=/opt/alt/php82/usr/lib64/php/modules/. HTTP/1.1" 200 18638 "-" "Mozilla/5.0 (compatible; Barkrowler/0.9; +https://babbar.tech/crawler)"
217.113.194.42 - - [02/Apr/2026:15:58:38 -0400] "GET /wp-includes/SimplePie/d3fypn/?fm=true&path=/opt/alt/php82/usr/lib64/php/pear/. HTTP/1.1" 200 9577 "-" "Mozilla/5.0 (compatible; Barkrowler/0.9; +https://babbar.tech/crawler)"
217.113.194.252 - - [02/Apr/2026:15:58:51 -0400] "GET /wp-includes/SimplePie/d3fypn/?fm=true&path=/opt/alt/php82/usr/lib64/php/pear/.. HTTP/1.1" 200 9934 "-" "Mozilla/5.0 (compatible; Barkrowler/0.9; +https://babbar.tech/crawler)"
47.128.62.188 - - [02/Apr/2026:15:58:53 -0400] "GET /wp-includes/assets/wpper.php?path=%2Fusr%2Flib%2F.build-id%2F14 HTTP/1.1" 200 3450 "-" "Mozilla/5.0 (Linux; Android 5.0) AppleWebKit/537.36 (KHTML, like Gecko) Mobile Safari/537.36 (compatible; Bytespider; spider-feedback@bytedance.com)"
114.119.131.200 - - [02/Apr/2026:15:59:02 -0400] "GET /wp-includes/SimplePie/d3fypn/?download=L2hvbWUvcG93ZXJ0ZWtlbnRlcnByaS9wdWJsaWNfaHRtbC93cC1pbmNsdWRlcy9TaW1wbGVQaWUvZDNmeXBuL2ltdW5pZnkzNjAuemlw HTTP/1.1" 200 601 "https://www.powertekenterprise.com/wp-includes/SimplePie/d3fypn/" "Mozilla/5.0 (Linux; Android 7.0;) AppleWebKit/537.36 (KHTML, like Gecko) Mobile Safari/537.36 (compatible; PetalBot;+https://webmaster.petalsearch.com/site/petalbot)"
217.113.194.51 - - [02/Apr/2026:15:59:03 -0400] "GET /wp-includes/SimplePie/d3fypn/?fm=true&path=/opt/alt/php82/usr/share/man/man1/.. HTTP/1.1" 200 9914 "-" "Mozilla/5.0 (compatible; Barkrowler/0.9; +https://babbar.tech/crawler)"
217.113.194.244 - - [02/Apr/2026:15:59:16 -0400] "GET /wp-includes/SimplePie/d3fypn/?fm=true&path=/opt/alt/php82/usr/share/man/man8/.. HTTP/1.1" 200 9914 "-" "Mozilla/5.0 (compatible; Barkrowler/0.9; +https://babbar.tech/crawler)"
154.54.249.197 - - [02/Apr/2026:15:59:29 -0400] "GET /wp-includes/SimplePie/d3fypn/?fm=true&path=/opt/alt/php82/usr/share/doc/pear/Archive_Tar HTTP/1.1" 200 9864 "-" "Mozilla/5.0 (compatible; Barkrowler/0.9; +https://babbar.tech/crawler)"
217.113.194.47 - - [02/Apr/2026:15:59:41 -0400] "GET /wp-includes/SimplePie/d3fypn/?fm=true&path=/opt/alt/php82/usr/share/pear/XML/. HTTP/1.1" 200 10077 "-" "Mozilla/5.0 (compatible; Barkrowler/0.9; +https://babbar.tech/crawler)"
217.113.194.51 - - [02/Apr/2026:15:59:54 -0400] "GET /wp-includes/SimplePie/d3fypn/?fm=true&path=/opt/alt/php82/usr/share/pear/XML/.. HTTP/1.1" 200 11675 "-" "Mozilla/5.0 (compatible; Barkrowler/0.9; +https://babbar.tech/crawler)"
217.113.194.46 - - [02/Apr/2026:16:00:06 -0400] "GET /wp-includes/SimplePie/d3fypn/?fm=true&path=/opt/alt/php82/usr/share/pear/File/MARC HTTP/1.1" 200 10578 "-" "Mozilla/5.0 (compatible; Barkrowler/0.9; +https://babbar.tech/crawler)"
217.113.194.45 - - [02/Apr/2026:16:00:19 -0400] "GET /wp-includes/SimplePie/d3fypn/?fm=true&path=/opt/alt/php82/usr/share/pear/Structures/. HTTP/1.1" 200 10117 "-" "Mozilla/5.0 (compatible; Barkrowler/0.9; +https://babbar.tech/crawler)"
217.113.194.212 - - [02/Apr/2026:16:00:32 -0400] "GET /wp-includes/SimplePie/d3fypn/?fm=true&path=/opt/alt/php82/usr/share/pear/Console/. HTTP/1.1" 200 9883 "-" "Mozilla/5.0 (compatible; Barkrowler/0.9; +https://babbar.tech/crawler)"
217.113.194.42 - - [02/Apr/2026:16:00:44 -0400] "GET /wp-includes/SimplePie/d3fypn/?fm=true&path=/opt/alt/php82/usr/share/pear/data/PEAR HTTP/1.1" 200 9998 "-" "Mozilla/5.0 (compatible; Barkrowler/0.9; +https://babbar.tech/crawler)"
