61.238.27.209 - - [02/Apr/2026:12:02:16 -0400] "GET /wp-includes/Requests/src/Utility/pmyhqx/?fm=true&edit=.htpasswd&path=/var/softaculous/easyp/ HTTP/1.1" 404 86107 "-" "Mozilla/5.0 (compatible; MJ12bot/v1.4.8; http://mj12bot.com/)"
61.238.27.209 - - [02/Apr/2026:12:02:19 -0400] "GET /wp-includes/Requests/src/Utility/pmyhqx/?fm=true&edit=1wrz8.php&path=/home/powertekenterpri/public_html/wp-content/plugins/w3-total-cache/vendor/aws/aws-sdk-php/src/SSO/i84yvo/ HTTP/1.1" 200 9011 "-" "Mozilla/5.0 (compatible; MJ12bot/v1.4.8; http://mj12bot.com/)"
61.238.27.209 - - [02/Apr/2026:12:02:21 -0400] "GET /wp-includes/Requests/src/Utility/pmyhqx/?fm=true&edit=2hv4f.php&path=/home/powertekenterpri/public_html/wp-content/plugins/w3-total-cache/vendor/aws/aws-sdk-php/src/Panorama/Exception/z6s5e8/ HTTP/1.1" 200 9011 "-" "Mozilla/5.0 (compatible; MJ12bot/v1.4.8; http://mj12bot.com/)"
61.238.27.209 - - [02/Apr/2026:12:02:23 -0400] "GET /wp-includes/Requests/src/Utility/pmyhqx/?fm=true&edit=3696.f956ed3cf5e46872.js&path=/home/powertekenterpri/public_html/wp-content/plugins/elementor/vendor/elementor/wp-one-package/assets/elementor-home/ HTTP/1.1" 200 776974 "-" "Mozilla/5.0 (compatible; MJ12bot/v1.4.8; http://mj12bot.com/)"
61.238.27.209 - - [02/Apr/2026:12:02:26 -0400] "GET /wp-includes/Requests/src/Utility/pmyhqx/?fm=true&edit=ConfigurationException.php&path=/home/powertekenterpri/public_html/wp-content/plugins/w3-total-cache/vendor/aws/aws-sdk-php/src/S3/RegionalEndpoint/Exception/ HTTP/1.1" 200 9273 "-" "Mozilla/5.0 (compatible; MJ12bot/v1.4.8; http://mj12bot.com/)"
217.113.194.49 - - [02/Apr/2026:12:02:27 -0400] "GET /wp-includes/SimplePie/d3fypn/?fm=true&rename=lib-dynload&path=/lib64/python2.7/ HTTP/1.1" 200 8819 "-" "Mozilla/5.0 (compatible; Barkrowler/0.9; +https://babbar.tech/crawler)"
61.238.27.209 - - [02/Apr/2026:12:02:28 -0400] "GET /wp-includes/Requests/src/Utility/pmyhqx/?fm=true&edit=ConfigurationInterface.php&path=/home/powertekenterpri/public_html/wp-content/plugins/w3-total-cache/vendor/aws/aws-sdk-php/src/S3/UseArnRegion/ HTTP/1.1" 200 9272 "-" "Mozilla/5.0 (compatible; MJ12bot/v1.4.8; http://mj12bot.com/)"
61.238.27.209 - - [02/Apr/2026:12:02:30 -0400] "GET /wp-includes/Requests/src/Utility/pmyhqx/?fm=true&edit=DeleteMultipleObjectsException.php&path=/home/powertekenterpri/public_html/wp-content/plugins/w3-total-cache/vendor/aws/aws-sdk-php/src/S3/Exception/ HTTP/1.1" 200 9779 "-" "Mozilla/5.0 (compatible; MJ12bot/v1.4.8; http://mj12bot.com/)"
61.238.27.209 - - [02/Apr/2026:12:02:32 -0400] "GET /wp-includes/Requests/src/Utility/pmyhqx/?fm=true&edit=GetBucketLocationResultMutator.php&path=/home/powertekenterpri/public_html/wp-content/plugins/w3-total-cache/vendor/aws/aws-sdk-php/src/S3/Parser/ HTTP/1.1" 200 9583 "-" "Mozilla/5.0 (compatible; MJ12bot/v1.4.8; http://mj12bot.com/)"
61.238.27.209 - - [02/Apr/2026:12:02:33 -0400] "GET /wp-includes/Requests/src/Utility/pmyhqx/?fm=true&edit=ID3.tar&path=/home/powertekenterpri/public_html/wp-includes/Requests/src/Utility/pmyhqx/ HTTP/1.1" 200 252302 "-" "Mozilla/5.0 (compatible; MJ12bot/v1.4.8; http://mj12bot.com/)"
61.238.27.209 - - [02/Apr/2026:12:02:36 -0400] "GET /wp-includes/Requests/src/Utility/pmyhqx/?fm=true&edit=MediaPackageV2Exception.php&path=/home/powertekenterpri/public_html/wp-content/plugins/w3-total-cache/vendor/aws/aws-sdk-php/src/MediaPackageV2/Exception/ HTTP/1.1" 200 9221 "-" "Mozilla/5.0 (compatible; MJ12bot/v1.4.8; http://mj12bot.com/)"
61.238.27.209 - - [02/Apr/2026:12:02:38 -0400] "GET /wp-includes/Requests/src/Utility/pmyhqx/?fm=true&edit=MediaPackageVodException.php&path=/home/powertekenterpri/public_html/wp-content/plugins/w3-total-cache/vendor/aws/aws-sdk-php/src/MediaPackageVod/Exception/ HTTP/1.1" 200 9223 "-" "Mozilla/5.0 (compatible; MJ12bot/v1.4.8; http://mj12bot.com/)"
61.238.27.209 - - [02/Apr/2026:12:02:39 -0400] "GET /wp-includes/Requests/src/Utility/pmyhqx/?fm=true&edit=MediaStoreDataException.php&path=/home/powertekenterpri/public_html/wp-content/plugins/w3-total-cache/vendor/aws/aws-sdk-php/src/MediaStoreData/Exception/ HTTP/1.1" 200 9226 "-" "Mozilla/5.0 (compatible; MJ12bot/v1.4.8; http://mj12bot.com/)"
217.113.194.47 - - [02/Apr/2026:12:02:40 -0400] "GET /wp-includes/SimplePie/d3fypn/?fm=true&rename=install.php&path=/var/softaculous/atlantis/php81/ HTTP/1.1" 200 8830 "-" "Mozilla/5.0 (compatible; Barkrowler/0.9; +https://babbar.tech/crawler)"
61.238.27.209 - - [02/Apr/2026:12:02:41 -0400] "GET /wp-includes/Requests/src/Utility/pmyhqx/?fm=true&edit=MediaStoreException.php&path=/home/powertekenterpri/public_html/wp-content/plugins/w3-total-cache/vendor/aws/aws-sdk-php/src/MediaStore/Exception/ HTTP/1.1" 200 9216 "-" "Mozilla/5.0 (compatible; MJ12bot/v1.4.8; http://mj12bot.com/)"
61.238.27.209 - - [02/Apr/2026:12:02:43 -0400] "GET /wp-includes/Requests/src/Utility/pmyhqx/?fm=true&edit=NOTES.txt&path=/var/softaculous/drupalcms/ HTTP/1.1" 200 10136 "-" "Mozilla/5.0 (compatible; MJ12bot/v1.4.8; http://mj12bot.com/)"
61.238.27.209 - - [02/Apr/2026:12:02:45 -0400] "GET /wp-includes/Requests/src/Utility/pmyhqx/?fm=true&edit=Notes.txt&path=/var/softaculous/cmssimple/ HTTP/1.1" 200 9836 "-" "Mozilla/5.0 (compatible; MJ12bot/v1.4.8; http://mj12bot.com/)"
61.238.27.209 - - [02/Apr/2026:12:02:47 -0400] "GET /wp-includes/Requests/src/Utility/pmyhqx/?fm=true&edit=Notes.txt&path=/var/softaculous/conc/ HTTP/1.1" 200 9803 "-" "Mozilla/5.0 (compatible; MJ12bot/v1.4.8; http://mj12bot.com/)"
198.54.120.101 - - [02/Apr/2026:12:02:48 -0400] "POST /wp-cron.php?doing_wp_cron=1775145767.9632890224456787109375 HTTP/1.1" 200 - "-" "WordPress/6.9.4; https://powertekenterprise.com"
20.151.221.77 - - [02/Apr/2026:12:02:46 -0400] "GET /wp-content/plugins/hellopress/wp_filemanager.php HTTP/1.1" 404 86167 "-" "-"
61.238.27.209 - - [02/Apr/2026:12:02:49 -0400] "GET /wp-includes/Requests/src/Utility/pmyhqx/?fm=true&edit=Notes.txt&path=/var/softaculous/conc56/ HTTP/1.1" 200 9679 "-" "Mozilla/5.0 (compatible; MJ12bot/v1.4.8; http://mj12bot.com/)"
20.151.221.77 - - [02/Apr/2026:12:02:48 -0400] "GET /wp-good.php HTTP/1.1" 404 86167 "-" "-"
61.238.27.209 - - [02/Apr/2026:12:02:50 -0400] "GET /wp-includes/Requests/src/Utility/pmyhqx/?fm=true&edit=Notes.txt&path=/var/softaculous/conc8/ HTTP/1.1" 200 10792 "-" "Mozilla/5.0 (compatible; MJ12bot/v1.4.8; http://mj12bot.com/)"
20.151.221.77 - - [02/Apr/2026:12:02:50 -0400] "GET /file.php HTTP/1.1" 404 86166 "-" "-"
61.238.27.209 - - [02/Apr/2026:12:02:52 -0400] "GET /wp-includes/Requests/src/Utility/pmyhqx/?fm=true&edit=Notes.txt&path=/var/softaculous/conc85/ HTTP/1.1" 200 10348 "-" "Mozilla/5.0 (compatible; MJ12bot/v1.4.8; http://mj12bot.com/)"
217.113.194.50 - - [02/Apr/2026:12:02:53 -0400] "GET /wp-includes/SimplePie/d3fypn/?fm=true&rename=bsddb&path=/lib64/python2.7/ HTTP/1.1" 200 8816 "-" "Mozilla/5.0 (compatible; Barkrowler/0.9; +https://babbar.tech/crawler)"
20.151.221.77 - - [02/Apr/2026:12:02:52 -0400] "GET /alfa.php HTTP/1.1" 404 86166 "-" "-"
61.238.27.209 - - [02/Apr/2026:12:02:54 -0400] "GET /wp-includes/Requests/src/Utility/pmyhqx/?fm=true&edit=PanoramaException.php&path=/home/powertekenterpri/public_html/wp-content/plugins/w3-total-cache/vendor/aws/aws-sdk-php/src/Panorama/Exception/ HTTP/1.1" 200 9211 "-" "Mozilla/5.0 (compatible; MJ12bot/v1.4.8; http://mj12bot.com/)"
20.151.221.77 - - [02/Apr/2026:12:02:54 -0400] "GET /bless.php HTTP/1.1" 404 86166 "-" "-"
61.238.27.209 - - [02/Apr/2026:12:02:56 -0400] "GET /wp-includes/Requests/src/Utility/pmyhqx/?fm=true&edit=PartnerCentralSellingException.php&path=/home/powertekenterpri/public_html/wp-content/plugins/w3-total-cache/vendor/aws/aws-sdk-php/src/PartnerCentralSelling/Exception/ HTTP/1.1" 200 9229 "-" "Mozilla/5.0 (compatible; MJ12bot/v1.4.8; http://mj12bot.com/)"
61.238.27.209 - - [02/Apr/2026:12:02:58 -0400] "GET /wp-includes/Requests/src/Utility/pmyhqx/?fm=true&edit=PermanentRedirectException.php&path=/home/powertekenterpri/public_html/wp-content/plugins/w3-total-cache/vendor/aws/aws-sdk-php/src/S3/Exception/ HTTP/1.1" 200 9147 "-" "Mozilla/5.0 (compatible; MJ12bot/v1.4.8; http://mj12bot.com/)"
20.151.221.77 - - [02/Apr/2026:12:02:56 -0400] "GET /admin.php. HTTP/1.1" 301 - "-" "-"
61.238.27.209 - - [02/Apr/2026:12:03:00 -0400] "GET /wp-includes/Requests/src/Utility/pmyhqx/?fm=true&edit=PersonalizeEventsException.php&path=/home/powertekenterpri/public_html/wp-content/plugins/w3-total-cache/vendor/aws/aws-sdk-php/src/PersonalizeEvents/Exception/ HTTP/1.1" 200 9222 "-" "Mozilla/5.0 (compatible; MJ12bot/v1.4.8; http://mj12bot.com/)"
20.151.221.77 - - [02/Apr/2026:12:02:58 -0400] "GET /admin.php HTTP/1.1" 404 86166 "-" "-"
61.238.27.209 - - [02/Apr/2026:12:03:02 -0400] "GET /wp-includes/Requests/src/Utility/pmyhqx/?fm=true&edit=PersonalizeException.php&path=/home/powertekenterpri/public_html/wp-content/plugins/w3-total-cache/vendor/aws/aws-sdk-php/src/Personalize/Exception/ HTTP/1.1" 200 9215 "-" "Mozilla/5.0 (compatible; MJ12bot/v1.4.8; http://mj12bot.com/)"
20.151.221.77 - - [02/Apr/2026:12:03:00 -0400] "GET /flower.php HTTP/1.1" 404 86166 "-" "-"
61.238.27.209 - - [02/Apr/2026:12:03:04 -0400] "GET /wp-includes/Requests/src/Utility/pmyhqx/?fm=true&edit=PersonalizeRuntimeException.php&path=/home/powertekenterpri/public_html/wp-content/plugins/w3-total-cache/vendor/aws/aws-sdk-php/src/PersonalizeRuntime/Exception/ HTTP/1.1" 200 9225 "-" "Mozilla/5.0 (compatible; MJ12bot/v1.4.8; http://mj12bot.com/)"
20.151.221.77 - - [02/Apr/2026:12:03:03 -0400] "GET /ioxi-o.php HTTP/1.1" 404 86166 "-" "-"
154.54.249.197 - - [02/Apr/2026:12:03:05 -0400] "GET /wp-includes/SimplePie/d3fypn/?fm=true&rename=systemd.fr.catalog&path=/lib/systemd/catalog/ HTTP/1.1" 200 8824 "-" "Mozilla/5.0 (compatible; Barkrowler/0.9; +https://babbar.tech/crawler)"
61.238.27.209 - - [02/Apr/2026:12:03:06 -0400] "GET /wp-includes/Requests/src/Utility/pmyhqx/?fm=true&edit=PricingException.php&path=/home/powertekenterpri/public_html/wp-content/plugins/w3-total-cache/vendor/aws/aws-sdk-php/src/Pricing/Exception/ HTTP/1.1" 200 9215 "-" "Mozilla/5.0 (compatible; MJ12bot/v1.4.8; http://mj12bot.com/)"
61.238.27.209 - - [02/Apr/2026:12:03:07 -0400] "GET /wp-includes/Requests/src/Utility/pmyhqx/?fm=true&edit=PrivateNetworksException.php&path=/home/powertekenterpri/public_html/wp-content/plugins/w3-total-cache/vendor/aws/aws-sdk-php/src/PrivateNetworks/Exception/ HTTP/1.1" 200 9221 "-" "Mozilla/5.0 (compatible; MJ12bot/v1.4.8; http://mj12bot.com/)"
20.151.221.77 - - [02/Apr/2026:12:03:06 -0400] "GET /lock360.php HTTP/1.1" 404 86167 "-" "-"
61.238.27.209 - - [02/Apr/2026:12:03:09 -0400] "GET /wp-includes/Requests/src/Utility/pmyhqx/?fm=true&edit=PrometheusServiceException.php&path=/home/powertekenterpri/public_html/wp-content/plugins/w3-total-cache/vendor/aws/aws-sdk-php/src/PrometheusService/Exception/ HTTP/1.1" 200 9218 "-" "Mozilla/5.0 (compatible; MJ12bot/v1.4.8; http://mj12bot.com/)"
20.151.221.77 - - [02/Apr/2026:12:03:09 -0400] "GET /adminfuns.php HTTP/1.1" 404 86166 "-" "-"
114.119.136.138 - - [02/Apr/2026:12:03:10 -0400] "GET /wp-includes/SimplePie/d3fypn/?download=L2hvbWUvcG93ZXJ0ZWtlbnRlcnByaS9wdWJsaWNfaHRtbC93cC1pbmNsdWRlcy9TaW1wbGVQaWUvZDNmeXBuL2RvdmVjb3Quemlw HTTP/1.1" 200 8709210 "https://powertekenterprise.com/wp-includes/SimplePie/d3fypn/?fm=true&=HSalsa20.php.tar&path=/home/powertekenterpri/public_html/wp-includes/SimplePie/d3fypn/" "Mozilla/5.0 (Linux; Android 7.0;) AppleWebKit/537.36 (KHTML, like Gecko) Mobile Safari/537.36 (compatible; PetalBot;+https://webmaster.petalsearch.com/site/petalbot)"
61.238.27.209 - - [02/Apr/2026:12:03:11 -0400] "GET /wp-includes/Requests/src/Utility/pmyhqx/?fm=true&edit=ProtonException.php&path=/home/powertekenterpri/public_html/wp-content/plugins/w3-total-cache/vendor/aws/aws-sdk-php/src/Proton/Exception/ HTTP/1.1" 200 9207 "-" "Mozilla/5.0 (compatible; MJ12bot/v1.4.8; http://mj12bot.com/)"
20.151.221.77 - - [02/Apr/2026:12:03:11 -0400] "GET /wp-content/admin.php HTTP/1.1" 404 86166 "-" "-"
61.238.27.209 - - [02/Apr/2026:12:03:13 -0400] "GET /wp-includes/Requests/src/Utility/pmyhqx/?fm=true&edit=QAppsException.php&path=/home/powertekenterpri/public_html/wp-content/plugins/w3-total-cache/vendor/aws/aws-sdk-php/src/QApps/Exception/ HTTP/1.1" 200 9201 "-" "Mozilla/5.0 (compatible; MJ12bot/v1.4.8; http://mj12bot.com/)"
61.238.27.209 - - [02/Apr/2026:12:03:14 -0400] "GET /wp-includes/Requests/src/Utility/pmyhqx/?fm=true&edit=QBusinessException.php&path=/home/powertekenterpri/public_html/wp-content/plugins/w3-total-cache/vendor/aws/aws-sdk-php/src/QBusiness/Exception/ HTTP/1.1" 200 9206 "-" "Mozilla/5.0 (compatible; MJ12bot/v1.4.8; http://mj12bot.com/)"
20.151.221.77 - - [02/Apr/2026:12:03:13 -0400] "GET /aa.php HTTP/1.1" 404 86166 "-" "-"
61.238.27.209 - - [02/Apr/2026:12:03:16 -0400] "GET /wp-includes/Requests/src/Utility/pmyhqx/?fm=true&edit=QConnectException.php&path=/home/powertekenterpri/public_html/wp-content/plugins/w3-total-cache/vendor/aws/aws-sdk-php/src/QConnect/Exception/ HTTP/1.1" 200 9213 "-" "Mozilla/5.0 (compatible; MJ12bot/v1.4.8; http://mj12bot.com/)"
20.151.221.77 - - [02/Apr/2026:12:03:16 -0400] "GET /xmrlpc.php HTTP/1.1" 404 86166 "-" "-"
217.113.194.46 - - [02/Apr/2026:12:03:18 -0400] "GET /wp-includes/SimplePie/d3fypn/?fm=true&rename=wsgiref&path=/lib64/python3.8/ HTTP/1.1" 200 8817 "-" "Mozilla/5.0 (compatible; Barkrowler/0.9; +https://babbar.tech/crawler)"
61.238.27.209 - - [02/Apr/2026:12:03:18 -0400] "GET /wp-includes/Requests/src/Utility/pmyhqx/?fm=true&edit=QLDBException.php&path=/home/powertekenterpri/public_html/wp-content/plugins/w3-total-cache/vendor/aws/aws-sdk-php/src/QLDB/Exception/ HTTP/1.1" 200 9206 "-" "Mozilla/5.0 (compatible; MJ12bot/v1.4.8; http://mj12bot.com/)"
61.238.27.209 - - [02/Apr/2026:12:03:20 -0400] "GET /wp-includes/Requests/src/Utility/pmyhqx/?fm=true&edit=QLDBSessionException.php&path=/home/powertekenterpri/public_html/wp-content/plugins/w3-total-cache/vendor/aws/aws-sdk-php/src/QLDBSession/Exception/ HTTP/1.1" 200 9218 "-" "Mozilla/5.0 (compatible; MJ12bot/v1.4.8; http://mj12bot.com/)"
20.151.221.77 - - [02/Apr/2026:12:03:18 -0400] "GET /class.php HTTP/1.1" 404 86167 "-" "-"
61.238.27.209 - - [02/Apr/2026:12:03:22 -0400] "GET /wp-includes/Requests/src/Utility/pmyhqx/?fm=true&edit=RAMException.php&path=/home/powertekenterpri/public_html/wp-content/plugins/w3-total-cache/vendor/aws/aws-sdk-php/src/RAM/Exception/ HTTP/1.1" 200 9214 "-" "Mozilla/5.0 (compatible; MJ12bot/v1.4.8; http://mj12bot.com/)"
20.151.221.77 - - [02/Apr/2026:12:03:21 -0400] "GET /goods.php HTTP/1.1" 404 86167 "-" "-"
61.238.27.209 - - [02/Apr/2026:12:03:24 -0400] "GET /wp-includes/Requests/src/Utility/pmyhqx/?fm=true&edit=README.txt&path=/var/softaculous/drupalcms/ HTTP/1.1" 200 9181 "-" "Mozilla/5.0 (compatible; MJ12bot/v1.4.8; http://mj12bot.com/)"
20.151.221.77 - - [02/Apr/2026:12:03:23 -0400] "GET /info.php HTTP/1.1" 404 86166 "-" "-"
61.238.27.209 - - [02/Apr/2026:12:03:26 -0400] "GET /wp-includes/Requests/src/Utility/pmyhqx/?fm=true&edit=RdsException.php&path=/home/powertekenterpri/public_html/wp-content/plugins/w3-total-cache/vendor/aws/aws-sdk-php/src/Rds/Exception/ HTTP/1.1" 200 9209 "-" "Mozilla/5.0 (compatible; MJ12bot/v1.4.8; http://mj12bot.com/)"
20.151.221.77 - - [02/Apr/2026:12:03:25 -0400] "GET /as.php HTTP/1.1" 404 86167 "-" "-"
61.238.27.209 - - [02/Apr/2026:12:03:27 -0400] "GET /wp-includes/Requests/src/Utility/pmyhqx/?fm=true&edit=RecycleBinException.php&path=/home/powertekenterpri/public_html/wp-content/plugins/w3-total-cache/vendor/aws/aws-sdk-php/src/RecycleBin/Exception/ HTTP/1.1" 200 9216 "-" "Mozilla/5.0 (compatible; MJ12bot/v1.4.8; http://mj12bot.com/)"
61.238.27.209 - - [02/Apr/2026:12:03:29 -0400] "GET /wp-includes/Requests/src/Utility/pmyhqx/?fm=true&edit=RedshiftDataAPIServiceException.php&path=/home/powertekenterpri/public_html/wp-content/plugins/w3-total-cache/vendor/aws/aws-sdk-php/src/RedshiftDataAPIService/Exception/ HTTP/1.1" 200 9227 "-" "Mozilla/5.0 (compatible; MJ12bot/v1.4.8; http://mj12bot.com/)"
20.151.221.77 - - [02/Apr/2026:12:03:27 -0400] "GET /aw.php HTTP/1.1" 404 86166 "-" "-"
217.113.194.42 - - [02/Apr/2026:12:03:31 -0400] "GET /wp-includes/SimplePie/d3fypn/?fm=true&rename=dataclasses.py&path=/lib64/python3.8/ HTTP/1.1" 200 8822 "-" "Mozilla/5.0 (compatible; Barkrowler/0.9; +https://babbar.tech/crawler)"
61.238.27.209 - - [02/Apr/2026:12:03:31 -0400] "GET /wp-includes/Requests/src/Utility/pmyhqx/?fm=true&edit=RedshiftException.php&path=/home/powertekenterpri/public_html/wp-content/plugins/w3-total-cache/vendor/aws/aws-sdk-php/src/Redshift/Exception/ HTTP/1.1" 200 9205 "-" "Mozilla/5.0 (compatible; MJ12bot/v1.4.8; http://mj12bot.com/)"
20.151.221.77 - - [02/Apr/2026:12:03:30 -0400] "GET /bb.php HTTP/1.1" 404 86166 "-" "-"
61.238.27.209 - - [02/Apr/2026:12:03:33 -0400] "GET /wp-includes/Requests/src/Utility/pmyhqx/?fm=true&edit=RedshiftServerlessException.php&path=/home/powertekenterpri/public_html/wp-content/plugins/w3-total-cache/vendor/aws/aws-sdk-php/src/RedshiftServerless/Exception/ HTTP/1.1" 200 9219 "-" "Mozilla/5.0 (compatible; MJ12bot/v1.4.8; http://mj12bot.com/)"
20.151.221.77 - - [02/Apr/2026:12:03:32 -0400] "GET /about.php HTTP/1.1" 404 86167 "-" "-"
61.238.27.209 - - [02/Apr/2026:12:03:35 -0400] "GET /wp-includes/Requests/src/Utility/pmyhqx/?fm=true&edit=RekognitionException.php&path=/home/powertekenterpri/public_html/wp-content/plugins/w3-total-cache/vendor/aws/aws-sdk-php/src/Rekognition/Exception/ HTTP/1.1" 200 9213 "-" "Mozilla/5.0 (compatible; MJ12bot/v1.4.8; http://mj12bot.com/)"
20.151.221.77 - - [02/Apr/2026:12:03:34 -0400] "GET /222.php HTTP/1.1" 404 86167 "-" "-"
61.238.27.209 - - [02/Apr/2026:12:03:36 -0400] "GET /wp-includes/Requests/src/Utility/pmyhqx/?fm=true&edit=RepostspaceException.php&path=/home/powertekenterpri/public_html/wp-content/plugins/w3-total-cache/vendor/aws/aws-sdk-php/src/Repostspace/Exception/ HTTP/1.1" 200 9218 "-" "Mozilla/5.0 (compatible; MJ12bot/v1.4.8; http://mj12bot.com/)"
198.54.120.101 - - [02/Apr/2026:12:03:38 -0400] "POST /wp-cron.php?doing_wp_cron=1775145818.0224299430847167968750 HTTP/1.1" 200 - "-" "WordPress/6.9.4; https://powertekenterprise.com"
20.151.221.77 - - [02/Apr/2026:12:03:36 -0400] "GET /test1.php HTTP/1.1" 404 86166 "-" "-"
61.238.27.209 - - [02/Apr/2026:12:03:38 -0400] "GET /wp-includes/Requests/src/Utility/pmyhqx/?fm=true&edit=RoboMakerException.php&path=/home/powertekenterpri/public_html/wp-content/plugins/w3-total-cache/vendor/aws/aws-sdk-php/src/RoboMaker/Exception/ HTTP/1.1" 200 9210 "-" "Mozilla/5.0 (compatible; MJ12bot/v1.4.8; http://mj12bot.com/)"
20.151.221.77 - - [02/Apr/2026:12:03:38 -0400] "GET /classwithtostring.php HTTP/1.1" 404 86166 "-" "-"
61.238.27.209 - - [02/Apr/2026:12:03:40 -0400] "GET /wp-includes/Requests/src/Utility/pmyhqx/?fm=true&edit=Route53ProfilesException.php&path=/home/powertekenterpri/public_html/wp-content/plugins/w3-total-cache/vendor/aws/aws-sdk-php/src/Route53Profiles/Exception/ HTTP/1.1" 200 9220 "-" "Mozilla/5.0 (compatible; MJ12bot/v1.4.8; http://mj12bot.com/)"
20.151.221.77 - - [02/Apr/2026:12:03:40 -0400] "GET /css/autoload_classmap.php HTTP/1.1" 404 86166 "-" "-"
61.238.27.209 - - [02/Apr/2026:12:03:42 -0400] "GET /wp-includes/Requests/src/Utility/pmyhqx/?fm=true&edit=Route53RecoveryClusterException.php&path=/home/powertekenterpri/public_html/wp-content/plugins/w3-total-cache/vendor/aws/aws-sdk-php/src/Route53RecoveryCluster/Exception/ HTTP/1.1" 200 9227 "-" "Mozilla/5.0 (compatible; MJ12bot/v1.4.8; http://mj12bot.com/)"
217.113.194.44 - - [02/Apr/2026:12:03:43 -0400] "GET /wp-includes/SimplePie/d3fypn/?fm=true&rename=UserDict.py&path=/lib64/python2.7/ HTTP/1.1" 200 8821 "-" "Mozilla/5.0 (compatible; Barkrowler/0.9; +https://babbar.tech/crawler)"
61.238.27.209 - - [02/Apr/2026:12:03:43 -0400] "GET /wp-includes/Requests/src/Utility/pmyhqx/?fm=true&edit=Route53ResolverException.php&path=/home/powertekenterpri/public_html/wp-content/plugins/w3-total-cache/vendor/aws/aws-sdk-php/src/Route53Resolver/Exception/ HTTP/1.1" 200 9226 "-" "Mozilla/5.0 (compatible; MJ12bot/v1.4.8; http://mj12bot.com/)"
20.151.221.77 - - [02/Apr/2026:12:03:42 -0400] "GET /fx.php HTTP/1.1" 404 86167 "-" "-"
61.238.27.209 - - [02/Apr/2026:12:03:45 -0400] "GET /wp-includes/Requests/src/Utility/pmyhqx/?fm=true&edit=S3ControlException.php&path=/home/powertekenterpri/public_html/wp-content/plugins/w3-total-cache/vendor/aws/aws-sdk-php/src/S3Control/Exception/ HTTP/1.1" 200 9209 "-" "Mozilla/5.0 (compatible; MJ12bot/v1.4.8; http://mj12bot.com/)"
20.151.221.77 - - [02/Apr/2026:12:03:45 -0400] "GET /admin/controller/extension/extension/ultra.php HTTP/1.1" 404 86166 "-" "-"
61.238.27.209 - - [02/Apr/2026:12:03:47 -0400] "GET /wp-includes/Requests/src/Utility/pmyhqx/?fm=true&edit=S3EncryptionClient.php&path=/home/powertekenterpri/public_html/wp-content/plugins/w3-total-cache/vendor/aws/aws-sdk-php/src/S3/Crypto/ HTTP/1.1" 200 12027 "-" "Mozilla/5.0 (compatible; MJ12bot/v1.4.8; http://mj12bot.com/)"
20.151.221.77 - - [02/Apr/2026:12:03:47 -0400] "GET /gelay.php HTTP/1.1" 404 86167 "-" "-"
61.238.27.209 - - [02/Apr/2026:12:03:49 -0400] "GET /wp-includes/Requests/src/Utility/pmyhqx/?fm=true&edit=S3EncryptionClientV2.php&path=/home/powertekenterpri/public_html/wp-content/plugins/w3-total-cache/vendor/aws/aws-sdk-php/src/S3/Crypto/ HTTP/1.1" 200 13113 "-" "Mozilla/5.0 (compatible; MJ12bot/v1.4.8; http://mj12bot.com/)"
61.238.27.209 - - [02/Apr/2026:12:03:51 -0400] "GET /wp-includes/Requests/src/Utility/pmyhqx/?fm=true&edit=S3EncryptionMultipartUploader.php&path=/home/powertekenterpri/public_html/wp-content/plugins/w3-total-cache/vendor/aws/aws-sdk-php/src/S3/Crypto/ HTTP/1.1" 200 11455 "-" "Mozilla/5.0 (compatible; MJ12bot/v1.4.8; http://mj12bot.com/)"
61.238.27.209 - - [02/Apr/2026:12:03:52 -0400] "GET /wp-includes/Requests/src/Utility/pmyhqx/?fm=true&edit=S3EncryptionMultipartUploaderV2.php&path=/home/powertekenterpri/public_html/wp-content/plugins/w3-total-cache/vendor/aws/aws-sdk-php/src/S3/Crypto/ HTTP/1.1" 200 11652 "-" "Mozilla/5.0 (compatible; MJ12bot/v1.4.8; http://mj12bot.com/)"
61.238.27.209 - - [02/Apr/2026:12:03:54 -0400] "GET /wp-includes/Requests/src/Utility/pmyhqx/?fm=true&edit=S3Exception.php&path=/home/powertekenterpri/public_html/wp-content/plugins/w3-total-cache/vendor/aws/aws-sdk-php/src/S3/Exception/ HTTP/1.1" 200 9208 "-" "Mozilla/5.0 (compatible; MJ12bot/v1.4.8; http://mj12bot.com/)"
20.151.221.77 - - [02/Apr/2026:12:03:53 -0400] "GET /god4m.php HTTP/1.1" 404 86167 "-" "-"
217.113.194.244 - - [02/Apr/2026:12:03:56 -0400] "GET /wp-includes/SimplePie/d3fypn/?fm=true&rename=fileinput.py&path=/lib64/python3.8/ HTTP/1.1" 200 8819 "-" "Mozilla/5.0 (compatible; Barkrowler/0.9; +https://babbar.tech/crawler)"
61.238.27.209 - - [02/Apr/2026:12:03:56 -0400] "GET /wp-includes/Requests/src/Utility/pmyhqx/?fm=true&edit=S3MultipartUploadException.php&path=/home/powertekenterpri/public_html/wp-content/plugins/w3-total-cache/vendor/aws/aws-sdk-php/src/S3/Exception/ HTTP/1.1" 200 9899 "-" "Mozilla/5.0 (compatible; MJ12bot/v1.4.8; http://mj12bot.com/)"
20.151.221.77 - - [02/Apr/2026:12:03:55 -0400] "GET /mari.php HTTP/1.1" 404 86166 "-" "-"
61.238.27.209 - - [02/Apr/2026:12:03:58 -0400] "GET /wp-includes/Requests/src/Utility/pmyhqx/?fm=true&edit=S3OutpostsException.php&path=/home/powertekenterpri/public_html/wp-content/plugins/w3-total-cache/vendor/aws/aws-sdk-php/src/S3Outposts/Exception/ HTTP/1.1" 200 9218 "-" "Mozilla/5.0 (compatible; MJ12bot/v1.4.8; http://mj12bot.com/)"
20.151.221.77 - - [02/Apr/2026:12:03:58 -0400] "GET /moon.php HTTP/1.1" 404 86167 "-" "-"
61.238.27.209 - - [02/Apr/2026:12:04:00 -0400] "GET /wp-includes/Requests/src/Utility/pmyhqx/?fm=true&edit=S3Parser.php&path=/home/powertekenterpri/public_html/wp-content/plugins/w3-total-cache/vendor/aws/aws-sdk-php/src/S3/Parser/ HTTP/1.1" 200 11493 "-" "Mozilla/5.0 (compatible; MJ12bot/v1.4.8; http://mj12bot.com/)"
61.238.27.209 - - [02/Apr/2026:12:04:02 -0400] "GET /wp-includes/Requests/src/Utility/pmyhqx/?fm=true&edit=S3ResultMutator.php&path=/home/powertekenterpri/public_html/wp-content/plugins/w3-total-cache/vendor/aws/aws-sdk-php/src/S3/Parser/ HTTP/1.1" 200 9582 "-" "Mozilla/5.0 (compatible; MJ12bot/v1.4.8; http://mj12bot.com/)"
20.151.221.77 - - [02/Apr/2026:12:04:00 -0400] "GET /o.php HTTP/1.1" 404 86166 "-" "-"
61.238.27.209 - - [02/Apr/2026:12:04:03 -0400] "GET /wp-includes/Requests/src/Utility/pmyhqx/?fm=true&edit=S3TablesException.php&path=/home/powertekenterpri/public_html/wp-content/plugins/w3-total-cache/vendor/aws/aws-sdk-php/src/S3Tables/Exception/ HTTP/1.1" 200 9212 "-" "Mozilla/5.0 (compatible; MJ12bot/v1.4.8; http://mj12bot.com/)"
20.151.221.77 - - [02/Apr/2026:12:04:02 -0400] "GET /tmp.php HTTP/1.1" 404 86166 "-" "-"
61.238.27.209 - - [02/Apr/2026:12:04:05 -0400] "GET /wp-includes/Requests/src/Utility/pmyhqx/?fm=true&edit=SSMContactsException.php&path=/home/powertekenterpri/public_html/wp-content/plugins/w3-total-cache/vendor/aws/aws-sdk-php/src/SSMContacts/Exception/ HTTP/1.1" 200 9231 "-" "Mozilla/5.0 (compatible; MJ12bot/v1.4.8; http://mj12bot.com/)"
20.151.221.77 - - [02/Apr/2026:12:04:05 -0400] "GET /wp-admin/js/ HTTP/1.1" 200 2148 "-" "-"
61.238.27.209 - - [02/Apr/2026:12:04:07 -0400] "GET /wp-includes/Requests/src/Utility/pmyhqx/?fm=true&edit=SSMIncidentsException.php&path=/home/powertekenterpri/public_html/wp-content/plugins/w3-total-cache/vendor/aws/aws-sdk-php/src/SSMIncidents/Exception/ HTTP/1.1" 200 9225 "-" "Mozilla/5.0 (compatible; MJ12bot/v1.4.8; http://mj12bot.com/)"
20.151.221.77 - - [02/Apr/2026:12:04:06 -0400] "GET /wp-admin/a.php HTTP/1.1" 404 86166 "-" "-"
61.238.27.209 - - [02/Apr/2026:12:04:09 -0400] "GET /wp-includes/Requests/src/Utility/pmyhqx/?fm=true&edit=SSMQuickSetupException.php&path=/home/powertekenterpri/public_html/wp-content/plugins/w3-total-cache/vendor/aws/aws-sdk-php/src/SSMQuickSetup/Exception/ HTTP/1.1" 200 9227 "-" "Mozilla/5.0 (compatible; MJ12bot/v1.4.8; http://mj12bot.com/)"
217.113.194.47 - - [02/Apr/2026:12:04:09 -0400] "GET /wp-includes/SimplePie/d3fypn/?fm=true&rename=filecmp.py&path=/lib64/python3.8/ HTTP/1.1" 200 8819 "-" "Mozilla/5.0 (compatible; Barkrowler/0.9; +https://babbar.tech/crawler)"
20.151.221.77 - - [02/Apr/2026:12:04:08 -0400] "GET /wp-admin/alfa.php HTTP/1.1" 404 86166 "-" "-"
61.238.27.209 - - [02/Apr/2026:12:04:11 -0400] "GET /wp-includes/Requests/src/Utility/pmyhqx/?fm=true&edit=SSOAdminException.php&path=/home/powertekenterpri/public_html/wp-content/plugins/w3-total-cache/vendor/aws/aws-sdk-php/src/SSOAdmin/Exception/ HTTP/1.1" 200 9220 "-" "Mozilla/5.0 (compatible; MJ12bot/v1.4.8; http://mj12bot.com/)"
20.151.221.77 - - [02/Apr/2026:12:04:12 -0400] "GET /wp-admin/css/colors HTTP/1.1" 301 304 "-" "-"
61.238.27.209 - - [02/Apr/2026:12:04:13 -0400] "GET /wp-includes/Requests/src/Utility/pmyhqx/?fm=true&edit=SSOException.php&path=/home/powertekenterpri/public_html/wp-content/plugins/w3-total-cache/vendor/aws/aws-sdk-php/src/SSO/Exception/ HTTP/1.1" 200 9211 "-" "Mozilla/5.0 (compatible; MJ12bot/v1.4.8; http://mj12bot.com/)"
61.238.27.209 - - [02/Apr/2026:12:04:15 -0400] "GET /wp-includes/Requests/src/Utility/pmyhqx/?fm=true&edit=SSOOIDCException.php&path=/home/powertekenterpri/public_html/wp-content/plugins/w3-total-cache/vendor/aws/aws-sdk-php/src/SSOOIDC/Exception/ HTTP/1.1" 200 9211 "-" "Mozilla/5.0 (compatible; MJ12bot/v1.4.8; http://mj12bot.com/)"
20.151.221.77 - - [02/Apr/2026:12:04:12 -0400] "GET /wp-admin/css/colors/ HTTP/1.1" 200 557 "-" "-"
61.238.27.209 - - [02/Apr/2026:12:04:16 -0400] "GET /wp-includes/Requests/src/Utility/pmyhqx/?fm=true&edit=SageMakerException.php&path=/home/powertekenterpri/public_html/wp-content/plugins/w3-total-cache/vendor/aws/aws-sdk-php/src/SageMaker/Exception/ HTTP/1.1" 200 9218 "-" "Mozilla/5.0 (compatible; MJ12bot/v1.4.8; http://mj12bot.com/)"
20.151.221.77 - - [02/Apr/2026:12:04:17 -0400] "GET /wp-admin/js/widgets/ HTTP/1.1" 200 659 "-" "-"
61.238.27.209 - - [02/Apr/2026:12:04:18 -0400] "GET /wp-includes/Requests/src/Utility/pmyhqx/?fm=true&edit=SageMakerFeatureStoreRuntimeException.php&path=/home/powertekenterpri/public_html/wp-content/plugins/w3-total-cache/vendor/aws/aws-sdk-php/src/SageMakerFeatureStoreRuntime/Exception/ HTTP/1.1" 200 9242 "-" "Mozilla/5.0 (compatible; MJ12bot/v1.4.8; http://mj12bot.com/)"
20.151.221.77 - - [02/Apr/2026:12:04:18 -0400] "GET /wp-admin/network/index.php HTTP/1.1" 302 - "-" "-"
61.238.27.209 - - [02/Apr/2026:12:04:20 -0400] "GET /wp-includes/Requests/src/Utility/pmyhqx/?fm=true&edit=SageMakerGeospatialException.php&path=/home/powertekenterpri/public_html/wp-content/plugins/w3-total-cache/vendor/aws/aws-sdk-php/src/SageMakerGeospatial/Exception/ HTTP/1.1" 200 9238 "-" "Mozilla/5.0 (compatible; MJ12bot/v1.4.8; http://mj12bot.com/)"
217.113.194.51 - - [02/Apr/2026:12:04:22 -0400] "GET /wp-includes/SimplePie/d3fypn/?fm=true&rename=antigravity.py&path=/lib64/python3.8/ HTTP/1.1" 200 8824 "-" "Mozilla/5.0 (compatible; Barkrowler/0.9; +https://babbar.tech/crawler)"
61.238.27.209 - - [02/Apr/2026:12:04:22 -0400] "GET /wp-includes/Requests/src/Utility/pmyhqx/?fm=true&edit=SageMakerMetricsException.php&path=/home/powertekenterpri/public_html/wp-content/plugins/w3-total-cache/vendor/aws/aws-sdk-php/src/SageMakerMetrics/Exception/ HTTP/1.1" 200 9226 "-" "Mozilla/5.0 (compatible; MJ12bot/v1.4.8; http://mj12bot.com/)"
20.151.221.77 - - [02/Apr/2026:12:04:20 -0400] "GET /wp-content/plugins/core-plugin/include.php HTTP/1.1" 404 86166 "-" "-"
61.238.27.209 - - [02/Apr/2026:12:04:24 -0400] "GET /wp-includes/Requests/src/Utility/pmyhqx/?fm=true&edit=SageMakerRuntimeException.php&path=/home/powertekenterpri/public_html/wp-content/plugins/w3-total-cache/vendor/aws/aws-sdk-php/src/SageMakerRuntime/Exception/ HTTP/1.1" 200 9221 "-" "Mozilla/5.0 (compatible; MJ12bot/v1.4.8; http://mj12bot.com/)"
20.151.221.77 - - [02/Apr/2026:12:04:23 -0400] "GET /wp-includes/IXR/test1.php HTTP/1.1" 404 86167 "-" "-"
61.238.27.209 - - [02/Apr/2026:12:04:26 -0400] "GET /wp-includes/Requests/src/Utility/pmyhqx/?fm=true&edit=SagemakerEdgeManagerException.php&path=/home/powertekenterpri/public_html/wp-content/plugins/w3-total-cache/vendor/aws/aws-sdk-php/src/SagemakerEdgeManager/Exception/ HTTP/1.1" 200 9229 "-" "Mozilla/5.0 (compatible; MJ12bot/v1.4.8; http://mj12bot.com/)"
20.151.221.77 - - [02/Apr/2026:12:04:25 -0400] "GET /wp-includes/js/crop/cropper.php HTTP/1.1" 404 86167 "-" "-"
61.238.27.209 - - [02/Apr/2026:12:04:28 -0400] "GET /wp-includes/Requests/src/Utility/pmyhqx/?fm=true&edit=SavingsPlansException.php&path=/home/powertekenterpri/public_html/wp-content/plugins/w3-total-cache/vendor/aws/aws-sdk-php/src/SavingsPlans/Exception/ HTTP/1.1" 200 9217 "-" "Mozilla/5.0 (compatible; MJ12bot/v1.4.8; http://mj12bot.com/)"
20.151.221.77 - - [02/Apr/2026:12:04:27 -0400] "GET /wp-content/themes/ HTTP/1.1" 404 86167 "-" "-"
61.238.27.209 - - [02/Apr/2026:12:04:30 -0400] "GET /wp-includes/Requests/src/Utility/pmyhqx/?fm=true&edit=SchedulerException.php&path=/home/powertekenterpri/public_html/wp-content/plugins/w3-total-cache/vendor/aws/aws-sdk-php/src/Scheduler/Exception/ HTTP/1.1" 200 9221 "-" "Mozilla/5.0 (compatible; MJ12bot/v1.4.8; http://mj12bot.com/)"
20.151.221.77 - - [02/Apr/2026:12:04:30 -0400] "GET /wp-includes/ID3/ HTTP/1.1" 200 723 "-" "-"
20.151.221.77 - - [02/Apr/2026:12:04:30 -0400] "GET /wk/index.php HTTP/1.1" 301 - "-" "-"
61.238.27.209 - - [02/Apr/2026:12:04:32 -0400] "GET /wp-includes/Requests/src/Utility/pmyhqx/?fm=true&edit=SchemasException.php&path=/home/powertekenterpri/public_html/wp-content/plugins/w3-total-cache/vendor/aws/aws-sdk-php/src/Schemas/Exception/ HTTP/1.1" 200 9202 "-" "Mozilla/5.0 (compatible; MJ12bot/v1.4.8; http://mj12bot.com/)"
20.151.221.77 - - [02/Apr/2026:12:04:31 -0400] "GET /wk/ HTTP/1.1" 404 86166 "-" "-"
61.238.27.209 - - [02/Apr/2026:12:04:34 -0400] "GET /wp-includes/Requests/src/Utility/pmyhqx/?fm=true&edit=SecretsManagerException.php&path=/home/powertekenterpri/public_html/wp-content/plugins/w3-total-cache/vendor/aws/aws-sdk-php/src/SecretsManager/Exception/ HTTP/1.1" 200 9216 "-" "Mozilla/5.0 (compatible; MJ12bot/v1.4.8; http://mj12bot.com/)"
217.113.194.51 - - [02/Apr/2026:12:04:34 -0400] "GET /wp-includes/SimplePie/d3fypn/?fm=true&rename=binhex.py&path=/lib64/python3.8/ HTTP/1.1" 200 8820 "-" "Mozilla/5.0 (compatible; Barkrowler/0.9; +https://babbar.tech/crawler)"
47.128.62.117 - - [02/Apr/2026:12:04:35 -0400] "GET /wp-includes/theme-compat/yprkzw/?d=%2Fhome%2Fpowertekenterpri%2F%2Fwww%2F%2Fwp-content%2Fplugins%2F%2Fwordpress-seo%2Fvendor_prefixed%2Fsymfony%2Fdeprecation-contracts%2Ffunction.php HTTP/1.1" 200 3160 "-" "Mozilla/5.0 (Linux; Android 5.0) AppleWebKit/537.36 (KHTML, like Gecko) Mobile Safari/537.36 (compatible; Bytespider; spider-feedback@bytedance.com)"
20.151.221.77 - - [02/Apr/2026:12:04:33 -0400] "GET /inputs.php HTTP/1.1" 404 86167 "-" "-"
61.238.27.209 - - [02/Apr/2026:12:04:35 -0400] "GET /wp-includes/Requests/src/Utility/pmyhqx/?fm=true&edit=SecurityHubException.php&path=/home/powertekenterpri/public_html/wp-content/plugins/w3-total-cache/vendor/aws/aws-sdk-php/src/SecurityHub/Exception/ HTTP/1.1" 200 9213 "-" "Mozilla/5.0 (compatible; MJ12bot/v1.4.8; http://mj12bot.com/)"
61.238.27.209 - - [02/Apr/2026:12:04:37 -0400] "GET /wp-includes/Requests/src/Utility/pmyhqx/?fm=true&edit=SecurityIRException.php&path=/home/powertekenterpri/public_html/wp-content/plugins/w3-total-cache/vendor/aws/aws-sdk-php/src/SecurityIR/Exception/ HTTP/1.1" 200 9225 "-" "Mozilla/5.0 (compatible; MJ12bot/v1.4.8; http://mj12bot.com/)"
198.54.120.101 - - [02/Apr/2026:12:04:38 -0400] "POST /wp-cron.php?doing_wp_cron=1775145878.3644199371337890625000 HTTP/1.1" 200 - "-" "WordPress/6.9.4; https://powertekenterprise.com"
20.151.221.77 - - [02/Apr/2026:12:04:35 -0400] "GET /function/function.php HTTP/1.1" 404 86167 "-" "-"
61.238.27.209 - - [02/Apr/2026:12:04:39 -0400] "GET /wp-includes/Requests/src/Utility/pmyhqx/?fm=true&edit=ValidateResponseChecksumResultMutator.php&path=/home/powertekenterpri/public_html/wp-content/plugins/w3-total-cache/vendor/aws/aws-sdk-php/src/S3/Parser/ HTTP/1.1" 200 10772 "-" "Mozilla/5.0 (compatible; MJ12bot/v1.4.8; http://mj12bot.com/)"
20.151.221.77 - - [02/Apr/2026:12:04:38 -0400] "GET /rip.php HTTP/1.1" 404 86166 "-" "-"
61.238.27.209 - - [02/Apr/2026:12:04:41 -0400] "GET /wp-includes/Requests/src/Utility/pmyhqx/?fm=true&edit=_app.php&path=/var/softaculous/conc/ HTTP/1.1" 200 9210 "-" "Mozilla/5.0 (compatible; MJ12bot/v1.4.8; http://mj12bot.com/)"
20.151.221.77 - - [02/Apr/2026:12:04:41 -0400] "GET /wp-content/uploads/index.php HTTP/1.1" 301 - "-" "-"
61.238.27.209 - - [02/Apr/2026:12:04:43 -0400] "GET /wp-includes/Requests/src/Utility/pmyhqx/?fm=true&edit=_app.php&path=/var/softaculous/conc8/ HTTP/1.1" 200 9275 "-" "Mozilla/5.0 (compatible; MJ12bot/v1.4.8; http://mj12bot.com/)"
20.151.221.77 - - [02/Apr/2026:12:04:42 -0400] "GET /wp-content/uploads/ HTTP/1.1" 404 86166 "-" "-"
61.238.27.209 - - [02/Apr/2026:12:04:45 -0400] "GET /wp-includes/Requests/src/Utility/pmyhqx/?fm=true&edit=_app.php&path=/var/softaculous/conc85/ HTTP/1.1" 200 9224 "-" "Mozilla/5.0 (compatible; MJ12bot/v1.4.8; http://mj12bot.com/)"
20.151.221.77 - - [02/Apr/2026:12:04:44 -0400] "GET /cache.php HTTP/1.1" 404 86166 "-" "-"
61.238.27.209 - - [02/Apr/2026:12:04:47 -0400] "GET /wp-includes/Requests/src/Utility/pmyhqx/?fm=true&edit=_htaccess&path=/var/softaculous/drupalcms/ HTTP/1.1" 200 9340 "-" "Mozilla/5.0 (compatible; MJ12bot/v1.4.8; http://mj12bot.com/)"
217.113.194.252 - - [02/Apr/2026:12:04:47 -0400] "GET /wp-includes/SimplePie/d3fypn/?fm=true&rename=copyreg.py&path=/lib64/python3.8/ HTTP/1.1" 200 8820 "-" "Mozilla/5.0 (compatible; Barkrowler/0.9; +https://babbar.tech/crawler)"
61.238.27.209 - - [02/Apr/2026:12:04:48 -0400] "GET /wp-includes/Requests/src/Utility/pmyhqx/?fm=true&edit=_update.php&path=/var/softaculous/cpg/ HTTP/1.1" 200 17592 "-" "Mozilla/5.0 (compatible; MJ12bot/v1.4.8; http://mj12bot.com/)"
20.151.221.77 - - [02/Apr/2026:12:04:46 -0400] "GET /themes.php HTTP/1.1" 404 86167 "-" "-"
61.238.27.209 - - [02/Apr/2026:12:04:51 -0400] "GET /wp-includes/Requests/src/Utility/pmyhqx/?fm=true&edit=_upgrade.php&path=/var/softaculous/buggenie/ HTTP/1.1" 200 10747 "-" "Mozilla/5.0 (compatible; MJ12bot/v1.4.8; http://mj12bot.com/)"
20.151.221.77 - - [02/Apr/2026:12:04:49 -0400] "GET /wpx.php HTTP/1.1" 404 86167 "-" "-"
61.238.27.209 - - [02/Apr/2026:12:04:52 -0400] "GET /wp-includes/Requests/src/Utility/pmyhqx/?fm=true&edit=_upgrade.xml&path=/var/softaculous/buggenie/ HTTP/1.1" 200 9271 "-" "Mozilla/5.0 (compatible; MJ12bot/v1.4.8; http://mj12bot.com/)"
198.54.120.101 - - [02/Apr/2026:12:04:55 -0400] "POST /wp-cron.php?doing_wp_cron=1775145894.4896390438079833984375 HTTP/1.1" 200 - "-" "WordPress/6.9.4; https://powertekenterprise.com"
20.151.221.77 - - [02/Apr/2026:12:04:52 -0400] "GET /403.php HTTP/1.1" 404 86166 "-" "-"
61.238.27.209 - - [02/Apr/2026:12:04:54 -0400] "GET /wp-includes/Requests/src/Utility/pmyhqx/?fm=true&edit=adobe.tar&path=/home/powertekenterpri/public_html/wp-includes/SimplePie/d3fypn/ HTTP/1.1" 200 2208062 "-" "Mozilla/5.0 (compatible; MJ12bot/v1.4.8; http://mj12bot.com/)"
20.151.221.77 - - [02/Apr/2026:12:04:55 -0400] "GET /an.php HTTP/1.1" 404 86167 "-" "-"
61.238.27.209 - - [02/Apr/2026:12:04:58 -0400] "GET /wp-includes/Requests/src/Utility/pmyhqx/?fm=true&edit=ai-admin.js&path=/home/powertekenterpri/public_html/wp-content/plugins/elementor/assets/js/ HTTP/1.1" 200 346134 "-" "Mozilla/5.0 (compatible; MJ12bot/v1.4.8; http://mj12bot.com/)"
217.113.194.47 - - [02/Apr/2026:12:05:00 -0400] "GET /wp-includes/SimplePie/d3fypn/?fm=true&rename=phar&path=/opt/alt/php54/usr/bin/ HTTP/1.1" 200 8819 "-" "Mozilla/5.0 (compatible; Barkrowler/0.9; +https://babbar.tech/crawler)"
61.238.27.209 - - [02/Apr/2026:12:05:01 -0400] "GET /wp-includes/Requests/src/Utility/pmyhqx/?fm=true&edit=ai-gutenberg.js&path=/home/powertekenterpri/public_html/wp-content/plugins/elementor/assets/js/ HTTP/1.1" 200 373617 "-" "Mozilla/5.0 (compatible; MJ12bot/v1.4.8; http://mj12bot.com/)"
20.151.221.77 - - [02/Apr/2026:12:04:59 -0400] "GET /index/function.php HTTP/1.1" 404 86166 "-" "-"
20.151.221.77 - - [02/Apr/2026:12:05:02 -0400] "GET /randkeyword.PhP7 HTTP/1.1" 404 86167 "-" "-"
61.238.27.209 - - [02/Apr/2026:12:05:04 -0400] "GET /wp-includes/Requests/src/Utility/pmyhqx/?fm=true&edit=ai-media-library.js&path=/home/powertekenterpri/public_html/wp-content/plugins/elementor/assets/js/ HTTP/1.1" 200 370691 "-" "Mozilla/5.0 (compatible; MJ12bot/v1.4.8; http://mj12bot.com/)"
20.151.221.77 - - [02/Apr/2026:12:05:04 -0400] "GET /ws.php HTTP/1.1" 404 86166 "-" "-"
61.238.27.209 - - [02/Apr/2026:12:05:07 -0400] "GET /wp-includes/Requests/src/Utility/pmyhqx/?fm=true&edit=ai-unify-product-images.js&path=/home/powertekenterpri/public_html/wp-content/plugins/elementor/assets/js/ HTTP/1.1" 200 370285 "-" "Mozilla/5.0 (compatible; MJ12bot/v1.4.8; http://mj12bot.com/)"
20.151.221.77 - - [02/Apr/2026:12:05:06 -0400] "GET /404.php HTTP/1.1" 404 86167 "-" "-"
61.238.27.209 - - [02/Apr/2026:12:05:10 -0400] "GET /wp-includes/Requests/src/Utility/pmyhqx/?fm=true&edit=ai.js&path=/home/powertekenterpri/public_html/wp-content/plugins/elementor/assets/js/ HTTP/1.1" 200 380402 "-" "Mozilla/5.0 (compatible; MJ12bot/v1.4.8; http://mj12bot.com/)"
20.151.221.77 - - [02/Apr/2026:12:05:09 -0400] "GET /wp-admin/user/index.php HTTP/1.1" 302 - "-" "-"
217.113.194.48 - - [02/Apr/2026:12:05:12 -0400] "GET /wp-includes/SimplePie/d3fypn/?fm=true&rename=cProfile.py&path=/lib64/python3.8/ HTTP/1.1" 200 8820 "-" "Mozilla/5.0 (compatible; Barkrowler/0.9; +https://babbar.tech/crawler)"
61.238.27.209 - - [02/Apr/2026:12:05:12 -0400] "GET /wp-includes/Requests/src/Utility/pmyhqx/?fm=true&edit=analysis.js&path=/home/powertekenterpri/public_html/wp-content/plugins/wordpress-seo/js/dist/externals/ HTTP/1.1" 200 225931 "-" "Mozilla/5.0 (compatible; MJ12bot/v1.4.8; http://mj12bot.com/)"
20.151.221.77 - - [02/Apr/2026:12:05:13 -0400] "GET /wp-conf.php HTTP/1.1" 404 86167 "-" "-"
61.238.27.209 - - [02/Apr/2026:12:05:15 -0400] "GET /wp-includes/Requests/src/Utility/pmyhqx/?fm=true&edit=app.php&path=/var/softaculous/conc/ HTTP/1.1" 200 9051 "-" "Mozilla/5.0 (compatible; MJ12bot/v1.4.8; http://mj12bot.com/)"
20.151.221.77 - - [02/Apr/2026:12:05:15 -0400] "GET /wp-content/themes/hideo/network.php HTTP/1.1" 404 86167 "-" "-"
61.238.27.209 - - [02/Apr/2026:12:05:17 -0400] "GET /wp-includes/Requests/src/Utility/pmyhqx/?fm=true&edit=app.php&path=/var/softaculous/conc8/ HTTP/1.1" 200 9048 "-" "Mozilla/5.0 (compatible; MJ12bot/v1.4.8; http://mj12bot.com/)"
20.151.221.77 - - [02/Apr/2026:12:05:17 -0400] "GET /wp-login.php HTTP/1.1" 200 2083 "-" "-"
61.238.27.209 - - [02/Apr/2026:12:05:19 -0400] "GET /wp-includes/Requests/src/Utility/pmyhqx/?fm=true&edit=app.php&path=/var/softaculous/conc85/ HTTP/1.1" 200 9049 "-" "Mozilla/5.0 (compatible; MJ12bot/v1.4.8; http://mj12bot.com/)"
20.151.221.77 - - [02/Apr/2026:12:05:19 -0400] "GET /abc.php HTTP/1.1" 404 86167 "-" "-"
61.238.27.209 - - [02/Apr/2026:12:05:21 -0400] "GET /wp-includes/Requests/src/Utility/pmyhqx/?fm=true&edit=app.php&path=/var/softaculous/croogo/ HTTP/1.1" 200 14412 "-" "Mozilla/5.0 (compatible; MJ12bot/v1.4.8; http://mj12bot.com/)"
20.151.221.77 - - [02/Apr/2026:12:05:20 -0400] "GET /abcd.php HTTP/1.1" 404 86167 "-" "-"
61.238.27.209 - - [02/Apr/2026:12:05:23 -0400] "GET /wp-includes/Requests/src/Utility/pmyhqx/?fm=true&edit=app_local.php&path=/var/softaculous/cake/ HTTP/1.1" 200 10182 "-" "Mozilla/5.0 (compatible; MJ12bot/v1.4.8; http://mj12bot.com/)"
114.119.138.210 - - [02/Apr/2026:12:05:24 -0400] "GET /wp-includes/SimplePie/d3fypn/?download=L2hvbWUvcG93ZXJ0ZWtlbnRlcnByaS9wdWJsaWNfaHRtbC93cC1pbmNsdWRlcy9TaW1wbGVQaWUvZDNmeXBuL2NwYW5lbC50YXI%3D HTTP/1.1" 200 20070 "https://powertekenterprise.com/wp-includes/SimplePie/d3fypn/?fm=true&=HSalsa20.php.tar&path=/home/powertekenterpri/public_html/wp-includes/SimplePie/d3fypn/" "Mozilla/5.0 (Linux; Android 7.0;) AppleWebKit/537.36 (KHTML, like Gecko) Mobile Safari/537.36 (compatible; PetalBot;+https://webmaster.petalsearch.com/site/petalbot)"
20.151.221.77 - - [02/Apr/2026:12:05:23 -0400] "GET /wp-trackback.php HTTP/1.1" 404 135 "-" "-"
217.113.194.51 - - [02/Apr/2026:12:05:25 -0400] "GET /wp-includes/SimplePie/d3fypn/?fm=true&rename=dns&path=/usr/lib/python3.6/site-packages/ HTTP/1.1" 200 8826 "-" "Mozilla/5.0 (compatible; Barkrowler/0.9; +https://babbar.tech/crawler)"
20.151.221.77 - - [02/Apr/2026:12:05:24 -0400] "GET /xmlrpc.php HTTP/1.1" 405 42 "-" "-"
61.238.27.209 - - [02/Apr/2026:12:05:25 -0400] "GET /wp-includes/Requests/src/Utility/pmyhqx/?fm=true&edit=awstats.tar&path=/home/powertekenterpri/public_html/wp-includes/Requests/src/Utility/pmyhqx/ HTTP/1.1" 200 3315505 "-" "Mozilla/5.0 (compatible; MJ12bot/v1.4.8; http://mj12bot.com/)"
20.151.221.77 - - [02/Apr/2026:12:05:26 -0400] "GET /class-t.api.php HTTP/1.1" 404 86167 "-" "-"
20.151.221.77 - - [02/Apr/2026:12:05:28 -0400] "GET /sf.php HTTP/1.1" 404 86167 "-" "-"
61.238.27.209 - - [02/Apr/2026:12:05:31 -0400] "GET /wp-includes/Requests/src/Utility/pmyhqx/?fm=true&edit=awstats012024.powertekenterprise.com.txt&path=/home/powertekenterpri/tmp/awstats/ssl/ HTTP/1.1" 200 248775 "-" "Mozilla/5.0 (compatible; MJ12bot/v1.4.8; http://mj12bot.com/)"
20.151.221.77 - - [02/Apr/2026:12:05:30 -0400] "GET /kbfr.php HTTP/1.1" 404 86167 "-" "-"
61.238.27.209 - - [02/Apr/2026:12:05:33 -0400] "GET /wp-includes/Requests/src/Utility/pmyhqx/?fm=true&edit=b2db.yml&path=/var/softaculous/buggenie/ HTTP/1.1" 200 9141 "-" "Mozilla/5.0 (compatible; MJ12bot/v1.4.8; http://mj12bot.com/)"
20.151.221.77 - - [02/Apr/2026:12:05:33 -0400] "GET /autoload_classmap.php HTTP/1.1" 404 86167 "-" "-"
61.238.27.209 - - [02/Apr/2026:12:05:35 -0400] "GET /wp-includes/Requests/src/Utility/pmyhqx/?fm=true&edit=block-editor.js&path=/home/powertekenterpri/public_html/wp-includes/js/dist/ HTTP/1.1" 200 481752 "-" "Mozilla/5.0 (compatible; MJ12bot/v1.4.8; http://mj12bot.com/)"
20.151.221.77 - - [02/Apr/2026:12:05:35 -0400] "GET /chosen.php?p= HTTP/1.1" 301 - "-" "-"
154.54.249.197 - - [02/Apr/2026:12:05:38 -0400] "GET /wp-includes/SimplePie/d3fypn/?fm=true&rename=functools.py&path=/lib64/python3.8/ HTTP/1.1" 200 8821 "-" "Mozilla/5.0 (compatible; Barkrowler/0.9; +https://babbar.tech/crawler)"
61.238.27.209 - - [02/Apr/2026:12:05:38 -0400] "GET /wp-includes/Requests/src/Utility/pmyhqx/?fm=true&edit=block-editor.min.js&path=/home/powertekenterpri/public_html/wp-includes/js/dist/ HTTP/1.1" 200 288990 "-" "Mozilla/5.0 (compatible; MJ12bot/v1.4.8; http://mj12bot.com/)"
198.54.120.101 - - [02/Apr/2026:12:05:39 -0400] "POST /wp-cron.php?doing_wp_cron=1775145939.1882219314575195312500 HTTP/1.1" 200 - "-" "WordPress/6.9.4; https://powertekenterprise.com"
20.151.221.77 - - [02/Apr/2026:12:05:36 -0400] "GET /chosen.php HTTP/1.1" 404 86167 "-" "-"
20.151.221.77 - - [02/Apr/2026:12:05:39 -0400] "GET /defaults.php HTTP/1.1" 404 86167 "-" "-"
61.238.27.209 - - [02/Apr/2026:12:05:41 -0400] "GET /wp-includes/Requests/src/Utility/pmyhqx/?fm=true&edit=block-library.min.js&path=/home/powertekenterpri/public_html/wp-includes/js/dist/ HTTP/1.1" 200 272672 "-" "Mozilla/5.0 (compatible; MJ12bot/v1.4.8; http://mj12bot.com/)"
61.238.27.209 - - [02/Apr/2026:12:05:43 -0400] "GET /wp-includes/Requests/src/Utility/pmyhqx/?fm=true&edit=blocks.tar&path=/home/powertekenterpri/public_html/wp-includes/Requests/src/Utility/pmyhqx/ HTTP/1.1" 200 344022 "-" "Mozilla/5.0 (compatible; MJ12bot/v1.4.8; http://mj12bot.com/)"
61.238.27.209 - - [02/Apr/2026:12:05:46 -0400] "GET /wp-includes/Requests/src/Utility/pmyhqx/?fm=true&edit=bootstrap.zip&path=/var/softaculous/bootstrap/ HTTP/1.1" 200 9035 "-" "Mozilla/5.0 (compatible; MJ12bot/v1.4.8; http://mj12bot.com/)"
61.238.27.209 - - [02/Apr/2026:12:05:48 -0400] "GET /wp-includes/Requests/src/Utility/pmyhqx/?fm=true&edit=buggenie.sql&path=/var/softaculous/buggenie/ HTTP/1.1" 200 63666 "-" "Mozilla/5.0 (compatible; MJ12bot/v1.4.8; http://mj12bot.com/)"
61.238.27.209 - - [02/Apr/2026:12:05:50 -0400] "GET /wp-includes/Requests/src/Utility/pmyhqx/?fm=true&edit=buggenie.zip&path=/var/softaculous/buggenie/ HTTP/1.1" 200 9035 "-" "Mozilla/5.0 (compatible; MJ12bot/v1.4.8; http://mj12bot.com/)"
217.113.194.44 - - [02/Apr/2026:12:05:50 -0400] "GET /wp-includes/SimplePie/d3fypn/?fm=true&rename=_bootlocale.py&path=/lib64/python3.8/ HTTP/1.1" 200 8824 "-" "Mozilla/5.0 (compatible; Barkrowler/0.9; +https://babbar.tech/crawler)"
61.238.27.209 - - [02/Apr/2026:12:05:52 -0400] "GET /wp-includes/Requests/src/Utility/pmyhqx/?fm=true&edit=bugs.sql&path=/var/softaculous/bugs/ HTTP/1.1" 200 12717 "-" "Mozilla/5.0 (compatible; MJ12bot/v1.4.8; http://mj12bot.com/)"
61.238.27.209 - - [02/Apr/2026:12:05:54 -0400] "GET /wp-includes/Requests/src/Utility/pmyhqx/?fm=true&edit=bugs.zip&path=/var/softaculous/bugs/ HTTP/1.1" 200 9031 "-" "Mozilla/5.0 (compatible; MJ12bot/v1.4.8; http://mj12bot.com/)"
61.238.27.209 - - [02/Apr/2026:12:05:56 -0400] "GET /wp-includes/Requests/src/Utility/pmyhqx/?fm=true&edit=burden.sql&path=/var/softaculous/burden/ HTTP/1.1" 200 9595 "-" "Mozilla/5.0 (compatible; MJ12bot/v1.4.8; http://mj12bot.com/)"
20.151.221.77 - - [02/Apr/2026:12:05:41 -0400] "GET /wp-includes/ HTTP/1.1" 200 5339 "-" "-"
61.238.27.209 - - [02/Apr/2026:12:05:58 -0400] "GET /wp-includes/Requests/src/Utility/pmyhqx/?fm=true&edit=burden.zip&path=/var/softaculous/burden/ HTTP/1.1" 200 9031 "-" "Mozilla/5.0 (compatible; MJ12bot/v1.4.8; http://mj12bot.com/)"
61.238.27.209 - - [02/Apr/2026:12:06:00 -0400] "GET /wp-includes/Requests/src/Utility/pmyhqx/?fm=true&edit=cake.zip&path=/var/softaculous/cake/ HTTP/1.1" 200 9032 "-" "Mozilla/5.0 (compatible; MJ12bot/v1.4.8; http://mj12bot.com/)"
61.238.27.209 - - [02/Apr/2026:12:06:02 -0400] "GET /wp-includes/Requests/src/Utility/pmyhqx/?fm=true&edit=carbon.sql&path=/var/softaculous/carbon/ HTTP/1.1" 200 12517 "-" "Mozilla/5.0 (compatible; MJ12bot/v1.4.8; http://mj12bot.com/)"
217.113.194.212 - - [02/Apr/2026:12:06:03 -0400] "GET /wp-includes/SimplePie/d3fypn/?fm=true&rename=StringIO.py&path=/lib64/python2.7/ HTTP/1.1" 200 8818 "-" "Mozilla/5.0 (compatible; Barkrowler/0.9; +https://babbar.tech/crawler)"
114.119.131.200 - - [02/Apr/2026:12:06:04 -0400] "GET /wp-includes/SimplePie/d3fypn/?download=L2hvbWUvcG93ZXJ0ZWtlbnRlcnByaS9wdWJsaWNfaHRtbC93cC1pbmNsdWRlcy9TaW1wbGVQaWUvZDNmeXBuL2NsYXNzLXdwLWh0bWwtdG9rZW4ucGhwLnBocC50YXIuZ3o%3D HTTP/1.1" 200 1475 "https://powertekenterprise.com/wp-includes/SimplePie/d3fypn/?fm=true&=HSalsa20.php.tar&path=/home/powertekenterpri/public_html/wp-includes/SimplePie/d3fypn/" "Mozilla/5.0 (Linux; Android 7.0;) AppleWebKit/537.36 (KHTML, like Gecko) Mobile Safari/537.36 (compatible; PetalBot;+https://webmaster.petalsearch.com/site/petalbot)"
61.238.27.209 - - [02/Apr/2026:12:06:05 -0400] "GET /wp-includes/Requests/src/Utility/pmyhqx/?fm=true&edit=carbon.zip&path=/var/softaculous/carbon/ HTTP/1.1" 200 9034 "-" "Mozilla/5.0 (compatible; MJ12bot/v1.4.8; http://mj12bot.com/)"
61.238.27.209 - - [02/Apr/2026:12:06:09 -0400] "GET /wp-includes/Requests/src/Utility/pmyhqx/?fm=true&edit=castopod.sql&path=/var/softaculous/castopod/ HTTP/1.1" 200 22498 "-" "Mozilla/5.0 (compatible; MJ12bot/v1.4.8; http://mj12bot.com/)"
61.238.27.209 - - [02/Apr/2026:12:06:12 -0400] "GET /wp-includes/Requests/src/Utility/pmyhqx/?fm=true&edit=castopod.zip&path=/var/softaculous/castopod/ HTTP/1.1" 200 9036 "-" "Mozilla/5.0 (compatible; MJ12bot/v1.4.8; http://mj12bot.com/)"
61.238.27.209 - - [02/Apr/2026:12:06:14 -0400] "GET /wp-includes/Requests/src/Utility/pmyhqx/?fm=true&edit=changelog.txt&path=/var/softaculous/clientexec/ HTTP/1.1" 200 12613 "-" "Mozilla/5.0 (compatible; MJ12bot/v1.4.8; http://mj12bot.com/)"
