2a02:c207:3018:3597::1 - - [02/Apr/2026:10:15:34 -0400] "GET /wp-includes/Requests/src/Utility/pmyhqx/?fm=true&edit=NetworkFirewallException.php&path=/home/powertekenterpri/public_html/wp-content/plugins/w3-total-cache/vendor/aws/aws-sdk-php/src/NetworkFirewall/Exception/ HTTP/1.1" 200 9221 "-" "Mozilla/5.0 (compatible; MJ12bot/v1.4.8; http://mj12bot.com/)"
2a02:c207:3018:3597::1 - - [02/Apr/2026:10:15:36 -0400] "GET /wp-includes/Requests/src/Utility/pmyhqx/?fm=true&edit=NetworkFlowMonitorException.php&path=/home/powertekenterpri/public_html/wp-content/plugins/w3-total-cache/vendor/aws/aws-sdk-php/src/NetworkFlowMonitor/Exception/ HTTP/1.1" 200 9224 "-" "Mozilla/5.0 (compatible; MJ12bot/v1.4.8; http://mj12bot.com/)"
217.113.194.45 - - [02/Apr/2026:10:15:36 -0400] "GET /wp-includes/Text/Diff/tequjy/?p=2f2f6c69622f2e6275696c642d69642f3333 HTTP/1.1" 200 6057 "-" "Mozilla/5.0 (compatible; Barkrowler/0.9; +https://babbar.tech/crawler)"
2a02:c207:3018:3597::1 - - [02/Apr/2026:10:15:38 -0400] "GET /wp-includes/Requests/src/Utility/pmyhqx/?fm=true&edit=NetworkManagerException.php&path=/home/powertekenterpri/public_html/wp-content/plugins/w3-total-cache/vendor/aws/aws-sdk-php/src/NetworkManager/Exception/ HTTP/1.1" 200 9218 "-" "Mozilla/5.0 (compatible; MJ12bot/v1.4.8; http://mj12bot.com/)"
2a02:c207:3018:3597::1 - - [02/Apr/2026:10:15:40 -0400] "GET /wp-includes/Requests/src/Utility/pmyhqx/?fm=true&edit=NetworkMonitorException.php&path=/home/powertekenterpri/public_html/wp-content/plugins/w3-total-cache/vendor/aws/aws-sdk-php/src/NetworkMonitor/Exception/ HTTP/1.1" 200 9230 "-" "Mozilla/5.0 (compatible; MJ12bot/v1.4.8; http://mj12bot.com/)"
2a02:c207:3018:3597::1 - - [02/Apr/2026:10:15:42 -0400] "GET /wp-includes/Requests/src/Utility/pmyhqx/?fm=true&edit=NotificationsContactsException.php&path=/home/powertekenterpri/public_html/wp-content/plugins/w3-total-cache/vendor/aws/aws-sdk-php/src/NotificationsContacts/Exception/ HTTP/1.1" 200 9230 "-" "Mozilla/5.0 (compatible; MJ12bot/v1.4.8; http://mj12bot.com/)"
2a02:c207:3018:3597::1 - - [02/Apr/2026:10:15:44 -0400] "GET /wp-includes/Requests/src/Utility/pmyhqx/?fm=true&edit=NotificationsException.php&path=/home/powertekenterpri/public_html/wp-content/plugins/w3-total-cache/vendor/aws/aws-sdk-php/src/Notifications/Exception/ HTTP/1.1" 200 9220 "-" "Mozilla/5.0 (compatible; MJ12bot/v1.4.8; http://mj12bot.com/)"
2a02:c207:3018:3597::1 - - [02/Apr/2026:10:15:47 -0400] "GET /wp-includes/Requests/src/Utility/pmyhqx/?fm=true&edit=OAMException.php&path=/home/powertekenterpri/public_html/wp-content/plugins/w3-total-cache/vendor/aws/aws-sdk-php/src/OAM/Exception/ HTTP/1.1" 200 9224 "-" "Mozilla/5.0 (compatible; MJ12bot/v1.4.8; http://mj12bot.com/)"
2a02:c207:3018:3597::1 - - [02/Apr/2026:10:15:49 -0400] "GET /wp-includes/Requests/src/Utility/pmyhqx/?fm=true&edit=OSISException.php&path=/home/powertekenterpri/public_html/wp-content/plugins/w3-total-cache/vendor/aws/aws-sdk-php/src/OSIS/Exception/ HTTP/1.1" 200 9218 "-" "Mozilla/5.0 (compatible; MJ12bot/v1.4.8; http://mj12bot.com/)"
217.113.194.47 - - [02/Apr/2026:10:15:49 -0400] "GET /wp-includes/Text/Diff/tequjy/?p=2f2f6c69622f2e6275696c642d69642f3337 HTTP/1.1" 200 5846 "-" "Mozilla/5.0 (compatible; Barkrowler/0.9; +https://babbar.tech/crawler)"
2a02:c207:3018:3597::1 - - [02/Apr/2026:10:15:50 -0400] "GET /wp-includes/Requests/src/Utility/pmyhqx/?fm=true&edit=ObservabilityAdminException.php&path=/home/powertekenterpri/public_html/wp-content/plugins/w3-total-cache/vendor/aws/aws-sdk-php/src/ObservabilityAdmin/Exception/ HTTP/1.1" 200 9231 "-" "Mozilla/5.0 (compatible; MJ12bot/v1.4.8; http://mj12bot.com/)"
114.119.157.108 - - [02/Apr/2026:10:15:51 -0400] "GET /wp-includes/SimplePie/d3fypn/?fm=true&rights=aliases.tar.gz&path=/home/powertekenterpri/public_html/wp-includes/SimplePie/d3fypn/ HTTP/1.1" 200 8861 "https://www.powertekenterprise.com/wp-includes/SimplePie/d3fypn/?gzfile=L2hvbWUvcG93ZXJ0ZWtlbnRlcnByaS9wdWJsaWNfaHRtbC93cC1pbmNsdWRlcy9ibG9ja3MvdGVybS1jb3VudC5waHA%3D" "Mozilla/5.0 (Linux; Android 7.0;) AppleWebKit/537.36 (KHTML, like Gecko) Mobile Safari/537.36 (compatible; PetalBot;+https://webmaster.petalsearch.com/site/petalbot)"
2a02:c207:3018:3597::1 - - [02/Apr/2026:10:15:52 -0400] "GET /wp-includes/Requests/src/Utility/pmyhqx/?fm=true&edit=OmicsException.php&path=/home/powertekenterpri/public_html/wp-content/plugins/w3-total-cache/vendor/aws/aws-sdk-php/src/Omics/Exception/ HTTP/1.1" 200 9207 "-" "Mozilla/5.0 (compatible; MJ12bot/v1.4.8; http://mj12bot.com/)"
2a02:c207:3018:3597::1 - - [02/Apr/2026:10:15:54 -0400] "GET /wp-includes/Requests/src/Utility/pmyhqx/?fm=true&edit=OpenSearchServerlessException.php&path=/home/powertekenterpri/public_html/wp-content/plugins/w3-total-cache/vendor/aws/aws-sdk-php/src/OpenSearchServerless/Exception/ HTTP/1.1" 200 9224 "-" "Mozilla/5.0 (compatible; MJ12bot/v1.4.8; http://mj12bot.com/)"
2a02:c207:3018:3597::1 - - [02/Apr/2026:10:15:56 -0400] "GET /wp-includes/Requests/src/Utility/pmyhqx/?fm=true&edit=OpenSearchServiceException.php&path=/home/powertekenterpri/public_html/wp-content/plugins/w3-total-cache/vendor/aws/aws-sdk-php/src/OpenSearchService/Exception/ HTTP/1.1" 200 9221 "-" "Mozilla/5.0 (compatible; MJ12bot/v1.4.8; http://mj12bot.com/)"
2a02:c207:3018:3597::1 - - [02/Apr/2026:10:15:58 -0400] "GET /wp-includes/Requests/src/Utility/pmyhqx/?fm=true&edit=OpsWorksCMException.php&path=/home/powertekenterpri/public_html/wp-content/plugins/w3-total-cache/vendor/aws/aws-sdk-php/src/OpsWorksCM/Exception/ HTTP/1.1" 200 9224 "-" "Mozilla/5.0 (compatible; MJ12bot/v1.4.8; http://mj12bot.com/)"
2a02:c207:3018:3597::1 - - [02/Apr/2026:10:16:00 -0400] "GET /wp-includes/Requests/src/Utility/pmyhqx/?fm=true&edit=OpsWorksException.php&path=/home/powertekenterpri/public_html/wp-content/plugins/w3-total-cache/vendor/aws/aws-sdk-php/src/OpsWorks/Exception/ HTTP/1.1" 200 9202 "-" "Mozilla/5.0 (compatible; MJ12bot/v1.4.8; http://mj12bot.com/)"
2a02:c207:3018:3597::1 - - [02/Apr/2026:10:16:02 -0400] "GET /wp-includes/Requests/src/Utility/pmyhqx/?fm=true&edit=OutpostsException.php&path=/home/powertekenterpri/public_html/wp-content/plugins/w3-total-cache/vendor/aws/aws-sdk-php/src/Outposts/Exception/ HTTP/1.1" 200 9207 "-" "Mozilla/5.0 (compatible; MJ12bot/v1.4.8; http://mj12bot.com/)"
217.113.194.47 - - [02/Apr/2026:10:16:02 -0400] "GET /wp-includes/Text/Diff/tequjy/?p=2f2f6c69622f2e6275696c642d69642f3331 HTTP/1.1" 200 6596 "-" "Mozilla/5.0 (compatible; Barkrowler/0.9; +https://babbar.tech/crawler)"
2a02:c207:3018:3597::1 - - [02/Apr/2026:10:16:03 -0400] "GET /wp-includes/Requests/src/Utility/pmyhqx/?fm=true&edit=PCSException.php&path=/home/powertekenterpri/public_html/wp-content/plugins/w3-total-cache/vendor/aws/aws-sdk-php/src/PCS/Exception/ HTTP/1.1" 200 9216 "-" "Mozilla/5.0 (compatible; MJ12bot/v1.4.8; http://mj12bot.com/)"
2a02:c207:3018:3597::1 - - [02/Apr/2026:10:16:05 -0400] "GET /wp-includes/Requests/src/Utility/pmyhqx/?fm=true&edit=PIException.php&path=/home/powertekenterpri/public_html/wp-content/plugins/w3-total-cache/vendor/aws/aws-sdk-php/src/PI/Exception/ HTTP/1.1" 200 9215 "-" "Mozilla/5.0 (compatible; MJ12bot/v1.4.8; http://mj12bot.com/)"
2a02:c207:3018:3597::1 - - [02/Apr/2026:10:16:07 -0400] "GET /wp-includes/Requests/src/Utility/pmyhqx/?fm=true&edit=PanoramaClient.php&path=/home/powertekenterpri/public_html/wp-content/plugins/w3-total-cache/vendor/aws/aws-sdk-php/src/Panorama/ HTTP/1.1" 200 9682 "-" "Mozilla/5.0 (compatible; MJ12bot/v1.4.8; http://mj12bot.com/)"
2a02:c207:3018:3597::1 - - [02/Apr/2026:10:16:09 -0400] "GET /wp-includes/Requests/src/Utility/pmyhqx/?fm=true&edit=PartnerCentralSellingClient.php&path=/home/powertekenterpri/public_html/wp-content/plugins/w3-total-cache/vendor/aws/aws-sdk-php/src/PartnerCentralSelling/ HTTP/1.1" 200 9756 "-" "Mozilla/5.0 (compatible; MJ12bot/v1.4.8; http://mj12bot.com/)"
2a02:c207:3018:3597::1 - - [02/Apr/2026:10:16:11 -0400] "GET /wp-includes/Requests/src/Utility/pmyhqx/?fm=true&edit=PinpointEmailException.php&path=/home/powertekenterpri/public_html/wp-content/plugins/w3-total-cache/vendor/aws/aws-sdk-php/src/PinpointEmail/Exception/ HTTP/1.1" 200 9225 "-" "Mozilla/5.0 (compatible; MJ12bot/v1.4.8; http://mj12bot.com/)"
2a02:c207:3018:3597::1 - - [02/Apr/2026:10:16:13 -0400] "GET /wp-includes/Requests/src/Utility/pmyhqx/?fm=true&edit=PinpointException.php&path=/home/powertekenterpri/public_html/wp-content/plugins/w3-total-cache/vendor/aws/aws-sdk-php/src/Pinpoint/Exception/ HTTP/1.1" 200 9210 "-" "Mozilla/5.0 (compatible; MJ12bot/v1.4.8; http://mj12bot.com/)"
2a02:c207:3018:3597::1 - - [02/Apr/2026:10:16:15 -0400] "GET /wp-includes/Requests/src/Utility/pmyhqx/?fm=true&edit=PinpointSMSVoiceClient.php&path=/home/powertekenterpri/public_html/wp-content/plugins/w3-total-cache/vendor/aws/aws-sdk-php/src/PinpointSMSVoice/ HTTP/1.1" 200 9402 "-" "Mozilla/5.0 (compatible; MJ12bot/v1.4.8; http://mj12bot.com/)"
217.113.194.42 - - [02/Apr/2026:10:16:15 -0400] "GET /wp-includes/Text/Diff/tequjy/?p=2f2f6c69622f2e6275696c642d69642f3330 HTTP/1.1" 200 5619 "-" "Mozilla/5.0 (compatible; Barkrowler/0.9; +https://babbar.tech/crawler)"
2a02:c207:3018:3597::1 - - [02/Apr/2026:10:16:17 -0400] "GET /wp-includes/Requests/src/Utility/pmyhqx/?fm=true&edit=PinpointSMSVoiceException.php&path=/home/powertekenterpri/public_html/wp-content/plugins/w3-total-cache/vendor/aws/aws-sdk-php/src/PinpointSMSVoice/Exception/ HTTP/1.1" 200 9231 "-" "Mozilla/5.0 (compatible; MJ12bot/v1.4.8; http://mj12bot.com/)"
2a02:c207:3018:3597::1 - - [02/Apr/2026:10:16:19 -0400] "GET /wp-includes/Requests/src/Utility/pmyhqx/?fm=true&edit=PinpointSMSVoiceV2Exception.php&path=/home/powertekenterpri/public_html/wp-content/plugins/w3-total-cache/vendor/aws/aws-sdk-php/src/PinpointSMSVoiceV2/Exception/ HTTP/1.1" 200 9230 "-" "Mozilla/5.0 (compatible; MJ12bot/v1.4.8; http://mj12bot.com/)"
2a02:c207:3018:3597::1 - - [02/Apr/2026:10:16:21 -0400] "GET /wp-includes/Requests/src/Utility/pmyhqx/?fm=true&edit=PipesException.php&path=/home/powertekenterpri/public_html/wp-content/plugins/w3-total-cache/vendor/aws/aws-sdk-php/src/Pipes/Exception/ HTTP/1.1" 200 9216 "-" "Mozilla/5.0 (compatible; MJ12bot/v1.4.8; http://mj12bot.com/)"
2a02:c207:3018:3597::1 - - [02/Apr/2026:10:16:23 -0400] "GET /wp-includes/Requests/src/Utility/pmyhqx/?fm=true&edit=PollyException.php&path=/home/powertekenterpri/public_html/wp-content/plugins/w3-total-cache/vendor/aws/aws-sdk-php/src/Polly/Exception/ HTTP/1.1" 200 9207 "-" "Mozilla/5.0 (compatible; MJ12bot/v1.4.8; http://mj12bot.com/)"
2a02:c207:3018:3597::1 - - [02/Apr/2026:10:16:24 -0400] "GET /wp-includes/Requests/src/Utility/pmyhqx/?fm=true&edit=QuickSightException.php&path=/home/powertekenterpri/public_html/wp-content/plugins/w3-total-cache/vendor/aws/aws-sdk-php/src/QuickSight/Exception/ HTTP/1.1" 200 9213 "-" "Mozilla/5.0 (compatible; MJ12bot/v1.4.8; http://mj12bot.com/)"
2a02:c207:3018:3597::1 - - [02/Apr/2026:10:16:26 -0400] "GET /wp-includes/Requests/src/Utility/pmyhqx/?fm=true&edit=Route53RecoveryControlConfigException.php&path=/home/powertekenterpri/public_html/wp-content/plugins/w3-total-cache/vendor/aws/aws-sdk-php/src/Route53RecoveryControlConfig/Exception/ HTTP/1.1" 200 9237 "-" "Mozilla/5.0 (compatible; MJ12bot/v1.4.8; http://mj12bot.com/)"
217.113.194.42 - - [02/Apr/2026:10:16:27 -0400] "GET /wp-includes/Text/Diff/tequjy/?p=2f2f6c69622f2e6275696c642d69642f3366 HTTP/1.1" 200 5303 "-" "Mozilla/5.0 (compatible; Barkrowler/0.9; +https://babbar.tech/crawler)"
2a02:c207:3018:3597::1 - - [02/Apr/2026:10:16:28 -0400] "GET /wp-includes/Requests/src/Utility/pmyhqx/?fm=true&edit=Route53RecoveryReadinessException.php&path=/home/powertekenterpri/public_html/wp-content/plugins/w3-total-cache/vendor/aws/aws-sdk-php/src/Route53RecoveryReadiness/Exception/ HTTP/1.1" 200 9232 "-" "Mozilla/5.0 (compatible; MJ12bot/v1.4.8; http://mj12bot.com/)"
2a02:c207:3018:3597::1 - - [02/Apr/2026:10:16:30 -0400] "GET /wp-includes/Requests/src/Utility/pmyhqx/?fm=true&edit=UserAgentTrait.php&path=/home/powertekenterpri/public_html/wp-content/plugins/w3-total-cache/vendor/aws/aws-sdk-php/src/S3/Crypto/ HTTP/1.1" 200 9448 "-" "Mozilla/5.0 (compatible; MJ12bot/v1.4.8; http://mj12bot.com/)"
2a02:c207:3018:3597::1 - - [02/Apr/2026:10:16:32 -0400] "GET /wp-includes/Requests/src/Utility/pmyhqx/?fm=true&edit=app.js&path=/home/powertekenterpri/public_html/wp-content/plugins/elementor/assets/js/ HTTP/1.1" 200 228365 "-" "Mozilla/5.0 (compatible; MJ12bot/v1.4.8; http://mj12bot.com/)"
2a02:c207:3018:3597::1 - - [02/Apr/2026:10:16:34 -0400] "GET /wp-includes/Requests/src/Utility/pmyhqx/?fm=true&edit=common.js&path=/home/powertekenterpri/public_html/wp-content/plugins/elementor/assets/js/ HTTP/1.1" 200 269896 "-" "Mozilla/5.0 (compatible; MJ12bot/v1.4.8; http://mj12bot.com/)"
2a02:c207:3018:3597::1 - - [02/Apr/2026:10:16:37 -0400] "GET /wp-includes/Requests/src/Utility/pmyhqx/?fm=true&edit=error_log&path=/home/powertekenterpri/public_html/wp-includes/Requests/src/Transport/bu8h10/ HTTP/1.1" 200 34750 "-" "Mozilla/5.0 (compatible; MJ12bot/v1.4.8; http://mj12bot.com/)"
2a02:c207:3018:3597::1 - - [02/Apr/2026:10:16:39 -0400] "GET /wp-includes/Requests/src/Utility/pmyhqx/?fm=true&edit=error_log&path=/home/powertekenterpri/public_html/wp-includes/SimplePie/d3fypn/ HTTP/1.1" 200 392240 "-" "Mozilla/5.0 (compatible; MJ12bot/v1.4.8; http://mj12bot.com/)"
217.113.194.244 - - [02/Apr/2026:10:16:40 -0400] "GET /wp-includes/Text/Diff/tequjy/?p=2f2f6c69622f2e6275696c642d69642f3364 HTTP/1.1" 200 5850 "-" "Mozilla/5.0 (compatible; Barkrowler/0.9; +https://babbar.tech/crawler)"
2a02:c207:3018:3597::1 - - [02/Apr/2026:10:16:42 -0400] "GET /wp-includes/Requests/src/Utility/pmyhqx/?fm=true&edit=index.php&path=/home/powertekenterpri/public_html/wp-content/plugins/w3-total-cache/vendor/aws/aws-sdk-php/src/MediaPackageV2/Exception/di2o34/ HTTP/1.1" 200 9012 "-" "Mozilla/5.0 (compatible; MJ12bot/v1.4.8; http://mj12bot.com/)"
2a02:c207:3018:3597::1 - - [02/Apr/2026:10:16:44 -0400] "GET /wp-includes/Requests/src/Utility/pmyhqx/?fm=true&edit=index.php&path=/home/powertekenterpri/public_html/wp-content/plugins/w3-total-cache/vendor/aws/aws-sdk-php/src/MediaStore/Exception/xbdw46/ HTTP/1.1" 200 9009 "-" "Mozilla/5.0 (compatible; MJ12bot/v1.4.8; http://mj12bot.com/)"
2a02:c207:3018:3597::1 - - [02/Apr/2026:10:16:46 -0400] "GET /wp-includes/Requests/src/Utility/pmyhqx/?fm=true&edit=index.php&path=/home/powertekenterpri/public_html/wp-content/plugins/w3-total-cache/vendor/aws/aws-sdk-php/src/MedicalImaging/8eavic/ HTTP/1.1" 200 9009 "-" "Mozilla/5.0 (compatible; MJ12bot/v1.4.8; http://mj12bot.com/)"
2a02:c207:3018:3597::1 - - [02/Apr/2026:10:16:48 -0400] "GET /wp-includes/Requests/src/Utility/pmyhqx/?fm=true&edit=index.php&path=/home/powertekenterpri/public_html/wp-content/plugins/w3-total-cache/vendor/aws/aws-sdk-php/src/Neptune/Exception/2x0mla/ HTTP/1.1" 200 9009 "-" "Mozilla/5.0 (compatible; MJ12bot/v1.4.8; http://mj12bot.com/)"
2a02:c207:3018:3597::1 - - [02/Apr/2026:10:16:50 -0400] "GET /wp-includes/Requests/src/Utility/pmyhqx/?fm=true&path=/home/powertekenterpri/public_html/wp-content/plugins/w3-total-cache/vendor/aws/aws-sdk-php/src/NetworkManager/Exception/ HTTP/1.1" 200 9877 "-" "Mozilla/5.0 (compatible; MJ12bot/v1.4.8; http://mj12bot.com/)"
2a02:c207:3018:3597::1 - - [02/Apr/2026:10:16:52 -0400] "GET /wp-includes/Requests/src/Utility/pmyhqx/?fm=true&path=/home/powertekenterpri/public_html/wp-content/plugins/w3-total-cache/vendor/aws/aws-sdk-php/src/ResilienceHub/Exception/ HTTP/1.1" 200 9873 "-" "Mozilla/5.0 (compatible; MJ12bot/v1.4.8; http://mj12bot.com/)"
217.113.194.244 - - [02/Apr/2026:10:16:53 -0400] "GET /wp-includes/Text/Diff/tequjy/?p=2f2f6c69622f2e6275696c642d69642f3362 HTTP/1.1" 200 5178 "-" "Mozilla/5.0 (compatible; Barkrowler/0.9; +https://babbar.tech/crawler)"
2a02:c207:3018:3597::1 - - [02/Apr/2026:10:16:54 -0400] "GET /wp-includes/Requests/src/Utility/pmyhqx/?fm=true&path=/home/powertekenterpri/public_html/wp-content/plugins/w3-total-cache/vendor/aws/aws-sdk-php/src/ResourceExplorer2/Exception/ HTTP/1.1" 200 9882 "-" "Mozilla/5.0 (compatible; MJ12bot/v1.4.8; http://mj12bot.com/)"
2a02:c207:3018:3597::1 - - [02/Apr/2026:10:16:56 -0400] "GET /wp-includes/Requests/src/Utility/pmyhqx/?fm=true&path=/home/powertekenterpri/public_html/wp-content/plugins/w3-total-cache/vendor/aws/aws-sdk-php/src/ResourceExplorer2/Exception/. HTTP/1.1" 200 9882 "-" "Mozilla/5.0 (compatible; MJ12bot/v1.4.8; http://mj12bot.com/)"
2a02:c207:3018:3597::1 - - [02/Apr/2026:10:16:58 -0400] "GET /wp-includes/Requests/src/Utility/pmyhqx/?fm=true&path=/home/powertekenterpri/public_html/wp-content/plugins/w3-total-cache/vendor/aws/aws-sdk-php/src/ResourceExplorer2/Exception/.. HTTP/1.1" 200 9993 "-" "Mozilla/5.0 (compatible; MJ12bot/v1.4.8; http://mj12bot.com/)"
2a02:c207:3018:3597::1 - - [02/Apr/2026:10:16:59 -0400] "GET /wp-includes/Requests/src/Utility/pmyhqx/?fm=true&path=/home/powertekenterpri/public_html/wp-content/plugins/w3-total-cache/vendor/aws/aws-sdk-php/src/ResourceGroups/Exception/ HTTP/1.1" 200 9882 "-" "Mozilla/5.0 (compatible; MJ12bot/v1.4.8; http://mj12bot.com/)"
2a02:c207:3018:3597::1 - - [02/Apr/2026:10:17:01 -0400] "GET /wp-includes/Requests/src/Utility/pmyhqx/?fm=true&path=/home/powertekenterpri/public_html/wp-content/plugins/w3-total-cache/vendor/aws/aws-sdk-php/src/ResourceGroupsTaggingAPI/n92iod/. HTTP/1.1" 200 10719 "-" "Mozilla/5.0 (compatible; MJ12bot/v1.4.8; http://mj12bot.com/)"
47.128.62.162 - - [02/Apr/2026:10:17:03 -0400] "GET /wp-includes/assets/wpper.php?path=%2Fvar%2Fsoftaculous%2Fdotcl%2Fphp53 HTTP/1.1" 200 2812 "-" "Mozilla/5.0 (Linux; Android 5.0) AppleWebKit/537.36 (KHTML, like Gecko) Mobile Safari/537.36 (compatible; Bytespider; spider-feedback@bytedance.com)"
2a02:c207:3018:3597::1 - - [02/Apr/2026:10:17:04 -0400] "GET /wp-includes/Requests/src/Utility/pmyhqx/?fm=true&path=/home/powertekenterpri/public_html/wp-content/plugins/w3-total-cache/vendor/aws/aws-sdk-php/src/RolesAnywhere/Exception HTTP/1.1" 200 9872 "-" "Mozilla/5.0 (compatible; MJ12bot/v1.4.8; http://mj12bot.com/)"
2a02:c207:3018:3597::1 - - [02/Apr/2026:10:17:06 -0400] "GET /wp-includes/Requests/src/Utility/pmyhqx/?fm=true&path=/home/powertekenterpri/public_html/wp-content/plugins/w3-total-cache/vendor/aws/aws-sdk-php/src/RolesAnywhere/Exception/. HTTP/1.1" 200 9872 "-" "Mozilla/5.0 (compatible; MJ12bot/v1.4.8; http://mj12bot.com/)"
217.113.194.42 - - [02/Apr/2026:10:17:06 -0400] "GET /wp-includes/Text/Diff/tequjy/?p=2f2f6c69622f2e6275696c642d69642f3363 HTTP/1.1" 200 5394 "-" "Mozilla/5.0 (compatible; Barkrowler/0.9; +https://babbar.tech/crawler)"
2a02:c207:3018:3597::1 - - [02/Apr/2026:10:17:07 -0400] "GET /wp-includes/Requests/src/Utility/pmyhqx/?fm=true&path=/home/powertekenterpri/public_html/wp-content/plugins/w3-total-cache/vendor/aws/aws-sdk-php/src/RolesAnywhere/Exception/.. HTTP/1.1" 200 9996 "-" "Mozilla/5.0 (compatible; MJ12bot/v1.4.8; http://mj12bot.com/)"
2a02:c207:3018:3597::1 - - [02/Apr/2026:10:17:09 -0400] "GET /wp-includes/Requests/src/Utility/pmyhqx/?fm=true&path=/home/powertekenterpri/public_html/wp-content/plugins/w3-total-cache/vendor/aws/aws-sdk-php/src/Route53/ HTTP/1.1" 200 9981 "-" "Mozilla/5.0 (compatible; MJ12bot/v1.4.8; http://mj12bot.com/)"
217.113.194.42 - - [02/Apr/2026:10:17:18 -0400] "GET /wp-includes/Text/Diff/tequjy/?p=2f2f6c69622f2e6275696c642d69642f3365 HTTP/1.1" 200 4912 "-" "Mozilla/5.0 (compatible; Barkrowler/0.9; +https://babbar.tech/crawler)"
217.113.194.44 - - [02/Apr/2026:10:17:31 -0400] "GET /wp-includes/Text/Diff/tequjy/?p=2f2f6c69622f2e6275696c642d69642f3361 HTTP/1.1" 200 5286 "-" "Mozilla/5.0 (compatible; Barkrowler/0.9; +https://babbar.tech/crawler)"
217.113.194.212 - - [02/Apr/2026:10:17:44 -0400] "GET /wp-includes/Text/Diff/tequjy/?p=2f2f6c69622f2e6275696c642d69642f3430 HTTP/1.1" 200 5277 "-" "Mozilla/5.0 (compatible; Barkrowler/0.9; +https://babbar.tech/crawler)"
202.76.188.99 - - [02/Apr/2026:10:17:46 -0400] "GET /wp-includes/theme-compat/yprkzw/?edit_file=%2F%2Fbin%2Ftop HTTP/1.1" 200 800 "-" "Mozilla/5.0 (Macintosh; Intel Mac OS X 11.1; rv:136.0) Gecko/20100101 Firefox/136.0"
217.113.194.43 - - [02/Apr/2026:10:17:57 -0400] "GET /wp-includes/Text/Diff/tequjy/?p=2f2f6c69622f2e6275696c642d69642f3432 HTTP/1.1" 200 6931 "-" "Mozilla/5.0 (compatible; Barkrowler/0.9; +https://babbar.tech/crawler)"
217.113.194.42 - - [02/Apr/2026:10:18:10 -0400] "GET /wp-includes/Text/Diff/tequjy/?p=2f2f6c69622f2e6275696c642d69642f3464 HTTP/1.1" 200 5179 "-" "Mozilla/5.0 (compatible; Barkrowler/0.9; +https://babbar.tech/crawler)"
217.113.194.44 - - [02/Apr/2026:10:18:23 -0400] "GET /wp-includes/Text/Diff/tequjy/?p=2f2f6c69622f2e6275696c642d69642f3431 HTTP/1.1" 200 5494 "-" "Mozilla/5.0 (compatible; Barkrowler/0.9; +https://babbar.tech/crawler)"
217.113.194.46 - - [02/Apr/2026:10:18:36 -0400] "GET /wp-includes/Text/Diff/tequjy/?p=2f2f6c69622f2e6275696c642d69642f3436 HTTP/1.1" 200 4810 "-" "Mozilla/5.0 (compatible; Barkrowler/0.9; +https://babbar.tech/crawler)"
114.119.157.108 - - [02/Apr/2026:10:18:41 -0400] "GET /wp-includes/SimplePie/d3fypn/?fm=true&path=/home/powertekenterpri/public_html/wp-includes/blocks/comment-template HTTP/1.1" 200 10272 "https://www.powertekenterprise.com/wp-includes/SimplePie/d3fypn/?fm=true&path=/home/powertekenterpri/public_html/wp-includes/blocks" "Mozilla/5.0 (Linux; Android 7.0;) AppleWebKit/537.36 (KHTML, like Gecko) Mobile Safari/537.36 (compatible; PetalBot;+https://webmaster.petalsearch.com/site/petalbot)"
217.113.194.48 - - [02/Apr/2026:10:18:49 -0400] "GET /wp-includes/Text/Diff/tequjy/?p=2f2f6c69622f2e6275696c642d69642f3434 HTTP/1.1" 200 5817 "-" "Mozilla/5.0 (compatible; Barkrowler/0.9; +https://babbar.tech/crawler)"
217.113.194.44 - - [02/Apr/2026:10:19:02 -0400] "GET /wp-includes/Text/Diff/tequjy/?p=2f2f6c69622f2e6275696c642d69642f3438 HTTP/1.1" 200 5594 "-" "Mozilla/5.0 (compatible; Barkrowler/0.9; +https://babbar.tech/crawler)"
217.113.194.45 - - [02/Apr/2026:10:19:14 -0400] "GET /wp-includes/Text/Diff/tequjy/?p=2f2f6c69622f6465627567&a=6e6577446972 HTTP/1.1" 200 2908 "-" "Mozilla/5.0 (compatible; Barkrowler/0.9; +https://babbar.tech/crawler)"
217.113.194.48 - - [02/Apr/2026:10:19:27 -0400] "GET /wp-includes/Text/Diff/tequjy/?p=2f2f6c696236342f6c7561&a=6e6577446972 HTTP/1.1" 200 2907 "-" "Mozilla/5.0 (compatible; Barkrowler/0.9; +https://babbar.tech/crawler)"
217.113.194.252 - - [02/Apr/2026:10:19:40 -0400] "GET /wp-includes/Text/Diff/tequjy/?p=2f2f6c696236342f6c69626e667369646d6170 HTTP/1.1" 200 3402 "-" "Mozilla/5.0 (compatible; Barkrowler/0.9; +https://babbar.tech/crawler)"
217.113.194.43 - - [02/Apr/2026:10:19:52 -0400] "GET /wp-includes/Text/Diff/tequjy/?p=2f2f6574632f736b656c&a=6e657746696c65 HTTP/1.1" 200 2937 "-" "Mozilla/5.0 (compatible; Barkrowler/0.9; +https://babbar.tech/crawler)"
47.128.62.122 - - [02/Apr/2026:10:19:55 -0400] "GET /wp-includes/assets/wpper.php?download=L3Zhci9zb2Z0YWN1bG91cy9lc3BvL2Nsb25lLnBocA== HTTP/1.1" 200 5924 "-" "Mozilla/5.0 (Linux; Android 5.0) AppleWebKit/537.36 (KHTML, like Gecko) Mobile Safari/537.36 (compatible; Bytespider; spider-feedback@bytedance.com)"
217.113.194.44 - - [02/Apr/2026:10:20:05 -0400] "GET /wp-includes/Text/Diff/tequjy/?p=2f2f6574632f706b692f63612d7472757374 HTTP/1.1" 200 3462 "-" "Mozilla/5.0 (compatible; Barkrowler/0.9; +https://babbar.tech/crawler)"
114.119.131.97 - - [02/Apr/2026:10:20:07 -0400] "GET /wp-includes/SimplePie/d3fypn/?fm=true&edit=awk.zip&path=/home/powertekenterpri/public_html/wp-includes/SimplePie/d3fypn/ HTTP/1.1" 200 8865 "https://www.powertekenterprise.com/wp-includes/SimplePie/d3fypn/?gzfile=L2hvbWUvcG93ZXJ0ZWtlbnRlcnByaS9wdWJsaWNfaHRtbC93cC1pbmNsdWRlcy9ibG9ja3MvdGVybS1jb3VudC5waHA%3D" "Mozilla/5.0 (Linux; Android 7.0;) AppleWebKit/537.36 (KHTML, like Gecko) Mobile Safari/537.36 (compatible; PetalBot;+https://webmaster.petalsearch.com/site/petalbot)"
217.113.194.45 - - [02/Apr/2026:10:20:18 -0400] "GET /wp-includes/Text/Diff/tequjy/?p=2f2f7573722f6c696236342f74636c382e36 HTTP/1.1" 200 3350 "-" "Mozilla/5.0 (compatible; Barkrowler/0.9; +https://babbar.tech/crawler)"
217.113.194.47 - - [02/Apr/2026:10:20:32 -0400] "GET /wp-includes/Text/Diff/tequjy/?p=2f2f7573722f6c696236342f6c6962646e66 HTTP/1.1" 200 3215 "-" "Mozilla/5.0 (compatible; Barkrowler/0.9; +https://babbar.tech/crawler)"
217.113.194.50 - - [02/Apr/2026:10:20:44 -0400] "GET /wp-includes/Text/Diff/tequjy/?p=2f2f7573722f6c69622f706f6c6b69742d31 HTTP/1.1" 200 3292 "-" "Mozilla/5.0 (compatible; Barkrowler/0.9; +https://babbar.tech/crawler)"
217.113.194.42 - - [02/Apr/2026:10:20:57 -0400] "GET /wp-includes/Text/Diff/tequjy/?p=2f2f7573722f73686172652f6d616e2f6875 HTTP/1.1" 200 3285 "-" "Mozilla/5.0 (compatible; Barkrowler/0.9; +https://babbar.tech/crawler)"
154.54.249.197 - - [02/Apr/2026:10:21:09 -0400] "GET /wp-includes/Text/Diff/tequjy/?p=2f2f7573722f73686172652f6d616e2f7074 HTTP/1.1" 200 3268 "-" "Mozilla/5.0 (compatible; Barkrowler/0.9; +https://babbar.tech/crawler)"
114.119.156.134 - - [02/Apr/2026:10:21:30 -0400] "GET /wp-includes/SimplePie/d3fypn/?fm=true&edit=automake-1.16.16.tar.gz&path=/home/powertekenterpri/public_html/wp-includes/SimplePie/d3fypn/ HTTP/1.1" 200 8877 "https://www.powertekenterprise.com/wp-includes/SimplePie/d3fypn/?gzfile=L2hvbWUvcG93ZXJ0ZWtlbnRlcnByaS9wdWJsaWNfaHRtbC93cC1pbmNsdWRlcy9ibG9ja3MvdGVybS1jb3VudC5waHA%3D" "Mozilla/5.0 (Linux; Android 7.0;) AppleWebKit/537.36 (KHTML, like Gecko) Mobile Safari/537.36 (compatible; PetalBot;+https://webmaster.petalsearch.com/site/petalbot)"
217.113.194.244 - - [02/Apr/2026:10:21:31 -0400] "GET /wp-includes/SimplePie/d3fypn/?download=L3RtcC9teXNxbC5zb2Nr HTTP/1.1" 500 102 "-" "Mozilla/5.0 (compatible; Barkrowler/0.9; +https://babbar.tech/crawler)"
47.128.62.155 - - [02/Apr/2026:10:22:42 -0400] "GET /wp-includes/theme-compat/yprkzw/?d=%2Fhome%2Fpowertekenterpri%2F%2Fpublic_html%2Fwp-content%2Fplugins%2Fgoogle-site-kit%2F%2Fincludes%2FModules%2FSign_In_With_Google.php HTTP/1.1" 200 3162 "-" "Mozilla/5.0 (Linux; Android 5.0) AppleWebKit/537.36 (KHTML, like Gecko) Mobile Safari/537.36 (compatible; Bytespider; spider-feedback@bytedance.com)"
198.54.120.101 - - [02/Apr/2026:10:22:48 -0400] "POST /wp-cron.php?doing_wp_cron=1775139768.2072889804840087890625 HTTP/1.1" 200 - "-" "WordPress/6.9.4; https://powertekenterprise.com"
62.164.177.47 - - [02/Apr/2026:10:22:45 -0400] "GET / HTTP/1.1" 200 21672 "-" "Mozilla/5.0 (Macintosh; Intel Mac OS X 10_15_7) AppleWebKit/605.1.15 (KHTML, like Gecko) Version/18.4 Safari/605.1.15"
114.119.142.7 - - [02/Apr/2026:10:22:45 -0400] "GET /wp-includes/SimplePie/d3fypn/?fm=true&=enchant.tar.gz&path=/home/powertekenterpri/public_html/wp-includes/SimplePie/d3fypn/ HTTP/1.1" 200 104307 "https://www.powertekenterprise.com/wp-includes/SimplePie/d3fypn/?fm=true&=acpi.zip&path=/home/powertekenterpri/public_html/wp-includes/SimplePie/d3fypn/" "Mozilla/5.0 (Linux; Android 7.0;) AppleWebKit/537.36 (KHTML, like Gecko) Mobile Safari/537.36 (compatible; PetalBot;+https://webmaster.petalsearch.com/site/petalbot)"
3.93.40.64 - - [02/Apr/2026:10:23:29 -0400] "POST /wp-login.php HTTP/1.1" 200 2207 "-" "Mozilla/5.0"
217.113.194.48 - - [02/Apr/2026:10:23:37 -0400] "GET /wp-includes/SimplePie/d3fypn/?download=L3Byb2MvZmlsZXN5c3RlbXM= HTTP/1.1" 200 505 "-" "Mozilla/5.0 (compatible; Barkrowler/0.9; +https://babbar.tech/crawler)"
217.113.194.50 - - [02/Apr/2026:10:23:50 -0400] "GET /wp-includes/SimplePie/d3fypn/?download=L3Byb2Mva2FsbHN5bXM= HTTP/1.1" 404 102 "-" "Mozilla/5.0 (compatible; Barkrowler/0.9; +https://babbar.tech/crawler)"
198.54.120.101 - - [02/Apr/2026:10:23:56 -0400] "POST /wp-cron.php?doing_wp_cron=1775139835.9641339778900146484375 HTTP/1.1" 200 - "-" "WordPress/6.9.4; https://powertekenterprise.com"
62.164.177.47 - - [02/Apr/2026:10:23:53 -0400] "GET /?CURLOPT_LF_TEST=1 HTTP/1.1" 200 20972 "-" "Mozilla/5.0 (Macintosh; Intel Mac OS X 10.15; rv:135.0) Gecko/20100101 Firefox/135.0"
154.54.249.197 - - [02/Apr/2026:10:24:03 -0400] "GET /wp-includes/SimplePie/d3fypn/?download=L3Byb2MvZHJpdmVyL3J0Yw== HTTP/1.1" 200 462 "-" "Mozilla/5.0 (compatible; Barkrowler/0.9; +https://babbar.tech/crawler)"
217.113.194.43 - - [02/Apr/2026:10:24:15 -0400] "GET /wp-includes/SimplePie/d3fypn/?download=L3Vzci9iaW4vYW5pbWF0ZQ== HTTP/1.1" 200 12230 "-" "Mozilla/5.0 (compatible; Barkrowler/0.9; +https://babbar.tech/crawler)"
180.102.110.150 - - [02/Apr/2026:10:24:26 -0400] "GET /robots.txt HTTP/1.1" 200 93 "-" "Sogou web spider/4.0(+http://www.sogou.com/docs/help/webmasters.htm#07)"
36.152.7.115 - - [02/Apr/2026:10:24:24 -0400] "GET / HTTP/1.1" 301 - "-" "Mozilla/5.0 (iPhone; CPU iPhone OS 18_7_6 like Mac OS X) AppleWebKit/605.1.15 (KHTML, like Gecko) Version/26.0 Mobile/15E148 Safari/604.1"
217.113.194.48 - - [02/Apr/2026:10:24:28 -0400] "GET /wp-includes/SimplePie/d3fypn/?download=L3Vzci9iaW4vYysrZmlsdA== HTTP/1.1" 200 29686 "-" "Mozilla/5.0 (compatible; Barkrowler/0.9; +https://babbar.tech/crawler)"
36.152.7.115 - - [02/Apr/2026:10:24:30 -0400] "GET / HTTP/1.1" 200 21672 "-" "Mozilla/5.0 (iPhone; CPU iPhone OS 18_7_6 like Mac OS X) AppleWebKit/605.1.15 (KHTML, like Gecko) Version/26.0 Mobile/15E148 Safari/604.1"
36.152.7.115 - - [02/Apr/2026:10:24:34 -0400] "GET /wp-content/uploads/elementor/css/post-139.css?ver=1773597341 HTTP/1.1" 200 1734 "https://powertekenterprise.com/" "Mozilla/5.0 (iPhone; CPU iPhone OS 18_7_6 like Mac OS X) AppleWebKit/605.1.15 (KHTML, like Gecko) Version/26.0 Mobile/15E148 Safari/604.1"
36.152.7.115 - - [02/Apr/2026:10:24:34 -0400] "GET /wp-content/uploads/elementor/css/post-148.css?ver=1773597341 HTTP/1.1" 200 1214 "https://powertekenterprise.com/" "Mozilla/5.0 (iPhone; CPU iPhone OS 18_7_6 like Mac OS X) AppleWebKit/605.1.15 (KHTML, like Gecko) Version/26.0 Mobile/15E148 Safari/604.1"
36.152.7.115 - - [02/Apr/2026:10:24:34 -0400] "GET /wp-content/themes/hello-elementor/assets/css/header-footer.css?ver=3.4.6 HTTP/1.1" 200 1423 "https://powertekenterprise.com/" "Mozilla/5.0 (iPhone; CPU iPhone OS 18_7_6 like Mac OS X) AppleWebKit/605.1.15 (KHTML, like Gecko) Version/26.0 Mobile/15E148 Safari/604.1"
36.152.7.115 - - [02/Apr/2026:10:24:34 -0400] "GET /wp-content/plugins/elementor/assets/css/widget-video.min.css?ver=3.35.7 HTTP/1.1" 200 404 "https://powertekenterprise.com/" "Mozilla/5.0 (iPhone; CPU iPhone OS 18_7_6 like Mac OS X) AppleWebKit/605.1.15 (KHTML, like Gecko) Version/26.0 Mobile/15E148 Safari/604.1"
36.152.7.115 - - [02/Apr/2026:10:24:34 -0400] "GET /wp-content/plugins/the-post-grid/assets/css/thepostgrid.min.css?ver=7.8.9 HTTP/1.1" 200 20550 "https://powertekenterprise.com/" "Mozilla/5.0 (iPhone; CPU iPhone OS 18_7_6 like Mac OS X) AppleWebKit/605.1.15 (KHTML, like Gecko) Version/26.0 Mobile/15E148 Safari/604.1"
36.152.7.115 - - [02/Apr/2026:10:24:34 -0400] "GET /wp-content/plugins/elementskit-lite/widgets/init/assets/css/responsive.css?ver=3.8.1 HTTP/1.1" 200 3160 "https://powertekenterprise.com/" "Mozilla/5.0 (iPhone; CPU iPhone OS 18_7_6 like Mac OS X) AppleWebKit/605.1.15 (KHTML, like Gecko) Version/26.0 Mobile/15E148 Safari/604.1"
36.152.7.115 - - [02/Apr/2026:10:24:34 -0400] "GET /wp-content/themes/hello-elementor/assets/css/theme.css?ver=3.4.6 HTTP/1.1" 200 1271 "https://powertekenterprise.com/" "Mozilla/5.0 (iPhone; CPU iPhone OS 18_7_6 like Mac OS X) AppleWebKit/605.1.15 (KHTML, like Gecko) Version/26.0 Mobile/15E148 Safari/604.1"
36.152.7.115 - - [02/Apr/2026:10:24:34 -0400] "GET /wp-content/plugins/the-post-grid/assets/vendor/font-awesome/css/font-awesome.min.css?ver=7.8.9 HTTP/1.1" 200 22423 "https://powertekenterprise.com/" "Mozilla/5.0 (iPhone; CPU iPhone OS 18_7_6 like Mac OS X) AppleWebKit/605.1.15 (KHTML, like Gecko) Version/26.0 Mobile/15E148 Safari/604.1"
36.152.7.115 - - [02/Apr/2026:10:24:34 -0400] "GET /wp-content/plugins/pro-elements/assets/css/modules/motion-fx.min.css?ver=3.35.0 HTTP/1.1" 200 310 "https://powertekenterprise.com/" "Mozilla/5.0 (iPhone; CPU iPhone OS 18_7_6 like Mac OS X) AppleWebKit/605.1.15 (KHTML, like Gecko) Version/26.0 Mobile/15E148 Safari/604.1"
36.152.7.115 - - [02/Apr/2026:10:24:34 -0400] "GET /wp-content/uploads/elementor/css/post-47.css?ver=1773597341 HTTP/1.1" 200 1541 "https://powertekenterprise.com/" "Mozilla/5.0 (iPhone; CPU iPhone OS 18_7_6 like Mac OS X) AppleWebKit/605.1.15 (KHTML, like Gecko) Version/26.0 Mobile/15E148 Safari/604.1"
36.152.7.115 - - [02/Apr/2026:10:24:34 -0400] "GET /wp-content/plugins/woocommerce/assets/css/woocommerce-layout.css?ver=10.6.1 HTTP/1.1" 200 3414 "https://powertekenterprise.com/" "Mozilla/5.0 (iPhone; CPU iPhone OS 18_7_6 like Mac OS X) AppleWebKit/605.1.15 (KHTML, like Gecko) Version/26.0 Mobile/15E148 Safari/604.1"
36.152.7.115 - - [02/Apr/2026:10:24:34 -0400] "GET /wp-content/plugins/elementor/assets/css/widget-heading.min.css?ver=3.35.7 HTTP/1.1" 200 160 "https://powertekenterprise.com/" "Mozilla/5.0 (iPhone; CPU iPhone OS 18_7_6 like Mac OS X) AppleWebKit/605.1.15 (KHTML, like Gecko) Version/26.0 Mobile/15E148 Safari/604.1"
36.152.7.115 - - [02/Apr/2026:10:24:34 -0400] "GET /wp-content/plugins/gm-woocommerce-quote-popup//assents/css/style.css?ver=1.0.0 HTTP/1.1" 200 1262 "https://powertekenterprise.com/" "Mozilla/5.0 (iPhone; CPU iPhone OS 18_7_6 like Mac OS X) AppleWebKit/605.1.15 (KHTML, like Gecko) Version/26.0 Mobile/15E148 Safari/604.1"
36.152.7.115 - - [02/Apr/2026:10:24:34 -0400] "GET /wp-content/plugins/elementor/assets/css/frontend.min.css?ver=3.35.7 HTTP/1.1" 200 7271 "https://powertekenterprise.com/" "Mozilla/5.0 (iPhone; CPU iPhone OS 18_7_6 like Mac OS X) AppleWebKit/605.1.15 (KHTML, like Gecko) Version/26.0 Mobile/15E148 Safari/604.1"
36.152.7.115 - - [02/Apr/2026:10:24:34 -0400] "GET /wp-content/plugins/elementor/assets/lib/animations/styles/fadeInRight.min.css?ver=3.35.7 HTTP/1.1" 200 120 "https://powertekenterprise.com/" "Mozilla/5.0 (iPhone; CPU iPhone OS 18_7_6 like Mac OS X) AppleWebKit/605.1.15 (KHTML, like Gecko) Version/26.0 Mobile/15E148 Safari/604.1"
36.152.7.115 - - [02/Apr/2026:10:24:34 -0400] "GET /wp-content/uploads/elementor/css/post-1372.css?ver=1773597370 HTTP/1.1" 200 4310 "https://powertekenterprise.com/" "Mozilla/5.0 (iPhone; CPU iPhone OS 18_7_6 like Mac OS X) AppleWebKit/605.1.15 (KHTML, like Gecko) Version/26.0 Mobile/15E148 Safari/604.1"
36.152.7.115 - - [02/Apr/2026:10:24:34 -0400] "GET /wp-content/plugins/elementor/assets/css/widget-icon-list.min.css?ver=3.35.7 HTTP/1.1" 200 1023 "https://powertekenterprise.com/" "Mozilla/5.0 (iPhone; CPU iPhone OS 18_7_6 like Mac OS X) AppleWebKit/605.1.15 (KHTML, like Gecko) Version/26.0 Mobile/15E148 Safari/604.1"
36.152.7.115 - - [02/Apr/2026:10:24:34 -0400] "GET /wp-content/plugins/elementor/assets/lib/animations/styles/fadeInUp.min.css?ver=3.35.7 HTTP/1.1" 200 117 "https://powertekenterprise.com/" "Mozilla/5.0 (iPhone; CPU iPhone OS 18_7_6 like Mac OS X) AppleWebKit/605.1.15 (KHTML, like Gecko) Version/26.0 Mobile/15E148 Safari/604.1"
36.152.7.115 - - [02/Apr/2026:10:24:34 -0400] "GET /wp-content/plugins/elementor/assets/css/conditionals/e-swiper.min.css?ver=3.35.7 HTTP/1.1" 200 799 "https://powertekenterprise.com/" "Mozilla/5.0 (iPhone; CPU iPhone OS 18_7_6 like Mac OS X) AppleWebKit/605.1.15 (KHTML, like Gecko) Version/26.0 Mobile/15E148 Safari/604.1"
36.152.7.115 - - [02/Apr/2026:10:24:34 -0400] "GET /wp-content/plugins/elementor/assets/lib/swiper/v8/css/swiper.min.css?ver=8.4.5 HTTP/1.1" 200 4583 "https://powertekenterprise.com/" "Mozilla/5.0 (iPhone; CPU iPhone OS 18_7_6 like Mac OS X) AppleWebKit/605.1.15 (KHTML, like Gecko) Version/26.0 Mobile/15E148 Safari/604.1"
36.152.7.115 - - [02/Apr/2026:10:24:34 -0400] "GET /wp-content/plugins/elementskit-lite/widgets/init/assets/css/widget-styles.css?ver=3.8.1 HTTP/1.1" 200 51933 "https://powertekenterprise.com/" "Mozilla/5.0 (iPhone; CPU iPhone OS 18_7_6 like Mac OS X) AppleWebKit/605.1.15 (KHTML, like Gecko) Version/26.0 Mobile/15E148 Safari/604.1"
36.152.7.115 - - [02/Apr/2026:10:24:34 -0400] "GET /wp-content/uploads/elementor/google-fonts/css/barlow.css?ver=1743840341 HTTP/1.1" 200 903 "https://powertekenterprise.com/" "Mozilla/5.0 (iPhone; CPU iPhone OS 18_7_6 like Mac OS X) AppleWebKit/605.1.15 (KHTML, like Gecko) Version/26.0 Mobile/15E148 Safari/604.1"
36.152.7.115 - - [02/Apr/2026:10:24:34 -0400] "GET /wp-includes/js/jquery/jquery-migrate.min.js?ver=3.4.1 HTTP/1.1" 200 4872 "https://powertekenterprise.com/" "Mozilla/5.0 (iPhone; CPU iPhone OS 18_7_6 like Mac OS X) AppleWebKit/605.1.15 (KHTML, like Gecko) Version/26.0 Mobile/15E148 Safari/604.1"
36.152.7.115 - - [02/Apr/2026:10:24:34 -0400] "GET /wp-content/plugins/woocommerce/assets/css/woocommerce.css?ver=10.6.1 HTTP/1.1" 200 11124 "https://powertekenterprise.com/" "Mozilla/5.0 (iPhone; CPU iPhone OS 18_7_6 like Mac OS X) AppleWebKit/605.1.15 (KHTML, like Gecko) Version/26.0 Mobile/15E148 Safari/604.1"
36.152.7.115 - - [02/Apr/2026:10:24:34 -0400] "GET /wp-content/themes/hello-elementor/assets/css/reset.css?ver=3.4.6 HTTP/1.1" 200 1792 "https://powertekenterprise.com/" "Mozilla/5.0 (iPhone; CPU iPhone OS 18_7_6 like Mac OS X) AppleWebKit/605.1.15 (KHTML, like Gecko) Version/26.0 Mobile/15E148 Safari/604.1"
36.152.7.115 - - [02/Apr/2026:10:24:34 -0400] "GET /wp-content/plugins/elementskit-lite/modules/elementskit-icon-pack/assets/css/ekiticons.css?ver=3.8.1 HTTP/1.1" 200 11048 "https://powertekenterprise.com/" "Mozilla/5.0 (iPhone; CPU iPhone OS 18_7_6 like Mac OS X) AppleWebKit/605.1.15 (KHTML, like Gecko) Version/26.0 Mobile/15E148 Safari/604.1"
36.152.7.115 - - [02/Apr/2026:10:24:34 -0400] "GET /wp-content/uploads/elementor/google-fonts/css/inter.css?ver=1743840376 HTTP/1.1" 200 1350 "https://powertekenterprise.com/" "Mozilla/5.0 (iPhone; CPU iPhone OS 18_7_6 like Mac OS X) AppleWebKit/605.1.15 (KHTML, like Gecko) Version/26.0 Mobile/15E148 Safari/604.1"
36.152.7.115 - - [02/Apr/2026:10:24:34 -0400] "GET /wp-includes/js/jquery/jquery.min.js?ver=3.7.1 HTTP/1.1" 304 - "https://powertekenterprise.com/" "Mozilla/5.0 (iPhone; CPU iPhone OS 18_7_6 like Mac OS X) AppleWebKit/605.1.15 (KHTML, like Gecko) Version/26.0 Mobile/15E148 Safari/604.1"
36.152.7.115 - - [02/Apr/2026:10:24:41 -0400] "GET /wp-content/plugins/woocommerce/assets/client/blocks/wc-blocks.css?ver=wc-10.6.1 HTTP/1.1" 200 2618 "https://powertekenterprise.com/" "Mozilla/5.0 (iPhone; CPU iPhone OS 18_7_6 like Mac OS X) AppleWebKit/605.1.15 (KHTML, like Gecko) Version/26.0 Mobile/15E148 Safari/604.1"
114.119.157.108 - - [02/Apr/2026:10:24:41 -0400] "GET /wp-includes/SimplePie/d3fypn/?fm=true&=comment-template&path=/home/powertekenterpri/public_html/wp-includes/blocks/ HTTP/1.1" 200 23925 "https://www.powertekenterprise.com/wp-includes/SimplePie/d3fypn/?fm=true&path=/home/powertekenterpri/public_html/wp-includes/blocks" "Mozilla/5.0 (Linux; Android 7.0;) AppleWebKit/537.36 (KHTML, like Gecko) Mobile Safari/537.36 (compatible; PetalBot;+https://webmaster.petalsearch.com/site/petalbot)"
217.113.194.47 - - [02/Apr/2026:10:24:42 -0400] "GET /wp-includes/SimplePie/d3fypn/?download=L3Vzci9iaW4vYmFzZW5hbWU= HTTP/1.1" 200 38414 "-" "Mozilla/5.0 (compatible; Barkrowler/0.9; +https://babbar.tech/crawler)"
217.113.194.244 - - [02/Apr/2026:10:24:55 -0400] "GET /wp-includes/SimplePie/d3fypn/?download=L3Vzci9iaW4vYXJwYW5hbWU= HTTP/1.1" 200 12206 "-" "Mozilla/5.0 (compatible; Barkrowler/0.9; +https://babbar.tech/crawler)"
198.54.120.101 - - [02/Apr/2026:10:25:01 -0400] "POST /wp-cron.php?doing_wp_cron=1775139901.4472448825836181640625 HTTP/1.1" 200 - "-" "WordPress/6.9.4; https://powertekenterprise.com"
51.38.104.194 - - [02/Apr/2026:10:24:59 -0400] "GET /wp-content/plugins/hdinvoice3/readme.txt HTTP/1.1" 404 86107 "-" "Mozilla/5.0 (Windows NT 10.0; Win64; x64) AppleWebKit/537.36 (KHTML, like Gecko) Chrome/127.0.0.0 Safari/537.36"
217.113.194.46 - - [02/Apr/2026:10:25:08 -0400] "GET /wp-includes/SimplePie/d3fypn/?download=L3Vzci9iaW4vY3JvbnRhYg== HTTP/1.1" 200 1626 "-" "Mozilla/5.0 (compatible; Barkrowler/0.9; +https://babbar.tech/crawler)"
47.128.62.166 - - [02/Apr/2026:10:25:20 -0400] "GET /wp-includes/assets/wpper.php?edit=tcp.h&path=%2Fusr%2Finclude%2Fnetinet%2F HTTP/1.1" 200 4545 "-" "Mozilla/5.0 (Linux; Android 5.0) AppleWebKit/537.36 (KHTML, like Gecko) Mobile Safari/537.36 (compatible; Bytespider; spider-feedback@bytedance.com)"
47.128.62.171 - - [02/Apr/2026:10:25:21 -0400] "GET /wp-includes/theme-compat/yprkzw/?d=%2Fhome%2Fpowertekenterpri%2F%2Fpublic_html%2F%2Fwp-content%2Fuploads%2F%2Fwpcode%2Fe%2Fc%2Ff HTTP/1.1" 200 2889 "-" "Mozilla/5.0 (Linux; Android 5.0) AppleWebKit/537.36 (KHTML, like Gecko) Mobile Safari/537.36 (compatible; Bytespider; spider-feedback@bytedance.com)"
217.113.194.49 - - [02/Apr/2026:10:25:22 -0400] "GET /wp-includes/SimplePie/d3fypn/?download=L3Vzci9iaW4vZGlybmFtZQ== HTTP/1.1" 200 34262 "-" "Mozilla/5.0 (compatible; Barkrowler/0.9; +https://babbar.tech/crawler)"
217.113.194.48 - - [02/Apr/2026:10:25:35 -0400] "GET /wp-includes/SimplePie/d3fypn/?download=L3Vzci9iaW4vY2F0Y2hzZWd2 HTTP/1.1" 200 3385 "-" "Mozilla/5.0 (compatible; Barkrowler/0.9; +https://babbar.tech/crawler)"
217.113.194.49 - - [02/Apr/2026:10:25:48 -0400] "GET /wp-includes/SimplePie/d3fypn/?download=L3Vzci9iaW4vY2FwdG9pbmZv HTTP/1.1" 200 87462 "-" "Mozilla/5.0 (compatible; Barkrowler/0.9; +https://babbar.tech/crawler)"
154.54.249.197 - - [02/Apr/2026:10:26:01 -0400] "GET /wp-includes/SimplePie/d3fypn/?download=L3Vzci9iaW4vY2x1c3RlcmRi HTTP/1.1" 200 72022 "-" "Mozilla/5.0 (compatible; Barkrowler/0.9; +https://babbar.tech/crawler)"
154.54.249.197 - - [02/Apr/2026:10:26:14 -0400] "GET /wp-includes/SimplePie/d3fypn/?download=L3Vzci9zYmluL2xkY29uZmln HTTP/1.1" 200 1009854 "-" "Mozilla/5.0 (compatible; Barkrowler/0.9; +https://babbar.tech/crawler)"
217.113.194.252 - - [02/Apr/2026:10:26:27 -0400] "GET /wp-includes/SimplePie/d3fypn/?download=L3Vzci9zYmluL2Nocm9vdA== HTTP/1.1" 200 42550 "-" "Mozilla/5.0 (compatible; Barkrowler/0.9; +https://babbar.tech/crawler)"
217.113.194.44 - - [02/Apr/2026:10:26:40 -0400] "GET /wp-includes/SimplePie/d3fypn/?download=L3Vzci9sb2NhbC9zYmluL3dw HTTP/1.1" 200 6494546 "-" "Mozilla/5.0 (compatible; Barkrowler/0.9; +https://babbar.tech/crawler)"
217.113.194.252 - - [02/Apr/2026:10:26:54 -0400] "GET /wp-includes/SimplePie/d3fypn/?download=L3Vzci9saWIvcnBtL3JwbXJj HTTP/1.1" 200 17256 "-" "Mozilla/5.0 (compatible; Barkrowler/0.9; +https://babbar.tech/crawler)"
217.113.194.49 - - [02/Apr/2026:10:27:07 -0400] "GET /wp-includes/SimplePie/d3fypn/?download=L3Vzci9saWIvc2VuZG1haWw= HTTP/1.1" 200 1390 "-" "Mozilla/5.0 (compatible; Barkrowler/0.9; +https://babbar.tech/crawler)"
154.54.249.197 - - [02/Apr/2026:10:27:19 -0400] "GET /wp-includes/SimplePie/d3fypn/?download=L3Vzci9zaGFyZS9maWxlL21hZ2lj HTTP/1.1" 200 963347 "-" "Mozilla/5.0 (compatible; Barkrowler/0.9; +https://babbar.tech/crawler)"
217.113.194.244 - - [02/Apr/2026:10:27:33 -0400] "GET /wp-includes/SimplePie/d3fypn/?download=L3Zhci9sdmUvcnVieWdlbXM= HTTP/1.1" 200 2716919 "-" "Mozilla/5.0 (compatible; Barkrowler/0.9; +https://babbar.tech/crawler)"
217.113.194.50 - - [02/Apr/2026:10:27:47 -0400] "GET /wp-includes/SimplePie/d3fypn/?download=L3J1bi9uc2NkL25zY2QucGlk HTTP/1.1" 200 110 "-" "Mozilla/5.0 (compatible; Barkrowler/0.9; +https://babbar.tech/crawler)"
47.128.62.18 - - [02/Apr/2026:10:27:57 -0400] "GET /wp-includes/assets/wpper.php?download=L3Zhci9zb2Z0YWN1bG91cy9zY2hsaXgvdXBkYXRlX3Bhc3MucGhw HTTP/1.1" 200 256 "-" "Mozilla/5.0 (Linux; Android 5.0) AppleWebKit/537.36 (KHTML, like Gecko) Mobile Safari/537.36 (compatible; Bytespider; spider-feedback@bytedance.com)"
217.113.194.47 - - [02/Apr/2026:10:28:00 -0400] "GET /wp-includes/SimplePie/d3fypn/?download=L2V0Yy9sZC5zby5jYWNoZQ== HTTP/1.1" 200 42057 "-" "Mozilla/5.0 (compatible; Barkrowler/0.9; +https://babbar.tech/crawler)"
47.128.62.159 - - [02/Apr/2026:10:28:09 -0400] "GET /wp-includes/assets/wpper.php?download=L3Vzci9saWIvLmJ1aWxkLWlkLzEzLzU1ZTJkZTY3MDU0YjRlNzM5YWRmOTMwZjY3YTdkNjUxYzUyNDAw HTTP/1.1" 200 29536 "-" "Mozilla/5.0 (Linux; Android 5.0) AppleWebKit/537.36 (KHTML, like Gecko) Mobile Safari/537.36 (compatible; Bytespider; spider-feedback@bytedance.com)"
217.113.194.43 - - [02/Apr/2026:10:28:13 -0400] "GET /wp-includes/SimplePie/d3fypn/?download=L2xpYjY0L1NjcnQxLm8= HTTP/1.1" 200 8486 "-" "Mozilla/5.0 (compatible; Barkrowler/0.9; +https://babbar.tech/crawler)"
217.113.194.42 - - [02/Apr/2026:10:28:26 -0400] "GET /wp-includes/SimplePie/d3fypn/?download=L2xpYjY0L3NhL3NhZGM= HTTP/1.1" 200 85222 "-" "Mozilla/5.0 (compatible; Barkrowler/0.9; +https://babbar.tech/crawler)"
198.54.120.101 - - [02/Apr/2026:10:28:32 -0400] "POST /wp-cron.php?doing_wp_cron=1775140112.0789699554443359375000 HTTP/1.1" 200 - "-" "WordPress/6.9.4; https://powertekenterprise.com"
62.164.177.47 - - [02/Apr/2026:10:28:30 -0400] "GET / HTTP/1.1" 200 21672 "-" "Mozilla/5.0 (Macintosh; Intel Mac OS X 10_15_7) AppleWebKit/537.36 (KHTML, like Gecko) Chrome/136.0.0.0 Safari/537.36"
217.113.194.43 - - [02/Apr/2026:10:28:39 -0400] "GET /wp-includes/SimplePie/d3fypn/?download=L2xpYjY0L3Blcmw1L3JlLnBt HTTP/1.1" 200 22789 "-" "Mozilla/5.0 (compatible; Barkrowler/0.9; +https://babbar.tech/crawler)"
198.54.120.101 - - [02/Apr/2026:10:28:40 -0400] "POST /wp-cron.php?doing_wp_cron=1775140120.5488119125366210937500 HTTP/1.1" 200 - "-" "WordPress/6.9.4; https://powertekenterprise.com"
3.93.40.64 - - [02/Apr/2026:10:28:38 -0400] "POST /wp-login.php HTTP/1.1" 200 2207 "-" "Mozilla/5.0"
217.113.194.49 - - [02/Apr/2026:10:28:52 -0400] "GET /wp-includes/SimplePie/d3fypn/?download=L2xpYjY0L01jcnQxLm8= HTTP/1.1" 200 7134 "-" "Mozilla/5.0 (compatible; Barkrowler/0.9; +https://babbar.tech/crawler)"
114.119.131.200 - - [02/Apr/2026:10:28:52 -0400] "GET /wp-includes/SimplePie/d3fypn/?download=L2hvbWUvcG93ZXJ0ZWtlbnRlcnByaS9wdWJsaWNfaHRtbC93cC1pbmNsdWRlcy9TaW1wbGVQaWUvZDNmeXBuLzUxLnRhcg%3D%3D HTTP/1.1" 200 8294 "https://www.powertekenterprise.com/wp-includes/SimplePie/d3fypn/?gzfile=L2hvbWUvcG93ZXJ0ZWtlbnRlcnByaS9wdWJsaWNfaHRtbC93cC1pbmNsdWRlcy9ibG9ja3MvdGVybS1jb3VudC5waHA%3D" "Mozilla/5.0 (Linux; Android 7.0;) AppleWebKit/537.36 (KHTML, like Gecko) Mobile Safari/537.36 (compatible; PetalBot;+https://webmaster.petalsearch.com/site/petalbot)"
217.113.194.46 - - [02/Apr/2026:10:29:05 -0400] "GET /wp-includes/SimplePie/d3fypn/?download=L2xpYi91ZGV2L3Y0bF9pZA== HTTP/1.1" 200 12398 "-" "Mozilla/5.0 (compatible; Barkrowler/0.9; +https://babbar.tech/crawler)"
217.113.194.42 - - [02/Apr/2026:10:29:18 -0400] "GET /wp-includes/SimplePie/d3fypn/?download=L2xpYi91ZGV2L3Njc2lfaWQ= HTTP/1.1" 200 55086 "-" "Mozilla/5.0 (compatible; Barkrowler/0.9; +https://babbar.tech/crawler)"
217.113.194.42 - - [02/Apr/2026:10:29:31 -0400] "GET /wp-includes/SimplePie/d3fypn/?download=L2xpYi91ZGV2L2Nkcm9tX2lk HTTP/1.1" 200 33390 "-" "Mozilla/5.0 (compatible; Barkrowler/0.9; +https://babbar.tech/crawler)"
217.113.194.47 - - [02/Apr/2026:10:29:45 -0400] "GET /wp-includes/SimplePie/d3fypn/?gz=L3Byb2Mvc3lzL2NyeXB0bw== HTTP/1.1" 200 6737 "-" "Mozilla/5.0 (compatible; Barkrowler/0.9; +https://babbar.tech/crawler)"
154.54.249.197 - - [02/Apr/2026:10:29:57 -0400] "GET /wp-includes/SimplePie/d3fypn/?gz=L3Byb2Mvc3lzL2ZzL3hmcw== HTTP/1.1" 200 6737 "-" "Mozilla/5.0 (compatible; Barkrowler/0.9; +https://babbar.tech/crawler)"
217.113.194.50 - - [02/Apr/2026:10:30:10 -0400] "GET /wp-includes/SimplePie/d3fypn/?gz=L3Vzci9saWI2NC9sZGI= HTTP/1.1" 200 6737 "-" "Mozilla/5.0 (compatible; Barkrowler/0.9; +https://babbar.tech/crawler)"
217.113.194.252 - - [02/Apr/2026:10:30:23 -0400] "GET /wp-includes/SimplePie/d3fypn/?gz=L3Vzci9saWI2NC9hdWRpdA== HTTP/1.1" 200 6737 "-" "Mozilla/5.0 (compatible; Barkrowler/0.9; +https://babbar.tech/crawler)"
217.113.194.252 - - [02/Apr/2026:10:30:36 -0400] "GET /wp-includes/SimplePie/d3fypn/?gz=L3Vzci9saWIvcHl0aG9uMi43 HTTP/1.1" 200 6737 "-" "Mozilla/5.0 (compatible; Barkrowler/0.9; +https://babbar.tech/crawler)"
217.113.194.47 - - [02/Apr/2026:10:30:49 -0400] "GET /wp-includes/SimplePie/d3fypn/?gz=L3Vzci9saWIvbG9jYWxlL2VuX05a HTTP/1.1" 200 6737 "-" "Mozilla/5.0 (compatible; Barkrowler/0.9; +https://babbar.tech/crawler)"
217.113.194.45 - - [02/Apr/2026:10:31:02 -0400] "GET /wp-includes/SimplePie/d3fypn/?gz=L3Vzci9zaGFyZS9naXQtY29yZQ== HTTP/1.1" 200 6737 "-" "Mozilla/5.0 (compatible; Barkrowler/0.9; +https://babbar.tech/crawler)"
47.128.62.139 - - [02/Apr/2026:10:31:03 -0400] "GET /wp-includes/assets/wpper.php?download=L3Zhci9zb2Z0YWN1bG91cy91YXVjdGlvbnMvaW1wb3J0LnBocA== HTTP/1.1" 200 3330 "-" "Mozilla/5.0 (Linux; Android 5.0) AppleWebKit/537.36 (KHTML, like Gecko) Mobile Safari/537.36 (compatible; Bytespider; spider-feedback@bytedance.com)"
217.113.194.252 - - [02/Apr/2026:10:31:14 -0400] "GET /wp-includes/SimplePie/d3fypn/?gz=L3Vzci9zaGFyZS9hdXRvY29uZg== HTTP/1.1" 200 6737 "-" "Mozilla/5.0 (compatible; Barkrowler/0.9; +https://babbar.tech/crawler)"
217.113.194.48 - - [02/Apr/2026:10:31:27 -0400] "GET /wp-includes/SimplePie/d3fypn/?gz=L3Vzci9zaGFyZS9jcmFja2xpYg== HTTP/1.1" 200 6737 "-" "Mozilla/5.0 (compatible; Barkrowler/0.9; +https://babbar.tech/crawler)"
114.119.153.169 - - [02/Apr/2026:10:31:37 -0400] "GET /wp-includes/SimplePie/d3fypn/?download=L2hvbWUvcG93ZXJ0ZWtlbnRlcnByaS9wdWJsaWNfaHRtbC93cC1pbmNsdWRlcy9TaW1wbGVQaWUvZDNmeXBuL2dlbXMuemlw HTTP/1.1" 200 587794 "https://www.powertekenterprise.com/wp-includes/SimplePie/d3fypn/" "Mozilla/5.0 (Linux; Android 7.0;) AppleWebKit/537.36 (KHTML, like Gecko) Mobile Safari/537.36 (compatible; PetalBot;+https://webmaster.petalsearch.com/site/petalbot)"
217.113.194.44 - - [02/Apr/2026:10:31:40 -0400] "GET /wp-includes/SimplePie/d3fypn/?gz=L3Vzci9pbmNsdWRlL2NyaXU= HTTP/1.1" 200 6737 "-" "Mozilla/5.0 (compatible; Barkrowler/0.9; +https://babbar.tech/crawler)"
217.113.194.44 - - [02/Apr/2026:10:31:53 -0400] "GET /wp-includes/SimplePie/d3fypn/?gz=L3Vzci9pbmNsdWRlL2UycA== HTTP/1.1" 200 6737 "-" "Mozilla/5.0 (compatible; Barkrowler/0.9; +https://babbar.tech/crawler)"
