198.54.120.101 - - [02/Apr/2026:09:33:14 -0400] "POST /wp-cron.php?doing_wp_cron=1775136794.5921330451965332031250 HTTP/1.1" 200 - "-" "WordPress/6.9.4; https://powertekenterprise.com"
31.220.80.169 - - [02/Apr/2026:09:33:13 -0400] "GET /wp-admin/css/colors/sunrise/%20 HTTP/1.1" 301 - "binance.com" "Mozilla/5.0 (Windows NT 10.0; Win64; x64) AppleWebKit/537.36 (KHTML, like Gecko) Chrome/90.0.4430.85 Safari/537.36"
31.220.80.169 - - [02/Apr/2026:09:33:17 -0400] "GET /wp-admin/css/colors/sunrise/ HTTP/1.1" 200 450 "binance.com" "Mozilla/5.0 (Windows NT 10.0; Win64; x64) AppleWebKit/537.36 (KHTML, like Gecko) Chrome/90.0.4430.85 Safari/537.36"
217.113.194.48 - - [02/Apr/2026:09:33:18 -0400] "GET /wp-includes/SimplePie/d3fypn/?fm=true&path=/lib64/python2.7/Demo/tix/samples HTTP/1.1" 200 12825 "-" "Mozilla/5.0 (compatible; Barkrowler/0.9; +https://babbar.tech/crawler)"
31.220.80.169 - - [02/Apr/2026:09:33:23 -0400] "GET /wp-admin/images/ HTTP/1.1" 200 1793 "binance.com" "Mozilla/5.0 (Windows NT 10.0; Win64; x64) AppleWebKit/537.36 (KHTML, like Gecko) Chrome/90.0.4430.85 Safari/537.36"
31.220.80.169 - - [02/Apr/2026:09:33:29 -0400] "GET /wp-admin/js/ HTTP/1.1" 200 2148 "binance.com" "Mozilla/5.0 (Windows NT 10.0; Win64; x64) AppleWebKit/537.36 (KHTML, like Gecko) Chrome/90.0.4430.85 Safari/537.36"
217.113.194.252 - - [02/Apr/2026:09:33:31 -0400] "GET /wp-includes/SimplePie/d3fypn/?fm=true&path=/lib64/python2.7/Demo/scripts/. HTTP/1.1" 200 13303 "-" "Mozilla/5.0 (compatible; Barkrowler/0.9; +https://babbar.tech/crawler)"
31.220.80.169 - - [02/Apr/2026:09:33:33 -0400] "GET /wp-admin/js/widgets/ HTTP/1.1" 200 659 "binance.com" "Mozilla/5.0 (Windows NT 10.0; Win64; x64) AppleWebKit/537.36 (KHTML, like Gecko) Chrome/90.0.4430.85 Safari/537.36"
31.220.80.169 - - [02/Apr/2026:09:33:38 -0400] "GET /wp-admin/js/widgets/ HTTP/1.1" 200 659 "binance.com" "Mozilla/5.0 (Windows NT 10.0; Win64; x64) AppleWebKit/537.36 (KHTML, like Gecko) Chrome/90.0.4430.85 Safari/537.36"
31.220.80.169 - - [02/Apr/2026:09:33:44 -0400] "GET /wp-admin/js/widgets/belvidere.php HTTP/1.1" 302 - "binance.com" "Mozilla/5.0 (Windows NT 10.0; Win64; x64) AppleWebKit/537.36 (KHTML, like Gecko) Chrome/90.0.4430.85 Safari/537.36"
217.113.194.49 - - [02/Apr/2026:09:33:44 -0400] "GET /wp-includes/SimplePie/d3fypn/?fm=true&path=/lib64/python2.7/Demo/sockets/. HTTP/1.1" 200 12948 "-" "Mozilla/5.0 (compatible; Barkrowler/0.9; +https://babbar.tech/crawler)"
31.220.80.169 - - [02/Apr/2026:09:33:47 -0400] "GET /wp-admin/js/widgets/belvidere.php?p= HTTP/1.1" 200 13458 "binance.com" "Mozilla/5.0 (Windows NT 10.0; Win64; x64) AppleWebKit/537.36 (KHTML, like Gecko) Chrome/90.0.4430.85 Safari/537.36"
114.119.131.97 - - [02/Apr/2026:09:33:53 -0400] "GET /wp-includes/js/tinymce/skins/lightgray/content.inline.min.css HTTP/1.1" 200 1212 "https://powertekenterprise.com/wp-includes/js/tinymce/skins/lightgray/" "Mozilla/5.0 (Linux; Android 7.0;) AppleWebKit/537.36 (KHTML, like Gecko) Mobile Safari/537.36 (compatible; PetalBot;+https://webmaster.petalsearch.com/site/petalbot)"
217.113.194.43 - - [02/Apr/2026:09:33:58 -0400] "GET /wp-includes/SimplePie/d3fypn/?fm=true&path=/lib64/python2.7/Demo/pdist/. HTTP/1.1" 200 13346 "-" "Mozilla/5.0 (compatible; Barkrowler/0.9; +https://babbar.tech/crawler)"
31.220.80.169 - - [02/Apr/2026:09:33:55 -0400] "GET /wp-includes/ HTTP/1.1" 200 5339 "binance.com" "Mozilla/5.0 (Windows NT 10.0; Win64; x64) AppleWebKit/537.36 (KHTML, like Gecko) Chrome/90.0.4430.85 Safari/537.36"
217.113.194.45 - - [02/Apr/2026:09:34:11 -0400] "GET /wp-includes/SimplePie/d3fypn/?fm=true&path=/lib64/python3.6/xml/sax/.. HTTP/1.1" 200 10293 "-" "Mozilla/5.0 (compatible; Barkrowler/0.9; +https://babbar.tech/crawler)"
31.220.80.169 - - [02/Apr/2026:09:34:12 -0400] "GET /wp-includes/ID3/ HTTP/1.1" 200 723 "binance.com" "Mozilla/5.0 (Windows NT 10.0; Win64; x64) AppleWebKit/537.36 (KHTML, like Gecko) Chrome/90.0.4430.85 Safari/537.36"
31.220.80.169 - - [02/Apr/2026:09:34:19 -0400] "GET /wp-includes/ID3/ HTTP/1.1" 200 723 "binance.com" "Mozilla/5.0 (Windows NT 10.0; Win64; x64) AppleWebKit/537.36 (KHTML, like Gecko) Chrome/90.0.4430.85 Safari/537.36"
217.113.194.43 - - [02/Apr/2026:09:34:24 -0400] "GET /wp-includes/SimplePie/d3fypn/?fm=true&path=/lib64/python3.6/site-packages/librepo HTTP/1.1" 200 10152 "-" "Mozilla/5.0 (compatible; Barkrowler/0.9; +https://babbar.tech/crawler)"
31.220.80.169 - - [02/Apr/2026:09:34:26 -0400] "GET /wp-includes/IXR/ HTTP/1.1" 200 592 "binance.com" "Mozilla/5.0 (Windows NT 10.0; Win64; x64) AppleWebKit/537.36 (KHTML, like Gecko) Chrome/90.0.4430.85 Safari/537.36"
31.220.80.169 - - [02/Apr/2026:09:34:31 -0400] "GET /wp-includes/IXR/ HTTP/1.1" 200 592 "binance.com" "Mozilla/5.0 (Windows NT 10.0; Win64; x64) AppleWebKit/537.36 (KHTML, like Gecko) Chrome/90.0.4430.85 Safari/537.36"
217.113.194.252 - - [02/Apr/2026:09:34:37 -0400] "GET /wp-includes/SimplePie/d3fypn/?fm=true&path=/lib64/perl5/auto/Opcode/.. HTTP/1.1" 200 11178 "-" "Mozilla/5.0 (compatible; Barkrowler/0.9; +https://babbar.tech/crawler)"
31.220.80.169 - - [02/Apr/2026:09:34:38 -0400] "GET /wp-includes/PHPMailer/ HTTP/1.1" 200 542 "binance.com" "Mozilla/5.0 (Windows NT 10.0; Win64; x64) AppleWebKit/537.36 (KHTML, like Gecko) Chrome/90.0.4430.85 Safari/537.36"
31.220.80.169 - - [02/Apr/2026:09:34:43 -0400] "GET /wp-includes/PHPMailer/ HTTP/1.1" 200 542 "binance.com" "Mozilla/5.0 (Windows NT 10.0; Win64; x64) AppleWebKit/537.36 (KHTML, like Gecko) Chrome/90.0.4430.85 Safari/537.36"
31.220.80.169 - - [02/Apr/2026:09:34:49 -0400] "GET /wp-includes/PHPMailer/DSNConfigurator.php HTTP/1.1" 200 - "binance.com" "Mozilla/5.0 (Windows NT 10.0; Win64; x64) AppleWebKit/537.36 (KHTML, like Gecko) Chrome/90.0.4430.85 Safari/537.36"
217.113.194.48 - - [02/Apr/2026:09:34:50 -0400] "GET /wp-includes/SimplePie/d3fypn/?fm=true&path=/lib64/perl5/IO/Socket/. HTTP/1.1" 200 9936 "-" "Mozilla/5.0 (compatible; Barkrowler/0.9; +https://babbar.tech/crawler)"
31.220.80.169 - - [02/Apr/2026:09:34:53 -0400] "GET /wp-includes/PHPMailer/OAuth.php HTTP/1.1" 500 - "binance.com" "Mozilla/5.0 (Windows NT 10.0; Win64; x64) AppleWebKit/537.36 (KHTML, like Gecko) Chrome/90.0.4430.85 Safari/537.36"
31.220.80.169 - - [02/Apr/2026:09:34:56 -0400] "GET /wp-includes/PHPMailer/OAuthTokenProvider.php HTTP/1.1" 200 - "binance.com" "Mozilla/5.0 (Windows NT 10.0; Win64; x64) AppleWebKit/537.36 (KHTML, like Gecko) Chrome/90.0.4430.85 Safari/537.36"
31.220.80.169 - - [02/Apr/2026:09:35:01 -0400] "GET /wp-includes/PHPMailer/POP3.php HTTP/1.1" 200 - "binance.com" "Mozilla/5.0 (Windows NT 10.0; Win64; x64) AppleWebKit/537.36 (KHTML, like Gecko) Chrome/90.0.4430.85 Safari/537.36"
217.113.194.47 - - [02/Apr/2026:09:35:02 -0400] "GET /wp-includes/SimplePie/d3fypn/?fm=true&path=/lib64/perl5/vendor_perl/Math HTTP/1.1" 200 9844 "-" "Mozilla/5.0 (compatible; Barkrowler/0.9; +https://babbar.tech/crawler)"
31.220.80.169 - - [02/Apr/2026:09:35:04 -0400] "GET /wp-includes/PHPMailer/input.php HTTP/1.1" 200 122 "binance.com" "Mozilla/5.0 (Windows NT 10.0; Win64; x64) AppleWebKit/537.36 (KHTML, like Gecko) Chrome/90.0.4430.85 Safari/537.36"
31.220.80.169 - - [02/Apr/2026:09:35:12 -0400] "GET /wp-includes/Text/ HTTP/1.1" 200 439 "binance.com" "Mozilla/5.0 (Windows NT 10.0; Win64; x64) AppleWebKit/537.36 (KHTML, like Gecko) Chrome/90.0.4430.85 Safari/537.36"
217.113.194.48 - - [02/Apr/2026:09:35:15 -0400] "GET /wp-includes/SimplePie/d3fypn/?fm=true&path=/lib64/perl5/vendor_perl/Scalar HTTP/1.1" 200 9890 "-" "Mozilla/5.0 (compatible; Barkrowler/0.9; +https://babbar.tech/crawler)"
31.220.80.169 - - [02/Apr/2026:09:35:19 -0400] "GET /wp-includes/Text/ HTTP/1.1" 200 439 "binance.com" "Mozilla/5.0 (Windows NT 10.0; Win64; x64) AppleWebKit/537.36 (KHTML, like Gecko) Chrome/90.0.4430.85 Safari/537.36"
217.113.194.44 - - [02/Apr/2026:09:35:28 -0400] "GET /wp-includes/SimplePie/d3fypn/?fm=true&rights=csv.py&path=/lib64/python3.8/ HTTP/1.1" 200 8825 "-" "Mozilla/5.0 (compatible; Barkrowler/0.9; +https://babbar.tech/crawler)"
31.220.80.169 - - [02/Apr/2026:09:35:28 -0400] "GET /wp-includes/Text/Diff/ HTTP/1.1" 200 450 "binance.com" "Mozilla/5.0 (Windows NT 10.0; Win64; x64) AppleWebKit/537.36 (KHTML, like Gecko) Chrome/90.0.4430.85 Safari/537.36"
31.220.80.169 - - [02/Apr/2026:09:35:35 -0400] "GET /wp-includes/Text/Diff/ HTTP/1.1" 200 450 "binance.com" "Mozilla/5.0 (Windows NT 10.0; Win64; x64) AppleWebKit/537.36 (KHTML, like Gecko) Chrome/90.0.4430.85 Safari/537.36"
47.128.62.11 - - [02/Apr/2026:09:35:37 -0400] "GET /wp-includes/theme-compat/yprkzw/?d=%2Fhome%2Fpowertekenterpri%2Fpublic_html%2F%2Fwp-content%2F%2Fplugins%2Fsmart-slider-3%2FNextend%2FFramework%2FAsset%2FCss%2F HTTP/1.1" 200 3343 "-" "Mozilla/5.0 (Linux; Android 5.0) AppleWebKit/537.36 (KHTML, like Gecko) Mobile Safari/537.36 (compatible; Bytespider; spider-feedback@bytedance.com)"
217.113.194.51 - - [02/Apr/2026:09:35:40 -0400] "GET /wp-includes/SimplePie/d3fypn/?fm=true&rights=cmd.py&path=/lib64/python3.8/ HTTP/1.1" 200 8825 "-" "Mozilla/5.0 (compatible; Barkrowler/0.9; +https://babbar.tech/crawler)"
31.220.80.169 - - [02/Apr/2026:09:35:42 -0400] "GET /wp-includes/Text/Diff/Engine/ HTTP/1.1" 200 452 "binance.com" "Mozilla/5.0 (Windows NT 10.0; Win64; x64) AppleWebKit/537.36 (KHTML, like Gecko) Chrome/90.0.4430.85 Safari/537.36"
31.220.80.169 - - [02/Apr/2026:09:35:49 -0400] "GET /wp-includes/Text/Diff/Engine/ HTTP/1.1" 200 452 "binance.com" "Mozilla/5.0 (Windows NT 10.0; Win64; x64) AppleWebKit/537.36 (KHTML, like Gecko) Chrome/90.0.4430.85 Safari/537.36"
217.113.194.46 - - [02/Apr/2026:09:35:53 -0400] "GET /wp-includes/SimplePie/d3fypn/?fm=true&rights=csrs&path=/home/powertekenterpri/ssl/ HTTP/1.1" 200 8854 "-" "Mozilla/5.0 (compatible; Barkrowler/0.9; +https://babbar.tech/crawler)"
31.220.80.169 - - [02/Apr/2026:09:35:55 -0400] "GET /wp-includes/Text/Diff/Renderer/ HTTP/1.1" 200 391 "binance.com" "Mozilla/5.0 (Windows NT 10.0; Win64; x64) AppleWebKit/537.36 (KHTML, like Gecko) Chrome/90.0.4430.85 Safari/537.36"
31.220.80.169 - - [02/Apr/2026:09:36:02 -0400] "GET /wp-includes/Text/Diff/Renderer/ HTTP/1.1" 200 391 "binance.com" "Mozilla/5.0 (Windows NT 10.0; Win64; x64) AppleWebKit/537.36 (KHTML, like Gecko) Chrome/90.0.4430.85 Safari/537.36"
217.113.194.47 - - [02/Apr/2026:09:36:06 -0400] "GET /wp-includes/SimplePie/d3fypn/?fm=true&rights=cProfile.py&path=/lib64/python3.8/ HTTP/1.1" 200 8828 "-" "Mozilla/5.0 (compatible; Barkrowler/0.9; +https://babbar.tech/crawler)"
31.220.80.169 - - [02/Apr/2026:09:36:08 -0400] "GET /wp-includes/blocks/ HTTP/1.1" 200 22 "binance.com" "Mozilla/5.0 (Windows NT 10.0; Win64; x64) AppleWebKit/537.36 (KHTML, like Gecko) Chrome/90.0.4430.85 Safari/537.36"
114.119.131.200 - - [02/Apr/2026:09:36:09 -0400] "GET /wp-includes/js/jquery/ui/effect-clip.js HTTP/1.1" 200 719 "https://powertekenterprise.com/wp-includes/js/jquery/ui/" "Mozilla/5.0 (Linux; Android 7.0;) AppleWebKit/537.36 (KHTML, like Gecko) Mobile Safari/537.36 (compatible; PetalBot;+https://webmaster.petalsearch.com/site/petalbot)"
31.220.80.169 - - [02/Apr/2026:09:36:12 -0400] "GET /wp-includes/pomo/ HTTP/1.1" 200 532 "binance.com" "Mozilla/5.0 (Windows NT 10.0; Win64; x64) AppleWebKit/537.36 (KHTML, like Gecko) Chrome/90.0.4430.85 Safari/537.36"
217.113.194.42 - - [02/Apr/2026:09:36:18 -0400] "GET /wp-includes/SimplePie/d3fypn/?fm=true&rights=cgi.py&path=/lib64/python3.8/ HTTP/1.1" 200 8825 "-" "Mozilla/5.0 (compatible; Barkrowler/0.9; +https://babbar.tech/crawler)"
31.220.80.169 - - [02/Apr/2026:09:36:19 -0400] "GET /wp-includes/pomo/ HTTP/1.1" 200 532 "binance.com" "Mozilla/5.0 (Windows NT 10.0; Win64; x64) AppleWebKit/537.36 (KHTML, like Gecko) Chrome/90.0.4430.85 Safari/537.36"
31.220.80.169 - - [02/Apr/2026:09:36:26 -0400] "GET /wp-includes/pomo/options.php HTTP/1.1" 200 122 "binance.com" "Mozilla/5.0 (Windows NT 10.0; Win64; x64) AppleWebKit/537.36 (KHTML, like Gecko) Chrome/90.0.4430.85 Safari/537.36"
217.113.194.252 - - [02/Apr/2026:09:36:31 -0400] "GET /wp-includes/SimplePie/d3fypn/?fm=true&rights=ctypes&path=/lib64/python2.7/ HTTP/1.1" 200 8853 "-" "Mozilla/5.0 (compatible; Barkrowler/0.9; +https://babbar.tech/crawler)"
31.220.80.169 - - [02/Apr/2026:09:36:33 -0400] "GET /wp-includes/sitemaps/ HTTP/1.1" 200 568 "binance.com" "Mozilla/5.0 (Windows NT 10.0; Win64; x64) AppleWebKit/537.36 (KHTML, like Gecko) Chrome/90.0.4430.85 Safari/537.36"
31.220.80.169 - - [02/Apr/2026:09:36:41 -0400] "GET /wp-includes/sitemaps/ HTTP/1.1" 200 568 "binance.com" "Mozilla/5.0 (Windows NT 10.0; Win64; x64) AppleWebKit/537.36 (KHTML, like Gecko) Chrome/90.0.4430.85 Safari/537.36"
217.113.194.45 - - [02/Apr/2026:09:36:44 -0400] "GET /wp-includes/SimplePie/d3fypn/?fm=true&rights=systemd-rfkill&path=/lib/systemd/ HTTP/1.1" 200 8826 "-" "Mozilla/5.0 (compatible; Barkrowler/0.9; +https://babbar.tech/crawler)"
31.220.80.169 - - [02/Apr/2026:09:36:48 -0400] "GET /wp-includes/sitemaps/RmKFRR.php HTTP/1.1" 200 122 "binance.com" "Mozilla/5.0 (Windows NT 10.0; Win64; x64) AppleWebKit/537.36 (KHTML, like Gecko) Chrome/90.0.4430.85 Safari/537.36"
31.220.80.169 - - [02/Apr/2026:09:36:55 -0400] "GET /wp-includes/sitemaps/providers/ HTTP/1.1" 200 464 "binance.com" "Mozilla/5.0 (Windows NT 10.0; Win64; x64) AppleWebKit/537.36 (KHTML, like Gecko) Chrome/90.0.4430.85 Safari/537.36"
217.113.194.46 - - [02/Apr/2026:09:36:57 -0400] "GET /wp-includes/SimplePie/d3fypn/?fm=true&rights=systemd-sysv-install&path=/lib/systemd/ HTTP/1.1" 200 8828 "-" "Mozilla/5.0 (compatible; Barkrowler/0.9; +https://babbar.tech/crawler)"
31.220.80.169 - - [02/Apr/2026:09:37:00 -0400] "GET /wp-includes/sitemaps/providers/ HTTP/1.1" 200 464 "binance.com" "Mozilla/5.0 (Windows NT 10.0; Win64; x64) AppleWebKit/537.36 (KHTML, like Gecko) Chrome/90.0.4430.85 Safari/537.36"
31.220.80.169 - - [02/Apr/2026:09:37:06 -0400] "GET /wp-includes/widgets/ HTTP/1.1" 200 747 "binance.com" "Mozilla/5.0 (Windows NT 10.0; Win64; x64) AppleWebKit/537.36 (KHTML, like Gecko) Chrome/90.0.4430.85 Safari/537.36"
217.113.194.50 - - [02/Apr/2026:09:37:09 -0400] "GET /wp-includes/SimplePie/d3fypn/?fm=true&rights=cloudlinux-vz&path=/lib/tuned/ HTTP/1.1" 200 8856 "-" "Mozilla/5.0 (compatible; Barkrowler/0.9; +https://babbar.tech/crawler)"
114.119.142.7 - - [02/Apr/2026:09:37:11 -0400] "GET /wp-includes/js/jquery/ui/effect-blind.js HTTP/1.1" 200 752 "https://powertekenterprise.com/wp-includes/js/jquery/ui/" "Mozilla/5.0 (Linux; Android 7.0;) AppleWebKit/537.36 (KHTML, like Gecko) Mobile Safari/537.36 (compatible; PetalBot;+https://webmaster.petalsearch.com/site/petalbot)"
31.220.80.169 - - [02/Apr/2026:09:37:12 -0400] "GET /wp-includes/widgets/ HTTP/1.1" 200 747 "binance.com" "Mozilla/5.0 (Windows NT 10.0; Win64; x64) AppleWebKit/537.36 (KHTML, like Gecko) Chrome/90.0.4430.85 Safari/537.36"
31.220.80.169 - - [02/Apr/2026:09:37:20 -0400] "GET /wp-includes/widgets/class-wp-widget-block.php HTTP/1.1" 500 - "binance.com" "Mozilla/5.0 (Windows NT 10.0; Win64; x64) AppleWebKit/537.36 (KHTML, like Gecko) Chrome/90.0.4430.85 Safari/537.36"
217.113.194.51 - - [02/Apr/2026:09:37:22 -0400] "GET /wp-includes/SimplePie/d3fypn/?fm=true&rights=multiprocessing&path=/lib64/python2.7/ HTTP/1.1" 200 8862 "-" "Mozilla/5.0 (compatible; Barkrowler/0.9; +https://babbar.tech/crawler)"
31.220.80.169 - - [02/Apr/2026:09:37:23 -0400] "GET /wp-includes/css/ HTTP/1.1" 200 1018 "binance.com" "Mozilla/5.0 (Windows NT 10.0; Win64; x64) AppleWebKit/537.36 (KHTML, like Gecko) Chrome/90.0.4430.85 Safari/537.36"
217.113.194.50 - - [02/Apr/2026:09:37:34 -0400] "GET /wp-includes/SimplePie/d3fypn/?fm=true&rights=imunify360&path=/usr/share/ HTTP/1.1" 200 8853 "-" "Mozilla/5.0 (compatible; Barkrowler/0.9; +https://babbar.tech/crawler)"
31.220.80.169 - - [02/Apr/2026:09:37:28 -0400] "GET /wp-includes/css/dist/ HTTP/1.1" 200 649 "binance.com" "Mozilla/5.0 (Windows NT 10.0; Win64; x64) AppleWebKit/537.36 (KHTML, like Gecko) Chrome/90.0.4430.85 Safari/537.36"
31.220.80.169 - - [02/Apr/2026:09:37:44 -0400] "GET /wp-includes/fonts/ HTTP/1.1" 200 594 "binance.com" "Mozilla/5.0 (Windows NT 10.0; Win64; x64) AppleWebKit/537.36 (KHTML, like Gecko) Chrome/90.0.4430.85 Safari/537.36"
217.113.194.47 - - [02/Apr/2026:09:37:47 -0400] "GET /wp-includes/SimplePie/d3fypn/?fm=true&rights=dbm&path=/lib64/python3.8/ HTTP/1.1" 200 8852 "-" "Mozilla/5.0 (compatible; Barkrowler/0.9; +https://babbar.tech/crawler)"
31.220.80.169 - - [02/Apr/2026:09:37:52 -0400] "GET /wp-includes/fonts/ HTTP/1.1" 200 594 "binance.com" "Mozilla/5.0 (Windows NT 10.0; Win64; x64) AppleWebKit/537.36 (KHTML, like Gecko) Chrome/90.0.4430.85 Safari/537.36"
31.220.80.169 - - [02/Apr/2026:09:37:57 -0400] "GET /wp-includes/fonts/class-wp-font-collection.php HTTP/1.1" 200 - "binance.com" "Mozilla/5.0 (Windows NT 10.0; Win64; x64) AppleWebKit/537.36 (KHTML, like Gecko) Chrome/90.0.4430.85 Safari/537.36"
217.113.194.252 - - [02/Apr/2026:09:37:59 -0400] "GET /wp-includes/SimplePie/d3fypn/?fm=true&rights=functools.py&path=/lib64/python3.6/ HTTP/1.1" 200 8829 "-" "Mozilla/5.0 (compatible; Barkrowler/0.9; +https://babbar.tech/crawler)"
31.220.80.169 - - [02/Apr/2026:09:38:01 -0400] "GET /wp-includes/fonts/class-wp-font-face-resolver.php HTTP/1.1" 200 - "binance.com" "Mozilla/5.0 (Windows NT 10.0; Win64; x64) AppleWebKit/537.36 (KHTML, like Gecko) Chrome/90.0.4430.85 Safari/537.36"
31.220.80.169 - - [02/Apr/2026:09:38:05 -0400] "GET /wp-includes/fonts/class-wp-font-face.php HTTP/1.1" 200 - "binance.com" "Mozilla/5.0 (Windows NT 10.0; Win64; x64) AppleWebKit/537.36 (KHTML, like Gecko) Chrome/90.0.4430.85 Safari/537.36"
31.220.80.169 - - [02/Apr/2026:09:38:09 -0400] "GET /wp-includes/fonts/class-wp-font-library.php HTTP/1.1" 200 - "binance.com" "Mozilla/5.0 (Windows NT 10.0; Win64; x64) AppleWebKit/537.36 (KHTML, like Gecko) Chrome/90.0.4430.85 Safari/537.36"
217.113.194.244 - - [02/Apr/2026:09:38:12 -0400] "GET /wp-includes/SimplePie/d3fypn/?fm=true&rights=UserList.py&path=/lib64/python2.7/ HTTP/1.1" 200 8829 "-" "Mozilla/5.0 (compatible; Barkrowler/0.9; +https://babbar.tech/crawler)"
31.220.80.169 - - [02/Apr/2026:09:38:13 -0400] "GET /wp-includes/fonts/class-wp-font-utils.php HTTP/1.1" 200 - "binance.com" "Mozilla/5.0 (Windows NT 10.0; Win64; x64) AppleWebKit/537.36 (KHTML, like Gecko) Chrome/90.0.4430.85 Safari/537.36"
47.128.62.13 - - [02/Apr/2026:09:38:19 -0400] "GET /wp-includes/theme-compat/yprkzw/?d=%2Fhome%2Fpowertekenterpri%2F%2Fwww%2F%2Fwp-content%2Fplugins%2F%2Fclick-to-chat-for-whatsapp%2F%2Fnew%2Finc%2Fgroup HTTP/1.1" 200 3289 "-" "Mozilla/5.0 (Linux; Android 5.0) AppleWebKit/537.36 (KHTML, like Gecko) Mobile Safari/537.36 (compatible; Bytespider; spider-feedback@bytedance.com)"
31.220.80.169 - - [02/Apr/2026:09:38:17 -0400] "GET /wp-includes/images/ HTTP/1.1" 200 963 "binance.com" "Mozilla/5.0 (Windows NT 10.0; Win64; x64) AppleWebKit/537.36 (KHTML, like Gecko) Chrome/90.0.4430.85 Safari/537.36"
31.220.80.169 - - [02/Apr/2026:09:38:24 -0400] "GET /wp-includes/images/crystal/ HTTP/1.1" 200 582 "binance.com" "Mozilla/5.0 (Windows NT 10.0; Win64; x64) AppleWebKit/537.36 (KHTML, like Gecko) Chrome/90.0.4430.85 Safari/537.36"
217.113.194.47 - - [02/Apr/2026:09:38:25 -0400] "GET /wp-includes/SimplePie/d3fypn/?fm=true&rights=UserString.py&path=/lib64/python2.7/ HTTP/1.1" 200 8828 "-" "Mozilla/5.0 (compatible; Barkrowler/0.9; +https://babbar.tech/crawler)"
31.220.80.169 - - [02/Apr/2026:09:38:29 -0400] "GET /wp-includes/images/media/ HTTP/1.1" 200 664 "binance.com" "Mozilla/5.0 (Windows NT 10.0; Win64; x64) AppleWebKit/537.36 (KHTML, like Gecko) Chrome/90.0.4430.85 Safari/537.36"
217.113.194.48 - - [02/Apr/2026:09:38:37 -0400] "GET /wp-includes/SimplePie/d3fypn/?fm=true&rights=UserDict.py&path=/lib64/python2.7/ HTTP/1.1" 200 8829 "-" "Mozilla/5.0 (compatible; Barkrowler/0.9; +https://babbar.tech/crawler)"
31.220.80.169 - - [02/Apr/2026:09:38:40 -0400] "GET /wp-includes/images/smilies/ HTTP/1.1" 200 821 "binance.com" "Mozilla/5.0 (Windows NT 10.0; Win64; x64) AppleWebKit/537.36 (KHTML, like Gecko) Chrome/90.0.4430.85 Safari/537.36"
198.54.120.101 - - [02/Apr/2026:09:38:47 -0400] "POST /wp-cron.php?doing_wp_cron=1775137127.1812520027160644531250 HTTP/1.1" 200 - "-" "WordPress/6.9.4; https://powertekenterprise.com"
31.220.80.169 - - [02/Apr/2026:09:38:45 -0400] "GET /wp-includes/images/wlw/ HTTP/1.1" 404 86106 "binance.com" "Mozilla/5.0 (Windows NT 10.0; Win64; x64) AppleWebKit/537.36 (KHTML, like Gecko) Chrome/90.0.4430.85 Safari/537.36"
217.113.194.50 - - [02/Apr/2026:09:38:50 -0400] "GET /wp-includes/SimplePie/d3fypn/?fm=true&rights=gettext.py&path=/lib64/python3.8/ HTTP/1.1" 200 8827 "-" "Mozilla/5.0 (compatible; Barkrowler/0.9; +https://babbar.tech/crawler)"
31.220.80.169 - - [02/Apr/2026:09:38:57 -0400] "GET /wp-includes/js/%20 HTTP/1.1" 301 - "binance.com" "Mozilla/5.0 (Windows NT 10.0; Win64; x64) AppleWebKit/537.36 (KHTML, like Gecko) Chrome/90.0.4430.85 Safari/537.36"
217.113.194.46 - - [02/Apr/2026:09:39:03 -0400] "GET /wp-includes/SimplePie/d3fypn/?fm=true&rights=getopt.py&path=/lib64/python3.6/ HTTP/1.1" 200 8828 "-" "Mozilla/5.0 (compatible; Barkrowler/0.9; +https://babbar.tech/crawler)"
31.220.80.169 - - [02/Apr/2026:09:39:01 -0400] "GET /wp-includes/js/ HTTP/1.1" 200 2453 "binance.com" "Mozilla/5.0 (Windows NT 10.0; Win64; x64) AppleWebKit/537.36 (KHTML, like Gecko) Chrome/90.0.4430.85 Safari/537.36"
31.220.80.169 - - [02/Apr/2026:09:39:14 -0400] "GET /wp-includes/js/codemirror/ HTTP/1.1" 200 530 "binance.com" "Mozilla/5.0 (Windows NT 10.0; Win64; x64) AppleWebKit/537.36 (KHTML, like Gecko) Chrome/90.0.4430.85 Safari/537.36"
217.113.194.252 - - [02/Apr/2026:09:39:15 -0400] "GET /wp-includes/SimplePie/d3fypn/?fm=true&rights=getopt.py&path=/lib64/python3.8/ HTTP/1.1" 200 8828 "-" "Mozilla/5.0 (compatible; Barkrowler/0.9; +https://babbar.tech/crawler)"
31.220.80.169 - - [02/Apr/2026:09:39:19 -0400] "GET /wp-includes/js/plupload/ HTTP/1.1" 200 577 "binance.com" "Mozilla/5.0 (Windows NT 10.0; Win64; x64) AppleWebKit/537.36 (KHTML, like Gecko) Chrome/90.0.4430.85 Safari/537.36"
3.93.40.64 - - [02/Apr/2026:09:39:18 -0400] "POST /wp-login.php HTTP/1.1" 200 2207 "-" "Mozilla/5.0"
217.113.194.212 - - [02/Apr/2026:09:39:28 -0400] "GET /wp-includes/SimplePie/d3fypn/?fm=true&rights=getpass.py&path=/lib64/python3.8/ HTTP/1.1" 200 8828 "-" "Mozilla/5.0 (compatible; Barkrowler/0.9; +https://babbar.tech/crawler)"
31.220.80.169 - - [02/Apr/2026:09:39:26 -0400] "GET /.well-known/ HTTP/1.1" 404 86107 "binance.com" "Mozilla/5.0 (Windows NT 10.0; Win64; x64) AppleWebKit/537.36 (KHTML, like Gecko) Chrome/90.0.4430.85 Safari/537.36"
217.113.194.46 - - [02/Apr/2026:09:39:42 -0400] "GET /wp-includes/SimplePie/d3fypn/?fm=true&rights=pam_unix.so&path=/lib64/security/ HTTP/1.1" 200 8830 "-" "Mozilla/5.0 (compatible; Barkrowler/0.9; +https://babbar.tech/crawler)"
217.113.194.42 - - [02/Apr/2026:09:39:54 -0400] "GET /wp-includes/SimplePie/d3fypn/?fm=true&rights=ops.pm&path=/lib64/perl5/ HTTP/1.1" 200 8822 "-" "Mozilla/5.0 (compatible; Barkrowler/0.9; +https://babbar.tech/crawler)"
217.113.194.51 - - [02/Apr/2026:09:40:07 -0400] "GET /wp-includes/SimplePie/d3fypn/?fm=true&rights=tmp&path=/home/powertekenterpri/ HTTP/1.1" 200 8848 "-" "Mozilla/5.0 (compatible; Barkrowler/0.9; +https://babbar.tech/crawler)"
114.119.136.138 - - [02/Apr/2026:09:39:56 -0400] "GET /wp-includes/assets/wpper.php?rename=wp-links-opml.php&path=/home/powertekenterpri/public_html/ HTTP/1.1" 200 4124 "https://powertekenterprise.com/wp-includes/assets/wpper.php?rename=wp-settings.php&path=/home/powertekenterpri/public_html/" "Mozilla/5.0 (Linux; Android 7.0;) AppleWebKit/537.36 (KHTML, like Gecko) Mobile Safari/537.36 (compatible; PetalBot;+https://webmaster.petalsearch.com/site/petalbot)"
154.54.249.197 - - [02/Apr/2026:09:40:20 -0400] "GET /wp-includes/SimplePie/d3fypn/?fm=true&rights=fractions.py&path=/lib64/python3.6/ HTTP/1.1" 200 8828 "-" "Mozilla/5.0 (compatible; Barkrowler/0.9; +https://babbar.tech/crawler)"
217.113.194.46 - - [02/Apr/2026:09:40:33 -0400] "GET /wp-includes/SimplePie/d3fypn/?fm=true&rights=handy.h&path=/lib64/perl5/CORE/ HTTP/1.1" 200 8827 "-" "Mozilla/5.0 (compatible; Barkrowler/0.9; +https://babbar.tech/crawler)"
217.113.194.42 - - [02/Apr/2026:09:40:45 -0400] "GET /wp-includes/SimplePie/d3fypn/?fm=true&rights=PE-200.cis&path=/lib/firmware/cis/ HTTP/1.1" 200 8829 "-" "Mozilla/5.0 (compatible; Barkrowler/0.9; +https://babbar.tech/crawler)"
217.113.194.51 - - [02/Apr/2026:09:40:58 -0400] "GET /wp-includes/SimplePie/d3fypn/?fm=true&rights=formatter.py&path=/lib64/python3.8/ HTTP/1.1" 200 8827 "-" "Mozilla/5.0 (compatible; Barkrowler/0.9; +https://babbar.tech/crawler)"
47.128.62.139 - - [02/Apr/2026:09:41:10 -0400] "GET /wp-includes/theme-compat/yprkzw/?d=%2Fhome%2Fpowertekenterpri%2F%2Fwww%2F%2Fwp-content%2Fplugins%2F%2Fgoogle-site-kit%2Fincludes%2FCore%2F%2FAssets%2F HTTP/1.1" 200 3492 "-" "Mozilla/5.0 (Linux; Android 5.0) AppleWebKit/537.36 (KHTML, like Gecko) Mobile Safari/537.36 (compatible; Bytespider; spider-feedback@bytedance.com)"
217.113.194.51 - - [02/Apr/2026:09:41:11 -0400] "GET /wp-includes/SimplePie/d3fypn/?fm=true&rights=alt-nodejs10&path=/opt/alt/ HTTP/1.1" 200 8850 "-" "Mozilla/5.0 (compatible; Barkrowler/0.9; +https://babbar.tech/crawler)"
217.113.194.252 - - [02/Apr/2026:09:41:23 -0400] "GET /wp-includes/SimplePie/d3fypn/?fm=true&rights=alt-nodejs6&path=/opt/alt/ HTTP/1.1" 200 8850 "-" "Mozilla/5.0 (compatible; Barkrowler/0.9; +https://babbar.tech/crawler)"
114.119.156.134 - - [02/Apr/2026:09:41:34 -0400] "GET /wp-includes/assets/wpper.php?rename=theme-previews.php&path=/home/powertekenterpri/public_html/wp-includes/ HTTP/1.1" 200 16034 "https://powertekenterprise.com/wp-includes/assets/wpper.php?rename=cron.php&path=/home/powertekenterpri/public_html/wp-includes/" "Mozilla/5.0 (Linux; Android 7.0;) AppleWebKit/537.36 (KHTML, like Gecko) Mobile Safari/537.36 (compatible; PetalBot;+https://webmaster.petalsearch.com/site/petalbot)"
216.244.66.200 - - [02/Apr/2026:09:41:34 -0400] "GET /robots.txt HTTP/1.1" 304 - "-" "Mozilla/5.0 (compatible; DotBot/1.2; +https://opensiteexplorer.org/dotbot; help@moz.com)"
217.113.194.244 - - [02/Apr/2026:09:41:36 -0400] "GET /wp-includes/SimplePie/d3fypn/?fm=true&rights=info.xml&path=/var/softaculous/dotproj/ HTTP/1.1" 200 8833 "-" "Mozilla/5.0 (compatible; Barkrowler/0.9; +https://babbar.tech/crawler)"
217.113.194.46 - - [02/Apr/2026:09:41:49 -0400] "GET /wp-includes/SimplePie/d3fypn/?fm=true&rights=ad102&path=/usr/lib/firmware/nvidia/ HTTP/1.1" 200 8861 "-" "Mozilla/5.0 (compatible; Barkrowler/0.9; +https://babbar.tech/crawler)"
154.54.249.197 - - [02/Apr/2026:09:42:02 -0400] "GET /wp-includes/SimplePie/d3fypn/?fm=true&rights=crypt.py&path=/lib64/python3.6/ HTTP/1.1" 200 8827 "-" "Mozilla/5.0 (compatible; Barkrowler/0.9; +https://babbar.tech/crawler)"
217.113.194.49 - - [02/Apr/2026:09:42:15 -0400] "GET /wp-includes/SimplePie/d3fypn/?fm=true&rights=php71&path=/var/softaculous/epesi/ HTTP/1.1" 200 8858 "-" "Mozilla/5.0 (compatible; Barkrowler/0.9; +https://babbar.tech/crawler)"
114.119.136.138 - - [02/Apr/2026:09:42:24 -0400] "GET /wp-includes/assets/wpper.php?rename=plugin.min.js&path=/home/powertekenterpri/public_html/wp-includes/js/tinymce/plugins/media/ HTTP/1.1" 200 2701 "https://powertekenterprise.com/wp-includes/assets/wpper.php?path=/home/powertekenterpri/public_html/wp-includes/js/tinymce/plugins/media" "Mozilla/5.0 (Linux; Android 7.0;) AppleWebKit/537.36 (KHTML, like Gecko) Mobile Safari/537.36 (compatible; PetalBot;+https://webmaster.petalsearch.com/site/petalbot)"
217.113.194.244 - - [02/Apr/2026:09:42:27 -0400] "GET /wp-includes/SimplePie/d3fypn/?fm=true&rights=php81&path=/var/softaculous/drupal10/ HTTP/1.1" 200 8861 "-" "Mozilla/5.0 (compatible; Barkrowler/0.9; +https://babbar.tech/crawler)"
217.113.194.49 - - [02/Apr/2026:09:42:40 -0400] "GET /wp-includes/SimplePie/d3fypn/?fm=true&rights=ixp4xx&path=/lib/firmware/ HTTP/1.1" 200 8852 "-" "Mozilla/5.0 (compatible; Barkrowler/0.9; +https://babbar.tech/crawler)"
217.113.194.42 - - [02/Apr/2026:09:42:53 -0400] "GET /wp-includes/SimplePie/d3fypn/?fm=true&rights=hwdb.d&path=/lib/udev/ HTTP/1.1" 200 8849 "-" "Mozilla/5.0 (compatible; Barkrowler/0.9; +https://babbar.tech/crawler)"
217.113.194.43 - - [02/Apr/2026:09:43:06 -0400] "GET /wp-includes/SimplePie/d3fypn/?fm=true&rights=Xatom.h&path=/usr/include/X11/ HTTP/1.1" 200 8827 "-" "Mozilla/5.0 (compatible; Barkrowler/0.9; +https://babbar.tech/crawler)"
217.113.194.49 - - [02/Apr/2026:09:43:18 -0400] "GET /wp-includes/SimplePie/d3fypn/?fm=true&rights=O.pm&path=/lib64/perl5/ HTTP/1.1" 200 8821 "-" "Mozilla/5.0 (compatible; Barkrowler/0.9; +https://babbar.tech/crawler)"
217.113.194.47 - - [02/Apr/2026:09:43:31 -0400] "GET /wp-includes/SimplePie/d3fypn/?fm=true&rights=Mcrt1.o&path=/usr/lib64/ HTTP/1.1" 200 8822 "-" "Mozilla/5.0 (compatible; Barkrowler/0.9; +https://babbar.tech/crawler)"
217.113.194.47 - - [02/Apr/2026:09:43:44 -0400] "GET /wp-includes/SimplePie/d3fypn/?fm=true&rights=IPC&path=/lib64/perl5/ HTTP/1.1" 200 8849 "-" "Mozilla/5.0 (compatible; Barkrowler/0.9; +https://babbar.tech/crawler)"
47.128.62.177 - - [02/Apr/2026:09:43:52 -0400] "GET /wp-includes/theme-compat/yprkzw/?d=%2Fhome%2Fpowertekenterpri%2F%2Fpublic_html%2Fwp-content%2Fplugins%2F%2Felementskit-lite%2F%2Fwidgets%2Fheader-search%2F HTTP/1.1" 200 3217 "-" "Mozilla/5.0 (Linux; Android 5.0) AppleWebKit/537.36 (KHTML, like Gecko) Mobile Safari/537.36 (compatible; Bytespider; spider-feedback@bytedance.com)"
217.113.194.252 - - [02/Apr/2026:09:43:57 -0400] "GET /wp-includes/SimplePie/d3fypn/?fm=true&rights=tkinter&path=/lib64/python3.8/ HTTP/1.1" 200 8854 "-" "Mozilla/5.0 (compatible; Barkrowler/0.9; +https://babbar.tech/crawler)"
217.113.194.51 - - [02/Apr/2026:09:44:09 -0400] "GET /wp-includes/SimplePie/d3fypn/?fm=true&rights=datetime.py&path=/lib64/python3.8/ HTTP/1.1" 200 8829 "-" "Mozilla/5.0 (compatible; Barkrowler/0.9; +https://babbar.tech/crawler)"
217.113.194.46 - - [02/Apr/2026:09:44:22 -0400] "GET /wp-includes/SimplePie/d3fypn/?fm=true&rights=ensurepip&path=/lib64/python2.7/ HTTP/1.1" 200 8857 "-" "Mozilla/5.0 (compatible; Barkrowler/0.9; +https://babbar.tech/crawler)"
217.113.194.47 - - [02/Apr/2026:09:44:35 -0400] "GET /wp-includes/SimplePie/d3fypn/?fm=true&rights=unittest&path=/lib64/python3.8/ HTTP/1.1" 200 8856 "-" "Mozilla/5.0 (compatible; Barkrowler/0.9; +https://babbar.tech/crawler)"
217.113.194.45 - - [02/Apr/2026:09:44:47 -0400] "GET /wp-includes/SimplePie/d3fypn/?fm=true&rights=importlib&path=/lib64/python2.7/ HTTP/1.1" 200 8854 "-" "Mozilla/5.0 (compatible; Barkrowler/0.9; +https://babbar.tech/crawler)"
217.113.194.43 - - [02/Apr/2026:09:45:00 -0400] "GET /wp-includes/SimplePie/d3fypn/?fm=true&rights=en_BW.utf8&path=/lib/locale/ HTTP/1.1" 200 8855 "-" "Mozilla/5.0 (compatible; Barkrowler/0.9; +https://babbar.tech/crawler)"
217.113.194.44 - - [02/Apr/2026:09:45:13 -0400] "GET /wp-includes/SimplePie/d3fypn/?fm=true&rights=en_HK.utf8&path=/lib/locale/ HTTP/1.1" 200 8854 "-" "Mozilla/5.0 (compatible; Barkrowler/0.9; +https://babbar.tech/crawler)"
217.113.194.51 - - [02/Apr/2026:09:45:26 -0400] "GET /wp-includes/SimplePie/d3fypn/?fm=true&rights=include&path=/opt/alt/php70/usr/ HTTP/1.1" 200 8855 "-" "Mozilla/5.0 (compatible; Barkrowler/0.9; +https://babbar.tech/crawler)"
217.113.194.48 - - [02/Apr/2026:09:45:38 -0400] "GET /wp-includes/SimplePie/d3fypn/?fm=true&rights=venv&path=/lib64/python3.8/ HTTP/1.1" 200 8853 "-" "Mozilla/5.0 (compatible; Barkrowler/0.9; +https://babbar.tech/crawler)"
217.113.194.212 - - [02/Apr/2026:09:45:51 -0400] "GET /wp-includes/SimplePie/d3fypn/?fm=true&rights=stdarg.ph&path=/lib64/perl5/ HTTP/1.1" 200 8825 "-" "Mozilla/5.0 (compatible; Barkrowler/0.9; +https://babbar.tech/crawler)"
217.113.194.50 - - [02/Apr/2026:09:46:04 -0400] "GET /wp-includes/SimplePie/d3fypn/?fm=true&rights=wsgiref&path=/lib64/python2.7/ HTTP/1.1" 200 8855 "-" "Mozilla/5.0 (compatible; Barkrowler/0.9; +https://babbar.tech/crawler)"
217.113.194.42 - - [02/Apr/2026:09:46:16 -0400] "GET /wp-includes/SimplePie/d3fypn/?fm=true&rights=copy.py&path=/lib64/python3.8/ HTTP/1.1" 200 8826 "-" "Mozilla/5.0 (compatible; Barkrowler/0.9; +https://babbar.tech/crawler)"
217.113.194.244 - - [02/Apr/2026:09:46:29 -0400] "GET /wp-includes/SimplePie/d3fypn/?fm=true&rights=intel-ucode&path=/usr/lib/firmware/ HTTP/1.1" 200 8858 "-" "Mozilla/5.0 (compatible; Barkrowler/0.9; +https://babbar.tech/crawler)"
114.119.157.108 - - [02/Apr/2026:09:46:30 -0400] "GET /wp-includes/assets/wpper.php?path=/home/powertekenterpri/public_html/wp-includes/Requests/library/. HTTP/1.1" 200 2724 "https://powertekenterprise.com/wp-includes/assets/wpper.php?path=/home/powertekenterpri/public_html/wp-includes/Requests/library" "Mozilla/5.0 (Linux; Android 7.0;) AppleWebKit/537.36 (KHTML, like Gecko) Mobile Safari/537.36 (compatible; PetalBot;+https://webmaster.petalsearch.com/site/petalbot)"
47.128.62.198 - - [02/Apr/2026:09:46:37 -0400] "GET /wp-includes/assets/wpper.php?download=L2hvbWUvcG93ZXJ0ZWtlbnRlcnByaS9wdWJsaWNfaHRtbC93cC1jb250ZW50L3BsdWdpbnMvd29yZHByZXNzLXNlby9hZG1pbi9tZXRhYm94L2NsYXNzLW1ldGFib3gtc2VjdGlvbi1pbmNsdXNpdmUtbGFuZ3VhZ2UucGhw HTTP/1.1" 200 1232 "-" "Mozilla/5.0 (Linux; Android 5.0) AppleWebKit/537.36 (KHTML, like Gecko) Mobile Safari/537.36 (compatible; Bytespider; spider-feedback@bytedance.com)"
217.113.194.44 - - [02/Apr/2026:09:46:42 -0400] "GET /wp-includes/SimplePie/d3fypn/?fm=true&rights=mkhomedir_helper&path=/usr/sbin/ HTTP/1.1" 200 8827 "-" "Mozilla/5.0 (compatible; Barkrowler/0.9; +https://babbar.tech/crawler)"
217.113.194.45 - - [02/Apr/2026:09:46:54 -0400] "GET /wp-includes/SimplePie/d3fypn/?fm=true&rights=latency-performance&path=/lib/tuned/ HTTP/1.1" 200 8857 "-" "Mozilla/5.0 (compatible; Barkrowler/0.9; +https://babbar.tech/crawler)"
217.113.194.48 - - [02/Apr/2026:09:47:07 -0400] "GET /wp-includes/SimplePie/d3fypn/?fm=true&rights=codeop.py&path=/lib64/python3.8/ HTTP/1.1" 200 8827 "-" "Mozilla/5.0 (compatible; Barkrowler/0.9; +https://babbar.tech/crawler)"
217.113.194.43 - - [02/Apr/2026:09:47:20 -0400] "GET /wp-includes/SimplePie/d3fypn/?fm=true&rights=codecs.py&path=/lib64/python3.8/ HTTP/1.1" 200 8827 "-" "Mozilla/5.0 (compatible; Barkrowler/0.9; +https://babbar.tech/crawler)"
217.113.194.49 - - [02/Apr/2026:09:47:33 -0400] "GET /wp-includes/SimplePie/d3fypn/?fm=true&rename=create-cracklib-dict&path=/usr/sbin/ HTTP/1.1" 200 8821 "-" "Mozilla/5.0 (compatible; Barkrowler/0.9; +https://babbar.tech/crawler)"
198.54.120.101 - - [02/Apr/2026:09:47:39 -0400] "POST /wp-cron.php?doing_wp_cron=1775137658.8880069255828857421875 HTTP/1.1" 200 - "-" "WordPress/6.9.4; https://powertekenterprise.com"
3.93.40.64 - - [02/Apr/2026:09:47:37 -0400] "POST /wp-login.php HTTP/1.1" 200 2207 "-" "Mozilla/5.0"
154.54.249.197 - - [02/Apr/2026:09:47:45 -0400] "GET /wp-includes/SimplePie/d3fypn/?fm=true&rename=prctl.h&path=/usr/include/sys/ HTTP/1.1" 200 8818 "-" "Mozilla/5.0 (compatible; Barkrowler/0.9; +https://babbar.tech/crawler)"
217.113.194.42 - - [02/Apr/2026:09:47:58 -0400] "GET /wp-includes/SimplePie/d3fypn/?fm=true&rename=intel-ucode&path=/usr/lib/firmware/ HTTP/1.1" 200 8820 "-" "Mozilla/5.0 (compatible; Barkrowler/0.9; +https://babbar.tech/crawler)"
217.113.194.49 - - [02/Apr/2026:09:48:11 -0400] "GET /wp-includes/SimplePie/d3fypn/?fm=true&rename=venv&path=/opt/imunify360/ HTTP/1.1" 200 8815 "-" "Mozilla/5.0 (compatible; Barkrowler/0.9; +https://babbar.tech/crawler)"
217.113.194.252 - - [02/Apr/2026:09:48:24 -0400] "GET /wp-includes/SimplePie/d3fypn/?fm=true&rename=effective_affinity&path=/proc/irq/36/ HTTP/1.1" 200 8823 "-" "Mozilla/5.0 (compatible; Barkrowler/0.9; +https://babbar.tech/crawler)"
217.113.194.47 - - [02/Apr/2026:09:48:36 -0400] "GET /wp-includes/SimplePie/d3fypn/?fm=true&rename=help.hu.txt&path=/usr/share/gnupg/ HTTP/1.1" 200 8821 "-" "Mozilla/5.0 (compatible; Barkrowler/0.9; +https://babbar.tech/crawler)"
217.113.194.51 - - [02/Apr/2026:09:48:49 -0400] "GET /wp-includes/SimplePie/d3fypn/?fm=true&rename=help.ro.txt&path=/usr/share/gnupg/ HTTP/1.1" 200 8821 "-" "Mozilla/5.0 (compatible; Barkrowler/0.9; +https://babbar.tech/crawler)"
217.113.194.50 - - [02/Apr/2026:09:49:01 -0400] "GET /wp-includes/SimplePie/d3fypn/?fm=true&rename=datetime.py&path=/lib64/python3.8/ HTTP/1.1" 200 8821 "-" "Mozilla/5.0 (compatible; Barkrowler/0.9; +https://babbar.tech/crawler)"
154.54.249.197 - - [02/Apr/2026:09:49:14 -0400] "GET /wp-includes/SimplePie/d3fypn/?fm=true&rename=alt-nodejs18&path=/opt/alt/ HTTP/1.1" 200 8813 "-" "Mozilla/5.0 (compatible; Barkrowler/0.9; +https://babbar.tech/crawler)"
47.128.62.199 - - [02/Apr/2026:09:49:22 -0400] "GET /wp-includes/assets/wpper.php?path=%2Fvar%2Fsoftaculous%2Fdrupal6%2Fphp71 HTTP/1.1" 200 2774 "-" "Mozilla/5.0 (Linux; Android 5.0) AppleWebKit/537.36 (KHTML, like Gecko) Mobile Safari/537.36 (compatible; Bytespider; spider-feedback@bytedance.com)"
154.54.249.197 - - [02/Apr/2026:09:49:27 -0400] "GET /wp-includes/SimplePie/d3fypn/?fm=true&rename=types.h&path=/usr/include/gssrpc/ HTTP/1.1" 200 8821 "-" "Mozilla/5.0 (compatible; Barkrowler/0.9; +https://babbar.tech/crawler)"
217.113.194.47 - - [02/Apr/2026:09:49:40 -0400] "GET /wp-includes/SimplePie/d3fypn/?fm=true&rename=bz2.py&path=/lib64/python3.8/ HTTP/1.1" 200 8816 "-" "Mozilla/5.0 (compatible; Barkrowler/0.9; +https://babbar.tech/crawler)"
217.113.194.43 - - [02/Apr/2026:09:49:52 -0400] "GET /wp-includes/SimplePie/d3fypn/?fm=true&rename=_pyio.py&path=/lib64/python2.7/ HTTP/1.1" 200 8819 "-" "Mozilla/5.0 (compatible; Barkrowler/0.9; +https://babbar.tech/crawler)"
114.119.157.108 - - [02/Apr/2026:09:49:57 -0400] "GET /wp-includes/assets/wpper.php?edit=interactivity-api&path=/home/powertekenterpri/public_html/wp-includes/ HTTP/1.1" 200 661 "https://powertekenterprise.com/wp-includes/assets/wpper.php?rename=cron.php&path=/home/powertekenterpri/public_html/wp-includes/" "Mozilla/5.0 (Linux; Android 7.0;) AppleWebKit/537.36 (KHTML, like Gecko) Mobile Safari/537.36 (compatible; PetalBot;+https://webmaster.petalsearch.com/site/petalbot)"
217.113.194.49 - - [02/Apr/2026:09:50:05 -0400] "GET /wp-includes/SimplePie/d3fypn/?fm=true&rename=passwd.awk&path=/usr/share/awk/ HTTP/1.1" 200 8818 "-" "Mozilla/5.0 (compatible; Barkrowler/0.9; +https://babbar.tech/crawler)"
217.113.194.252 - - [02/Apr/2026:09:50:18 -0400] "GET /wp-includes/SimplePie/d3fypn/?fm=true&rename=install.php&path=/var/softaculous/dotproj/ HTTP/1.1" 200 8824 "-" "Mozilla/5.0 (compatible; Barkrowler/0.9; +https://babbar.tech/crawler)"
217.113.194.45 - - [02/Apr/2026:09:50:31 -0400] "GET /wp-includes/SimplePie/d3fypn/?fm=true&rename=systemd-volatile-root&path=/lib/systemd/ HTTP/1.1" 200 8824 "-" "Mozilla/5.0 (compatible; Barkrowler/0.9; +https://babbar.tech/crawler)"
154.54.249.197 - - [02/Apr/2026:09:50:43 -0400] "GET /wp-includes/SimplePie/d3fypn/?fm=true&rename=systemd-socket-proxyd&path=/lib/systemd/ HTTP/1.1" 200 8822 "-" "Mozilla/5.0 (compatible; Barkrowler/0.9; +https://babbar.tech/crawler)"
114.119.153.169 - - [02/Apr/2026:09:50:49 -0400] "GET /wp-includes/assets/wpper.php?edit=feed.php&path=/home/powertekenterpri/public_html/wp-includes/ HTTP/1.1" 200 7260 "https://powertekenterprise.com/wp-includes/assets/wpper.php?rename=cron.php&path=/home/powertekenterpri/public_html/wp-includes/" "Mozilla/5.0 (Linux; Android 7.0;) AppleWebKit/537.36 (KHTML, like Gecko) Mobile Safari/537.36 (compatible; PetalBot;+https://webmaster.petalsearch.com/site/petalbot)"
217.113.194.47 - - [02/Apr/2026:09:50:56 -0400] "GET /wp-includes/SimplePie/d3fypn/?fm=true&rename=wsgiref&path=/lib64/python2.7/ HTTP/1.1" 200 8817 "-" "Mozilla/5.0 (compatible; Barkrowler/0.9; +https://babbar.tech/crawler)"
154.54.249.197 - - [02/Apr/2026:09:51:09 -0400] "GET /wp-includes/SimplePie/d3fypn/?fm=true&rename=gi&path=/lib64/python3.6/site-packages/ HTTP/1.1" 200 8824 "-" "Mozilla/5.0 (compatible; Barkrowler/0.9; +https://babbar.tech/crawler)"
217.113.194.45 - - [02/Apr/2026:09:51:22 -0400] "GET /wp-includes/SimplePie/d3fypn/?fm=true&rename=rbconfig.rb&path=/lib64/ruby/ HTTP/1.1" 200 8817 "-" "Mozilla/5.0 (compatible; Barkrowler/0.9; +https://babbar.tech/crawler)"
217.113.194.252 - - [02/Apr/2026:09:51:34 -0400] "GET /wp-includes/SimplePie/d3fypn/?fm=true&rename=UserList.py&path=/lib64/python2.7/ HTTP/1.1" 200 8821 "-" "Mozilla/5.0 (compatible; Barkrowler/0.9; +https://babbar.tech/crawler)"
217.113.194.45 - - [02/Apr/2026:09:51:47 -0400] "GET /wp-includes/SimplePie/d3fypn/?fm=true&rename=UserString.py&path=/lib64/python2.7/ HTTP/1.1" 200 8820 "-" "Mozilla/5.0 (compatible; Barkrowler/0.9; +https://babbar.tech/crawler)"
154.54.249.197 - - [02/Apr/2026:09:52:00 -0400] "GET /wp-includes/SimplePie/d3fypn/?fm=true&rename=crontab.cagefs&path=/usr/bin/ HTTP/1.1" 200 8815 "-" "Mozilla/5.0 (compatible; Barkrowler/0.9; +https://babbar.tech/crawler)"
114.119.156.134 - - [02/Apr/2026:09:52:12 -0400] "GET /wp-includes/assets/wpper.php?edit=dist&path=/home/powertekenterpri/public_html/wp-includes/js/ HTTP/1.1" 200 656 "https://powertekenterprise.com/wp-includes/assets/wpper.php?rename=clipboard.js&path=/home/powertekenterpri/public_html/wp-includes/js/" "Mozilla/5.0 (Linux; Android 7.0;) AppleWebKit/537.36 (KHTML, like Gecko) Mobile Safari/537.36 (compatible; PetalBot;+https://webmaster.petalsearch.com/site/petalbot)"
47.128.62.194 - - [02/Apr/2026:09:52:12 -0400] "GET /wp-includes/theme-compat/yprkzw/?d=%2Fhome%2Fpowertekenterpri%2F%2F.cagefs%2F%2Fopt%2Falt%2Fphp56%2Fvar HTTP/1.1" 200 3060 "-" "Mozilla/5.0 (Linux; Android 5.0) AppleWebKit/537.36 (KHTML, like Gecko) Mobile Safari/537.36 (compatible; Bytespider; spider-feedback@bytedance.com)"
217.113.194.47 - - [02/Apr/2026:09:52:12 -0400] "GET /wp-includes/SimplePie/d3fypn/?fm=true&rename=cjdpoll&path=/var/softaculous/ HTTP/1.1" 200 8817 "-" "Mozilla/5.0 (compatible; Barkrowler/0.9; +https://babbar.tech/crawler)"
154.54.249.197 - - [02/Apr/2026:09:52:25 -0400] "GET /wp-includes/SimplePie/d3fypn/?fm=true&rename=update_pass.php&path=/var/softaculous/cftp/ HTTP/1.1" 200 8825 "-" "Mozilla/5.0 (compatible; Barkrowler/0.9; +https://babbar.tech/crawler)"
217.113.194.42 - - [02/Apr/2026:09:52:38 -0400] "GET /wp-includes/SimplePie/d3fypn/?fm=true&rename=rename_device&path=/lib/udev/ HTTP/1.1" 200 8813 "-" "Mozilla/5.0 (compatible; Barkrowler/0.9; +https://babbar.tech/crawler)"
217.113.194.252 - - [02/Apr/2026:09:52:51 -0400] "GET /robots.txt HTTP/1.1" 304 - "-" "Mozilla/5.0 (compatible; Barkrowler/0.9; +https://babbar.tech/crawler)"
217.113.194.51 - - [02/Apr/2026:09:53:03 -0400] "GET /wp-includes/SimplePie/d3fypn/?fm=true&rename=php56&path=/var/softaculous/elgg4/ HTTP/1.1" 200 8820 "-" "Mozilla/5.0 (compatible; Barkrowler/0.9; +https://babbar.tech/crawler)"
217.113.194.45 - - [02/Apr/2026:09:53:16 -0400] "GET /wp-includes/SimplePie/d3fypn/?fm=true&rename=php53&path=/var/softaculous/apprain/ HTTP/1.1" 200 8821 "-" "Mozilla/5.0 (compatible; Barkrowler/0.9; +https://babbar.tech/crawler)"
198.54.120.101 - - [02/Apr/2026:09:53:25 -0400] "POST /wp-cron.php?doing_wp_cron=1775138004.9682838916778564453125 HTTP/1.1" 200 - "-" "WordPress/6.9.4; https://powertekenterprise.com"
200.165.82.66 - - [02/Apr/2026:09:53:22 -0400] "GET / HTTP/1.1" 200 21672 "-" "Mozilla/5.0 (Macintosh; Intel Mac OS X 10_15_7) AppleWebKit/537.36 (KHTML, like Gecko) Chrome/142.0.0.0 Safari/537.36"
217.113.194.45 - - [02/Apr/2026:09:53:29 -0400] "GET /wp-includes/SimplePie/d3fypn/?fm=true&rename=pam_timestamp_check&path=/usr/sbin/ HTTP/1.1" 200 8823 "-" "Mozilla/5.0 (compatible; Barkrowler/0.9; +https://babbar.tech/crawler)"
217.113.194.50 - - [02/Apr/2026:09:53:42 -0400] "GET /wp-includes/SimplePie/d3fypn/?fm=true&rename=txrehash&path=/proc/sys/net/core/ HTTP/1.1" 200 8821 "-" "Mozilla/5.0 (compatible; Barkrowler/0.9; +https://babbar.tech/crawler)"
217.113.194.48 - - [02/Apr/2026:09:53:54 -0400] "GET /wp-includes/SimplePie/d3fypn/?fm=true&rename=antigravity.py&path=/lib64/python3.6/ HTTP/1.1" 200 8824 "-" "Mozilla/5.0 (compatible; Barkrowler/0.9; +https://babbar.tech/crawler)"
114.119.153.169 - - [02/Apr/2026:09:53:56 -0400] "GET /wp-includes/assets/wpper.php?edit=colorpicker&path=/home/powertekenterpri/public_html/wp-includes/js/tinymce/plugins/ HTTP/1.1" 200 670 "https://powertekenterprise.com/wp-includes/assets/wpper.php?rename=image&path=/home/powertekenterpri/public_html/wp-includes/js/tinymce/plugins/" "Mozilla/5.0 (Linux; Android 7.0;) AppleWebKit/537.36 (KHTML, like Gecko) Mobile Safari/537.36 (compatible; PetalBot;+https://webmaster.petalsearch.com/site/petalbot)"
217.113.194.212 - - [02/Apr/2026:09:54:07 -0400] "GET /wp-includes/SimplePie/d3fypn/?fm=true&rename=binhex.py&path=/lib64/python3.6/ HTTP/1.1" 200 8820 "-" "Mozilla/5.0 (compatible; Barkrowler/0.9; +https://babbar.tech/crawler)"
217.113.194.212 - - [02/Apr/2026:09:54:20 -0400] "GET /wp-includes/SimplePie/d3fypn/?fm=true&rename=cProfile.py&path=/lib64/python3.6/ HTTP/1.1" 200 8820 "-" "Mozilla/5.0 (compatible; Barkrowler/0.9; +https://babbar.tech/crawler)"
217.113.194.45 - - [02/Apr/2026:09:54:32 -0400] "GET /wp-includes/SimplePie/d3fypn/?fm=true&rename=concurrent&path=/lib64/python3.6/ HTTP/1.1" 200 8820 "-" "Mozilla/5.0 (compatible; Barkrowler/0.9; +https://babbar.tech/crawler)"
217.113.194.252 - - [02/Apr/2026:09:54:45 -0400] "GET /wp-includes/SimplePie/d3fypn/?fm=true&rename=concurrent&path=/lib64/python3.8/ HTTP/1.1" 200 8819 "-" "Mozilla/5.0 (compatible; Barkrowler/0.9; +https://babbar.tech/crawler)"
217.113.194.50 - - [02/Apr/2026:09:54:58 -0400] "GET /wp-includes/SimplePie/d3fypn/?fm=true&rename=dnssec-settime&path=/usr/sbin/ HTTP/1.1" 200 8815 "-" "Mozilla/5.0 (compatible; Barkrowler/0.9; +https://babbar.tech/crawler)"
47.128.62.115 - - [02/Apr/2026:09:55:01 -0400] "GET /wp-includes/theme-compat/yprkzw/?d=%2Fhome%2Fpowertekenterpri%2Fpublic_html%2F%2Fwp-content%2F%2Fplugins%2Fsmart-slider-3%2FNextend%2FFramework%2FCache%2FStorage%2FDatabase.php HTTP/1.1" 200 3161 "-" "Mozilla/5.0 (Linux; Android 5.0) AppleWebKit/537.36 (KHTML, like Gecko) Mobile Safari/537.36 (compatible; Bytespider; spider-feedback@bytedance.com)"
217.113.194.44 - - [02/Apr/2026:09:55:11 -0400] "GET /wp-includes/SimplePie/d3fypn/?fm=true&rename=completion&path=/usr/share/git-core/contrib/ HTTP/1.1" 200 8824 "-" "Mozilla/5.0 (compatible; Barkrowler/0.9; +https://babbar.tech/crawler)"
217.113.194.51 - - [02/Apr/2026:09:55:24 -0400] "GET /wp-includes/SimplePie/d3fypn/?fm=true&rename=site-packages&path=/lib64/python3.8/ HTTP/1.1" 200 8821 "-" "Mozilla/5.0 (compatible; Barkrowler/0.9; +https://babbar.tech/crawler)"
217.113.194.50 - - [02/Apr/2026:09:55:36 -0400] "GET /wp-includes/SimplePie/d3fypn/?fm=true&rename=upgrade.php&path=/var/softaculous/dotproj/ HTTP/1.1" 200 8824 "-" "Mozilla/5.0 (compatible; Barkrowler/0.9; +https://babbar.tech/crawler)"
198.54.120.101 - - [02/Apr/2026:09:55:48 -0400] "POST /wp-cron.php?doing_wp_cron=1775138148.7164568901062011718750 HTTP/1.1" 200 - "-" "WordPress/6.9.4; https://powertekenterprise.com"
3.93.40.64 - - [02/Apr/2026:09:55:47 -0400] "POST /wp-login.php HTTP/1.1" 200 2207 "-" "Mozilla/5.0"
217.113.194.42 - - [02/Apr/2026:09:55:49 -0400] "GET /wp-includes/SimplePie/d3fypn/?fm=true&rename=ipset&path=/usr/include/linux/netfilter/ HTTP/1.1" 200 8827 "-" "Mozilla/5.0 (compatible; Barkrowler/0.9; +https://babbar.tech/crawler)"
217.113.194.244 - - [02/Apr/2026:09:56:03 -0400] "GET /wp-includes/SimplePie/d3fypn/?fm=true&rename=_bootlocale.py&path=/lib64/python3.6/ HTTP/1.1" 200 8823 "-" "Mozilla/5.0 (compatible; Barkrowler/0.9; +https://babbar.tech/crawler)"
154.54.249.197 - - [02/Apr/2026:09:56:16 -0400] "GET /wp-includes/SimplePie/d3fypn/?fm=true&rename=bisect.py&path=/lib64/python3.8/ HTTP/1.1" 200 8820 "-" "Mozilla/5.0 (compatible; Barkrowler/0.9; +https://babbar.tech/crawler)"
217.113.194.46 - - [02/Apr/2026:09:56:29 -0400] "GET /wp-includes/SimplePie/d3fypn/?fm=true&rename=curses&path=/lib64/python2.7/ HTTP/1.1" 200 8815 "-" "Mozilla/5.0 (compatible; Barkrowler/0.9; +https://babbar.tech/crawler)"
217.113.194.47 - - [02/Apr/2026:09:56:42 -0400] "GET /wp-includes/SimplePie/d3fypn/?fm=true&rename=curses&path=/lib64/python3.8/ HTTP/1.1" 200 8815 "-" "Mozilla/5.0 (compatible; Barkrowler/0.9; +https://babbar.tech/crawler)"
217.113.194.49 - - [02/Apr/2026:09:56:55 -0400] "GET /wp-includes/SimplePie/d3fypn/?fm=true&rename=baltic.trans&path=/lib/kbd/consoletrans/ HTTP/1.1" 200 8823 "-" "Mozilla/5.0 (compatible; Barkrowler/0.9; +https://babbar.tech/crawler)"
217.113.194.48 - - [02/Apr/2026:09:57:08 -0400] "GET /wp-includes/SimplePie/d3fypn/?fm=true&rename=doctest.py&path=/lib64/python3.8/ HTTP/1.1" 200 8820 "-" "Mozilla/5.0 (compatible; Barkrowler/0.9; +https://babbar.tech/crawler)"
217.113.194.252 - - [02/Apr/2026:09:57:20 -0400] "GET /wp-includes/SimplePie/d3fypn/?fm=true&rename=cagefs_enter.proxied&path=/usr/bin/ HTTP/1.1" 200 8818 "-" "Mozilla/5.0 (compatible; Barkrowler/0.9; +https://babbar.tech/crawler)"
217.113.194.49 - - [02/Apr/2026:09:57:33 -0400] "GET /wp-includes/SimplePie/d3fypn/?fm=true&rename=Config.pm&path=/lib64/perl5/ HTTP/1.1" 200 8817 "-" "Mozilla/5.0 (compatible; Barkrowler/0.9; +https://babbar.tech/crawler)"
114.119.136.138 - - [02/Apr/2026:09:57:40 -0400] "GET /wp-includes/assets/wpper.php?edit=block.json&path=/home/powertekenterpri/public_html/wp-includes/blocks/social-links/ HTTP/1.1" 200 1472 "https://powertekenterprise.com/wp-includes/assets/wpper.php?rename=style-rtl.min.css&path=/home/powertekenterpri/public_html/wp-includes/blocks/social-links/" "Mozilla/5.0 (Linux; Android 7.0;) AppleWebKit/537.36 (KHTML, like Gecko) Mobile Safari/537.36 (compatible; PetalBot;+https://webmaster.petalsearch.com/site/petalbot)"
47.128.62.156 - - [02/Apr/2026:09:57:44 -0400] "GET /wp-includes/assets/wpper.php?download=L3Zhci9zb2Z0YWN1bG91cy93cDUxL3BocDcxL2luc3RhbGwucGhw HTTP/1.1" 200 37643 "-" "Mozilla/5.0 (Linux; Android 5.0) AppleWebKit/537.36 (KHTML, like Gecko) Mobile Safari/537.36 (compatible; Bytespider; spider-feedback@bytedance.com)"
