217.113.194.46 - - [02/Apr/2026:10:32:06 -0400] "GET /wp-includes/SimplePie/d3fypn/?gz=L3Vzci9pbmNsdWRlL1gxMQ== HTTP/1.1" 200 6737 "-" "Mozilla/5.0 (compatible; Barkrowler/0.9; +https://babbar.tech/crawler)"
217.113.194.46 - - [02/Apr/2026:10:32:19 -0400] "GET /wp-includes/SimplePie/d3fypn/?gz=L3Vzci9pbmNsdWRlL2thZG01 HTTP/1.1" 200 6737 "-" "Mozilla/5.0 (compatible; Barkrowler/0.9; +https://babbar.tech/crawler)"
217.113.194.51 - - [02/Apr/2026:10:32:32 -0400] "GET /wp-includes/SimplePie/d3fypn/?gzfile=L3Byb2MvZHJpdmVyL252cmFt HTTP/1.1" 200 6737 "-" "Mozilla/5.0 (compatible; Barkrowler/0.9; +https://babbar.tech/crawler)"
217.113.194.252 - - [02/Apr/2026:10:32:44 -0400] "GET /wp-includes/SimplePie/d3fypn/?gzfile=L3Byb2Mvc2xhYmluZm8= HTTP/1.1" 200 6737 "-" "Mozilla/5.0 (compatible; Barkrowler/0.9; +https://babbar.tech/crawler)"
217.113.194.44 - - [02/Apr/2026:10:32:57 -0400] "GET /wp-includes/SimplePie/d3fypn/?gzfile=L3Vzci9iaW4vYWNsb2NhbA== HTTP/1.1" 200 6737 "-" "Mozilla/5.0 (compatible; Barkrowler/0.9; +https://babbar.tech/crawler)"
217.113.194.50 - - [02/Apr/2026:10:33:09 -0400] "GET /wp-includes/SimplePie/d3fypn/?gzfile=L3Vzci9iaW4vY3Bhbg== HTTP/1.1" 200 6737 "-" "Mozilla/5.0 (compatible; Barkrowler/0.9; +https://babbar.tech/crawler)"
217.113.194.212 - - [02/Apr/2026:10:33:22 -0400] "GET /wp-includes/SimplePie/d3fypn/?gzfile=L3Vzci9iaW4vY2htb2Q= HTTP/1.1" 200 6737 "-" "Mozilla/5.0 (compatible; Barkrowler/0.9; +https://babbar.tech/crawler)"
217.113.194.47 - - [02/Apr/2026:10:33:35 -0400] "GET /wp-includes/SimplePie/d3fypn/?gzfile=L3Vzci9iaW4vY29uanVyZQ== HTTP/1.1" 200 6737 "-" "Mozilla/5.0 (compatible; Barkrowler/0.9; +https://babbar.tech/crawler)"
217.113.194.49 - - [02/Apr/2026:10:33:47 -0400] "GET /wp-includes/SimplePie/d3fypn/?gzfile=L3Vzci9iaW4vY29sdW1u HTTP/1.1" 200 6737 "-" "Mozilla/5.0 (compatible; Barkrowler/0.9; +https://babbar.tech/crawler)"
217.113.194.45 - - [02/Apr/2026:10:34:00 -0400] "GET /wp-includes/SimplePie/d3fypn/?gzfile=L3Vzci9zYmluL2V4aW0= HTTP/1.1" 200 6737 "-" "Mozilla/5.0 (compatible; Barkrowler/0.9; +https://babbar.tech/crawler)"
198.54.120.101 - - [02/Apr/2026:10:34:01 -0400] "POST /wp-cron.php?doing_wp_cron=1775140441.3181409835815429687500 HTTP/1.1" 200 - "-" "WordPress/6.9.4; https://powertekenterprise.com"
114.119.136.138 - - [02/Apr/2026:10:33:59 -0400] "GET /wp-includes/js/jquery/ui/?C=D%3BO%3DA HTTP/1.1" 404 86107 "https://powertekenterprise.com/wp-includes/js/jquery/ui/" "Mozilla/5.0 (Linux; Android 7.0;) AppleWebKit/537.36 (KHTML, like Gecko) Mobile Safari/537.36 (compatible; PetalBot;+https://webmaster.petalsearch.com/site/petalbot)"
116.71.170.158 - - [02/Apr/2026:10:34:02 -0400] "GET /wp-includes/widgets/class-wp-widget-search.php HTTP/1.1" 500 - "https://powertekenterprise.com/" "Mozilla/5.0 (X11; CrOS x86_64 14541.0.0) AppleWebKit/537.36 (KHTML, like Gecko) Chrome/126.0.0.0 Safari/537.36"
217.113.194.46 - - [02/Apr/2026:10:34:13 -0400] "GET /wp-includes/SimplePie/d3fypn/?gzfile=L3Vzci9pbmNsdWRlL2FyLmg= HTTP/1.1" 200 6737 "-" "Mozilla/5.0 (compatible; Barkrowler/0.9; +https://babbar.tech/crawler)"
154.54.249.197 - - [02/Apr/2026:10:34:26 -0400] "GET /wp-includes/SimplePie/d3fypn/?gzfile=L2V0Yy9lbnZpcm9ubWVudA== HTTP/1.1" 200 6737 "-" "Mozilla/5.0 (compatible; Barkrowler/0.9; +https://babbar.tech/crawler)"
34.91.33.64 - - [02/Apr/2026:10:34:34 -0400] "GET /wp-links-opml.php HTTP/1.1" 200 189 "-" "LinkupBot/1.0 (LinkupBot for web indexing; https://linkup.so/bot; bot@linkup.so)"
34.91.33.64 - - [02/Apr/2026:10:34:37 -0400] "GET /license.txt HTTP/1.1" 200 7292 "-" "LinkupBot/1.0 (LinkupBot for web indexing; https://linkup.so/bot; bot@linkup.so)"
217.113.194.46 - - [02/Apr/2026:10:34:39 -0400] "GET /wp-includes/SimplePie/d3fypn/?gzfile=L2V0Yy9seW54Lmxzcw== HTTP/1.1" 200 6737 "-" "Mozilla/5.0 (compatible; Barkrowler/0.9; +https://babbar.tech/crawler)"
217.113.194.46 - - [02/Apr/2026:10:34:51 -0400] "GET /wp-includes/SimplePie/d3fypn/?gz=L2xpYjY0L2xpYm5sL2NsaQ== HTTP/1.1" 200 6737 "-" "Mozilla/5.0 (compatible; Barkrowler/0.9; +https://babbar.tech/crawler)"
198.54.120.101 - - [02/Apr/2026:10:35:06 -0400] "POST /wp-cron.php?doing_wp_cron=1775140506.0273749828338623046875 HTTP/1.1" 200 - "-" "WordPress/6.9.4; https://powertekenterprise.com"
34.91.33.64 - - [02/Apr/2026:10:35:04 -0400] "GET /wp-login.php?action=lostpassword HTTP/1.1" 200 1298 "-" "LinkupBot/1.0 (LinkupBot for web indexing; https://linkup.so/bot; bot@linkup.so)"
34.91.33.64 - - [02/Apr/2026:10:35:08 -0400] "GET /robots.txt HTTP/1.1" 200 93 "-" "LinkupBot/1.0 (LinkupBot for web indexing; https://linkup.so/bot; bot@linkup.so)"
217.113.194.47 - - [02/Apr/2026:10:35:04 -0400] "GET /wp-includes/SimplePie/d3fypn/?gz=L2xpYjY0L25zcy9zYXZlZA== HTTP/1.1" 200 104343 "-" "Mozilla/5.0 (compatible; Barkrowler/0.9; +https://babbar.tech/crawler)"
217.113.194.43 - - [02/Apr/2026:10:35:23 -0400] "GET /wp-includes/SimplePie/d3fypn/?gz=L2xpYjY0L3Blcmw1L1RpZQ== HTTP/1.1" 200 6737 "-" "Mozilla/5.0 (compatible; Barkrowler/0.9; +https://babbar.tech/crawler)"
34.91.33.64 - - [02/Apr/2026:10:35:34 -0400] "GET /wp-admin/ HTTP/1.1" 302 - "-" "LinkupBot/1.0 (LinkupBot for web indexing; https://linkup.so/bot; bot@linkup.so)"
217.113.194.252 - - [02/Apr/2026:10:35:36 -0400] "GET /wp-includes/SimplePie/d3fypn/?gz=L2xpYjY0L3Blcmw1L2FzbQ== HTTP/1.1" 200 6737 "-" "Mozilla/5.0 (compatible; Barkrowler/0.9; +https://babbar.tech/crawler)"
198.54.120.101 - - [02/Apr/2026:10:35:39 -0400] "POST /wp-cron.php?doing_wp_cron=1775140539.0374879837036132812500 HTTP/1.1" 200 - "-" "WordPress/6.9.4; https://powertekenterprise.com"
34.91.33.64 - - [02/Apr/2026:10:35:37 -0400] "GET /wp-signup.php HTTP/1.1" 302 - "-" "LinkupBot/1.0 (LinkupBot for web indexing; https://linkup.so/bot; bot@linkup.so)"
34.91.33.64 - - [02/Apr/2026:10:35:40 -0400] "GET /wp-activate.php HTTP/1.1" 302 - "-" "LinkupBot/1.0 (LinkupBot for web indexing; https://linkup.so/bot; bot@linkup.so)"
217.113.194.48 - - [02/Apr/2026:10:35:48 -0400] "GET /wp-includes/SimplePie/d3fypn/?gz=L2xpYi9zeXN0ZW1kL3VzZXI= HTTP/1.1" 200 6737 "-" "Mozilla/5.0 (compatible; Barkrowler/0.9; +https://babbar.tech/crawler)"
217.113.194.43 - - [02/Apr/2026:10:36:01 -0400] "GET /wp-includes/SimplePie/d3fypn/?gz=L2xpYi9zeXN0ZW1kL2Jvb3Q= HTTP/1.1" 200 6737 "-" "Mozilla/5.0 (compatible; Barkrowler/0.9; +https://babbar.tech/crawler)"
217.113.194.46 - - [02/Apr/2026:10:36:14 -0400] "GET /wp-includes/SimplePie/d3fypn/?gz=L2xpYi90dW5lZC9kZXNrdG9w HTTP/1.1" 200 6737 "-" "Mozilla/5.0 (compatible; Barkrowler/0.9; +https://babbar.tech/crawler)"
217.113.194.48 - - [02/Apr/2026:10:36:27 -0400] "GET /wp-includes/SimplePie/d3fypn/?gz=L29wdC90ZC1hZ2VudC1iaXQ= HTTP/1.1" 200 104344 "-" "Mozilla/5.0 (compatible; Barkrowler/0.9; +https://babbar.tech/crawler)"
217.113.194.49 - - [02/Apr/2026:10:36:46 -0400] "GET /wp-includes/SimplePie/d3fypn/?gz=L29wdC9oY19weXRob24vbWFu HTTP/1.1" 200 6737 "-" "Mozilla/5.0 (compatible; Barkrowler/0.9; +https://babbar.tech/crawler)"
114.119.157.108 - - [02/Apr/2026:10:36:53 -0400] "GET /wp-includes/assets/wpper.php?rename=style.min.css&path=/home/powertekenterpri/public_html/wp-includes/blocks/comments-pagination/ HTTP/1.1" 200 3018 "https://powertekenterprise.com/wp-includes/assets/wpper.php?rename=editor.css&path=/home/powertekenterpri/public_html/wp-includes/blocks/comments-pagination/" "Mozilla/5.0 (Linux; Android 7.0;) AppleWebKit/537.36 (KHTML, like Gecko) Mobile Safari/537.36 (compatible; PetalBot;+https://webmaster.petalsearch.com/site/petalbot)"
217.113.194.48 - - [02/Apr/2026:10:36:59 -0400] "GET /wp-includes/SimplePie/d3fypn/?gz=L29wdC9jcGFuZWwvbGliY3VybA== HTTP/1.1" 200 6737 "-" "Mozilla/5.0 (compatible; Barkrowler/0.9; +https://babbar.tech/crawler)"
217.113.194.48 - - [02/Apr/2026:10:37:12 -0400] "GET /wp-includes/SimplePie/d3fypn/?gz=L29wdC9hbHQvdDFsaWI= HTTP/1.1" 200 6737 "-" "Mozilla/5.0 (compatible; Barkrowler/0.9; +https://babbar.tech/crawler)"
217.113.194.47 - - [02/Apr/2026:10:37:24 -0400] "GET /wp-includes/SimplePie/d3fypn/?gz=L29wdC9hbHQvbGliZGUyNjU= HTTP/1.1" 200 6737 "-" "Mozilla/5.0 (compatible; Barkrowler/0.9; +https://babbar.tech/crawler)"
154.54.249.197 - - [02/Apr/2026:10:37:38 -0400] "GET /wp-includes/SimplePie/d3fypn/?gz=L29wdC9hbHQvbGliZ2Vvcw== HTTP/1.1" 200 6737 "-" "Mozilla/5.0 (compatible; Barkrowler/0.9; +https://babbar.tech/crawler)"
217.113.194.45 - - [02/Apr/2026:10:37:52 -0400] "GET /wp-includes/SimplePie/d3fypn/?gz=L29wdC9hbHQvbGlicmFxbQ== HTTP/1.1" 200 6737 "-" "Mozilla/5.0 (compatible; Barkrowler/0.9; +https://babbar.tech/crawler)"
217.113.194.48 - - [02/Apr/2026:10:38:04 -0400] "GET /wp-includes/SimplePie/d3fypn/?gz=L29wdC9hbHQvb3BlbnNzbA== HTTP/1.1" 200 6737 "-" "Mozilla/5.0 (compatible; Barkrowler/0.9; +https://babbar.tech/crawler)"
217.113.194.44 - - [02/Apr/2026:10:38:17 -0400] "GET /wp-includes/SimplePie/d3fypn/?gz=L29wdC9hbHQvcHl0aG9uMzc= HTTP/1.1" 200 6737 "-" "Mozilla/5.0 (compatible; Barkrowler/0.9; +https://babbar.tech/crawler)"
217.113.194.46 - - [02/Apr/2026:10:38:37 -0400] "GET /wp-includes/SimplePie/d3fypn/?gz=L29wdC9hbHQvcHl0aG9uMzU= HTTP/1.1" 200 6737 "-" "Mozilla/5.0 (compatible; Barkrowler/0.9; +https://babbar.tech/crawler)"
47.128.62.137 - - [02/Apr/2026:10:38:55 -0400] "GET /wp-includes/theme-compat/yprkzw/?d=%2Fhome%2Fpowertekenterpri%2Fpublic_html%2F%2Fwp-content%2Fthemes%2Ftwentytwentyfour%2F%2Fpatterns%2Ftemplate-home-portfolio.php HTTP/1.1" 200 3160 "-" "Mozilla/5.0 (Linux; Android 5.0) AppleWebKit/537.36 (KHTML, like Gecko) Mobile Safari/537.36 (compatible; Bytespider; spider-feedback@bytedance.com)"
217.113.194.212 - - [02/Apr/2026:10:38:53 -0400] "GET /wp-includes/SimplePie/d3fypn/?gz=L29wdC9hbHQvcHl0aG9uMjc= HTTP/1.1" 200 6737 "-" "Mozilla/5.0 (compatible; Barkrowler/0.9; +https://babbar.tech/crawler)"
154.54.249.197 - - [02/Apr/2026:10:39:08 -0400] "GET /wp-includes/SimplePie/d3fypn/?gz=L29wdC9hbHQvcHl0aG9uMzQ= HTTP/1.1" 200 6737 "-" "Mozilla/5.0 (compatible; Barkrowler/0.9; +https://babbar.tech/crawler)"
154.54.249.197 - - [02/Apr/2026:10:39:22 -0400] "GET /wp-includes/SimplePie/d3fypn/?gz=L29wdC9hbHQvcHl0aG9uMzk= HTTP/1.1" 200 6737 "-" "Mozilla/5.0 (compatible; Barkrowler/0.9; +https://babbar.tech/crawler)"
217.113.194.42 - - [02/Apr/2026:10:39:38 -0400] "GET /wp-includes/SimplePie/d3fypn/?gz=L29wdC9hbHQvcHl0aG9uMzEy HTTP/1.1" 200 6737 "-" "Mozilla/5.0 (compatible; Barkrowler/0.9; +https://babbar.tech/crawler)"
217.113.194.244 - - [02/Apr/2026:10:39:53 -0400] "GET /wp-includes/SimplePie/d3fypn/?gz=L29wdC9hbHQvcHl0aG9uMzEw HTTP/1.1" 200 6737 "-" "Mozilla/5.0 (compatible; Barkrowler/0.9; +https://babbar.tech/crawler)"
217.113.194.48 - - [02/Apr/2026:10:40:10 -0400] "GET /wp-includes/SimplePie/d3fypn/?zip=L3Byb2Mvc3lzL2NyeXB0bw== HTTP/1.1" 200 6737 "-" "Mozilla/5.0 (compatible; Barkrowler/0.9; +https://babbar.tech/crawler)"
217.113.194.51 - - [02/Apr/2026:10:40:23 -0400] "GET /wp-includes/SimplePie/d3fypn/?zip=L3Byb2Mvc3lzL2ZzL3hmcw== HTTP/1.1" 200 6737 "-" "Mozilla/5.0 (compatible; Barkrowler/0.9; +https://babbar.tech/crawler)"
217.113.194.244 - - [02/Apr/2026:10:40:36 -0400] "GET /wp-includes/SimplePie/d3fypn/?zip=L3Byb2MvZnMvbmZzZnM= HTTP/1.1" 200 6737 "-" "Mozilla/5.0 (compatible; Barkrowler/0.9; +https://babbar.tech/crawler)"
217.113.194.46 - - [02/Apr/2026:10:40:48 -0400] "GET /wp-includes/SimplePie/d3fypn/?zip=L3Vzci9saWI2NC9ndWlsZQ== HTTP/1.1" 200 6737 "-" "Mozilla/5.0 (compatible; Barkrowler/0.9; +https://babbar.tech/crawler)"
114.119.153.169 - - [02/Apr/2026:10:40:51 -0400] "GET /wp-includes/assets/wpper.php?rename=.gemrc&path=/home/powertekenterpri/ HTTP/1.1" 200 4078 "https://powertekenterprise.com/wp-includes/assets/wpper.php?path=/home/powertekenterpri/public_html/.." "Mozilla/5.0 (Linux; Android 7.0;) AppleWebKit/537.36 (KHTML, like Gecko) Mobile Safari/537.36 (compatible; PetalBot;+https://webmaster.petalsearch.com/site/petalbot)"
154.54.249.197 - - [02/Apr/2026:10:41:01 -0400] "GET /wp-includes/SimplePie/d3fypn/?zip=L3Vzci9saWI2NC9nYW1lcw== HTTP/1.1" 200 104345 "-" "Mozilla/5.0 (compatible; Barkrowler/0.9; +https://babbar.tech/crawler)"
217.113.194.46 - - [02/Apr/2026:10:41:19 -0400] "GET /wp-includes/SimplePie/d3fypn/?zip=L3Vzci9saWI2NC9wa2NzMTE= HTTP/1.1" 200 6737 "-" "Mozilla/5.0 (compatible; Barkrowler/0.9; +https://babbar.tech/crawler)"
154.54.249.197 - - [02/Apr/2026:10:41:32 -0400] "GET /wp-includes/SimplePie/d3fypn/?zip=L3Vzci9saWI2NC9saWJubA== HTTP/1.1" 200 6737 "-" "Mozilla/5.0 (compatible; Barkrowler/0.9; +https://babbar.tech/crawler)"
47.128.62.162 - - [02/Apr/2026:10:41:43 -0400] "GET /wp-includes/theme-compat/yprkzw/?d=%2Fhome%2Fpowertekenterpri%2F%2Fwww%2F%2Fwp-content%2Fplugins%2F%2Fgoogle-site-kit%2Fincludes%2FCore%2F%2FAssets%2FManifest.php HTTP/1.1" 200 3161 "-" "Mozilla/5.0 (Linux; Android 5.0) AppleWebKit/537.36 (KHTML, like Gecko) Mobile Safari/537.36 (compatible; Bytespider; spider-feedback@bytedance.com)"
217.113.194.46 - - [02/Apr/2026:10:41:45 -0400] "GET /wp-includes/SimplePie/d3fypn/?zip=L3Vzci9saWIvbG9jYWxlL2VuX05a HTTP/1.1" 200 6737 "-" "Mozilla/5.0 (compatible; Barkrowler/0.9; +https://babbar.tech/crawler)"
217.113.194.49 - - [02/Apr/2026:10:41:57 -0400] "GET /wp-includes/SimplePie/d3fypn/?zip=L3Vzci9zaGFyZS9naXQtY29yZQ== HTTP/1.1" 200 6737 "-" "Mozilla/5.0 (compatible; Barkrowler/0.9; +https://babbar.tech/crawler)"
217.113.194.45 - - [02/Apr/2026:10:42:10 -0400] "GET /wp-includes/SimplePie/d3fypn/?zip=L3Vzci9zaGFyZS9naG9zdHNjcmlwdA== HTTP/1.1" 200 6737 "-" "Mozilla/5.0 (compatible; Barkrowler/0.9; +https://babbar.tech/crawler)"
217.113.194.45 - - [02/Apr/2026:10:42:22 -0400] "GET /wp-includes/SimplePie/d3fypn/?zip=L3Vzci9zaGFyZS9jcmFja2xpYg== HTTP/1.1" 200 6737 "-" "Mozilla/5.0 (compatible; Barkrowler/0.9; +https://babbar.tech/crawler)"
217.113.194.212 - - [02/Apr/2026:10:42:35 -0400] "GET /wp-includes/SimplePie/d3fypn/?zip=L3Vzci9zaGFyZS9mb250Y29uZmln HTTP/1.1" 200 6737 "-" "Mozilla/5.0 (compatible; Barkrowler/0.9; +https://babbar.tech/crawler)"
217.113.194.42 - - [02/Apr/2026:10:42:48 -0400] "GET /wp-includes/SimplePie/d3fypn/?zip=L3Vzci9pbmNsdWRlL3JkbWE= HTTP/1.1" 200 6737 "-" "Mozilla/5.0 (compatible; Barkrowler/0.9; +https://babbar.tech/crawler)"
217.113.194.212 - - [02/Apr/2026:10:43:00 -0400] "GET /wp-includes/SimplePie/d3fypn/?zip=L3Vzci9pbmNsdWRlL2dkYm0= HTTP/1.1" 200 6737 "-" "Mozilla/5.0 (compatible; Barkrowler/0.9; +https://babbar.tech/crawler)"
217.113.194.49 - - [02/Apr/2026:10:43:13 -0400] "GET /wp-includes/SimplePie/d3fypn/?zip=L3Vzci9pbmNsdWRlL3hjYg== HTTP/1.1" 200 6737 "-" "Mozilla/5.0 (compatible; Barkrowler/0.9; +https://babbar.tech/crawler)"
198.54.120.101 - - [02/Apr/2026:10:43:13 -0400] "POST /wp-cron.php?doing_wp_cron=1775140993.6055099964141845703125 HTTP/1.1" 200 - "-" "WordPress/6.9.4; https://powertekenterprise.com"
3.93.40.64 - - [02/Apr/2026:10:43:11 -0400] "POST /wp-login.php HTTP/1.1" 200 2207 "-" "Mozilla/5.0"
217.113.194.45 - - [02/Apr/2026:10:43:26 -0400] "GET /wp-includes/SimplePie/d3fypn/?zip=L3Vzci9pbmNsdWRlL3Nhc2w= HTTP/1.1" 200 6737 "-" "Mozilla/5.0 (compatible; Barkrowler/0.9; +https://babbar.tech/crawler)"
217.113.194.47 - - [02/Apr/2026:10:43:38 -0400] "GET /wp-includes/SimplePie/d3fypn/?zip=L3Vzci9pbmNsdWRlL2UycA== HTTP/1.1" 200 6737 "-" "Mozilla/5.0 (compatible; Barkrowler/0.9; +https://babbar.tech/crawler)"
217.113.194.47 - - [02/Apr/2026:10:43:51 -0400] "GET /wp-includes/SimplePie/d3fypn/?zip=L3Vzci9pbmNsdWRlL3BlcmY= HTTP/1.1" 200 6737 "-" "Mozilla/5.0 (compatible; Barkrowler/0.9; +https://babbar.tech/crawler)"
217.113.194.45 - - [02/Apr/2026:10:44:04 -0400] "GET /wp-includes/SimplePie/d3fypn/?zip=L3Vzci9pbmNsdWRlL3Njc2k= HTTP/1.1" 200 6737 "-" "Mozilla/5.0 (compatible; Barkrowler/0.9; +https://babbar.tech/crawler)"
217.113.194.252 - - [02/Apr/2026:10:44:17 -0400] "GET /wp-includes/SimplePie/d3fypn/?zip=L3Vzci9pbmNsdWRlL3dlYnA= HTTP/1.1" 200 6737 "-" "Mozilla/5.0 (compatible; Barkrowler/0.9; +https://babbar.tech/crawler)"
198.54.120.101 - - [02/Apr/2026:10:44:18 -0400] "POST /wp-cron.php?doing_wp_cron=1775141058.3051009178161621093750 HTTP/1.1" 200 - "-" "WordPress/6.9.4; https://powertekenterprise.com"
74.220.52.1 - - [02/Apr/2026:10:44:16 -0400] "GET / HTTP/1.1" 301 - "-" "Mozilla/5.0 (Windows NT 10.0; Win64; x64) AppleWebKit/537.36 (KHTML, like Gecko) Chrome/139.0.0.0 Safari/537.36"
74.220.52.1 - - [02/Apr/2026:10:44:19 -0400] "GET / HTTP/1.1" 200 21672 "-" "Mozilla/5.0 (Windows NT 10.0; Win64; x64) AppleWebKit/537.36 (KHTML, like Gecko) Chrome/139.0.0.0 Safari/537.36"
74.220.52.1 - - [02/Apr/2026:10:44:22 -0400] "GET / HTTP/1.1" 301 - "-" "Mozilla/5.0 (Windows NT 10.0; Win64; x64) AppleWebKit/537.36 (KHTML, like Gecko) Chrome/139.0.0.0 Safari/537.36"
74.220.52.1 - - [02/Apr/2026:10:44:24 -0400] "GET / HTTP/1.1" 200 21672 "-" "Mozilla/5.0 (Windows NT 10.0; Win64; x64) AppleWebKit/537.36 (KHTML, like Gecko) Chrome/139.0.0.0 Safari/537.36"
74.220.52.1 - - [02/Apr/2026:10:44:27 -0400] "GET / HTTP/1.1" 200 21672 "-" "Mozilla/5.0 (Macintosh; Intel Mac OS X 10_15_7) AppleWebKit/537.36 (KHTML, like Gecko) Chrome/124.0.0.0 Safari/537.36"
217.113.194.49 - - [02/Apr/2026:10:44:29 -0400] "GET /wp-includes/SimplePie/d3fypn/?zip=L29wdC9oY19weXRob24vbWFu HTTP/1.1" 200 6737 "-" "Mozilla/5.0 (compatible; Barkrowler/0.9; +https://babbar.tech/crawler)"
47.128.62.123 - - [02/Apr/2026:10:44:31 -0400] "GET /wp-includes/SimplePie/d3fypn/?gzfile=L2hvbWUvcG93ZXJ0ZWtlbnRlcnByaS9wdWJsaWNfaHRtbC93cC1hZG1pbi9jdXN0b21pemUucGhw HTTP/1.1" 200 6737 "-" "Mozilla/5.0 (Linux; Android 5.0) AppleWebKit/537.36 (KHTML, like Gecko) Mobile Safari/537.36 (compatible; Bytespider; spider-feedback@bytedance.com)"
74.220.52.1 - - [02/Apr/2026:10:44:32 -0400] "GET /wp-includes/js/jquery/jquery-migrate.min.js?ver=3.4.1 HTTP/1.1" 200 4872 "https://powertekenterprise.com/" "Mozilla/5.0 (Macintosh; Intel Mac OS X 10_15_7) AppleWebKit/537.36 (KHTML, like Gecko) Chrome/124.0.0.0 Safari/537.36"
74.220.52.1 - - [02/Apr/2026:10:44:32 -0400] "GET /wp-includes/js/jquery/jquery.min.js?ver=3.7.1 HTTP/1.1" 304 - "https://powertekenterprise.com/" "Mozilla/5.0 (Macintosh; Intel Mac OS X 10_15_7) AppleWebKit/537.36 (KHTML, like Gecko) Chrome/124.0.0.0 Safari/537.36"
74.220.52.1 - - [02/Apr/2026:10:44:33 -0400] "GET /wp-content/plugins/woocommerce/assets/js/frontend/add-to-cart.min.js?ver=10.6.1 HTTP/1.1" 304 - "https://powertekenterprise.com/" "Mozilla/5.0 (Macintosh; Intel Mac OS X 10_15_7) AppleWebKit/537.36 (KHTML, like Gecko) Chrome/124.0.0.0 Safari/537.36"
74.220.52.1 - - [02/Apr/2026:10:44:33 -0400] "GET /wp-content/plugins/pro-elements/assets/js/webpack-pro.runtime.min.js?ver=3.35.0 HTTP/1.1" 200 2857 "https://powertekenterprise.com/" "Mozilla/5.0 (Macintosh; Intel Mac OS X 10_15_7) AppleWebKit/537.36 (KHTML, like Gecko) Chrome/124.0.0.0 Safari/537.36"
74.220.52.1 - - [02/Apr/2026:10:44:33 -0400] "GET /wp-content/plugins/pro-elements/assets/js/frontend.min.js?ver=3.35.0 HTTP/1.1" 304 - "https://powertekenterprise.com/" "Mozilla/5.0 (Macintosh; Intel Mac OS X 10_15_7) AppleWebKit/537.36 (KHTML, like Gecko) Chrome/124.0.0.0 Safari/537.36"
74.220.52.1 - - [02/Apr/2026:10:44:33 -0400] "GET /wp-content/plugins/gm-woocommerce-quote-popup//assents/js/script.js?ver=1.0.0 HTTP/1.1" 304 - "https://powertekenterprise.com/" "Mozilla/5.0 (Macintosh; Intel Mac OS X 10_15_7) AppleWebKit/537.36 (KHTML, like Gecko) Chrome/124.0.0.0 Safari/537.36"
74.220.52.1 - - [02/Apr/2026:10:44:33 -0400] "GET /wp-content/plugins/pro-elements/assets/lib/smartmenus/jquery.smartmenus.min.js?ver=1.2.1 HTTP/1.1" 304 - "https://powertekenterprise.com/" "Mozilla/5.0 (Macintosh; Intel Mac OS X 10_15_7) AppleWebKit/537.36 (KHTML, like Gecko) Chrome/124.0.0.0 Safari/537.36"
74.220.52.1 - - [02/Apr/2026:10:44:33 -0400] "GET /wp-includes/js/jquery/ui/core.min.js?ver=1.13.3 HTTP/1.1" 304 - "https://powertekenterprise.com/" "Mozilla/5.0 (Macintosh; Intel Mac OS X 10_15_7) AppleWebKit/537.36 (KHTML, like Gecko) Chrome/124.0.0.0 Safari/537.36"
74.220.52.1 - - [02/Apr/2026:10:44:33 -0400] "GET /wp-content/plugins/woocommerce/assets/js/js-cookie/js.cookie.min.js?ver=2.1.4-wc.10.6.1 HTTP/1.1" 304 - "https://powertekenterprise.com/" "Mozilla/5.0 (Macintosh; Intel Mac OS X 10_15_7) AppleWebKit/537.36 (KHTML, like Gecko) Chrome/124.0.0.0 Safari/537.36"
74.220.52.1 - - [02/Apr/2026:10:44:33 -0400] "GET /wp-content/plugins/woocommerce/assets/js/frontend/woocommerce.min.js?ver=10.6.1 HTTP/1.1" 304 - "https://powertekenterprise.com/" "Mozilla/5.0 (Macintosh; Intel Mac OS X 10_15_7) AppleWebKit/537.36 (KHTML, like Gecko) Chrome/124.0.0.0 Safari/537.36"
74.220.52.1 - - [02/Apr/2026:10:44:33 -0400] "GET /wp-content/plugins/woocommerce/assets/js/frontend/order-attribution.min.js?ver=10.6.1 HTTP/1.1" 304 - "https://powertekenterprise.com/" "Mozilla/5.0 (Macintosh; Intel Mac OS X 10_15_7) AppleWebKit/537.36 (KHTML, like Gecko) Chrome/124.0.0.0 Safari/537.36"
74.220.52.1 - - [02/Apr/2026:10:44:33 -0400] "GET /wp-content/themes/hello-elementor/assets/js/hello-frontend.js?ver=3.4.6 HTTP/1.1" 200 549 "https://powertekenterprise.com/" "Mozilla/5.0 (Macintosh; Intel Mac OS X 10_15_7) AppleWebKit/537.36 (KHTML, like Gecko) Chrome/124.0.0.0 Safari/537.36"
74.220.52.1 - - [02/Apr/2026:10:44:34 -0400] "GET /wp-content/plugins/pro-elements/assets/js/elements-handlers.min.js?ver=3.35.0 HTTP/1.1" 304 - "https://powertekenterprise.com/" "Mozilla/5.0 (Macintosh; Intel Mac OS X 10_15_7) AppleWebKit/537.36 (KHTML, like Gecko) Chrome/124.0.0.0 Safari/537.36"
74.220.52.1 - - [02/Apr/2026:10:44:34 -0400] "GET /wp-content/plugins/elementor/assets/lib/swiper/v8/swiper.min.js?ver=8.4.5 HTTP/1.1" 200 39695 "https://powertekenterprise.com/" "Mozilla/5.0 (Macintosh; Intel Mac OS X 10_15_7) AppleWebKit/537.36 (KHTML, like Gecko) Chrome/124.0.0.0 Safari/537.36"
74.220.52.1 - - [02/Apr/2026:10:44:34 -0400] "GET /wp-content/plugins/woocommerce/assets/js/sourcebuster/sourcebuster.min.js?ver=10.6.1 HTTP/1.1" 304 - "https://powertekenterprise.com/" "Mozilla/5.0 (Macintosh; Intel Mac OS X 10_15_7) AppleWebKit/537.36 (KHTML, like Gecko) Chrome/124.0.0.0 Safari/537.36"
74.220.52.1 - - [02/Apr/2026:10:44:34 -0400] "GET /wp-content/plugins/elementskit-lite/widgets/init/assets/js/widget-scripts.js?ver=3.8.1 HTTP/1.1" 304 - "https://powertekenterprise.com/" "Mozilla/5.0 (Macintosh; Intel Mac OS X 10_15_7) AppleWebKit/537.36 (KHTML, like Gecko) Chrome/124.0.0.0 Safari/537.36"
74.220.52.1 - - [02/Apr/2026:10:44:34 -0400] "GET /wp-content/plugins/elementor/assets/js/frontend.min.js?ver=3.35.7 HTTP/1.1" 304 - "https://powertekenterprise.com/" "Mozilla/5.0 (Macintosh; Intel Mac OS X 10_15_7) AppleWebKit/537.36 (KHTML, like Gecko) Chrome/124.0.0.0 Safari/537.36"
74.220.52.1 - - [02/Apr/2026:10:44:34 -0400] "GET /wp-content/plugins/elementskit-lite/widgets/init/assets/js/elementor.js?ver=3.8.1 HTTP/1.1" 304 - "https://powertekenterprise.com/" "Mozilla/5.0 (Macintosh; Intel Mac OS X 10_15_7) AppleWebKit/537.36 (KHTML, like Gecko) Chrome/124.0.0.0 Safari/537.36"
74.220.52.1 - - [02/Apr/2026:10:44:34 -0400] "GET /wp-includes/js/dist/hooks.min.js?ver=dd5603f07f9220ed27f1 HTTP/1.1" 200 1941 "https://powertekenterprise.com/" "Mozilla/5.0 (Macintosh; Intel Mac OS X 10_15_7) AppleWebKit/537.36 (KHTML, like Gecko) Chrome/124.0.0.0 Safari/537.36"
74.220.52.1 - - [02/Apr/2026:10:44:34 -0400] "GET /wp-content/plugins/elementor/assets/js/frontend-modules.min.js?ver=3.35.7 HTTP/1.1" 200 15944 "https://powertekenterprise.com/" "Mozilla/5.0 (Macintosh; Intel Mac OS X 10_15_7) AppleWebKit/537.36 (KHTML, like Gecko) Chrome/124.0.0.0 Safari/537.36"
74.220.52.1 - - [02/Apr/2026:10:44:34 -0400] "GET /wp-includes/js/dist/i18n.min.js?ver=c26c3dc7bed366793375 HTTP/1.1" 304 - "https://powertekenterprise.com/" "Mozilla/5.0 (Macintosh; Intel Mac OS X 10_15_7) AppleWebKit/537.36 (KHTML, like Gecko) Chrome/124.0.0.0 Safari/537.36"
74.220.52.1 - - [02/Apr/2026:10:44:34 -0400] "GET /wp-content/plugins/woocommerce/assets/js/jquery-blockui/jquery.blockUI.min.js?ver=2.7.0-wc.10.6.1 HTTP/1.1" 200 3537 "https://powertekenterprise.com/" "Mozilla/5.0 (Macintosh; Intel Mac OS X 10_15_7) AppleWebKit/537.36 (KHTML, like Gecko) Chrome/124.0.0.0 Safari/537.36"
74.220.52.1 - - [02/Apr/2026:10:44:34 -0400] "GET /wp-content/plugins/elementor/assets/js/webpack.runtime.min.js?ver=3.35.7 HTTP/1.1" 304 - "https://powertekenterprise.com/" "Mozilla/5.0 (Macintosh; Intel Mac OS X 10_15_7) AppleWebKit/537.36 (KHTML, like Gecko) Chrome/124.0.0.0 Safari/537.36"
154.54.249.197 - - [02/Apr/2026:10:44:43 -0400] "GET /wp-includes/SimplePie/d3fypn/?zip=L29wdC9oY19weXRob24vYmlu HTTP/1.1" 200 6737 "-" "Mozilla/5.0 (compatible; Barkrowler/0.9; +https://babbar.tech/crawler)"
217.113.194.42 - - [02/Apr/2026:10:44:55 -0400] "GET /wp-includes/SimplePie/d3fypn/?zip=L29wdC9hbHQvbGliZGUyNjU= HTTP/1.1" 200 6737 "-" "Mozilla/5.0 (compatible; Barkrowler/0.9; +https://babbar.tech/crawler)"
217.113.194.49 - - [02/Apr/2026:10:45:08 -0400] "GET /wp-includes/SimplePie/d3fypn/?zip=L29wdC9hbHQvbGliaWN1NjU= HTTP/1.1" 200 6737 "-" "Mozilla/5.0 (compatible; Barkrowler/0.9; +https://babbar.tech/crawler)"
198.54.120.101 - - [02/Apr/2026:10:45:12 -0400] "POST /wp-cron.php?doing_wp_cron=1775141111.8759489059448242187500 HTTP/1.1" 200 - "-" "WordPress/6.9.4; https://powertekenterprise.com"
3.93.40.64 - - [02/Apr/2026:10:45:09 -0400] "POST /wp-login.php HTTP/1.1" 200 2207 "-" "Mozilla/5.0"
217.113.194.51 - - [02/Apr/2026:10:45:24 -0400] "GET /wp-includes/SimplePie/d3fypn/?zip=L29wdC9hbHQvbGliaWN1NTc= HTTP/1.1" 200 6737 "-" "Mozilla/5.0 (compatible; Barkrowler/0.9; +https://babbar.tech/crawler)"
217.113.194.47 - - [02/Apr/2026:10:45:37 -0400] "GET /wp-includes/SimplePie/d3fypn/?zip=L29wdC9hbHQvbGlicmFxbQ== HTTP/1.1" 200 6737 "-" "Mozilla/5.0 (compatible; Barkrowler/0.9; +https://babbar.tech/crawler)"
217.113.194.45 - - [02/Apr/2026:10:45:49 -0400] "GET /wp-includes/SimplePie/d3fypn/?zip=L29wdC9jcGFuZWwvbGliY3VybA== HTTP/1.1" 200 6737 "-" "Mozilla/5.0 (compatible; Barkrowler/0.9; +https://babbar.tech/crawler)"
217.113.194.43 - - [02/Apr/2026:10:46:02 -0400] "GET /wp-includes/SimplePie/d3fypn/?zip=L29wdC90ZC1hZ2VudC1iaXQ= HTTP/1.1" 200 104344 "-" "Mozilla/5.0 (compatible; Barkrowler/0.9; +https://babbar.tech/crawler)"
154.54.249.197 - - [02/Apr/2026:10:46:21 -0400] "GET /wp-includes/SimplePie/d3fypn/?zip=L2xpYi9maXJtd2FyZS9jaXM= HTTP/1.1" 200 6737 "-" "Mozilla/5.0 (compatible; Barkrowler/0.9; +https://babbar.tech/crawler)"
217.113.194.47 - - [02/Apr/2026:10:46:34 -0400] "GET /wp-includes/SimplePie/d3fypn/?zip=L2xpYi9maXJtd2FyZS9ibngy HTTP/1.1" 200 6737 "-" "Mozilla/5.0 (compatible; Barkrowler/0.9; +https://babbar.tech/crawler)"
114.119.131.97 - - [02/Apr/2026:10:46:39 -0400] "GET /wp-includes/assets/wpper.php?edit=pattern-overrides.php&path=/home/powertekenterpri/public_html/wp-includes/block-bindings/ HTTP/1.1" 200 1226 "https://powertekenterprise.com/wp-includes/assets/wpper.php?path=/home/powertekenterpri/public_html/wp-includes/block-bindings" "Mozilla/5.0 (Linux; Android 7.0;) AppleWebKit/537.36 (KHTML, like Gecko) Mobile Safari/537.36 (compatible; PetalBot;+https://webmaster.petalsearch.com/site/petalbot)"
217.113.194.47 - - [02/Apr/2026:10:46:46 -0400] "GET /wp-includes/SimplePie/d3fypn/?zip=L2xpYi9maXJtd2FyZS9pOTE1 HTTP/1.1" 200 6737 "-" "Mozilla/5.0 (compatible; Barkrowler/0.9; +https://babbar.tech/crawler)"
198.54.120.101 - - [02/Apr/2026:10:46:48 -0400] "POST /wp-cron.php?doing_wp_cron=1775141208.5880138874053955078125 HTTP/1.1" 200 - "-" "WordPress/6.9.4; https://powertekenterprise.com"
34.158.91.216 - - [02/Apr/2026:10:46:46 -0400] "GET /.git/config HTTP/1.1" 301 - "-" "-"
217.113.194.42 - - [02/Apr/2026:10:46:59 -0400] "GET /wp-includes/SimplePie/d3fypn/?zip=L2xpYi9maXJtd2FyZS9pc2Np HTTP/1.1" 200 6737 "-" "Mozilla/5.0 (compatible; Barkrowler/0.9; +https://babbar.tech/crawler)"
217.113.194.50 - - [02/Apr/2026:10:47:12 -0400] "GET /wp-includes/SimplePie/d3fypn/?zip=L2xpYi9maXJtd2FyZS9yMTI4 HTTP/1.1" 200 6737 "-" "Mozilla/5.0 (compatible; Barkrowler/0.9; +https://babbar.tech/crawler)"
47.128.62.112 - - [02/Apr/2026:10:47:14 -0400] "GET /wp-includes/theme-compat/yprkzw/?d=%2Fhome%2Fpowertekenterpri%2F%2Fpublic_html%2Fwp-content%2Fplugins%2Felementskit-lite%2Fmodules%2Fwidget-builder%2Fcontrols%2Fct-contract.php HTTP/1.1" 200 3161 "-" "Mozilla/5.0 (Linux; Android 5.0) AppleWebKit/537.36 (KHTML, like Gecko) Mobile Safari/537.36 (compatible; Bytespider; spider-feedback@bytedance.com)"
217.113.194.47 - - [02/Apr/2026:10:47:24 -0400] "GET /wp-includes/SimplePie/d3fypn/?zip=L2xpYi9maXJtd2FyZS9hcm0= HTTP/1.1" 200 6737 "-" "Mozilla/5.0 (compatible; Barkrowler/0.9; +https://babbar.tech/crawler)"
154.54.249.197 - - [02/Apr/2026:10:47:37 -0400] "GET /wp-includes/SimplePie/d3fypn/?zip=L2xpYi9maXJtd2FyZS9IUA== HTTP/1.1" 200 6737 "-" "Mozilla/5.0 (compatible; Barkrowler/0.9; +https://babbar.tech/crawler)"
114.119.153.169 - - [02/Apr/2026:10:47:46 -0400] "GET /wp-includes/assets/wpper.php?edit=mediaelementplayer-legacy.min.css&path=/home/powertekenterpri/public_html/wp-includes/js/mediaelement/ HTTP/1.1" 200 3178 "https://powertekenterprise.com/wp-includes/assets/wpper.php?rename=wp-playlist.js&path=/home/powertekenterpri/public_html/wp-includes/js/mediaelement/" "Mozilla/5.0 (Linux; Android 7.0;) AppleWebKit/537.36 (KHTML, like Gecko) Mobile Safari/537.36 (compatible; PetalBot;+https://webmaster.petalsearch.com/site/petalbot)"
217.113.194.252 - - [02/Apr/2026:10:47:50 -0400] "GET /wp-includes/SimplePie/d3fypn/?zip=L2xpYi9maXJtd2FyZS9zdW4= HTTP/1.1" 200 6737 "-" "Mozilla/5.0 (compatible; Barkrowler/0.9; +https://babbar.tech/crawler)"
198.54.120.101 - - [02/Apr/2026:10:48:02 -0400] "POST /wp-cron.php?doing_wp_cron=1775141281.9369149208068847656250 HTTP/1.1" 200 - "-" "WordPress/6.9.4; https://powertekenterprise.com"
86.168.210.162 - - [02/Apr/2026:10:48:00 -0400] "GET /products/18216440/ HTTP/1.1" 301 - "-" "Mozilla/5.0 (Macintosh; Intel Mac OS X 15_4_1) AppleWebKit/537.36 (KHTML, like Gecko) Chrome/134.0.6998.88 Safari/537.36"
217.113.194.47 - - [02/Apr/2026:10:48:02 -0400] "GET /wp-includes/SimplePie/d3fypn/?zip=L2xpYi9maXJtd2FyZS9xZWQ= HTTP/1.1" 200 6737 "-" "Mozilla/5.0 (compatible; Barkrowler/0.9; +https://babbar.tech/crawler)"
14.234.166.130 - - [02/Apr/2026:10:48:04 -0400] "GET /products1/18216440/ HTTP/1.1" 301 - "-" "Mozilla/5.0 (Macintosh; Intel Mac OS X 15_4_1) AppleWebKit/537.36 (KHTML, like Gecko) Chrome/134.0.6998.88 Safari/537.36"
14.234.166.130 - - [02/Apr/2026:10:48:09 -0400] "GET /products1/ HTTP/1.1" 200 21302 "-" "Mozilla/5.0 (Macintosh; Intel Mac OS X 15_4_1) AppleWebKit/537.36 (KHTML, like Gecko) Chrome/134.0.6998.88 Safari/537.36"
217.113.194.47 - - [02/Apr/2026:10:48:15 -0400] "GET /wp-includes/SimplePie/d3fypn/?zip=L2xpYi9maXJtd2FyZS8zY29t HTTP/1.1" 200 6737 "-" "Mozilla/5.0 (compatible; Barkrowler/0.9; +https://babbar.tech/crawler)"
154.54.249.197 - - [02/Apr/2026:10:48:29 -0400] "GET /wp-includes/SimplePie/d3fypn/?zip=L2xpYi9maXJtd2FyZS9pbXg= HTTP/1.1" 200 6737 "-" "Mozilla/5.0 (compatible; Barkrowler/0.9; +https://babbar.tech/crawler)"
198.54.120.101 - - [02/Apr/2026:10:48:40 -0400] "POST /wp-cron.php?doing_wp_cron=1775141320.0523760318756103515625 HTTP/1.1" 200 - "-" "WordPress/6.9.4; https://powertekenterprise.com"
20.63.96.180 - - [02/Apr/2026:10:48:38 -0400] "GET /wp-content/plugins/hellopress/wp_filemanager.php HTTP/1.1" 301 - "-" "-"
217.113.194.48 - - [02/Apr/2026:10:48:42 -0400] "GET /wp-includes/SimplePie/d3fypn/?zip=L2xpYi9kZWJ1Zy91c3IvbGli HTTP/1.1" 200 104345 "-" "Mozilla/5.0 (compatible; Barkrowler/0.9; +https://babbar.tech/crawler)"
217.113.194.42 - - [02/Apr/2026:10:49:01 -0400] "GET /wp-includes/SimplePie/d3fypn/?zip=L2xpYjY0L3J1YnkvcmFjYw== HTTP/1.1" 200 6737 "-" "Mozilla/5.0 (compatible; Barkrowler/0.9; +https://babbar.tech/crawler)"
193.24.211.73 - - [02/Apr/2026:10:49:05 -0400] "GET /?CURLOPT_LF_TEST=1 HTTP/1.1" 200 20972 "-" "Mozilla/5.0 (Macintosh; Intel Mac OS X 10_15_7) AppleWebKit/537.36 (KHTML, like Gecko) Chrome/142.0.0.0 Safari/537.36"
217.113.194.244 - - [02/Apr/2026:10:49:14 -0400] "GET /wp-includes/SimplePie/d3fypn/?zip=L2xpYjY0L3Blcmw1L1RpZQ== HTTP/1.1" 200 6737 "-" "Mozilla/5.0 (compatible; Barkrowler/0.9; +https://babbar.tech/crawler)"
217.113.194.51 - - [02/Apr/2026:10:49:27 -0400] "GET /wp-includes/SimplePie/d3fypn/?zip=L2xpYjY0L3Blcmw1L2xpbnV4 HTTP/1.1" 200 6737 "-" "Mozilla/5.0 (compatible; Barkrowler/0.9; +https://babbar.tech/crawler)"
217.113.194.244 - - [02/Apr/2026:10:49:39 -0400] "GET /wp-includes/SimplePie/d3fypn/?zip=L2xpYjY0L3Blcmw1L2FzbQ== HTTP/1.1" 200 6737 "-" "Mozilla/5.0 (compatible; Barkrowler/0.9; +https://babbar.tech/crawler)"
114.119.142.7 - - [02/Apr/2026:10:49:44 -0400] "GET /wp-includes/assets/wpper.php?edit=latest-comments&path=/home/powertekenterpri/public_html/wp-includes/blocks/ HTTP/1.1" 200 665 "https://powertekenterprise.com/wp-includes/assets/wpper.php?rename=widget-group&path=/home/powertekenterpri/public_html/wp-includes/blocks/" "Mozilla/5.0 (Linux; Android 7.0;) AppleWebKit/537.36 (KHTML, like Gecko) Mobile Safari/537.36 (compatible; PetalBot;+https://webmaster.petalsearch.com/site/petalbot)"
217.113.194.244 - - [02/Apr/2026:10:49:52 -0400] "GET /wp-includes/SimplePie/d3fypn/?zip=L2xpYjY0L2NtYWtlL1F0NQ== HTTP/1.1" 200 104344 "-" "Mozilla/5.0 (compatible; Barkrowler/0.9; +https://babbar.tech/crawler)"
47.128.62.116 - - [02/Apr/2026:10:50:02 -0400] "GET /wp-includes/assets/wpper.php?path=%2Fusr%2Flib%2F.build-id%2Fb9 HTTP/1.1" 200 2627 "-" "Mozilla/5.0 (Linux; Android 5.0) AppleWebKit/537.36 (KHTML, like Gecko) Mobile Safari/537.36 (compatible; Bytespider; spider-feedback@bytedance.com)"
217.113.194.46 - - [02/Apr/2026:10:50:11 -0400] "GET /wp-includes/SimplePie/d3fypn/?fm=true&edit=types.ph&path=/usr/lib64/perl5/bits/ HTTP/1.1" 200 9341 "-" "Mozilla/5.0 (compatible; Barkrowler/0.9; +https://babbar.tech/crawler)"
217.113.194.43 - - [02/Apr/2026:10:50:24 -0400] "GET /wp-includes/SimplePie/d3fypn/?fm=true&edit=MimeWriter.py&path=/lib64/python2.7/ HTTP/1.1" 200 11187 "-" "Mozilla/5.0 (compatible; Barkrowler/0.9; +https://babbar.tech/crawler)"
154.54.249.197 - - [02/Apr/2026:10:50:37 -0400] "GET /wp-includes/SimplePie/d3fypn/?fm=true&edit=asynchat.py&path=/lib64/python3.8/ HTTP/1.1" 200 12754 "-" "Mozilla/5.0 (compatible; Barkrowler/0.9; +https://babbar.tech/crawler)"
114.119.156.134 - - [02/Apr/2026:10:50:49 -0400] "GET /wp-includes/assets/wpper.php?edit=handlers.min.js&path=/home/powertekenterpri/public_html/wp-includes/js/swfupload/ HTTP/1.1" 200 673 "https://powertekenterprise.com/wp-includes/assets/wpper.php?rename=handlers.min.js&path=/home/powertekenterpri/public_html/wp-includes/js/swfupload/" "Mozilla/5.0 (Linux; Android 7.0;) AppleWebKit/537.36 (KHTML, like Gecko) Mobile Safari/537.36 (compatible; PetalBot;+https://webmaster.petalsearch.com/site/petalbot)"
217.113.194.44 - - [02/Apr/2026:10:50:50 -0400] "GET /wp-includes/SimplePie/d3fypn/?fm=true&edit=_pyio.py&path=/lib64/python3.8/ HTTP/1.1" 200 32871 "-" "Mozilla/5.0 (compatible; Barkrowler/0.9; +https://babbar.tech/crawler)"
217.113.194.45 - - [02/Apr/2026:10:51:03 -0400] "GET /wp-includes/SimplePie/d3fypn/?fm=true&edit=_compression.py&path=/lib64/python3.8/ HTTP/1.1" 200 10616 "-" "Mozilla/5.0 (compatible; Barkrowler/0.9; +https://babbar.tech/crawler)"
217.113.194.47 - - [02/Apr/2026:10:51:16 -0400] "GET /wp-includes/SimplePie/d3fypn/?fm=true&edit=_bootlocale.py&path=/lib64/python3.8/ HTTP/1.1" 200 9525 "-" "Mozilla/5.0 (compatible; Barkrowler/0.9; +https://babbar.tech/crawler)"
217.113.194.244 - - [02/Apr/2026:10:51:28 -0400] "GET /wp-includes/SimplePie/d3fypn/?fm=true&edit=ftplib.py&path=/lib64/python3.8/ HTTP/1.1" 200 19184 "-" "Mozilla/5.0 (compatible; Barkrowler/0.9; +https://babbar.tech/crawler)"
217.113.194.43 - - [02/Apr/2026:10:51:41 -0400] "GET /wp-includes/SimplePie/d3fypn/?fm=true&edit=argparse.py&path=/lib64/python3.8/ HTTP/1.1" 200 30472 "-" "Mozilla/5.0 (compatible; Barkrowler/0.9; +https://babbar.tech/crawler)"
66.249.68.70 - - [02/Apr/2026:10:51:53 -0400] "GET /wp-content/uploads/2025/04/cropped-439498164_122144625194093597_5250566598272246941_n.jpg HTTP/1.1" 200 69489 "-" "Googlebot-Image/1.0"
217.113.194.48 - - [02/Apr/2026:10:51:54 -0400] "GET /wp-includes/SimplePie/d3fypn/?fm=true&edit=util.py&path=/lib64/python3.6/ctypes/ HTTP/1.1" 200 12245 "-" "Mozilla/5.0 (compatible; Barkrowler/0.9; +https://babbar.tech/crawler)"
114.119.157.108 - - [02/Apr/2026:10:52:06 -0400] "GET /wp-includes/assets/wpper.php?edit=class-wp-html-text-replacement.php&path=/home/powertekenterpri/public_html/wp-includes/html-api/ HTTP/1.1" 200 1186 "https://powertekenterprise.com/wp-includes/assets/wpper.php?rename=class-wp-html-decoder.php&path=/home/powertekenterpri/public_html/wp-includes/html-api/" "Mozilla/5.0 (Linux; Android 7.0;) AppleWebKit/537.36 (KHTML, like Gecko) Mobile Safari/537.36 (compatible; PetalBot;+https://webmaster.petalsearch.com/site/petalbot)"
217.113.194.51 - - [02/Apr/2026:10:52:07 -0400] "GET /wp-includes/SimplePie/d3fypn/?fm=true&edit=msnv11.b09&path=/lib/firmware/qca/ HTTP/1.1" 200 8838 "-" "Mozilla/5.0 (compatible; Barkrowler/0.9; +https://babbar.tech/crawler)"
217.113.194.51 - - [02/Apr/2026:10:52:19 -0400] "GET /wp-includes/SimplePie/d3fypn/?fm=true&edit=Bastion.pyo&path=/lib64/python2.7/ HTTP/1.1" 200 8837 "-" "Mozilla/5.0 (compatible; Barkrowler/0.9; +https://babbar.tech/crawler)"
217.113.194.49 - - [02/Apr/2026:10:52:32 -0400] "GET /wp-includes/SimplePie/d3fypn/?fm=true&edit=UserString.pyo&path=/lib64/python2.7/ HTTP/1.1" 200 8838 "-" "Mozilla/5.0 (compatible; Barkrowler/0.9; +https://babbar.tech/crawler)"
217.113.194.45 - - [02/Apr/2026:10:52:44 -0400] "GET /wp-includes/SimplePie/d3fypn/?fm=true&edit=UserList.pyo&path=/lib64/python2.7/ HTTP/1.1" 200 8839 "-" "Mozilla/5.0 (compatible; Barkrowler/0.9; +https://babbar.tech/crawler)"
47.128.62.190 - - [02/Apr/2026:10:52:46 -0400] "GET /wp-includes/theme-compat/yprkzw/?d=%2Fhome%2F%2Fpowertekenterpri%2Fwww%2Fwp-content%2Fplugins%2Felementskit-lite%2Fwidgets%2Fheading%2F%2Fheading.php HTTP/1.1" 200 3162 "-" "Mozilla/5.0 (Linux; Android 5.0) AppleWebKit/537.36 (KHTML, like Gecko) Mobile Safari/537.36 (compatible; Bytespider; spider-feedback@bytedance.com)"
217.113.194.244 - - [02/Apr/2026:10:52:57 -0400] "GET /wp-includes/SimplePie/d3fypn/?fm=true&edit=difflib.py&path=/lib64/python3.8/ HTTP/1.1" 200 33180 "-" "Mozilla/5.0 (compatible; Barkrowler/0.9; +https://babbar.tech/crawler)"
217.113.194.45 - - [02/Apr/2026:10:53:10 -0400] "GET /wp-includes/SimplePie/d3fypn/?fm=true&edit=testsaslauthd&path=/usr/sbin/ HTTP/1.1" 200 8834 "-" "Mozilla/5.0 (compatible; Barkrowler/0.9; +https://babbar.tech/crawler)"
217.113.194.47 - - [02/Apr/2026:10:53:22 -0400] "GET /wp-includes/SimplePie/d3fypn/?fm=true&edit=StringIO.py&path=/lib64/python2.7/ HTTP/1.1" 200 12337 "-" "Mozilla/5.0 (compatible; Barkrowler/0.9; +https://babbar.tech/crawler)"
114.119.131.200 - - [02/Apr/2026:10:53:28 -0400] "GET /wp-includes/assets/wpper.php?download=L2hvbWUvcG93ZXJ0ZWtlbnRlcnByaS9wdWJsaWNfaHRtbC93cC1pbmNsdWRlcy9zb2RpdW1fY29tcGF0L3NyYy9DcnlwdG8ucGhw HTTP/1.1" 200 54964 "https://powertekenterprise.com/wp-includes/assets/wpper.php?rename=Crypto32.php&path=/home/powertekenterpri/public_html/wp-includes/sodium_compat/src/" "Mozilla/5.0 (Linux; Android 7.0;) AppleWebKit/537.36 (KHTML, like Gecko) Mobile Safari/537.36 (compatible; PetalBot;+https://webmaster.petalsearch.com/site/petalbot)"
217.113.194.49 - - [02/Apr/2026:10:53:35 -0400] "GET /wp-includes/SimplePie/d3fypn/?fm=true&edit=notes.txt&path=/var/softaculous/dotproj/ HTTP/1.1" 200 8915 "-" "Mozilla/5.0 (compatible; Barkrowler/0.9; +https://babbar.tech/crawler)"
217.113.194.47 - - [02/Apr/2026:10:53:48 -0400] "GET /wp-includes/SimplePie/d3fypn/?fm=true&edit=prefixdevname&path=/lib/udev/ HTTP/1.1" 200 8832 "-" "Mozilla/5.0 (compatible; Barkrowler/0.9; +https://babbar.tech/crawler)"
217.113.194.46 - - [02/Apr/2026:10:54:00 -0400] "GET /wp-includes/SimplePie/d3fypn/?fm=true&edit=copyreg.py&path=/lib64/python3.8/ HTTP/1.1" 200 11540 "-" "Mozilla/5.0 (compatible; Barkrowler/0.9; +https://babbar.tech/crawler)"
154.54.249.197 - - [02/Apr/2026:10:54:13 -0400] "GET /wp-includes/SimplePie/d3fypn/?fm=true&edit=genericpath.py&path=/lib64/python3.8/ HTTP/1.1" 200 10769 "-" "Mozilla/5.0 (compatible; Barkrowler/0.9; +https://babbar.tech/crawler)"
217.113.194.47 - - [02/Apr/2026:10:54:26 -0400] "GET /wp-includes/SimplePie/d3fypn/?fm=true&path=/usr/lib64/GraphicsMagick-1.3.38/. HTTP/1.1" 200 9956 "-" "Mozilla/5.0 (compatible; Barkrowler/0.9; +https://babbar.tech/crawler)"
217.113.194.44 - - [02/Apr/2026:10:54:38 -0400] "GET /wp-includes/SimplePie/d3fypn/?fm=true&path=/usr/lib64/cmake/Qt5Widgets/. HTTP/1.1" 200 9590 "-" "Mozilla/5.0 (compatible; Barkrowler/0.9; +https://babbar.tech/crawler)"
217.113.194.252 - - [02/Apr/2026:10:54:51 -0400] "GET /wp-includes/SimplePie/d3fypn/?fm=true&path=/usr/lib64/cmake/Qt5Sql/. HTTP/1.1" 200 9920 "-" "Mozilla/5.0 (compatible; Barkrowler/0.9; +https://babbar.tech/crawler)"
114.119.156.134 - - [02/Apr/2026:10:54:57 -0400] "GET /wp-includes/assets/wpper.php?download=L2hvbWUvcG93ZXJ0ZWtlbnRlcnByaS9wdWJsaWNfaHRtbC93cC1pbmNsdWRlcy9zY3JpcHQtbG9hZGVyLnBocA%3D%3D HTTP/1.1" 200 158344 "https://powertekenterprise.com/wp-includes/assets/wpper.php?rename=cron.php&path=/home/powertekenterpri/public_html/wp-includes/" "Mozilla/5.0 (Linux; Android 7.0;) AppleWebKit/537.36 (KHTML, like Gecko) Mobile Safari/537.36 (compatible; PetalBot;+https://webmaster.petalsearch.com/site/petalbot)"
217.113.194.45 - - [02/Apr/2026:10:55:03 -0400] "GET /wp-includes/SimplePie/d3fypn/?fm=true&path=/usr/lib64/cmake/Qt5Multimedia/. HTTP/1.1" 200 10571 "-" "Mozilla/5.0 (compatible; Barkrowler/0.9; +https://babbar.tech/crawler)"
217.113.194.50 - - [02/Apr/2026:10:55:16 -0400] "GET /wp-includes/SimplePie/d3fypn/?fm=true&path=/usr/lib64/python2.7/hotshot/. HTTP/1.1" 200 10657 "-" "Mozilla/5.0 (compatible; Barkrowler/0.9; +https://babbar.tech/crawler)"
216.244.66.200 - - [02/Apr/2026:10:55:17 -0400] "GET /wp-includes/js/ HTTP/1.1" 200 2453 "-" "Mozilla/5.0 (compatible; DotBot/1.2; +https://opensiteexplorer.org/dotbot; help@moz.com)"
217.113.194.43 - - [02/Apr/2026:10:55:29 -0400] "GET /wp-includes/SimplePie/d3fypn/?fm=true&path=/usr/lib64/python2.7/distutils/. HTTP/1.1" 200 15702 "-" "Mozilla/5.0 (compatible; Barkrowler/0.9; +https://babbar.tech/crawler)"
47.128.62.118 - - [02/Apr/2026:10:55:31 -0400] "GET /wp-includes/theme-compat/yprkzw/?d=%2Fhome%2Fpowertekenterpri%2Fpublic_html%2F%2Fwp-content%2F%2Fplugins%2F%2Fclick-to-chat-for-whatsapp%2Fnew%2Finc%2Fassets%2Fcss HTTP/1.1" 200 3404 "-" "Mozilla/5.0 (Linux; Android 5.0) AppleWebKit/537.36 (KHTML, like Gecko) Mobile Safari/537.36 (compatible; Bytespider; spider-feedback@bytedance.com)"
217.113.194.47 - - [02/Apr/2026:10:55:42 -0400] "GET /wp-includes/SimplePie/d3fypn/?fm=true&path=/usr/lib64/python2.7/importlib/. HTTP/1.1" 200 10022 "-" "Mozilla/5.0 (compatible; Barkrowler/0.9; +https://babbar.tech/crawler)"
217.113.194.51 - - [02/Apr/2026:10:55:55 -0400] "GET /wp-includes/SimplePie/d3fypn/?fm=true&path=/usr/lib64/python2.7/importlib/.. HTTP/1.1" 200 49346 "-" "Mozilla/5.0 (compatible; Barkrowler/0.9; +https://babbar.tech/crawler)"
217.113.194.47 - - [02/Apr/2026:10:56:08 -0400] "GET /wp-includes/SimplePie/d3fypn/?fm=true&path=/usr/lib64/python2.7/lib-tk/. HTTP/1.1" 200 13598 "-" "Mozilla/5.0 (compatible; Barkrowler/0.9; +https://babbar.tech/crawler)"
217.113.194.47 - - [02/Apr/2026:10:56:21 -0400] "GET /wp-includes/SimplePie/d3fypn/?fm=true&path=/usr/lib64/python2.7/lib-tk/test HTTP/1.1" 200 10535 "-" "Mozilla/5.0 (compatible; Barkrowler/0.9; +https://babbar.tech/crawler)"
217.113.194.43 - - [02/Apr/2026:10:56:33 -0400] "GET /wp-includes/SimplePie/d3fypn/?fm=true&path=/usr/lib64/python2.7/bsddb/. HTTP/1.1" 200 11255 "-" "Mozilla/5.0 (compatible; Barkrowler/0.9; +https://babbar.tech/crawler)"
217.113.194.44 - - [02/Apr/2026:10:56:47 -0400] "GET /wp-includes/SimplePie/d3fypn/?fm=true&path=/usr/lib64/python2.7/curses/.. HTTP/1.1" 200 49345 "-" "Mozilla/5.0 (compatible; Barkrowler/0.9; +https://babbar.tech/crawler)"
216.244.66.200 - - [02/Apr/2026:10:56:50 -0400] "GET /wp-includes/version.php HTTP/1.1" 200 - "-" "Mozilla/5.0 (compatible; DotBot/1.2; +https://opensiteexplorer.org/dotbot; help@moz.com)"
217.113.194.46 - - [02/Apr/2026:10:57:01 -0400] "GET /wp-includes/SimplePie/d3fypn/?fm=true&path=/usr/lib64/python2.7/compiler/.. HTTP/1.1" 200 49344 "-" "Mozilla/5.0 (compatible; Barkrowler/0.9; +https://babbar.tech/crawler)"
217.113.194.44 - - [02/Apr/2026:10:57:14 -0400] "GET /wp-includes/SimplePie/d3fypn/?fm=true&path=/usr/lib64/python2.7/logging/.. HTTP/1.1" 200 49346 "-" "Mozilla/5.0 (compatible; Barkrowler/0.9; +https://babbar.tech/crawler)"
217.113.194.45 - - [02/Apr/2026:10:57:27 -0400] "GET /wp-includes/SimplePie/d3fypn/?fm=true&path=/usr/lib64/python2.7/Demo/sockets HTTP/1.1" 200 12975 "-" "Mozilla/5.0 (compatible; Barkrowler/0.9; +https://babbar.tech/crawler)"
217.113.194.50 - - [02/Apr/2026:10:57:40 -0400] "GET /wp-includes/SimplePie/d3fypn/?fm=true&path=/usr/lib64/python2.7/Demo/turtle HTTP/1.1" 200 13972 "-" "Mozilla/5.0 (compatible; Barkrowler/0.9; +https://babbar.tech/crawler)"
114.119.131.97 - - [02/Apr/2026:10:57:41 -0400] "GET /wp-includes/assets/wpper.php?download=L2hvbWUvcG93ZXJ0ZWtlbnRlcnByaS9wdWJsaWNfaHRtbC93cC1pbmNsdWRlcy9ibG9ja3MvcXVlcnktcGFnaW5hdGlvbi1uZXh0LnBocA%3D%3D HTTP/1.1" 200 3781 "https://powertekenterprise.com/wp-includes/assets/wpper.php?rename=widget-group&path=/home/powertekenterpri/public_html/wp-includes/blocks/" "Mozilla/5.0 (Linux; Android 7.0;) AppleWebKit/537.36 (KHTML, like Gecko) Mobile Safari/537.36 (compatible; PetalBot;+https://webmaster.petalsearch.com/site/petalbot)"
217.113.194.42 - - [02/Apr/2026:10:57:53 -0400] "GET /wp-includes/SimplePie/d3fypn/?fm=true&path=/usr/lib64/python2.7/Demo/tix HTTP/1.1" 200 10615 "-" "Mozilla/5.0 (compatible; Barkrowler/0.9; +https://babbar.tech/crawler)"
217.113.194.42 - - [02/Apr/2026:10:58:06 -0400] "GET /wp-includes/SimplePie/d3fypn/?fm=true&path=/usr/lib64/python2.7/Demo/tkinter HTTP/1.1" 200 10146 "-" "Mozilla/5.0 (compatible; Barkrowler/0.9; +https://babbar.tech/crawler)"
47.128.62.156 - - [02/Apr/2026:10:58:18 -0400] "GET /wp-includes/assets/wpper.php?path=%2Fhome%2Fpowertekenterpri%2Fpublic_html%2Fwp-content%2Fplugins%2Fwordpress-seo%2Fsrc%2Fplans%2Fapplication%2F. HTTP/1.1" 200 2770 "-" "Mozilla/5.0 (Linux; Android 5.0) AppleWebKit/537.36 (KHTML, like Gecko) Mobile Safari/537.36 (compatible; Bytespider; spider-feedback@bytedance.com)"
217.113.194.47 - - [02/Apr/2026:10:58:19 -0400] "GET /wp-includes/SimplePie/d3fypn/?fm=true&path=/usr/lib64/python2.7/site-packages/. HTTP/1.1" 200 10093 "-" "Mozilla/5.0 (compatible; Barkrowler/0.9; +https://babbar.tech/crawler)"
216.244.66.200 - - [02/Apr/2026:10:58:29 -0400] "GET /wp-includes/block-bindings/ HTTP/1.1" 200 493 "-" "Mozilla/5.0 (compatible; DotBot/1.2; +https://opensiteexplorer.org/dotbot; help@moz.com)"
217.113.194.48 - - [02/Apr/2026:10:58:31 -0400] "GET /wp-includes/SimplePie/d3fypn/?fm=true&path=/usr/lib64/python2.7/unittest/. HTTP/1.1" 200 11994 "-" "Mozilla/5.0 (compatible; Barkrowler/0.9; +https://babbar.tech/crawler)"
217.113.194.51 - - [02/Apr/2026:10:58:44 -0400] "GET /wp-includes/SimplePie/d3fypn/?fm=true&path=/usr/lib64/python2.7/unittest/.. HTTP/1.1" 200 49346 "-" "Mozilla/5.0 (compatible; Barkrowler/0.9; +https://babbar.tech/crawler)"
217.113.194.51 - - [02/Apr/2026:10:58:57 -0400] "GET /wp-includes/SimplePie/d3fypn/?fm=true&path=/usr/lib64/python2.7/unittest/test HTTP/1.1" 200 12957 "-" "Mozilla/5.0 (compatible; Barkrowler/0.9; +https://babbar.tech/crawler)"
217.113.194.47 - - [02/Apr/2026:10:59:10 -0400] "GET /wp-includes/SimplePie/d3fypn/?fm=true&path=/usr/lib/tuned/accelerator-performance/.. HTTP/1.1" 200 12013 "-" "Mozilla/5.0 (compatible; Barkrowler/0.9; +https://babbar.tech/crawler)"
114.119.131.200 - - [02/Apr/2026:10:59:23 -0400] "GET /wp-includes/assets/wpper.php?download=L2hvbWUvcG93ZXJ0ZWtlbnRlcnByaS9wdWJsaWNfaHRtbC93cC1pbmNsdWRlcy9ibG9ja3MvbW9yZS9lZGl0b3IubWluLmNzcw%3D%3D HTTP/1.1" 200 611 "https://powertekenterprise.com/wp-includes/assets/wpper.php?rename=block.json&path=/home/powertekenterpri/public_html/wp-includes/blocks/more/" "Mozilla/5.0 (Linux; Android 7.0;) AppleWebKit/537.36 (KHTML, like Gecko) Mobile Safari/537.36 (compatible; PetalBot;+https://webmaster.petalsearch.com/site/petalbot)"
217.113.194.43 - - [02/Apr/2026:10:59:22 -0400] "GET /wp-includes/SimplePie/d3fypn/?fm=true&path=/usr/lib/tuned/accelerator-performance/. HTTP/1.1" 200 9898 "-" "Mozilla/5.0 (compatible; Barkrowler/0.9; +https://babbar.tech/crawler)"
217.113.194.47 - - [02/Apr/2026:10:59:35 -0400] "GET /wp-includes/SimplePie/d3fypn/?fm=true&path=/usr/share/perl5/DBM_Filter/. HTTP/1.1" 200 10212 "-" "Mozilla/5.0 (compatible; Barkrowler/0.9; +https://babbar.tech/crawler)"
217.113.194.42 - - [02/Apr/2026:10:59:48 -0400] "GET /wp-includes/SimplePie/d3fypn/?fm=true&path=/usr/share/perl5/DBM_Filter/.. HTTP/1.1" 200 16567 "-" "Mozilla/5.0 (compatible; Barkrowler/0.9; +https://babbar.tech/crawler)"
217.113.194.45 - - [02/Apr/2026:11:00:01 -0400] "GET /wp-includes/SimplePie/d3fypn/?fm=true&path=/usr/share/l.v.e-manager/cl.nodejs HTTP/1.1" 200 9884 "-" "Mozilla/5.0 (compatible; Barkrowler/0.9; +https://babbar.tech/crawler)"
217.113.194.252 - - [02/Apr/2026:11:00:13 -0400] "GET /wp-includes/SimplePie/d3fypn/?fm=true&path=/usr/share/crypto-policies/LEGACY/. HTTP/1.1" 200 10676 "-" "Mozilla/5.0 (compatible; Barkrowler/0.9; +https://babbar.tech/crawler)"
198.54.120.101 - - [02/Apr/2026:11:00:20 -0400] "POST /wp-cron.php?doing_wp_cron=1775142020.5492789745330810546875 HTTP/1.1" 200 - "-" "WordPress/6.9.4; https://powertekenterprise.com"
43.166.244.251 - - [02/Apr/2026:11:00:18 -0400] "GET / HTTP/1.1" 301 - "http://www.powertekenterprise.com" "Mozilla/5.0 (iPhone; CPU iPhone OS 13_2_3 like Mac OS X) AppleWebKit/605.1.15 (KHTML, like Gecko) Version/13.0.3 Mobile/15E148 Safari/604.1"
