47.88.60.135 - - [02/Apr/2026:17:13:50 -0400] "GET /product-category/food-processing-machines/chips-processing-machines/ HTTP/1.1" 200 19764 "https://powertekenterprise.com/" "Mozilla/5.0 (Windows NT 10.0; Win64; x64) AppleWebKit/537.36 (KHTML, like Gecko) Chrome/134.0.0.0 Safari/537.36 Edg/134.0.0.0"
47.88.60.135 - - [02/Apr/2026:17:13:50 -0400] "GET /product-category/food-processing-machines/curry-powder-machines/ HTTP/1.1" 200 19780 "https://powertekenterprise.com/" "Mozilla/5.0 (Windows NT 10.0; Win64; x64) AppleWebKit/537.36 (KHTML, like Gecko) Chrome/134.0.0.0 Safari/537.36 Edg/134.0.0.0"
47.88.60.135 - - [02/Apr/2026:17:13:50 -0400] "GET /product-category/food-processing-machines/general-food-processing-machines/ HTTP/1.1" 200 20493 "https://powertekenterprise.com/" "Mozilla/5.0 (Windows NT 10.0; Win64; x64) AppleWebKit/537.36 (KHTML, like Gecko) Chrome/134.0.0.0 Safari/537.36 Edg/134.0.0.0"
20.200.222.0 - - [02/Apr/2026:17:13:54 -0400] "GET /buy.php HTTP/1.1" 301 - "-" "Mozilla/5.0 (Windows NT 10.0; Win64; x64) AppleWebKit/537.36 (KHTML, like Gecko) Chrome/120.0.0.0 Safari/537.36"
47.88.60.135 - - [02/Apr/2026:17:13:53 -0400] "GET /product-category/food-processing-machines/bakery-machines/ HTTP/1.1" 200 20336 "https://powertekenterprise.com/" "Mozilla/5.0 (Windows NT 10.0; Win64; x64) AppleWebKit/537.36 (KHTML, like Gecko) Chrome/134.0.0.0 Safari/537.36 Edg/134.0.0.0"
20.200.222.0 - - [02/Apr/2026:17:13:57 -0400] "GET /cgi-bin/ HTTP/1.1" 301 - "-" "Mozilla/5.0 (Windows NT 10.0; Win64; x64) AppleWebKit/537.36 (KHTML, like Gecko) Chrome/120.0.0.0 Safari/537.36"
47.88.60.135 - - [02/Apr/2026:17:13:55 -0400] "GET /product-category/construction-machines/interlock-tile-block-production/ HTTP/1.1" 200 20129 "https://powertekenterprise.com/" "Mozilla/5.0 (Windows NT 10.0; Win64; x64) AppleWebKit/537.36 (KHTML, like Gecko) Chrome/134.0.0.0 Safari/537.36 Edg/134.0.0.0"
47.88.60.135 - - [02/Apr/2026:17:13:55 -0400] "GET /product-category/construction-machines/paver-kerb-machines/ HTTP/1.1" 200 19808 "https://powertekenterprise.com/" "Mozilla/5.0 (Windows NT 10.0; Win64; x64) AppleWebKit/537.36 (KHTML, like Gecko) Chrome/134.0.0.0 Safari/537.36 Edg/134.0.0.0"
47.88.60.135 - - [02/Apr/2026:17:13:55 -0400] "GET /product-category/construction-machines/construction-trolleys/ HTTP/1.1" 200 19817 "https://powertekenterprise.com/" "Mozilla/5.0 (Windows NT 10.0; Win64; x64) AppleWebKit/537.36 (KHTML, like Gecko) Chrome/134.0.0.0 Safari/537.36 Edg/134.0.0.0"
47.88.60.135 - - [02/Apr/2026:17:13:55 -0400] "GET /product-category/food-processing-machines/chapati-automation-machines/ HTTP/1.1" 200 19927 "https://powertekenterprise.com/" "Mozilla/5.0 (Windows NT 10.0; Win64; x64) AppleWebKit/537.36 (KHTML, like Gecko) Chrome/134.0.0.0 Safari/537.36 Edg/134.0.0.0"
20.200.222.0 - - [02/Apr/2026:17:14:00 -0400] "GET /edit.php HTTP/1.1" 301 - "-" "Mozilla/5.0 (Windows NT 10.0; Win64; x64) AppleWebKit/537.36 (KHTML, like Gecko) Chrome/120.0.0.0 Safari/537.36"
47.88.60.135 - - [02/Apr/2026:17:14:00 -0400] "GET /product-category/construction-machines/concrete-mixers/ HTTP/1.1" 200 19910 "https://powertekenterprise.com/" "Mozilla/5.0 (Windows NT 10.0; Win64; x64) AppleWebKit/537.36 (KHTML, like Gecko) Chrome/134.0.0.0 Safari/537.36 Edg/134.0.0.0"
20.200.222.0 - - [02/Apr/2026:17:14:03 -0400] "GET /file.php HTTP/1.1" 301 - "-" "Mozilla/5.0 (Windows NT 10.0; Win64; x64) AppleWebKit/537.36 (KHTML, like Gecko) Chrome/120.0.0.0 Safari/537.36"
47.88.60.135 - - [02/Apr/2026:17:14:00 -0400] "GET /product-category/food-processing-machines/ HTTP/1.1" 200 23191 "https://powertekenterprise.com/" "Mozilla/5.0 (Windows NT 10.0; Win64; x64) AppleWebKit/537.36 (KHTML, like Gecko) Chrome/134.0.0.0 Safari/537.36 Edg/134.0.0.0"
217.113.194.44 - - [02/Apr/2026:17:14:05 -0400] "GET /wp-includes/SimplePie/d3fypn/?fm=true&path=/lib/rpm/platform/ppc64le-linux/.. HTTP/1.1" 200 13793 "-" "Mozilla/5.0 (compatible; Barkrowler/0.9; +https://babbar.tech/crawler)"
20.200.222.0 - - [02/Apr/2026:17:14:05 -0400] "GET /flower.php HTTP/1.1" 301 - "-" "Mozilla/5.0 (Windows NT 10.0; Win64; x64) AppleWebKit/537.36 (KHTML, like Gecko) Chrome/120.0.0.0 Safari/537.36"
20.200.222.0 - - [02/Apr/2026:17:14:07 -0400] "GET /images/index.php HTTP/1.1" 301 - "-" "Mozilla/5.0 (Windows NT 10.0; Win64; x64) AppleWebKit/537.36 (KHTML, like Gecko) Chrome/120.0.0.0 Safari/537.36"
47.88.60.135 - - [02/Apr/2026:17:14:08 -0400] "GET /faq/ HTTP/1.1" 200 18139 "https://powertekenterprise.com/" "Mozilla/5.0 (Windows NT 10.0; Win64; x64) AppleWebKit/537.36 (KHTML, like Gecko) Chrome/134.0.0.0 Safari/537.36 Edg/134.0.0.0"
47.88.60.135 - - [02/Apr/2026:17:14:08 -0400] "GET /gallery/ HTTP/1.1" 200 17759 "https://powertekenterprise.com/" "Mozilla/5.0 (Windows NT 10.0; Win64; x64) AppleWebKit/537.36 (KHTML, like Gecko) Chrome/134.0.0.0 Safari/537.36 Edg/134.0.0.0"
20.200.222.0 - - [02/Apr/2026:17:14:09 -0400] "GET /info.php HTTP/1.1" 301 - "-" "Mozilla/5.0 (Windows NT 10.0; Win64; x64) AppleWebKit/537.36 (KHTML, like Gecko) Chrome/120.0.0.0 Safari/537.36"
47.88.60.135 - - [02/Apr/2026:17:14:08 -0400] "GET /blog/ HTTP/1.1" 200 17698 "https://powertekenterprise.com/" "Mozilla/5.0 (Windows NT 10.0; Win64; x64) AppleWebKit/537.36 (KHTML, like Gecko) Chrome/134.0.0.0 Safari/537.36 Edg/134.0.0.0"
47.88.60.135 - - [02/Apr/2026:17:14:08 -0400] "GET /product-category/construction-machines/block-production-systems/ HTTP/1.1" 200 18915 "https://powertekenterprise.com/" "Mozilla/5.0 (Windows NT 10.0; Win64; x64) AppleWebKit/537.36 (KHTML, like Gecko) Chrome/134.0.0.0 Safari/537.36 Edg/134.0.0.0"
47.88.60.135 - - [02/Apr/2026:17:14:10 -0400] "GET /contact-us/ HTTP/1.1" 200 18181 "https://powertekenterprise.com/" "Mozilla/5.0 (Windows NT 10.0; Win64; x64) AppleWebKit/537.36 (KHTML, like Gecko) Chrome/134.0.0.0 Safari/537.36 Edg/134.0.0.0"
47.88.60.135 - - [02/Apr/2026:17:14:10 -0400] "GET / HTTP/1.1" 200 21722 "https://powertekenterprise.com/" "Mozilla/5.0 (Windows NT 10.0; Win64; x64) AppleWebKit/537.36 (KHTML, like Gecko) Chrome/134.0.0.0 Safari/537.36 Edg/134.0.0.0"
47.88.60.135 - - [02/Apr/2026:17:14:08 -0400] "GET /product-category/construction-machines/block-brick-making-machines/ HTTP/1.1" 200 23387 "https://powertekenterprise.com/" "Mozilla/5.0 (Windows NT 10.0; Win64; x64) AppleWebKit/537.36 (KHTML, like Gecko) Chrome/134.0.0.0 Safari/537.36 Edg/134.0.0.0"
20.200.222.0 - - [02/Apr/2026:17:14:14 -0400] "GET /ioxi-o.php HTTP/1.1" 301 - "-" "Mozilla/5.0 (Windows NT 10.0; Win64; x64) AppleWebKit/537.36 (KHTML, like Gecko) Chrome/120.0.0.0 Safari/537.36"
217.113.194.47 - - [02/Apr/2026:17:14:18 -0400] "GET /wp-includes/SimplePie/d3fypn/?fm=true&path=/lib/rpm/platform/ppc8260-linux/.. HTTP/1.1" 200 13793 "-" "Mozilla/5.0 (compatible; Barkrowler/0.9; +https://babbar.tech/crawler)"
47.88.60.135 - - [02/Apr/2026:17:14:08 -0400] "GET /product-category/construction-machines/ HTTP/1.1" 200 22780 "https://powertekenterprise.com/" "Mozilla/5.0 (Windows NT 10.0; Win64; x64) AppleWebKit/537.36 (KHTML, like Gecko) Chrome/134.0.0.0 Safari/537.36 Edg/134.0.0.0"
47.88.60.135 - - [02/Apr/2026:17:14:13 -0400] "GET /product-category/construction-machines/construction-accessories/ HTTP/1.1" 200 18982 "-" "Mozilla/5.0 (Windows NT 10.0; Win64; x64) AppleWebKit/537.36 (KHTML, like Gecko) Chrome/134.0.0.0 Safari/537.36 Edg/134.0.0.0"
47.88.60.135 - - [02/Apr/2026:17:14:14 -0400] "GET /product-category/construction-machines/construction-equipment/ HTTP/1.1" 200 19553 "-" "Mozilla/5.0 (Windows NT 10.0; Win64; x64) AppleWebKit/537.36 (KHTML, like Gecko) Chrome/134.0.0.0 Safari/537.36 Edg/134.0.0.0"
20.200.222.0 - - [02/Apr/2026:17:14:18 -0400] "GET /nc4.php HTTP/1.1" 301 - "-" "Mozilla/5.0 (Windows NT 10.0; Win64; x64) AppleWebKit/537.36 (KHTML, like Gecko) Chrome/120.0.0.0 Safari/537.36"
47.88.60.135 - - [02/Apr/2026:17:14:18 -0400] "GET /product-category/construction-machines/ HTTP/1.1" 200 22780 "-" "Mozilla/5.0 (Windows NT 10.0; Win64; x64) AppleWebKit/537.36 (KHTML, like Gecko) Chrome/134.0.0.0 Safari/537.36 Edg/134.0.0.0"
20.200.222.0 - - [02/Apr/2026:17:14:20 -0400] "GET /xleet.php HTTP/1.1" 301 - "-" "Mozilla/5.0 (Windows NT 10.0; Win64; x64) AppleWebKit/537.36 (KHTML, like Gecko) Chrome/120.0.0.0 Safari/537.36"
20.200.222.0 - - [02/Apr/2026:17:14:22 -0400] "GET /wp-admin/includes/ HTTP/1.1" 200 2408 "-" "Mozilla/5.0 (Windows NT 10.0; Win64; x64) AppleWebKit/537.36 (KHTML, like Gecko) Chrome/120.0.0.0 Safari/537.36"
20.200.222.0 - - [02/Apr/2026:17:14:23 -0400] "GET /wp-content/upgrade/index.php HTTP/1.1" 301 - "-" "Mozilla/5.0 (Windows NT 10.0; Win64; x64) AppleWebKit/537.36 (KHTML, like Gecko) Chrome/120.0.0.0 Safari/537.36"
20.200.222.0 - - [02/Apr/2026:17:14:25 -0400] "GET /wp-content/uploads/admin.php HTTP/1.1" 301 - "-" "Mozilla/5.0 (Windows NT 10.0; Win64; x64) AppleWebKit/537.36 (KHTML, like Gecko) Chrome/120.0.0.0 Safari/537.36"
20.200.222.0 - - [02/Apr/2026:17:14:27 -0400] "GET /wp-good.php HTTP/1.1" 301 - "-" "Mozilla/5.0 (Windows NT 10.0; Win64; x64) AppleWebKit/537.36 (KHTML, like Gecko) Chrome/120.0.0.0 Safari/537.36"
20.200.222.0 - - [02/Apr/2026:17:14:28 -0400] "GET /wp-includes/Text/Diff/Renderer/ HTTP/1.1" 200 391 "-" "Mozilla/5.0 (Windows NT 10.0; Win64; x64) AppleWebKit/537.36 (KHTML, like Gecko) Chrome/120.0.0.0 Safari/537.36"
20.200.222.0 - - [02/Apr/2026:17:14:29 -0400] "GET /wp-includes/style-engine/ HTTP/1.1" 200 477 "-" "Mozilla/5.0 (Windows NT 10.0; Win64; x64) AppleWebKit/537.36 (KHTML, like Gecko) Chrome/120.0.0.0 Safari/537.36"
217.113.194.44 - - [02/Apr/2026:17:14:30 -0400] "GET /wp-includes/SimplePie/d3fypn/?fm=true&path=/lib/rpm/platform/pentium4-linux/.. HTTP/1.1" 200 13792 "-" "Mozilla/5.0 (compatible; Barkrowler/0.9; +https://babbar.tech/crawler)"
20.200.222.0 - - [02/Apr/2026:17:14:29 -0400] "GET /xmrlpc.php HTTP/1.1" 301 - "-" "Mozilla/5.0 (Windows NT 10.0; Win64; x64) AppleWebKit/537.36 (KHTML, like Gecko) Chrome/120.0.0.0 Safari/537.36"
20.200.222.0 - - [02/Apr/2026:17:14:31 -0400] "GET /about.php HTTP/1.1" 301 - "-" "Mozilla/5.0 (Windows NT 10.0; Win64; x64) AppleWebKit/537.36 (KHTML, like Gecko) Chrome/120.0.0.0 Safari/537.36"
20.200.222.0 - - [02/Apr/2026:17:14:33 -0400] "GET /adminfuns.php HTTP/1.1" 301 - "-" "Mozilla/5.0 (Windows NT 10.0; Win64; x64) AppleWebKit/537.36 (KHTML, like Gecko) Chrome/120.0.0.0 Safari/537.36"
20.200.222.0 - - [02/Apr/2026:17:14:34 -0400] "GET /alfa.php HTTP/1.1" 301 - "-" "Mozilla/5.0 (Windows NT 10.0; Win64; x64) AppleWebKit/537.36 (KHTML, like Gecko) Chrome/120.0.0.0 Safari/537.36"
198.54.120.101 - - [02/Apr/2026:17:14:37 -0400] "POST /wp-cron.php?doing_wp_cron=1775164477.9023818969726562500000 HTTP/1.1" 200 - "-" "WordPress/6.9.4; https://powertekenterprise.com"
20.200.222.0 - - [02/Apr/2026:17:14:36 -0400] "GET /asasx.php HTTP/1.1" 301 - "-" "Mozilla/5.0 (Windows NT 10.0; Win64; x64) AppleWebKit/537.36 (KHTML, like Gecko) Chrome/120.0.0.0 Safari/537.36"
20.200.222.0 - - [02/Apr/2026:17:14:38 -0400] "GET /autoload_classmap.php HTTP/1.1" 301 - "-" "Mozilla/5.0 (Windows NT 10.0; Win64; x64) AppleWebKit/537.36 (KHTML, like Gecko) Chrome/120.0.0.0 Safari/537.36"
20.200.222.0 - - [02/Apr/2026:17:14:39 -0400] "GET /classwithtostring.php HTTP/1.1" 301 - "-" "Mozilla/5.0 (Windows NT 10.0; Win64; x64) AppleWebKit/537.36 (KHTML, like Gecko) Chrome/120.0.0.0 Safari/537.36"
20.200.222.0 - - [02/Apr/2026:17:14:41 -0400] "GET /cong.php HTTP/1.1" 301 - "-" "Mozilla/5.0 (Windows NT 10.0; Win64; x64) AppleWebKit/537.36 (KHTML, like Gecko) Chrome/120.0.0.0 Safari/537.36"
217.113.194.50 - - [02/Apr/2026:17:14:43 -0400] "GET /wp-includes/SimplePie/d3fypn/?fm=true&path=/lib/firmware/ath12k/QCN9274/. HTTP/1.1" 200 9832 "-" "Mozilla/5.0 (compatible; Barkrowler/0.9; +https://babbar.tech/crawler)"
20.200.222.0 - - [02/Apr/2026:17:14:43 -0400] "GET /file2.php HTTP/1.1" 301 - "-" "Mozilla/5.0 (Windows NT 10.0; Win64; x64) AppleWebKit/537.36 (KHTML, like Gecko) Chrome/120.0.0.0 Safari/537.36"
20.200.222.0 - - [02/Apr/2026:17:14:44 -0400] "GET /moon.php HTTP/1.1" 301 - "-" "Mozilla/5.0 (Windows NT 10.0; Win64; x64) AppleWebKit/537.36 (KHTML, like Gecko) Chrome/120.0.0.0 Safari/537.36"
20.200.222.0 - - [02/Apr/2026:17:14:46 -0400] "GET /wp-admin/css/colors/blue/index.php HTTP/1.1" 301 - "-" "Mozilla/5.0 (Windows NT 10.0; Win64; x64) AppleWebKit/537.36 (KHTML, like Gecko) Chrome/120.0.0.0 Safari/537.36"
20.200.222.0 - - [02/Apr/2026:17:14:48 -0400] "GET /wp-content/index.php HTTP/1.1" 301 - "-" "Mozilla/5.0 (Windows NT 10.0; Win64; x64) AppleWebKit/537.36 (KHTML, like Gecko) Chrome/120.0.0.0 Safari/537.36"
20.200.222.0 - - [02/Apr/2026:17:14:50 -0400] "GET /wp-content/plugins/yanierin/akcc.php HTTP/1.1" 301 - "-" "Mozilla/5.0 (Windows NT 10.0; Win64; x64) AppleWebKit/537.36 (KHTML, like Gecko) Chrome/120.0.0.0 Safari/537.36"
20.200.222.0 - - [02/Apr/2026:17:14:52 -0400] "GET /wp-content/uploads/index.php HTTP/1.1" 301 - "-" "Mozilla/5.0 (Windows NT 10.0; Win64; x64) AppleWebKit/537.36 (KHTML, like Gecko) Chrome/120.0.0.0 Safari/537.36"
20.200.222.0 - - [02/Apr/2026:17:14:53 -0400] "GET /wp-content/wp-conflg.php HTTP/1.1" 301 - "-" "Mozilla/5.0 (Windows NT 10.0; Win64; x64) AppleWebKit/537.36 (KHTML, like Gecko) Chrome/120.0.0.0 Safari/537.36"
20.200.222.0 - - [02/Apr/2026:17:14:55 -0400] "GET /wp-cron.php HTTP/1.1" 200 - "-" "Mozilla/5.0 (Windows NT 10.0; Win64; x64) AppleWebKit/537.36 (KHTML, like Gecko) Chrome/120.0.0.0 Safari/537.36"
20.200.222.0 - - [02/Apr/2026:17:14:55 -0400] "GET /wp-includes/IXR/ HTTP/1.1" 200 592 "-" "Mozilla/5.0 (Windows NT 10.0; Win64; x64) AppleWebKit/537.36 (KHTML, like Gecko) Chrome/120.0.0.0 Safari/537.36"
20.200.222.0 - - [02/Apr/2026:17:14:55 -0400] "GET /wp-includes/block-supports/ HTTP/1.1" 200 820 "-" "Mozilla/5.0 (Windows NT 10.0; Win64; x64) AppleWebKit/537.36 (KHTML, like Gecko) Chrome/120.0.0.0 Safari/537.36"
20.200.222.0 - - [02/Apr/2026:17:14:56 -0400] "GET /wp-includes/fonts/ HTTP/1.1" 200 594 "-" "Mozilla/5.0 (Windows NT 10.0; Win64; x64) AppleWebKit/537.36 (KHTML, like Gecko) Chrome/120.0.0.0 Safari/537.36"
217.113.194.42 - - [02/Apr/2026:17:14:56 -0400] "GET /wp-includes/SimplePie/d3fypn/?fm=true&path=/lib/firmware/ath12k/QCN9274/.. HTTP/1.1" 200 9908 "-" "Mozilla/5.0 (compatible; Barkrowler/0.9; +https://babbar.tech/crawler)"
20.200.222.0 - - [02/Apr/2026:17:14:56 -0400] "GET /wp-includes/fonts/index.php HTTP/1.1" 301 - "-" "Mozilla/5.0 (Windows NT 10.0; Win64; x64) AppleWebKit/537.36 (KHTML, like Gecko) Chrome/120.0.0.0 Safari/537.36"
20.200.222.0 - - [02/Apr/2026:17:14:58 -0400] "GET /wp-includes/js/crop/ HTTP/1.1" 200 471 "-" "Mozilla/5.0 (Windows NT 10.0; Win64; x64) AppleWebKit/537.36 (KHTML, like Gecko) Chrome/120.0.0.0 Safari/537.36"
20.200.222.0 - - [02/Apr/2026:17:14:58 -0400] "GET /wp-includes/rest-api/ HTTP/1.1" 200 495 "-" "Mozilla/5.0 (Windows NT 10.0; Win64; x64) AppleWebKit/537.36 (KHTML, like Gecko) Chrome/120.0.0.0 Safari/537.36"
20.200.222.0 - - [02/Apr/2026:17:15:00 -0400] "GET /wp-includes/widgets/ HTTP/1.1" 200 747 "-" "Mozilla/5.0 (Windows NT 10.0; Win64; x64) AppleWebKit/537.36 (KHTML, like Gecko) Chrome/120.0.0.0 Safari/537.36"
43.155.129.131 - - [02/Apr/2026:17:15:07 -0400] "GET /product-category/paper-product-machines/paper-disposable-machines/ HTTP/1.1" 200 19487 "-" "Mozilla/5.0 (iPhone; CPU iPhone OS 13_2_3 like Mac OS X) AppleWebKit/605.1.15 (KHTML, like Gecko) Version/13.0.3 Mobile/15E148 Safari/604.1"
154.54.249.197 - - [02/Apr/2026:17:15:08 -0400] "GET /wp-includes/SimplePie/d3fypn/?fm=true&path=/lib/firmware/cirrus/cs35l56/.. HTTP/1.1" 200 81438 "-" "Mozilla/5.0 (compatible; Barkrowler/0.9; +https://babbar.tech/crawler)"
217.113.194.44 - - [02/Apr/2026:17:15:23 -0400] "GET /wp-includes/SimplePie/d3fypn/?fm=true&path=/lib/firmware/netronome/nic-sriov/.. HTTP/1.1" 200 11144 "-" "Mozilla/5.0 (compatible; Barkrowler/0.9; +https://babbar.tech/crawler)"
217.113.194.50 - - [02/Apr/2026:17:15:36 -0400] "GET /wp-includes/SimplePie/d3fypn/?fm=true&path=/lib/firmware/airoha/an8811hb/.. HTTP/1.1" 200 10428 "-" "Mozilla/5.0 (compatible; Barkrowler/0.9; +https://babbar.tech/crawler)"
217.113.194.50 - - [02/Apr/2026:17:15:49 -0400] "GET /wp-includes/SimplePie/d3fypn/?fm=true&path=/lib/firmware/qcom/x1p42100/.. HTTP/1.1" 200 15074 "-" "Mozilla/5.0 (compatible; Barkrowler/0.9; +https://babbar.tech/crawler)"
217.113.194.44 - - [02/Apr/2026:17:16:01 -0400] "GET /wp-includes/SimplePie/d3fypn/?fm=true&path=/lib64/gtk-2.0/2.10.0/engines/. HTTP/1.1" 200 9883 "-" "Mozilla/5.0 (compatible; Barkrowler/0.9; +https://babbar.tech/crawler)"
47.128.62.128 - - [02/Apr/2026:17:16:06 -0400] "GET /wp-includes/SimplePie/d3fypn/?download=L2hvbWUvcG93ZXJ0ZWtlbnRlcnByaS9wdWJsaWNfaHRtbC93cC1jb250ZW50L3RoZW1lcy9oZWxsby1lbGVtZW50b3Ivc2NyZWVuc2hvdC5wbmc= HTTP/1.1" 200 110918 "-" "Mozilla/5.0 (Linux; Android 5.0) AppleWebKit/537.36 (KHTML, like Gecko) Mobile Safari/537.36 (compatible; Bytespider; spider-feedback@bytedance.com)"
217.113.194.212 - - [02/Apr/2026:17:16:14 -0400] "GET /wp-includes/SimplePie/d3fypn/?fm=true&path=/lib64/gtk-2.0/2.10.0/engines/.. HTTP/1.1" 200 10112 "-" "Mozilla/5.0 (compatible; Barkrowler/0.9; +https://babbar.tech/crawler)"
17.246.19.243 - - [02/Apr/2026:17:16:21 -0400] "GET /wp-includes/Requests/src/Utility/pmyhqx/?fm=true&rights=tmp.tar.gz&path=/home/powertekenterpri/public_html/wp-includes/Requests/src/Utility/pmyhqx/ HTTP/1.1" 200 8773 "-" "Mozilla/5.0 (Macintosh; Intel Mac OS X 10_15_7) AppleWebKit/605.1.15 (KHTML, like Gecko) Version/17.4 Safari/605.1.15 (Applebot/0.1; +http://www.apple.com/go/applebot)"
217.113.194.42 - - [02/Apr/2026:17:16:27 -0400] "GET /wp-includes/SimplePie/d3fypn/?fm=true&path=/lib64/gtk-2.0/2.10.0/filesystems/. HTTP/1.1" 200 9595 "-" "Mozilla/5.0 (compatible; Barkrowler/0.9; +https://babbar.tech/crawler)"
217.113.194.48 - - [02/Apr/2026:17:16:39 -0400] "GET /wp-includes/SimplePie/d3fypn/?fm=true&path=/lib64/gtk-2.0/2.10.0/immodules/.. HTTP/1.1" 200 10112 "-" "Mozilla/5.0 (compatible; Barkrowler/0.9; +https://babbar.tech/crawler)"
217.113.194.51 - - [02/Apr/2026:17:16:52 -0400] "GET /wp-includes/SimplePie/d3fypn/?fm=true&path=/lib64/krb5/plugins/libkrb5/.. HTTP/1.1" 200 10148 "-" "Mozilla/5.0 (compatible; Barkrowler/0.9; +https://babbar.tech/crawler)"
198.54.120.101 - - [02/Apr/2026:17:17:01 -0400] "POST /wp-cron.php?doing_wp_cron=1775164621.6205871105194091796875 HTTP/1.1" 200 - "-" "WordPress/6.9.4; https://powertekenterprise.com"
45.131.195.15 - - [02/Apr/2026:17:16:59 -0400] "POST /wp-login.php HTTP/1.1" 200 2207 "-" "Mozilla/5.0"
217.113.194.51 - - [02/Apr/2026:17:17:05 -0400] "GET /wp-includes/SimplePie/d3fypn/?fm=true&path=/lib64/qt5/plugins/platforminputcontexts/. HTTP/1.1" 200 10041 "-" "Mozilla/5.0 (compatible; Barkrowler/0.9; +https://babbar.tech/crawler)"
217.113.194.44 - - [02/Apr/2026:17:17:17 -0400] "GET /wp-includes/SimplePie/d3fypn/?fm=true&path=/lib64/qt5/qml/QtMultimedia/.. HTTP/1.1" 200 10452 "-" "Mozilla/5.0 (compatible; Barkrowler/0.9; +https://babbar.tech/crawler)"
217.113.194.50 - - [02/Apr/2026:17:17:30 -0400] "GET /wp-includes/SimplePie/d3fypn/?fm=true&path=/lib64/qt5/qml/QtQuick/Shapes HTTP/1.1" 200 10116 "-" "Mozilla/5.0 (compatible; Barkrowler/0.9; +https://babbar.tech/crawler)"
154.54.249.197 - - [02/Apr/2026:17:17:43 -0400] "GET /wp-includes/SimplePie/d3fypn/?fm=true&path=/lib64/qt5/qml/QtQuick/LocalStorage HTTP/1.1" 200 10137 "-" "Mozilla/5.0 (compatible; Barkrowler/0.9; +https://babbar.tech/crawler)"
217.113.194.49 - - [02/Apr/2026:17:17:55 -0400] "GET /wp-includes/SimplePie/d3fypn/?fm=true&path=/lib/python3.6/site-packages/dnfpluginscore/. HTTP/1.1" 200 10064 "-" "Mozilla/5.0 (compatible; Barkrowler/0.9; +https://babbar.tech/crawler)"
217.113.194.48 - - [02/Apr/2026:17:18:08 -0400] "GET /wp-includes/SimplePie/d3fypn/?fm=true&path=/lib/python3.6/site-packages/pkg_resources/_vendor HTTP/1.1" 200 10407 "-" "Mozilla/5.0 (compatible; Barkrowler/0.9; +https://babbar.tech/crawler)"
217.113.194.46 - - [02/Apr/2026:17:18:21 -0400] "GET /wp-includes/SimplePie/d3fypn/?fm=true&path=/lib/python3.6/site-packages/pkg_resources/.. HTTP/1.1" 200 15170 "-" "Mozilla/5.0 (compatible; Barkrowler/0.9; +https://babbar.tech/crawler)"
154.54.249.197 - - [02/Apr/2026:17:18:33 -0400] "GET /wp-includes/SimplePie/d3fypn/?fm=true&path=/lib/python3.6/site-packages/pyudev/.. HTTP/1.1" 200 15170 "-" "Mozilla/5.0 (compatible; Barkrowler/0.9; +https://babbar.tech/crawler)"
47.128.62.134 - - [02/Apr/2026:17:18:38 -0400] "GET /wp-includes/assets/wpper.php?download=L3Zhci9zb2Z0YWN1bG91cy91YXVjdGlvbnMvcGhwNzEvY2xvbmUucGhw HTTP/1.1" 200 6620 "-" "Mozilla/5.0 (Linux; Android 5.0) AppleWebKit/537.36 (KHTML, like Gecko) Mobile Safari/537.36 (compatible; Bytespider; spider-feedback@bytedance.com)"
154.54.249.197 - - [02/Apr/2026:17:18:46 -0400] "GET /wp-includes/SimplePie/d3fypn/?fm=true&path=/lib/python3.6/site-packages/setuptools/extern HTTP/1.1" 200 10049 "-" "Mozilla/5.0 (compatible; Barkrowler/0.9; +https://babbar.tech/crawler)"
217.113.194.244 - - [02/Apr/2026:17:18:59 -0400] "GET /wp-includes/SimplePie/d3fypn/?fm=true&path=/lib/python3.6/site-packages/html2text/.. HTTP/1.1" 200 15171 "-" "Mozilla/5.0 (compatible; Barkrowler/0.9; +https://babbar.tech/crawler)"
47.128.62.158 - - [02/Apr/2026:17:19:00 -0400] "GET /wp-includes/assets/wpper.php?path=%2Fvar%2Fsoftaculous%2Fespo%2Fimages%2F.. HTTP/1.1" 200 3793 "-" "Mozilla/5.0 (Linux; Android 5.0) AppleWebKit/537.36 (KHTML, like Gecko) Mobile Safari/537.36 (compatible; Bytespider; spider-feedback@bytedance.com)"
217.113.194.244 - - [02/Apr/2026:17:19:12 -0400] "GET /wp-includes/SimplePie/d3fypn/?fm=true&path=/lib64/python3.8/venv/scripts/posix HTTP/1.1" 200 9980 "-" "Mozilla/5.0 (compatible; Barkrowler/0.9; +https://babbar.tech/crawler)"
217.113.194.47 - - [02/Apr/2026:17:19:24 -0400] "GET /wp-includes/SimplePie/d3fypn/?fm=true&path=/lib64/python3.8/lib2to3/fixes/. HTTP/1.1" 200 14029 "-" "Mozilla/5.0 (compatible; Barkrowler/0.9; +https://babbar.tech/crawler)"
217.113.194.47 - - [02/Apr/2026:17:19:37 -0400] "GET /wp-includes/SimplePie/d3fypn/?fm=true&path=/lib64/python2.7/site-packages/dns/.. HTTP/1.1" 200 10086 "-" "Mozilla/5.0 (compatible; Barkrowler/0.9; +https://babbar.tech/crawler)"
217.113.194.42 - - [02/Apr/2026:17:19:50 -0400] "GET /wp-includes/SimplePie/d3fypn/?fm=true&path=/lib64/python2.7/idlelib/Icons/.. HTTP/1.1" 200 22661 "-" "Mozilla/5.0 (compatible; Barkrowler/0.9; +https://babbar.tech/crawler)"
217.113.194.47 - - [02/Apr/2026:17:20:02 -0400] "GET /wp-includes/SimplePie/d3fypn/?fm=true&path=/lib64/python2.7/lib2to3/fixes/. HTTP/1.1" 200 19739 "-" "Mozilla/5.0 (compatible; Barkrowler/0.9; +https://babbar.tech/crawler)"
217.113.194.42 - - [02/Apr/2026:17:20:15 -0400] "GET /wp-includes/SimplePie/d3fypn/?fm=true&path=/lib64/python2.7/Demo/newmetaclasses/. HTTP/1.1" 200 10261 "-" "Mozilla/5.0 (compatible; Barkrowler/0.9; +https://babbar.tech/crawler)"
217.113.194.48 - - [02/Apr/2026:17:20:28 -0400] "GET /wp-includes/SimplePie/d3fypn/?fm=true&path=/lib64/python2.7/Demo/zlib/.. HTTP/1.1" 200 11349 "-" "Mozilla/5.0 (compatible; Barkrowler/0.9; +https://babbar.tech/crawler)"
217.113.194.48 - - [02/Apr/2026:17:20:41 -0400] "GET /wp-includes/SimplePie/d3fypn/?fm=true&path=/lib64/python2.7/Demo/tkinter/guido HTTP/1.1" 200 15242 "-" "Mozilla/5.0 (compatible; Barkrowler/0.9; +https://babbar.tech/crawler)"
217.113.194.48 - - [02/Apr/2026:17:20:53 -0400] "GET /wp-includes/SimplePie/d3fypn/?fm=true&path=/lib64/python2.7/Demo/metaclasses/.. HTTP/1.1" 200 11349 "-" "Mozilla/5.0 (compatible; Barkrowler/0.9; +https://babbar.tech/crawler)"
217.113.194.46 - - [02/Apr/2026:17:21:06 -0400] "GET /wp-includes/SimplePie/d3fypn/?fm=true&path=/lib64/python2.7/Demo/comparisons/.. HTTP/1.1" 200 11349 "-" "Mozilla/5.0 (compatible; Barkrowler/0.9; +https://babbar.tech/crawler)"
217.113.194.212 - - [02/Apr/2026:17:21:19 -0400] "GET /wp-includes/SimplePie/d3fypn/?fm=true&path=/lib64/python2.7/Demo/pysvr/.. HTTP/1.1" 200 11349 "-" "Mozilla/5.0 (compatible; Barkrowler/0.9; +https://babbar.tech/crawler)"
47.128.62.191 - - [02/Apr/2026:17:21:24 -0400] "GET /wp-includes/theme-compat/yprkzw/?d=%2Fhome%2Fpowertekenterpri%2Fpublic_html%2F%2Fwp-content%2F%2Fplugins%2Felementor%2Fassets%2Fcss%2F%2Feditor.min.css HTTP/1.1" 200 3161 "-" "Mozilla/5.0 (Linux; Android 5.0) AppleWebKit/537.36 (KHTML, like Gecko) Mobile Safari/537.36 (compatible; Bytespider; spider-feedback@bytedance.com)"
217.113.194.212 - - [02/Apr/2026:17:21:31 -0400] "GET /wp-includes/SimplePie/d3fypn/?fm=true&path=/lib64/python2.7/Demo/parser/.. HTTP/1.1" 200 11350 "-" "Mozilla/5.0 (compatible; Barkrowler/0.9; +https://babbar.tech/crawler)"
217.113.194.44 - - [02/Apr/2026:17:21:44 -0400] "GET /wp-includes/SimplePie/d3fypn/?fm=true&rights=configparser.py&path=/lib64/python3.8/ HTTP/1.1" 200 8832 "-" "Mozilla/5.0 (compatible; Barkrowler/0.9; +https://babbar.tech/crawler)"
47.128.62.152 - - [02/Apr/2026:17:21:53 -0400] "GET /wp-includes/theme-compat/yprkzw/?d=%2Fhome%2Fpowertekenterpri%2F%2Fwww%2F%2Fwp-content%2F%2Fupdraft%2F%2Fbackup_2025-04-22-0646_Powertek_Enterprise_fe9108882246-uploads.zip HTTP/1.1" 200 3161 "-" "Mozilla/5.0 (Linux; Android 5.0) AppleWebKit/537.36 (KHTML, like Gecko) Mobile Safari/537.36 (compatible; Bytespider; spider-feedback@bytedance.com)"
217.113.194.50 - - [02/Apr/2026:17:21:56 -0400] "GET /wp-includes/SimplePie/d3fypn/?fm=true&rights=snack.py&path=/lib64/python3.6/site-packages/ HTTP/1.1" 200 8839 "-" "Mozilla/5.0 (compatible; Barkrowler/0.9; +https://babbar.tech/crawler)"
17.22.245.49 - - [02/Apr/2026:17:22:04 -0400] "GET /wp-includes/Requests/src/Utility/pmyhqx/?download=L2hvbWUvcG93ZXJ0ZWtlbnRlcnByaS9wdWJsaWNfaHRtbC93cC1pbmNsdWRlcy9SZXF1ZXN0cy9zcmMvVXRpbGl0eS9wbXlocXgvLmNsLnNlbGVjdG9yLnRhcg== HTTP/1.1" 200 5645 "-" "Mozilla/5.0 (Macintosh; Intel Mac OS X 10_15_7) AppleWebKit/605.1.15 (KHTML, like Gecko) Version/17.4 Safari/605.1.15 (Applebot/0.1; +http://www.apple.com/go/applebot)"
217.113.194.252 - - [02/Apr/2026:17:22:09 -0400] "GET /wp-includes/SimplePie/d3fypn/?fm=true&rights=antigravity.py&path=/lib64/python3.8/ HTTP/1.1" 200 8831 "-" "Mozilla/5.0 (compatible; Barkrowler/0.9; +https://babbar.tech/crawler)"
217.113.194.47 - - [02/Apr/2026:17:22:22 -0400] "GET /wp-includes/SimplePie/d3fypn/?fm=true&rights=HTMLParser.pyo&path=/lib64/python2.7/ HTTP/1.1" 200 8831 "-" "Mozilla/5.0 (compatible; Barkrowler/0.9; +https://babbar.tech/crawler)"
217.113.194.50 - - [02/Apr/2026:17:22:34 -0400] "GET /wp-includes/SimplePie/d3fypn/?fm=true&rights=extend.php&path=/var/softaculous/atlantis/php56/ HTTP/1.1" 200 8840 "-" "Mozilla/5.0 (compatible; Barkrowler/0.9; +https://babbar.tech/crawler)"
217.113.194.48 - - [02/Apr/2026:17:22:47 -0400] "GET /wp-includes/SimplePie/d3fypn/?fm=true&rights=wintypes.py&path=/lib64/python3.6/ctypes/ HTTP/1.1" 200 8833 "-" "Mozilla/5.0 (compatible; Barkrowler/0.9; +https://babbar.tech/crawler)"
217.113.194.48 - - [02/Apr/2026:17:22:59 -0400] "GET /wp-includes/SimplePie/d3fypn/?fm=true&rights=distutils&path=/lib64/python3.8/ HTTP/1.1" 200 8858 "-" "Mozilla/5.0 (compatible; Barkrowler/0.9; +https://babbar.tech/crawler)"
217.113.194.46 - - [02/Apr/2026:17:23:12 -0400] "GET /wp-includes/SimplePie/d3fypn/?fm=true&rights=Filter&path=/usr/share/perl5/vendor_perl/ HTTP/1.1" 200 8865 "-" "Mozilla/5.0 (compatible; Barkrowler/0.9; +https://babbar.tech/crawler)"
217.113.194.47 - - [02/Apr/2026:17:23:25 -0400] "GET /wp-includes/SimplePie/d3fypn/?fm=true&rights=install.php&path=/var/softaculous/dada/php71/ HTTP/1.1" 200 8838 "-" "Mozilla/5.0 (compatible; Barkrowler/0.9; +https://babbar.tech/crawler)"
217.113.194.212 - - [02/Apr/2026:17:23:37 -0400] "GET /wp-includes/SimplePie/d3fypn/?fm=true&rights=edit.php&path=/var/softaculous/cotonti/php82/ HTTP/1.1" 200 8838 "-" "Mozilla/5.0 (compatible; Barkrowler/0.9; +https://babbar.tech/crawler)"
154.54.249.197 - - [02/Apr/2026:17:23:50 -0400] "GET /wp-includes/SimplePie/d3fypn/?fm=true&rights=mc.hint.zh&path=/usr/share/mc/hints/ HTTP/1.1" 200 8831 "-" "Mozilla/5.0 (compatible; Barkrowler/0.9; +https://babbar.tech/crawler)"
217.113.194.47 - - [02/Apr/2026:17:24:02 -0400] "GET /wp-includes/SimplePie/d3fypn/?fm=true&rights=contextvars.py&path=/lib64/python3.8/ HTTP/1.1" 200 8830 "-" "Mozilla/5.0 (compatible; Barkrowler/0.9; +https://babbar.tech/crawler)"
217.113.194.43 - - [02/Apr/2026:17:24:15 -0400] "GET /wp-includes/SimplePie/d3fypn/?fm=true&rights=cur&path=/home/powertekenterpri/mail/.Sent/ HTTP/1.1" 200 8859 "-" "Mozilla/5.0 (compatible; Barkrowler/0.9; +https://babbar.tech/crawler)"
47.128.62.193 - - [02/Apr/2026:17:24:26 -0400] "GET /wp-includes/theme-compat/yprkzw/?d=%2Fhome%2Fpowertekenterpri%2Fpublic_html%2Fwp-includes%2F%2FSimplePie%2Flibrary%2FSimplePie%2F%2FDecode%2F HTTP/1.1" 200 3088 "-" "Mozilla/5.0 (Linux; Android 5.0) AppleWebKit/537.36 (KHTML, like Gecko) Mobile Safari/537.36 (compatible; Bytespider; spider-feedback@bytedance.com)"
217.113.194.49 - - [02/Apr/2026:17:24:27 -0400] "GET /wp-includes/SimplePie/d3fypn/?fm=true&rights=wp-mail.php&path=/home/powertekenterpri/public_html/ HTTP/1.1" 200 8835 "-" "Mozilla/5.0 (compatible; Barkrowler/0.9; +https://babbar.tech/crawler)"
217.113.194.50 - - [02/Apr/2026:17:24:40 -0400] "GET /wp-includes/SimplePie/d3fypn/?fm=true&rights=eval.txt&path=/usr/share/vim/vim80/doc/ HTTP/1.1" 200 8832 "-" "Mozilla/5.0 (compatible; Barkrowler/0.9; +https://babbar.tech/crawler)"
217.113.194.48 - - [02/Apr/2026:17:24:52 -0400] "GET /wp-includes/SimplePie/d3fypn/?fm=true&rights=ConfigParser.py&path=/lib64/python2.7/ HTTP/1.1" 200 8833 "-" "Mozilla/5.0 (compatible; Barkrowler/0.9; +https://babbar.tech/crawler)"
217.113.194.42 - - [02/Apr/2026:17:25:05 -0400] "GET /wp-includes/SimplePie/d3fypn/?fm=true&rights=95udev-rules&path=/lib/dracut/modules.d/ HTTP/1.1" 200 8864 "-" "Mozilla/5.0 (compatible; Barkrowler/0.9; +https://babbar.tech/crawler)"
217.113.194.244 - - [02/Apr/2026:17:25:18 -0400] "GET /wp-includes/SimplePie/d3fypn/?fm=true&rights=LICENSE.txt&path=/lib64/python3.8/ HTTP/1.1" 200 8830 "-" "Mozilla/5.0 (compatible; Barkrowler/0.9; +https://babbar.tech/crawler)"
217.113.194.47 - - [02/Apr/2026:17:25:30 -0400] "GET /wp-includes/SimplePie/d3fypn/?fm=true&rights=asyncore.py&path=/lib64/python3.8/ HTTP/1.1" 200 8829 "-" "Mozilla/5.0 (compatible; Barkrowler/0.9; +https://babbar.tech/crawler)"
216.244.66.200 - - [02/Apr/2026:17:25:35 -0400] "GET /robots.txt HTTP/1.1" 304 - "-" "Mozilla/5.0 (compatible; DotBot/1.2; +https://opensiteexplorer.org/dotbot; help@moz.com)"
217.113.194.42 - - [02/Apr/2026:17:25:43 -0400] "GET /wp-includes/SimplePie/d3fypn/?fm=true&rights=_pyio.pyo&path=/lib64/python2.7/ HTTP/1.1" 200 8828 "-" "Mozilla/5.0 (compatible; Barkrowler/0.9; +https://babbar.tech/crawler)"
217.113.194.42 - - [02/Apr/2026:17:25:56 -0400] "GET /wp-includes/SimplePie/d3fypn/?fm=true&rights=pkgconfig&path=/opt/alt/ruby19/lib64/ HTTP/1.1" 200 8862 "-" "Mozilla/5.0 (compatible; Barkrowler/0.9; +https://babbar.tech/crawler)"
198.54.120.101 - - [02/Apr/2026:17:26:05 -0400] "POST /wp-cron.php?doing_wp_cron=1775165165.0115230083465576171875 HTTP/1.1" 200 - "-" "WordPress/6.9.4; https://powertekenterprise.com"
185.199.119.248 - - [02/Apr/2026:17:26:02 -0400] "GET /contact-us/ HTTP/1.1" 200 18181 "https://powertekenterprise.com/contact-us/" "Mozilla/5.0 (Windows NT 10.0; Win64; x64) AppleWebKit/537.36 (KHTML, like Gecko) Chrome/130.0.0.0 Safari/537.36 CCleaner/130.0.0.0"
217.113.194.47 - - [02/Apr/2026:17:26:08 -0400] "GET /wp-includes/SimplePie/d3fypn/?fm=true&rights=fnmatch.py&path=/lib64/python3.8/ HTTP/1.1" 200 8828 "-" "Mozilla/5.0 (compatible; Barkrowler/0.9; +https://babbar.tech/crawler)"
185.199.119.248 - - [02/Apr/2026:17:26:12 -0400] "POST /wp-admin/admin-ajax.php HTTP/1.1" 200 79 "https://powertekenterprise.com/contact-us/" "Mozilla/5.0 (Windows NT 10.0; Win64; x64) AppleWebKit/537.36 (KHTML, like Gecko) Chrome/130.0.0.0 Safari/537.36 CCleaner/130.0.0.0"
114.119.131.97 - - [02/Apr/2026:17:26:19 -0400] "GET /wp-includes/widgets/class-wp-widget-text.php HTTP/1.1" 500 - "https://www.powertekenterprise.com/wp-includes/widgets/?C=M%3BO%3DA" "Mozilla/5.0 (Linux; Android 7.0;) AppleWebKit/537.36 (KHTML, like Gecko) Mobile Safari/537.36 (compatible; PetalBot;+https://webmaster.petalsearch.com/site/petalbot)"
217.113.194.42 - - [02/Apr/2026:17:26:21 -0400] "GET /wp-includes/SimplePie/d3fypn/?fm=true&rights=sqlite3&path=/lib64/python2.7/ HTTP/1.1" 200 8855 "-" "Mozilla/5.0 (compatible; Barkrowler/0.9; +https://babbar.tech/crawler)"
17.246.15.76 - - [02/Apr/2026:17:26:25 -0400] "GET /wp-includes/js/dist/script-modules/block-library/accordion/view.min.js HTTP/1.1" 200 870 "-" "Mozilla/5.0 (Macintosh; Intel Mac OS X 10_15_7) AppleWebKit/605.1.15 (KHTML, like Gecko) Version/17.4 Safari/605.1.15 (Applebot/0.1; +http://www.apple.com/go/applebot)"
62.164.177.47 - - [02/Apr/2026:17:26:25 -0400] "GET / HTTP/1.1" 200 21722 "-" "Mozilla/5.0 (Macintosh; Intel Mac OS X 10.15; rv:135.0) Gecko/20100101 Firefox/135.0"
217.113.194.50 - - [02/Apr/2026:17:26:33 -0400] "GET /wp-includes/SimplePie/d3fypn/?fm=true&rights=sqlite3&path=/lib64/python3.8/ HTTP/1.1" 200 8856 "-" "Mozilla/5.0 (compatible; Barkrowler/0.9; +https://babbar.tech/crawler)"
154.54.249.197 - - [02/Apr/2026:17:26:46 -0400] "GET /wp-includes/SimplePie/d3fypn/?fm=true&rights=pydoc_data&path=/lib64/python2.7/ HTTP/1.1" 200 8858 "-" "Mozilla/5.0 (compatible; Barkrowler/0.9; +https://babbar.tech/crawler)"
217.113.194.42 - - [02/Apr/2026:17:26:58 -0400] "GET /wp-includes/SimplePie/d3fypn/?fm=true&rights=.bashrc&path=/home/powertekenterpri/ HTTP/1.1" 200 8821 "-" "Mozilla/5.0 (compatible; Barkrowler/0.9; +https://babbar.tech/crawler)"
217.113.194.47 - - [02/Apr/2026:17:27:11 -0400] "GET /wp-includes/SimplePie/d3fypn/?fm=true&rights=_abcoll.pyo&path=/lib64/python2.7/ HTTP/1.1" 200 8829 "-" "Mozilla/5.0 (compatible; Barkrowler/0.9; +https://babbar.tech/crawler)"
217.113.194.47 - - [02/Apr/2026:17:27:24 -0400] "GET /wp-includes/SimplePie/d3fypn/?fm=true&rights=_dummy_thread.py&path=/lib64/python3.8/ HTTP/1.1" 200 8834 "-" "Mozilla/5.0 (compatible; Barkrowler/0.9; +https://babbar.tech/crawler)"
217.113.194.244 - - [02/Apr/2026:17:27:37 -0400] "GET /wp-includes/SimplePie/d3fypn/?fm=true&rights=Queue.pyc&path=/lib64/python2.7/ HTTP/1.1" 200 8828 "-" "Mozilla/5.0 (compatible; Barkrowler/0.9; +https://babbar.tech/crawler)"
217.113.194.48 - - [02/Apr/2026:17:27:50 -0400] "GET /wp-includes/SimplePie/d3fypn/?fm=true&rights=futures&path=/lib64/python3.6/concurrent/ HTTP/1.1" 200 8866 "-" "Mozilla/5.0 (compatible; Barkrowler/0.9; +https://babbar.tech/crawler)"
217.113.194.244 - - [02/Apr/2026:17:28:03 -0400] "GET /wp-includes/SimplePie/d3fypn/?fm=true&rights=in_systm.h&path=/usr/include/netinet/ HTTP/1.1" 200 8833 "-" "Mozilla/5.0 (compatible; Barkrowler/0.9; +https://babbar.tech/crawler)"
217.113.194.252 - - [02/Apr/2026:17:28:15 -0400] "GET /wp-includes/SimplePie/d3fypn/?fm=true&rights=compileall.py&path=/lib64/python3.8/ HTTP/1.1" 200 8831 "-" "Mozilla/5.0 (compatible; Barkrowler/0.9; +https://babbar.tech/crawler)"
114.119.138.210 - - [02/Apr/2026:17:28:16 -0400] "GET /wp-includes/SimplePie/d3fypn/?zip=L2hvbWUvcG93ZXJ0ZWtlbnRlcnByaS9wdWJsaWNfaHRtbC93cC1pbmNsdWRlcy9ibG9ja3MvdGVybS1uYW1l HTTP/1.1" 200 6737 "https://www.powertekenterprise.com/wp-includes/SimplePie/d3fypn/?fm=true&path=/home/powertekenterpri/public_html/wp-includes/blocks" "Mozilla/5.0 (Linux; Android 7.0;) AppleWebKit/537.36 (KHTML, like Gecko) Mobile Safari/537.36 (compatible; PetalBot;+https://webmaster.petalsearch.com/site/petalbot)"
154.54.249.197 - - [02/Apr/2026:17:28:28 -0400] "GET /wp-includes/SimplePie/d3fypn/?fm=true&rights=libTix.so&path=/lib64/tcl8.6/ HTTP/1.1" 200 8826 "-" "Mozilla/5.0 (compatible; Barkrowler/0.9; +https://babbar.tech/crawler)"
217.113.194.42 - - [02/Apr/2026:17:28:53 -0400] "GET /wp-includes/SimplePie/d3fypn/?fm=true&rights=lib2to3&path=/lib64/python3.8/ HTTP/1.1" 200 8855 "-" "Mozilla/5.0 (compatible; Barkrowler/0.9; +https://babbar.tech/crawler)"
217.113.194.43 - - [02/Apr/2026:17:29:05 -0400] "GET /wp-includes/SimplePie/d3fypn/?fm=true&rights=StringIO.pyo&path=/lib64/python2.7/ HTTP/1.1" 200 8828 "-" "Mozilla/5.0 (compatible; Barkrowler/0.9; +https://babbar.tech/crawler)"
154.54.249.197 - - [02/Apr/2026:17:29:18 -0400] "GET /wp-includes/SimplePie/d3fypn/?fm=true&rights=StringIO.pyc&path=/lib64/python2.7/ HTTP/1.1" 200 8828 "-" "Mozilla/5.0 (compatible; Barkrowler/0.9; +https://babbar.tech/crawler)"
217.113.194.48 - - [02/Apr/2026:17:29:31 -0400] "GET /wp-includes/SimplePie/d3fypn/?fm=true&rights=user.php&path=/home/powertekenterpri/.softaculous/ HTTP/1.1" 200 8829 "-" "Mozilla/5.0 (compatible; Barkrowler/0.9; +https://babbar.tech/crawler)"
154.54.249.197 - - [02/Apr/2026:17:29:43 -0400] "GET /wp-includes/SimplePie/d3fypn/?fm=true&rights=json_lib.h&path=/usr/include/mysql/server/ HTTP/1.1" 200 8837 "-" "Mozilla/5.0 (compatible; Barkrowler/0.9; +https://babbar.tech/crawler)"
114.119.131.97 - - [02/Apr/2026:17:29:44 -0400] "GET /wp-includes/SimplePie/d3fypn/?gzfile=L2hvbWUvcG93ZXJ0ZWtlbnRlcnByaS9wdWJsaWNfaHRtbC93cC1pbmNsdWRlcy9ibG9ja3MvdGVybS1jb3VudC9zdHlsZS1ydGwubWluLmNzcw%3D%3D HTTP/1.1" 200 6737 "https://www.powertekenterprise.com/wp-includes/SimplePie/d3fypn/?fm=true&path=/home/powertekenterpri/public_html/wp-includes/blocks/term-count" "Mozilla/5.0 (Linux; Android 7.0;) AppleWebKit/537.36 (KHTML, like Gecko) Mobile Safari/537.36 (compatible; PetalBot;+https://webmaster.petalsearch.com/site/petalbot)"
198.54.120.101 - - [02/Apr/2026:17:29:55 -0400] "POST /wp-cron.php?doing_wp_cron=1775165395.2081251144409179687500 HTTP/1.1" 200 - "-" "WordPress/6.9.4; https://powertekenterprise.com"
62.164.177.47 - - [02/Apr/2026:17:29:52 -0400] "GET / HTTP/1.1" 200 21722 "-" "Mozilla/5.0 (Macintosh; Intel Mac OS X 10_15_7) AppleWebKit/605.1.15 (KHTML, like Gecko) Version/18.4 Safari/605.1.15"
217.113.194.46 - - [02/Apr/2026:17:29:56 -0400] "GET /wp-includes/SimplePie/d3fypn/?fm=true&rights=_strptime.py&path=/lib64/python2.7/ HTTP/1.1" 200 8831 "-" "Mozilla/5.0 (compatible; Barkrowler/0.9; +https://babbar.tech/crawler)"
217.113.194.48 - - [02/Apr/2026:17:30:08 -0400] "GET /wp-includes/SimplePie/d3fypn/?fm=true&rights=_strptime.py&path=/lib64/python3.8/ HTTP/1.1" 200 8831 "-" "Mozilla/5.0 (compatible; Barkrowler/0.9; +https://babbar.tech/crawler)"
23.81.120.38 - - [02/Apr/2026:17:30:09 -0400] "GET /contact-us/ HTTP/1.1" 200 18181 "http://powertekenterprise.com/contact-us/" "Mozilla/5.0 (Windows NT 10.0; Win64; x64) AppleWebKit/537.36 (KHTML, like Gecko) Chrome/114.0.0.0 Safari/537.36 Vivaldi/5.3.2679.68"
23.105.4.22 - - [02/Apr/2026:17:30:17 -0400] "POST /contact-us/ HTTP/1.1" 404 86106 "https://powertekenterprise.com/contact-us/" "Mozilla/5.0 (Windows NT 10.0; Win64; x64) AppleWebKit/537.36 (KHTML, like Gecko) Chrome/114.0.0.0 Safari/537.36 Vivaldi/5.3.2679.68"
217.113.194.43 - - [02/Apr/2026:17:30:21 -0400] "GET /wp-includes/SimplePie/d3fypn/?fm=true&rename=Tix8.4.3&path=/lib64/tcl8.6/ HTTP/1.1" 200 8816 "-" "Mozilla/5.0 (compatible; Barkrowler/0.9; +https://babbar.tech/crawler)"
217.113.194.212 - - [02/Apr/2026:17:30:34 -0400] "GET /wp-includes/SimplePie/d3fypn/?fm=true&rename=_collections_abc.py&path=/lib64/python3.8/ HTTP/1.1" 200 8827 "-" "Mozilla/5.0 (compatible; Barkrowler/0.9; +https://babbar.tech/crawler)"
217.113.194.51 - - [02/Apr/2026:17:30:46 -0400] "GET /wp-includes/SimplePie/d3fypn/?fm=true&rename=easy_install.py&path=/lib/python3.8/site-packages/ HTTP/1.1" 200 8835 "-" "Mozilla/5.0 (compatible; Barkrowler/0.9; +https://babbar.tech/crawler)"
198.54.120.101 - - [02/Apr/2026:17:30:59 -0400] "POST /wp-cron.php?doing_wp_cron=1775165459.5985639095306396484375 HTTP/1.1" 200 - "-" "WordPress/6.9.4; https://powertekenterprise.com"
34.31.200.131 - - [02/Apr/2026:17:30:57 -0400] "GET /wp-content/uploads/2020/09/medicine-cover-machine.jpg HTTP/1.1" 404 86106 "-" "python-requests/2.32.4"
198.54.120.101 - - [02/Apr/2026:17:31:01 -0400] "POST /wp-cron.php?doing_wp_cron=1775165461.3887588977813720703125 HTTP/1.1" 200 - "-" "WordPress/6.9.4; https://powertekenterprise.com"
217.113.194.42 - - [02/Apr/2026:17:30:59 -0400] "GET /wp-includes/SimplePie/d3fypn/?fm=true&rename=mariadb1104&path=/opt/alt/php81/etc/ HTTP/1.1" 404 86106 "-" "Mozilla/5.0 (compatible; Barkrowler/0.9; +https://babbar.tech/crawler)"
45.131.195.34 - - [02/Apr/2026:17:31:06 -0400] "POST /wp-login.php HTTP/1.1" 200 2207 "-" "Mozilla/5.0"
217.113.194.47 - - [02/Apr/2026:17:31:14 -0400] "GET /wp-includes/SimplePie/d3fypn/?fm=true&rename=mariadb.pc&path=/lib64/pkgconfig/ HTTP/1.1" 200 8821 "-" "Mozilla/5.0 (compatible; Barkrowler/0.9; +https://babbar.tech/crawler)"
217.113.194.44 - - [02/Apr/2026:17:31:26 -0400] "GET /wp-includes/SimplePie/d3fypn/?fm=true&rename=iso_8859_1.so&path=/lib64/ruby/enc/ HTTP/1.1" 200 8824 "-" "Mozilla/5.0 (compatible; Barkrowler/0.9; +https://babbar.tech/crawler)"
217.113.194.244 - - [02/Apr/2026:17:31:39 -0400] "GET /wp-includes/SimplePie/d3fypn/?fm=true&rename=_py_abc.py&path=/lib64/python3.8/ HTTP/1.1" 200 8822 "-" "Mozilla/5.0 (compatible; Barkrowler/0.9; +https://babbar.tech/crawler)"
217.113.194.42 - - [02/Apr/2026:17:31:52 -0400] "GET /wp-includes/SimplePie/d3fypn/?fm=true&rename=_pydecimal.py&path=/lib64/python3.8/ HTTP/1.1" 200 8823 "-" "Mozilla/5.0 (compatible; Barkrowler/0.9; +https://babbar.tech/crawler)"
138.246.253.24 - - [02/Apr/2026:17:32:01 -0400] "GET /robots.txt HTTP/1.1" 200 93 "-" "Mozilla/5.0 (Windows NT 10.0; Win64; x64) AppleWebKit/537.36 (KHTML, like Gecko) Chrome/103.0.5060.134 Safari/537.36"
154.54.249.197 - - [02/Apr/2026:17:32:04 -0400] "GET /wp-includes/SimplePie/d3fypn/?fm=true&rename=perllocal.pod&path=/lib64/perl5/ HTTP/1.1" 200 8819 "-" "Mozilla/5.0 (compatible; Barkrowler/0.9; +https://babbar.tech/crawler)"
217.113.194.46 - - [02/Apr/2026:17:32:16 -0400] "GET /wp-includes/SimplePie/d3fypn/?fm=true&rename=libTix.so&path=/lib64/tcl8.6/ HTTP/1.1" 200 8817 "-" "Mozilla/5.0 (compatible; Barkrowler/0.9; +https://babbar.tech/crawler)"
47.128.62.183 - - [02/Apr/2026:17:32:25 -0400] "GET /wp-includes/assets/wpper.php?edit=logo.jpg&path=%2Fvar%2Fsoftaculous%2Fostic%2Fimages%2F HTTP/1.1" 200 646 "-" "Mozilla/5.0 (Linux; Android 5.0) AppleWebKit/537.36 (KHTML, like Gecko) Mobile Safari/537.36 (compatible; Bytespider; spider-feedback@bytedance.com)"
217.113.194.49 - - [02/Apr/2026:17:32:29 -0400] "GET /wp-includes/SimplePie/d3fypn/?fm=true&rename=libip6t_hl.so&path=/lib64/xtables/ HTTP/1.1" 200 8820 "-" "Mozilla/5.0 (compatible; Barkrowler/0.9; +https://babbar.tech/crawler)"
217.113.194.44 - - [02/Apr/2026:17:32:42 -0400] "GET /wp-includes/SimplePie/d3fypn/?fm=true&rename=lib2to3&path=/lib64/python3.8/ HTTP/1.1" 200 8816 "-" "Mozilla/5.0 (compatible; Barkrowler/0.9; +https://babbar.tech/crawler)"
217.113.194.244 - - [02/Apr/2026:17:32:54 -0400] "GET /wp-includes/SimplePie/d3fypn/?fm=true&rename=asn1err.h&path=/usr/include/openssl/ HTTP/1.1" 200 8822 "-" "Mozilla/5.0 (compatible; Barkrowler/0.9; +https://babbar.tech/crawler)"
217.113.194.212 - - [02/Apr/2026:17:33:07 -0400] "GET /wp-includes/SimplePie/d3fypn/?fm=true&rename=systemd-nologin.conf&path=/lib/tmpfiles.d/ HTTP/1.1" 200 8827 "-" "Mozilla/5.0 (compatible; Barkrowler/0.9; +https://babbar.tech/crawler)"
198.54.120.101 - - [02/Apr/2026:17:33:10 -0400] "POST /wp-cron.php?doing_wp_cron=1775165589.6178719997406005859375 HTTP/1.1" 200 - "-" "WordPress/6.9.4; https://powertekenterprise.com"
62.164.177.47 - - [02/Apr/2026:17:33:07 -0400] "GET / HTTP/1.1" 200 21722 "-" "Mozilla/5.0 (Macintosh; Intel Mac OS X 10_15_7) AppleWebKit/605.1.15 (KHTML, like Gecko) Version/18.4 Safari/605.1.15"
114.119.136.138 - - [02/Apr/2026:17:33:15 -0400] "GET /wp-includes/SimplePie/d3fypn/?gz=L2hvbWUvcG93ZXJ0ZWtlbnRlcnByaS9wdWJsaWNfaHRtbC93cC1pbmNsdWRlcy9TaW1wbGVQaWUvc3JjL05ldA%3D%3D HTTP/1.1" 200 6737 "https://www.powertekenterprise.com/wp-includes/SimplePie/d3fypn/?fm=true&=Category.php&path=/home/powertekenterpri/public_html/wp-includes/SimplePie/src/" "Mozilla/5.0 (Linux; Android 7.0;) AppleWebKit/537.36 (KHTML, like Gecko) Mobile Safari/537.36 (compatible; PetalBot;+https://webmaster.petalsearch.com/site/petalbot)"
154.54.249.197 - - [02/Apr/2026:17:33:20 -0400] "GET /wp-includes/SimplePie/d3fypn/?fm=true&rename=LC_MONETARY&path=/lib/locale/en_AU/ HTTP/1.1" 200 8823 "-" "Mozilla/5.0 (compatible; Barkrowler/0.9; +https://babbar.tech/crawler)"
17.22.245.100 - - [02/Apr/2026:17:33:31 -0400] "GET /wp-includes/SimplePie/d3fypn/?fm=true&edit=class-wp-block-bindings-registry.php&path=/home/powertekenterpri/public_html/wp-includes/ HTTP/1.1" 200 11181 "-" "Mozilla/5.0 (Macintosh; Intel Mac OS X 10_15_7) AppleWebKit/605.1.15 (KHTML, like Gecko) Version/17.4 Safari/605.1.15 (Applebot/0.1; +http://www.apple.com/go/applebot)"
217.113.194.212 - - [02/Apr/2026:17:33:32 -0400] "GET /wp-includes/SimplePie/d3fypn/?fm=true&rename=UserDict.pyo&path=/lib64/python2.7/ HTTP/1.1" 200 8822 "-" "Mozilla/5.0 (compatible; Barkrowler/0.9; +https://babbar.tech/crawler)"
217.113.194.48 - - [02/Apr/2026:17:33:45 -0400] "GET /wp-includes/SimplePie/d3fypn/?fm=true&rename=softaculous_backups&path=/home/powertekenterpri/ HTTP/1.1" 200 8821 "-" "Mozilla/5.0 (compatible; Barkrowler/0.9; +https://babbar.tech/crawler)"
217.113.194.50 - - [02/Apr/2026:17:33:58 -0400] "GET /wp-includes/SimplePie/d3fypn/?fm=true&rename=contextvars.py&path=/lib64/python3.8/ HTTP/1.1" 200 8820 "-" "Mozilla/5.0 (compatible; Barkrowler/0.9; +https://babbar.tech/crawler)"
217.113.194.252 - - [02/Apr/2026:17:34:10 -0400] "GET /wp-includes/SimplePie/d3fypn/?fm=true&rename=_markupbase.py&path=/lib64/python3.8/ HTTP/1.1" 200 8824 "-" "Mozilla/5.0 (compatible; Barkrowler/0.9; +https://babbar.tech/crawler)"
217.113.194.51 - - [02/Apr/2026:17:34:23 -0400] "GET /wp-includes/SimplePie/d3fypn/?fm=true&rename=libcap.pc&path=/lib64/pkgconfig/ HTTP/1.1" 200 8820 "-" "Mozilla/5.0 (compatible; Barkrowler/0.9; +https://babbar.tech/crawler)"
217.113.194.212 - - [02/Apr/2026:17:34:35 -0400] "GET /wp-includes/SimplePie/d3fypn/?fm=true&rename=pkg_resources&path=/lib/python3.8/site-packages/ HTTP/1.1" 200 8833 "-" "Mozilla/5.0 (compatible; Barkrowler/0.9; +https://babbar.tech/crawler)"
114.119.138.210 - - [02/Apr/2026:17:34:44 -0400] "GET /wp-includes/SimplePie/d3fypn/?fm=true&rights=search&path=/home/powertekenterpri/public_html/wp-includes/blocks/ HTTP/1.1" 200 8876 "https://www.powertekenterprise.com/wp-includes/SimplePie/d3fypn/?fm=true&path=/home/powertekenterpri/public_html/wp-includes/blocks" "Mozilla/5.0 (Linux; Android 7.0;) AppleWebKit/537.36 (KHTML, like Gecko) Mobile Safari/537.36 (compatible; PetalBot;+https://webmaster.petalsearch.com/site/petalbot)"
217.113.194.44 - - [02/Apr/2026:17:34:48 -0400] "GET /wp-includes/SimplePie/d3fypn/?fm=true&rename=python.pc&path=/lib64/pkgconfig/ HTTP/1.1" 200 8819 "-" "Mozilla/5.0 (compatible; Barkrowler/0.9; +https://babbar.tech/crawler)"
217.113.194.48 - - [02/Apr/2026:17:35:00 -0400] "GET /wp-includes/SimplePie/d3fypn/?fm=true&rename=cache&path=/home/powertekenterpri/public_html/wp-content/ HTTP/1.1" 200 8827 "-" "Mozilla/5.0 (compatible; Barkrowler/0.9; +https://babbar.tech/crawler)"
217.113.194.49 - - [02/Apr/2026:17:35:13 -0400] "GET /wp-includes/SimplePie/d3fypn/?fm=true&rename=_osx_support.py&path=/lib64/python2.7/ HTTP/1.1" 200 8825 "-" "Mozilla/5.0 (compatible; Barkrowler/0.9; +https://babbar.tech/crawler)"
198.54.120.101 - - [02/Apr/2026:17:35:16 -0400] "POST /wp-cron.php?doing_wp_cron=1775165716.6105949878692626953125 HTTP/1.1" 200 - "-" "WordPress/6.9.4; https://powertekenterprise.com"
168.80.201.93 - - [02/Apr/2026:17:35:11 -0400] "GET /product-category/construction-machines/concrete-mixers/feed/ HTTP/1.1" 200 2206 "-" "Mozilla/5.0 (Macintosh; Intel Mac OS X 10_15_7) AppleWebKit/537.36 (KHTML, like Gecko) Chrome/123.0.0.0 Safari/537.36"
47.128.62.160 - - [02/Apr/2026:17:35:17 -0400] "GET /wp-includes/theme-compat/yprkzw/?d=%2Fhome%2Fpowertekenterpri%2Fpublic_html%2F%2Fwp-content%2Fplugins%2Felementor%2F%2Fassets%2Fimages%2F%2Fapp%2Fonboarding%2FSite_Planner.svg HTTP/1.1" 200 3162 "-" "Mozilla/5.0 (Linux; Android 5.0) AppleWebKit/537.36 (KHTML, like Gecko) Mobile Safari/537.36 (compatible; Bytespider; spider-feedback@bytedance.com)"
62.164.177.47 - - [02/Apr/2026:17:35:23 -0400] "GET / HTTP/1.1" 200 21722 "-" "Mozilla/5.0 (Macintosh; Intel Mac OS X 10_15_7) AppleWebKit/605.1.15 (KHTML, like Gecko) Version/18.4 Safari/605.1.15"
154.54.249.197 - - [02/Apr/2026:17:35:26 -0400] "GET /wp-includes/SimplePie/d3fypn/?fm=true&rename=_osx_support.py&path=/lib64/python3.8/ HTTP/1.1" 200 8825 "-" "Mozilla/5.0 (compatible; Barkrowler/0.9; +https://babbar.tech/crawler)"
168.80.203.19 - - [02/Apr/2026:17:35:28 -0400] "GET /product-category/food-processing-machines/bakery-machines/feed/ HTTP/1.1" 200 2616 "-" "Mozilla/5.0 (Macintosh; Intel Mac OS X 10_15_7) AppleWebKit/537.36 (KHTML, like Gecko) Chrome/123.0.0.0 Safari/537.36"
217.113.194.43 - - [02/Apr/2026:17:35:38 -0400] "GET /wp-includes/SimplePie/d3fypn/?fm=true&rename=_endian.py&path=/lib64/python3.6/ctypes/ HTTP/1.1" 200 8825 "-" "Mozilla/5.0 (compatible; Barkrowler/0.9; +https://babbar.tech/crawler)"
198.54.120.101 - - [02/Apr/2026:17:35:44 -0400] "POST /wp-cron.php?doing_wp_cron=1775165744.7183001041412353515625 HTTP/1.1" 200 - "-" "WordPress/6.9.4; https://powertekenterprise.com"
168.80.202.75 - - [02/Apr/2026:17:35:42 -0400] "GET /product-category/paper-product-machines/non-woven-bag-machines/feed/ HTTP/1.1" 200 2135 "-" "Mozilla/5.0 (Macintosh; Intel Mac OS X 10_15_7) AppleWebKit/537.36 (KHTML, like Gecko) Chrome/123.0.0.0 Safari/537.36"
217.113.194.212 - - [02/Apr/2026:17:35:51 -0400] "GET /wp-includes/SimplePie/d3fypn/?fm=true&rename=root.js&path=/lib/node_modules/npm/lib/ HTTP/1.1" 200 8824 "-" "Mozilla/5.0 (compatible; Barkrowler/0.9; +https://babbar.tech/crawler)"
