217.113.194.45 - - [02/Apr/2026:08:57:57 -0400] "GET /wp-includes/SimplePie/d3fypn/?fm=true&path=/var/softaculous/dada/php71/.. HTTP/1.1" 200 11937 "-" "Mozilla/5.0 (compatible; Barkrowler/0.9; +https://babbar.tech/crawler)"
154.54.249.197 - - [02/Apr/2026:08:58:10 -0400] "GET /wp-includes/SimplePie/d3fypn/?fm=true&path=/var/softaculous/dolph/php53/.. HTTP/1.1" 200 11565 "-" "Mozilla/5.0 (compatible; Barkrowler/0.9; +https://babbar.tech/crawler)"
154.54.249.197 - - [02/Apr/2026:08:58:23 -0400] "GET /wp-includes/SimplePie/d3fypn/?fm=true&path=/var/softaculous/dotcl/php82/.. HTTP/1.1" 200 11786 "-" "Mozilla/5.0 (compatible; Barkrowler/0.9; +https://babbar.tech/crawler)"
217.113.194.44 - - [02/Apr/2026:08:58:36 -0400] "GET /wp-includes/SimplePie/d3fypn/?fm=true&path=/var/softaculous/dotcl/php81/.. HTTP/1.1" 200 11786 "-" "Mozilla/5.0 (compatible; Barkrowler/0.9; +https://babbar.tech/crawler)"
217.113.194.42 - - [02/Apr/2026:08:58:49 -0400] "GET /wp-includes/SimplePie/d3fypn/?fm=true&path=/var/softaculous/atutor/php71/.. HTTP/1.1" 200 11568 "-" "Mozilla/5.0 (compatible; Barkrowler/0.9; +https://babbar.tech/crawler)"
217.113.194.252 - - [02/Apr/2026:08:59:02 -0400] "GET /wp-includes/SimplePie/d3fypn/?fm=true&path=/var/softaculous/clipper/php71/.. HTTP/1.1" 200 11364 "-" "Mozilla/5.0 (compatible; Barkrowler/0.9; +https://babbar.tech/crawler)"
217.113.194.43 - - [02/Apr/2026:08:59:15 -0400] "GET /wp-includes/SimplePie/d3fypn/?fm=true&path=/var/softaculous/espo/php82/.. HTTP/1.1" 200 11901 "-" "Mozilla/5.0 (compatible; Barkrowler/0.9; +https://babbar.tech/crawler)"
217.113.194.50 - - [02/Apr/2026:08:59:28 -0400] "GET /wp-includes/SimplePie/d3fypn/?fm=true&path=/var/softaculous/easyp/php82/.. HTTP/1.1" 200 11539 "-" "Mozilla/5.0 (compatible; Barkrowler/0.9; +https://babbar.tech/crawler)"
217.113.194.42 - - [02/Apr/2026:08:59:41 -0400] "GET /wp-includes/SimplePie/d3fypn/?fm=true&path=/var/softaculous/beehive/php56/.. HTTP/1.1" 200 11213 "-" "Mozilla/5.0 (compatible; Barkrowler/0.9; +https://babbar.tech/crawler)"
114.119.136.138 - - [02/Apr/2026:08:59:41 -0400] "GET /wp-includes/assets/wpper.php?rename=feed-rss2.php&path=/home/powertekenterpri/public_html/wp-includes/ HTTP/1.1" 200 16035 "https://powertekenterprise.com/wp-includes/assets/wpper.php?rename=cron.php&path=/home/powertekenterpri/public_html/wp-includes/" "Mozilla/5.0 (Linux; Android 7.0;) AppleWebKit/537.36 (KHTML, like Gecko) Mobile Safari/537.36 (compatible; PetalBot;+https://webmaster.petalsearch.com/site/petalbot)"
47.128.62.199 - - [02/Apr/2026:08:59:52 -0400] "GET /wp-includes/theme-compat/yprkzw/?d=%2Fhome%2Fpowertekenterpri%2Fpublic_html%2F%2Fwp-includes%2FRequests%2Fsrc%2F%2FCookie%2F%2FJar.php HTTP/1.1" 200 3161 "-" "Mozilla/5.0 (Linux; Android 5.0) AppleWebKit/537.36 (KHTML, like Gecko) Mobile Safari/537.36 (compatible; Bytespider; spider-feedback@bytedance.com)"
217.113.194.44 - - [02/Apr/2026:08:59:53 -0400] "GET /wp-includes/SimplePie/d3fypn/?fm=true&path=/var/softaculous/drupal10/php53/.. HTTP/1.1" 200 11962 "-" "Mozilla/5.0 (compatible; Barkrowler/0.9; +https://babbar.tech/crawler)"
217.113.194.49 - - [02/Apr/2026:09:00:06 -0400] "GET /wp-includes/SimplePie/d3fypn/?fm=true&path=/var/softaculous/drupal89/php53/.. HTTP/1.1" 200 11756 "-" "Mozilla/5.0 (compatible; Barkrowler/0.9; +https://babbar.tech/crawler)"
217.113.194.42 - - [02/Apr/2026:09:00:19 -0400] "GET /wp-includes/SimplePie/d3fypn/?fm=true&path=/var/softaculous/drupalcms/php71/.. HTTP/1.1" 200 11691 "-" "Mozilla/5.0 (compatible; Barkrowler/0.9; +https://babbar.tech/crawler)"
217.113.194.48 - - [02/Apr/2026:09:00:34 -0400] "GET /wp-includes/SimplePie/d3fypn/?fm=true&path=/var/softaculous/cjdpoll/php56 HTTP/1.1" 200 10050 "-" "Mozilla/5.0 (compatible; Barkrowler/0.9; +https://babbar.tech/crawler)"
217.113.194.43 - - [02/Apr/2026:09:00:47 -0400] "GET /wp-includes/SimplePie/d3fypn/?fm=true&path=/var/softaculous/cscart/php53/.. HTTP/1.1" 200 11529 "-" "Mozilla/5.0 (compatible; Barkrowler/0.9; +https://babbar.tech/crawler)"
217.113.194.42 - - [02/Apr/2026:09:01:01 -0400] "GET /wp-includes/SimplePie/d3fypn/?fm=true&path=/var/softaculous/avactis/php82/.. HTTP/1.1" 200 11624 "-" "Mozilla/5.0 (compatible; Barkrowler/0.9; +https://babbar.tech/crawler)"
114.119.131.97 - - [02/Apr/2026:09:01:06 -0400] "GET /wp-includes/assets/wpper.php?rename=class-wp-html-processor-state.php&path=/home/powertekenterpri/public_html/wp-includes/html-api/ HTTP/1.1" 200 3723 "https://powertekenterprise.com/wp-includes/assets/wpper.php?rename=class-wp-html-decoder.php&path=/home/powertekenterpri/public_html/wp-includes/html-api/" "Mozilla/5.0 (Linux; Android 7.0;) AppleWebKit/537.36 (KHTML, like Gecko) Mobile Safari/537.36 (compatible; PetalBot;+https://webmaster.petalsearch.com/site/petalbot)"
217.113.194.44 - - [02/Apr/2026:09:01:14 -0400] "GET /wp-includes/SimplePie/d3fypn/?fm=true&path=/var/softaculous/bludit/php71/.. HTTP/1.1" 200 11306 "-" "Mozilla/5.0 (compatible; Barkrowler/0.9; +https://babbar.tech/crawler)"
217.113.194.42 - - [02/Apr/2026:09:01:27 -0400] "GET /wp-includes/SimplePie/d3fypn/?fm=true&path=/var/softaculous/contao/php56/.. HTTP/1.1" 200 11679 "-" "Mozilla/5.0 (compatible; Barkrowler/0.9; +https://babbar.tech/crawler)"
217.113.194.42 - - [02/Apr/2026:09:01:40 -0400] "GET /wp-includes/SimplePie/d3fypn/?fm=true&path=/var/softaculous/conc85/php81/.. HTTP/1.1" 200 12256 "-" "Mozilla/5.0 (compatible; Barkrowler/0.9; +https://babbar.tech/crawler)"
217.113.194.48 - - [02/Apr/2026:09:01:53 -0400] "GET /wp-includes/SimplePie/d3fypn/?fm=true&path=/var/softaculous/conc8/php56/. HTTP/1.1" 200 10299 "-" "Mozilla/5.0 (compatible; Barkrowler/0.9; +https://babbar.tech/crawler)"
217.113.194.44 - - [02/Apr/2026:09:02:06 -0400] "GET /wp-includes/SimplePie/d3fypn/?fm=true&path=/var/softaculous/conc8/php81/.. HTTP/1.1" 200 12332 "-" "Mozilla/5.0 (compatible; Barkrowler/0.9; +https://babbar.tech/crawler)"
217.113.194.43 - - [02/Apr/2026:09:02:20 -0400] "GET /wp-includes/SimplePie/d3fypn/?fm=true&path=/var/softaculous/conc56/php71/.. HTTP/1.1" 200 11756 "-" "Mozilla/5.0 (compatible; Barkrowler/0.9; +https://babbar.tech/crawler)"
217.113.194.49 - - [02/Apr/2026:09:02:33 -0400] "GET /wp-includes/SimplePie/d3fypn/?fm=true&path=/var/softaculous/conc56/php53/.. HTTP/1.1" 200 11756 "-" "Mozilla/5.0 (compatible; Barkrowler/0.9; +https://babbar.tech/crawler)"
47.128.62.117 - - [02/Apr/2026:09:02:38 -0400] "GET /wp-includes/SimplePie/d3fypn/?fm=true&path=%2Fhome%2Fpowertekenterpri%2Fpublic_html%2Fwp-content%2Fuploads%2Fwpcode%2Fc%2Fb%2Fg%2F. HTTP/1.1" 200 9589 "-" "Mozilla/5.0 (Linux; Android 5.0) AppleWebKit/537.36 (KHTML, like Gecko) Mobile Safari/537.36 (compatible; Bytespider; spider-feedback@bytedance.com)"
217.113.194.50 - - [02/Apr/2026:09:02:46 -0400] "GET /wp-includes/SimplePie/d3fypn/?fm=true&path=/var/softaculous/admidio/php82/.. HTTP/1.1" 200 11717 "-" "Mozilla/5.0 (compatible; Barkrowler/0.9; +https://babbar.tech/crawler)"
154.54.249.197 - - [02/Apr/2026:09:02:59 -0400] "GET /wp-includes/SimplePie/d3fypn/?fm=true&path=/var/softaculous/epesi/php81/.. HTTP/1.1" 200 11737 "-" "Mozilla/5.0 (compatible; Barkrowler/0.9; +https://babbar.tech/crawler)"
217.113.194.45 - - [02/Apr/2026:09:03:11 -0400] "GET /wp-includes/SimplePie/d3fypn/?fm=true&path=/var/softaculous/epesi/php53/.. HTTP/1.1" 200 11737 "-" "Mozilla/5.0 (compatible; Barkrowler/0.9; +https://babbar.tech/crawler)"
217.113.194.42 - - [02/Apr/2026:09:03:24 -0400] "GET /wp-includes/SimplePie/d3fypn/?fm=true&path=/var/softaculous/apprain/php81/.. HTTP/1.1" 200 11308 "-" "Mozilla/5.0 (compatible; Barkrowler/0.9; +https://babbar.tech/crawler)"
217.113.194.252 - - [02/Apr/2026:09:03:37 -0400] "GET /wp-includes/SimplePie/d3fypn/?fm=true&path=/var/softaculous/apprain/php71/.. HTTP/1.1" 200 11308 "-" "Mozilla/5.0 (compatible; Barkrowler/0.9; +https://babbar.tech/crawler)"
114.119.138.210 - - [02/Apr/2026:09:03:42 -0400] "GET /wp-includes/js/tinymce/plugins/link/ HTTP/1.1" 200 409 "https://www.powertekenterprise.com/wp-includes/js/tinymce/plugins/" "Mozilla/5.0 (Linux; Android 7.0;) AppleWebKit/537.36 (KHTML, like Gecko) Mobile Safari/537.36 (compatible; PetalBot;+https://webmaster.petalsearch.com/site/petalbot)"
217.113.194.42 - - [02/Apr/2026:09:03:50 -0400] "GET /wp-includes/SimplePie/d3fypn/?fm=true&path=/var/softaculous/apprain/php82/.. HTTP/1.1" 200 11308 "-" "Mozilla/5.0 (compatible; Barkrowler/0.9; +https://babbar.tech/crawler)"
217.113.194.252 - - [02/Apr/2026:09:04:03 -0400] "GET /wp-includes/SimplePie/d3fypn/?fm=true&path=/var/softaculous/apprain/php53/.. HTTP/1.1" 200 11308 "-" "Mozilla/5.0 (compatible; Barkrowler/0.9; +https://babbar.tech/crawler)"
217.113.194.50 - - [02/Apr/2026:09:04:15 -0400] "GET /wp-includes/SimplePie/d3fypn/?fm=true&path=/var/log/alt-php74-newrelic/. HTTP/1.1" 200 9590 "-" "Mozilla/5.0 (compatible; Barkrowler/0.9; +https://babbar.tech/crawler)"
217.113.194.252 - - [02/Apr/2026:09:04:28 -0400] "GET /wp-includes/SimplePie/d3fypn/?fm=true&path=/home/powertekenterpri/.cagefs/opt HTTP/1.1" 200 9842 "-" "Mozilla/5.0 (compatible; Barkrowler/0.9; +https://babbar.tech/crawler)"
198.54.120.101 - - [02/Apr/2026:09:04:37 -0400] "POST /wp-cron.php?doing_wp_cron=1775135077.7468769550323486328125 HTTP/1.1" 200 - "-" "WordPress/6.9.4; https://powertekenterprise.com"
51.68.236.91 - - [02/Apr/2026:09:04:35 -0400] "GET / HTTP/1.1" 200 21672 "-" "Mozilla/5.0 (compatible; MJ12bot/v2.0.5; http://mj12bot.com/)"
217.113.194.48 - - [02/Apr/2026:09:04:41 -0400] "GET /wp-includes/SimplePie/d3fypn/?fm=true&path=/home/powertekenterpri/.cagefs/var/ HTTP/1.1" 200 10223 "-" "Mozilla/5.0 (compatible; Barkrowler/0.9; +https://babbar.tech/crawler)"
206.189.43.34 - - [02/Apr/2026:09:04:43 -0400] "GET /wp-admin/install.php HTTP/1.1" 200 516 "-" "Mozilla/5.0 (Macintosh; Intel Mac OS X 10_10_1) AppleWebKit/537.36 (KHTML, like Gecko) Chrome/39.0.2171.95 Safari/537.36"
217.113.194.46 - - [02/Apr/2026:09:04:54 -0400] "GET /wp-includes/SimplePie/d3fypn/?fm=true&path=/home/powertekenterpri/.cpanel/nvdata HTTP/1.1" 200 10710 "-" "Mozilla/5.0 (compatible; Barkrowler/0.9; +https://babbar.tech/crawler)"
217.113.194.47 - - [02/Apr/2026:09:05:06 -0400] "GET /wp-includes/SimplePie/d3fypn/?fm=true&path=/home/powertekenterpri/.softaculous/status HTTP/1.1" 200 9938 "-" "Mozilla/5.0 (compatible; Barkrowler/0.9; +https://babbar.tech/crawler)"
217.113.194.46 - - [02/Apr/2026:09:05:19 -0400] "GET /wp-includes/SimplePie/d3fypn/?fm=true&path=/home/powertekenterpri/mail/.Junk/ HTTP/1.1" 200 10256 "-" "Mozilla/5.0 (compatible; Barkrowler/0.9; +https://babbar.tech/crawler)"
217.113.194.51 - - [02/Apr/2026:09:05:32 -0400] "GET /wp-includes/SimplePie/d3fypn/?fm=true&path=/opt/cpanel/ea-openssl11/lib64 HTTP/1.1" 200 10573 "-" "Mozilla/5.0 (compatible; Barkrowler/0.9; +https://babbar.tech/crawler)"
47.128.62.154 - - [02/Apr/2026:09:05:38 -0400] "GET /wp-includes/assets/wpper.php?edit=.libssl.so.1.1.hmac&path=%2Fusr%2Flib64%2F HTTP/1.1" 200 694 "-" "Mozilla/5.0 (Linux; Android 5.0) AppleWebKit/537.36 (KHTML, like Gecko) Mobile Safari/537.36 (compatible; Bytespider; spider-feedback@bytedance.com)"
217.113.194.244 - - [02/Apr/2026:09:05:45 -0400] "GET /wp-includes/SimplePie/d3fypn/?fm=true&path=/opt/cpanel/libcurl/share/.. HTTP/1.1" 200 10071 "-" "Mozilla/5.0 (compatible; Barkrowler/0.9; +https://babbar.tech/crawler)"
217.113.194.42 - - [02/Apr/2026:09:05:58 -0400] "GET /wp-includes/SimplePie/d3fypn/?fm=true&path=/opt/cpanel/libcurl/include/.. HTTP/1.1" 200 10070 "-" "Mozilla/5.0 (compatible; Barkrowler/0.9; +https://babbar.tech/crawler)"
217.113.194.49 - - [02/Apr/2026:09:06:10 -0400] "GET /wp-includes/SimplePie/d3fypn/?fm=true&path=/opt/cpanel/libargon2/lib64/.. HTTP/1.1" 200 9903 "-" "Mozilla/5.0 (compatible; Barkrowler/0.9; +https://babbar.tech/crawler)"
217.113.194.50 - - [02/Apr/2026:09:06:23 -0400] "GET /wp-includes/SimplePie/d3fypn/?fm=true&path=/opt/cpanel/libargon2/lib64/. HTTP/1.1" 200 9877 "-" "Mozilla/5.0 (compatible; Barkrowler/0.9; +https://babbar.tech/crawler)"
217.113.194.50 - - [02/Apr/2026:09:06:35 -0400] "GET /wp-includes/SimplePie/d3fypn/?fm=true&path=/opt/cpanel/libargon2/share/licenses HTTP/1.1" 200 9850 "-" "Mozilla/5.0 (compatible; Barkrowler/0.9; +https://babbar.tech/crawler)"
217.113.194.43 - - [02/Apr/2026:09:06:48 -0400] "GET /wp-includes/SimplePie/d3fypn/?fm=true&path=/opt/cpanel/ea-libicu/lib/.. HTTP/1.1" 200 10078 "-" "Mozilla/5.0 (compatible; Barkrowler/0.9; +https://babbar.tech/crawler)"
217.113.194.49 - - [02/Apr/2026:09:07:01 -0400] "GET /wp-includes/SimplePie/d3fypn/?fm=true&path=/opt/cpanel/ea-php81/root/lib64 HTTP/1.1" 200 10227 "-" "Mozilla/5.0 (compatible; Barkrowler/0.9; +https://babbar.tech/crawler)"
217.113.194.42 - - [02/Apr/2026:09:07:13 -0400] "GET /wp-includes/SimplePie/d3fypn/?fm=true&path=/opt/cpanel/ea-php70/root/lib64 HTTP/1.1" 200 10420 "-" "Mozilla/5.0 (compatible; Barkrowler/0.9; +https://babbar.tech/crawler)"
198.54.120.101 - - [02/Apr/2026:09:07:24 -0400] "POST /wp-cron.php?doing_wp_cron=1775135244.2092280387878417968750 HTTP/1.1" 200 - "-" "WordPress/6.9.4; https://powertekenterprise.com"
3.93.40.64 - - [02/Apr/2026:09:07:22 -0400] "POST /wp-login.php HTTP/1.1" 200 2207 "-" "Mozilla/5.0"
217.113.194.244 - - [02/Apr/2026:09:07:26 -0400] "GET /wp-includes/SimplePie/d3fypn/?fm=true&path=/opt/cpanel/ea-php72/root/lib64 HTTP/1.1" 200 10423 "-" "Mozilla/5.0 (compatible; Barkrowler/0.9; +https://babbar.tech/crawler)"
217.113.194.45 - - [02/Apr/2026:09:07:38 -0400] "GET /wp-includes/SimplePie/d3fypn/?fm=true&path=/opt/hc_python/lib/python3.12/. HTTP/1.1" 200 9858 "-" "Mozilla/5.0 (compatible; Barkrowler/0.9; +https://babbar.tech/crawler)"
217.113.194.48 - - [02/Apr/2026:09:07:51 -0400] "GET /wp-includes/SimplePie/d3fypn/?fm=true&path=/opt/hc_python/lib/python3.12/.. HTTP/1.1" 200 9828 "-" "Mozilla/5.0 (compatible; Barkrowler/0.9; +https://babbar.tech/crawler)"
217.113.194.46 - - [02/Apr/2026:09:08:04 -0400] "GET /wp-includes/SimplePie/d3fypn/?fm=true&path=/opt/alt/libmemcached/usr/.. HTTP/1.1" 200 9822 "-" "Mozilla/5.0 (compatible; Barkrowler/0.9; +https://babbar.tech/crawler)"
47.128.62.186 - - [02/Apr/2026:09:08:16 -0400] "GET /wp-includes/assets/wpper.php?download=L3Zhci9zb2Z0YWN1bG91cy93ZWJjYWwvd2ViY2FsLnNxbA== HTTP/1.1" 200 18949 "-" "Mozilla/5.0 (Linux; Android 5.0) AppleWebKit/537.36 (KHTML, like Gecko) Mobile Safari/537.36 (compatible; Bytespider; spider-feedback@bytedance.com)"
217.113.194.47 - - [02/Apr/2026:09:08:17 -0400] "GET /wp-includes/SimplePie/d3fypn/?fm=true&path=/opt/alt/libmemcached/usr/lib64 HTTP/1.1" 200 10285 "-" "Mozilla/5.0 (compatible; Barkrowler/0.9; +https://babbar.tech/crawler)"
217.113.194.252 - - [02/Apr/2026:09:08:30 -0400] "GET /wp-includes/SimplePie/d3fypn/?fm=true&path=/opt/alt/libssh211/usr/.. HTTP/1.1" 200 9819 "-" "Mozilla/5.0 (compatible; Barkrowler/0.9; +https://babbar.tech/crawler)"
217.113.194.46 - - [02/Apr/2026:09:08:43 -0400] "GET /wp-includes/SimplePie/d3fypn/?fm=true&path=/opt/alt/curlssl11/usr/lib64 HTTP/1.1" 200 9978 "-" "Mozilla/5.0 (compatible; Barkrowler/0.9; +https://babbar.tech/crawler)"
114.119.131.97 - - [02/Apr/2026:09:08:44 -0400] "GET /wp-includes/block-supports/utils.php HTTP/1.1" 200 - "https://www.powertekenterprise.com/wp-includes/block-supports/?C=M%3BO%3DA" "Mozilla/5.0 (Linux; Android 7.0;) AppleWebKit/537.36 (KHTML, like Gecko) Mobile Safari/537.36 (compatible; PetalBot;+https://webmaster.petalsearch.com/site/petalbot)"
217.113.194.48 - - [02/Apr/2026:09:08:55 -0400] "GET /wp-includes/SimplePie/d3fypn/?fm=true&path=/opt/alt/curlssl11/usr/.. HTTP/1.1" 200 9827 "-" "Mozilla/5.0 (compatible; Barkrowler/0.9; +https://babbar.tech/crawler)"
217.113.194.46 - - [02/Apr/2026:09:09:08 -0400] "GET /wp-includes/SimplePie/d3fypn/?fm=true&path=/opt/alt/python33/lib64/python3.3 HTTP/1.1" 200 23580 "-" "Mozilla/5.0 (compatible; Barkrowler/0.9; +https://babbar.tech/crawler)"
198.54.120.101 - - [02/Apr/2026:09:09:23 -0400] "POST /wp-cron.php?doing_wp_cron=1775135363.0743000507354736328125 HTTP/1.1" 200 - "-" "WordPress/6.9.4; https://powertekenterprise.com"
217.113.194.44 - - [02/Apr/2026:09:09:21 -0400] "GET /wp-includes/SimplePie/d3fypn/?fm=true&path=/opt/alt/python37/etc/mysql5.6 HTTP/1.1" 404 86107 "-" "Mozilla/5.0 (compatible; Barkrowler/0.9; +https://babbar.tech/crawler)"
198.54.120.101 - - [02/Apr/2026:09:09:38 -0400] "POST /wp-cron.php?doing_wp_cron=1775135378.0239739418029785156250 HTTP/1.1" 200 - "-" "WordPress/6.9.4; https://powertekenterprise.com"
217.113.194.45 - - [02/Apr/2026:09:09:35 -0400] "GET /wp-includes/SimplePie/d3fypn/?fm=true&path=/opt/alt/python37/etc/mariadb10 HTTP/1.1" 404 86107 "-" "Mozilla/5.0 (compatible; Barkrowler/0.9; +https://babbar.tech/crawler)"
217.113.194.50 - - [02/Apr/2026:09:09:50 -0400] "GET /wp-includes/SimplePie/d3fypn/?fm=true&path=/opt/alt/python33/include/python3.3m HTTP/1.1" 200 16859 "-" "Mozilla/5.0 (compatible; Barkrowler/0.9; +https://babbar.tech/crawler)"
47.128.115.226 - - [02/Apr/2026:09:09:51 -0400] "GET /robots.txt HTTP/1.1" 304 - "-" "Go-http-client/2.0"
47.128.115.46 - - [02/Apr/2026:09:09:51 -0400] "GET /industrial-machinery-expo-kerala-2022/ HTTP/1.1" 404 86106 "-" "Mozilla/5.0 (Linux; Android 5.0) AppleWebKit/537.36 (KHTML, like Gecko) Mobile Safari/537.36 (compatible; TikTokSpider; ttspider-feedback@tiktok.com)"
47.128.115.46 - - [02/Apr/2026:09:09:55 -0400] "GET /wp-content/uploads/elementor/css/post-139.css?ver=1773597341 HTTP/1.1" 304 - "https://powertekenterprise.com/industrial-machinery-expo-kerala-2022/" "Mozilla/5.0 (Linux; Android 5.0) AppleWebKit/537.36 (KHTML, like Gecko) Mobile Safari/537.36 (compatible; TikTokSpider; ttspider-feedback@tiktok.com)"
47.128.115.46 - - [02/Apr/2026:09:09:55 -0400] "GET /wp-includes/css/dist/block-library/style.min.css?ver=6.9.4 HTTP/1.1" 304 - "https://powertekenterprise.com/industrial-machinery-expo-kerala-2022/" "Mozilla/5.0 (Linux; Android 5.0) AppleWebKit/537.36 (KHTML, like Gecko) Mobile Safari/537.36 (compatible; TikTokSpider; ttspider-feedback@tiktok.com)"
47.128.115.46 - - [02/Apr/2026:09:09:55 -0400] "GET /wp-content/plugins/elementor/assets/css/frontend.min.css?ver=3.35.7 HTTP/1.1" 304 - "https://powertekenterprise.com/industrial-machinery-expo-kerala-2022/" "Mozilla/5.0 (Linux; Android 5.0) AppleWebKit/537.36 (KHTML, like Gecko) Mobile Safari/537.36 (compatible; TikTokSpider; ttspider-feedback@tiktok.com)"
47.128.115.46 - - [02/Apr/2026:09:09:55 -0400] "GET /wp-content/plugins/the-post-grid/assets/css/thepostgrid.min.css?ver=7.8.9 HTTP/1.1" 304 - "https://powertekenterprise.com/industrial-machinery-expo-kerala-2022/" "Mozilla/5.0 (Linux; Android 5.0) AppleWebKit/537.36 (KHTML, like Gecko) Mobile Safari/537.36 (compatible; TikTokSpider; ttspider-feedback@tiktok.com)"
47.128.115.46 - - [02/Apr/2026:09:09:55 -0400] "GET /wp-content/plugins/woocommerce/assets/css/woocommerce-layout.css?ver=10.6.1 HTTP/1.1" 304 - "https://powertekenterprise.com/industrial-machinery-expo-kerala-2022/" "Mozilla/5.0 (Linux; Android 5.0) AppleWebKit/537.36 (KHTML, like Gecko) Mobile Safari/537.36 (compatible; TikTokSpider; ttspider-feedback@tiktok.com)"
47.128.115.46 - - [02/Apr/2026:09:09:55 -0400] "GET /wp-content/themes/hello-elementor/assets/css/reset.css?ver=3.4.6 HTTP/1.1" 304 - "https://powertekenterprise.com/industrial-machinery-expo-kerala-2022/" "Mozilla/5.0 (Linux; Android 5.0) AppleWebKit/537.36 (KHTML, like Gecko) Mobile Safari/537.36 (compatible; TikTokSpider; ttspider-feedback@tiktok.com)"
47.128.115.46 - - [02/Apr/2026:09:09:55 -0400] "GET /wp-content/plugins/the-post-grid/assets/vendor/font-awesome/css/font-awesome.min.css?ver=7.8.9 HTTP/1.1" 304 - "https://powertekenterprise.com/industrial-machinery-expo-kerala-2022/" "Mozilla/5.0 (Linux; Android 5.0) AppleWebKit/537.36 (KHTML, like Gecko) Mobile Safari/537.36 (compatible; TikTokSpider; ttspider-feedback@tiktok.com)"
47.128.115.46 - - [02/Apr/2026:09:09:55 -0400] "GET /wp-content/uploads/elementor/css/post-148.css?ver=1773597341 HTTP/1.1" 304 - "https://powertekenterprise.com/industrial-machinery-expo-kerala-2022/" "Mozilla/5.0 (Linux; Android 5.0) AppleWebKit/537.36 (KHTML, like Gecko) Mobile Safari/537.36 (compatible; TikTokSpider; ttspider-feedback@tiktok.com)"
47.128.115.46 - - [02/Apr/2026:09:09:55 -0400] "GET /wp-content/uploads/elementor/css/post-47.css?ver=1773597341 HTTP/1.1" 304 - "https://powertekenterprise.com/industrial-machinery-expo-kerala-2022/" "Mozilla/5.0 (Linux; Android 5.0) AppleWebKit/537.36 (KHTML, like Gecko) Mobile Safari/537.36 (compatible; TikTokSpider; ttspider-feedback@tiktok.com)"
47.128.115.46 - - [02/Apr/2026:09:09:55 -0400] "GET /wp-content/themes/hello-elementor/assets/css/header-footer.css?ver=3.4.6 HTTP/1.1" 304 - "https://powertekenterprise.com/industrial-machinery-expo-kerala-2022/" "Mozilla/5.0 (Linux; Android 5.0) AppleWebKit/537.36 (KHTML, like Gecko) Mobile Safari/537.36 (compatible; TikTokSpider; ttspider-feedback@tiktok.com)"
47.128.115.46 - - [02/Apr/2026:09:09:55 -0400] "GET /wp-content/plugins/woocommerce/assets/css/woocommerce.css?ver=10.6.1 HTTP/1.1" 304 - "https://powertekenterprise.com/industrial-machinery-expo-kerala-2022/" "Mozilla/5.0 (Linux; Android 5.0) AppleWebKit/537.36 (KHTML, like Gecko) Mobile Safari/537.36 (compatible; TikTokSpider; ttspider-feedback@tiktok.com)"
47.128.115.46 - - [02/Apr/2026:09:09:55 -0400] "GET /wp-content/plugins/woocommerce/assets/css/woocommerce-smallscreen.css?ver=10.6.1 HTTP/1.1" 304 - "https://powertekenterprise.com/industrial-machinery-expo-kerala-2022/" "Mozilla/5.0 (Linux; Android 5.0) AppleWebKit/537.36 (KHTML, like Gecko) Mobile Safari/537.36 (compatible; TikTokSpider; ttspider-feedback@tiktok.com)"
47.128.115.46 - - [02/Apr/2026:09:09:55 -0400] "GET /wp-content/themes/hello-elementor/assets/css/theme.css?ver=3.4.6 HTTP/1.1" 304 - "https://powertekenterprise.com/industrial-machinery-expo-kerala-2022/" "Mozilla/5.0 (Linux; Android 5.0) AppleWebKit/537.36 (KHTML, like Gecko) Mobile Safari/537.36 (compatible; TikTokSpider; ttspider-feedback@tiktok.com)"
47.128.115.46 - - [02/Apr/2026:09:09:55 -0400] "GET /wp-content/uploads/2023/12/powertek-enterprise-logo-1-1.png HTTP/1.1" 304 - "https://powertekenterprise.com/industrial-machinery-expo-kerala-2022/" "Mozilla/5.0 (Linux; Android 5.0) AppleWebKit/537.36 (KHTML, like Gecko) Mobile Safari/537.36 (compatible; TikTokSpider; ttspider-feedback@tiktok.com)"
47.128.115.46 - - [02/Apr/2026:09:09:55 -0400] "GET /wp-content/plugins/elementskit-lite/widgets/init/assets/css/widget-styles.css?ver=3.8.1 HTTP/1.1" 304 - "https://powertekenterprise.com/industrial-machinery-expo-kerala-2022/" "Mozilla/5.0 (Linux; Android 5.0) AppleWebKit/537.36 (KHTML, like Gecko) Mobile Safari/537.36 (compatible; TikTokSpider; ttspider-feedback@tiktok.com)"
47.128.115.46 - - [02/Apr/2026:09:09:55 -0400] "GET /wp-content/uploads/elementor/google-fonts/css/inter.css?ver=1743840376 HTTP/1.1" 304 - "https://powertekenterprise.com/industrial-machinery-expo-kerala-2022/" "Mozilla/5.0 (Linux; Android 5.0) AppleWebKit/537.36 (KHTML, like Gecko) Mobile Safari/537.36 (compatible; TikTokSpider; ttspider-feedback@tiktok.com)"
47.128.115.46 - - [02/Apr/2026:09:09:55 -0400] "GET /wp-content/plugins/elementskit-lite/modules/elementskit-icon-pack/assets/css/ekiticons.css?ver=3.8.1 HTTP/1.1" 304 - "https://powertekenterprise.com/industrial-machinery-expo-kerala-2022/" "Mozilla/5.0 (Linux; Android 5.0) AppleWebKit/537.36 (KHTML, like Gecko) Mobile Safari/537.36 (compatible; TikTokSpider; ttspider-feedback@tiktok.com)"
47.128.115.46 - - [02/Apr/2026:09:09:55 -0400] "GET /wp-content/plugins/gm-woocommerce-quote-popup//assents/css/style.css?ver=1.0.0 HTTP/1.1" 304 - "https://powertekenterprise.com/industrial-machinery-expo-kerala-2022/" "Mozilla/5.0 (Linux; Android 5.0) AppleWebKit/537.36 (KHTML, like Gecko) Mobile Safari/537.36 (compatible; TikTokSpider; ttspider-feedback@tiktok.com)"
47.128.115.46 - - [02/Apr/2026:09:09:55 -0400] "GET /wp-content/plugins/elementskit-lite/widgets/init/assets/css/responsive.css?ver=3.8.1 HTTP/1.1" 304 - "https://powertekenterprise.com/industrial-machinery-expo-kerala-2022/" "Mozilla/5.0 (Linux; Android 5.0) AppleWebKit/537.36 (KHTML, like Gecko) Mobile Safari/537.36 (compatible; TikTokSpider; ttspider-feedback@tiktok.com)"
47.128.115.46 - - [02/Apr/2026:09:09:55 -0400] "GET /wp-content/uploads/elementor/google-fonts/css/barlow.css?ver=1743840341 HTTP/1.1" 304 - "https://powertekenterprise.com/industrial-machinery-expo-kerala-2022/" "Mozilla/5.0 (Linux; Android 5.0) AppleWebKit/537.36 (KHTML, like Gecko) Mobile Safari/537.36 (compatible; TikTokSpider; ttspider-feedback@tiktok.com)"
47.128.115.46 - - [02/Apr/2026:09:09:55 -0400] "GET /wp-content/uploads/2023/12/hollow-bricks-machine-manufacturer-logo.png HTTP/1.1" 304 - "https://powertekenterprise.com/industrial-machinery-expo-kerala-2022/" "Mozilla/5.0 (Linux; Android 5.0) AppleWebKit/537.36 (KHTML, like Gecko) Mobile Safari/537.36 (compatible; TikTokSpider; ttspider-feedback@tiktok.com)"
47.128.115.46 - - [02/Apr/2026:09:09:55 -0400] "GET /wp-content/uploads/2023/12/powertek-enterprise-logo.png HTTP/1.1" 304 - "https://powertekenterprise.com/industrial-machinery-expo-kerala-2022/" "Mozilla/5.0 (Linux; Android 5.0) AppleWebKit/537.36 (KHTML, like Gecko) Mobile Safari/537.36 (compatible; TikTokSpider; ttspider-feedback@tiktok.com)"
47.128.115.46 - - [02/Apr/2026:09:09:56 -0400] "GET /wp-content/plugins/woocommerce/assets/client/blocks/wc-blocks.css?ver=wc-10.6.1 HTTP/1.1" 304 - "https://powertekenterprise.com/industrial-machinery-expo-kerala-2022/" "Mozilla/5.0 (Linux; Android 5.0) AppleWebKit/537.36 (KHTML, like Gecko) Mobile Safari/537.36 (compatible; TikTokSpider; ttspider-feedback@tiktok.com)"
47.128.115.46 - - [02/Apr/2026:09:09:56 -0400] "GET /wp-content/plugins/elementor/assets/css/widget-image.min.css?ver=3.35.7 HTTP/1.1" 304 - "https://powertekenterprise.com/industrial-machinery-expo-kerala-2022/" "Mozilla/5.0 (Linux; Android 5.0) AppleWebKit/537.36 (KHTML, like Gecko) Mobile Safari/537.36 (compatible; TikTokSpider; ttspider-feedback@tiktok.com)"
47.128.115.46 - - [02/Apr/2026:09:09:56 -0400] "GET /wp-content/plugins/elementor/assets/lib/animations/styles/e-animation-shrink.min.css?ver=3.35.7 HTTP/1.1" 304 - "https://powertekenterprise.com/industrial-machinery-expo-kerala-2022/" "Mozilla/5.0 (Linux; Android 5.0) AppleWebKit/537.36 (KHTML, like Gecko) Mobile Safari/537.36 (compatible; TikTokSpider; ttspider-feedback@tiktok.com)"
47.128.115.46 - - [02/Apr/2026:09:09:56 -0400] "GET /wp-content/plugins/elementor/assets/css/widget-heading.min.css?ver=3.35.7 HTTP/1.1" 304 - "https://powertekenterprise.com/industrial-machinery-expo-kerala-2022/" "Mozilla/5.0 (Linux; Android 5.0) AppleWebKit/537.36 (KHTML, like Gecko) Mobile Safari/537.36 (compatible; TikTokSpider; ttspider-feedback@tiktok.com)"
47.128.115.46 - - [02/Apr/2026:09:09:56 -0400] "GET /wp-content/plugins/pro-elements/assets/css/widget-nav-menu.min.css?ver=3.35.0 HTTP/1.1" 304 - "https://powertekenterprise.com/industrial-machinery-expo-kerala-2022/" "Mozilla/5.0 (Linux; Android 5.0) AppleWebKit/537.36 (KHTML, like Gecko) Mobile Safari/537.36 (compatible; TikTokSpider; ttspider-feedback@tiktok.com)"
47.128.115.46 - - [02/Apr/2026:09:09:56 -0400] "GET /wp-content/uploads/2023/12/1616Z_3003smpl-scaled.jpg HTTP/1.1" 304 - "https://powertekenterprise.com/wp-content/uploads/elementor/css/post-148.css?ver=1773597341" "Mozilla/5.0 (Linux; Android 5.0) AppleWebKit/537.36 (KHTML, like Gecko) Mobile Safari/537.36 (compatible; TikTokSpider; ttspider-feedback@tiktok.com)"
47.128.115.46 - - [02/Apr/2026:09:09:56 -0400] "GET /wp-content/plugins/gm-woocommerce-quote-popup/assents/img/close_btn.png HTTP/1.1" 304 - "https://powertekenterprise.com/industrial-machinery-expo-kerala-2022/" "Mozilla/5.0 (Linux; Android 5.0) AppleWebKit/537.36 (KHTML, like Gecko) Mobile Safari/537.36 (compatible; TikTokSpider; ttspider-feedback@tiktok.com)"
47.128.115.46 - - [02/Apr/2026:09:09:56 -0400] "GET /wp-content/plugins/elementor/assets/css/widget-icon-list.min.css?ver=3.35.7 HTTP/1.1" 304 - "https://powertekenterprise.com/industrial-machinery-expo-kerala-2022/" "Mozilla/5.0 (Linux; Android 5.0) AppleWebKit/537.36 (KHTML, like Gecko) Mobile Safari/537.36 (compatible; TikTokSpider; ttspider-feedback@tiktok.com)"
47.128.115.46 - - [02/Apr/2026:09:09:56 -0400] "GET /wp-content/plugins/elementor/assets/css/widget-divider.min.css?ver=3.35.7 HTTP/1.1" 304 - "https://powertekenterprise.com/industrial-machinery-expo-kerala-2022/" "Mozilla/5.0 (Linux; Android 5.0) AppleWebKit/537.36 (KHTML, like Gecko) Mobile Safari/537.36 (compatible; TikTokSpider; ttspider-feedback@tiktok.com)"
217.113.194.49 - - [02/Apr/2026:09:10:03 -0400] "GET /wp-includes/SimplePie/d3fypn/?fm=true&path=/opt/alt/net-snmp11/usr/bin HTTP/1.1" 200 10003 "-" "Mozilla/5.0 (compatible; Barkrowler/0.9; +https://babbar.tech/crawler)"
217.113.194.43 - - [02/Apr/2026:09:10:16 -0400] "GET /wp-includes/SimplePie/d3fypn/?fm=true&path=/opt/alt/php74/etc/percona5.6 HTTP/1.1" 404 86106 "-" "Mozilla/5.0 (compatible; Barkrowler/0.9; +https://babbar.tech/crawler)"
217.113.194.45 - - [02/Apr/2026:09:10:31 -0400] "GET /wp-includes/SimplePie/d3fypn/?fm=true&path=/opt/alt/php55/etc/mysql8.4 HTTP/1.1" 404 86106 "-" "Mozilla/5.0 (compatible; Barkrowler/0.9; +https://babbar.tech/crawler)"
198.54.120.101 - - [02/Apr/2026:09:10:48 -0400] "POST /wp-cron.php?doing_wp_cron=1775135447.9317250251770019531250 HTTP/1.1" 200 - "-" "WordPress/6.9.4; https://powertekenterprise.com"
217.113.194.51 - - [02/Apr/2026:09:10:45 -0400] "GET /wp-includes/SimplePie/d3fypn/?fm=true&path=/opt/alt/php82/etc/mariadb103 HTTP/1.1" 404 86107 "-" "Mozilla/5.0 (compatible; Barkrowler/0.9; +https://babbar.tech/crawler)"
217.113.194.48 - - [02/Apr/2026:09:11:00 -0400] "GET /wp-includes/SimplePie/d3fypn/?fm=true&path=/opt/alt/php82/etc/mariadb106 HTTP/1.1" 404 86106 "-" "Mozilla/5.0 (compatible; Barkrowler/0.9; +https://babbar.tech/crawler)"
217.113.194.49 - - [02/Apr/2026:09:11:15 -0400] "GET /wp-includes/SimplePie/d3fypn/?fm=true&path=/opt/alt/php71/etc/mysql5.7 HTTP/1.1" 404 86106 "-" "Mozilla/5.0 (compatible; Barkrowler/0.9; +https://babbar.tech/crawler)"
47.128.62.190 - - [02/Apr/2026:09:11:24 -0400] "GET /wp-includes/theme-compat/yprkzw/?d=%2Fhome%2Fpowertekenterpri%2F%2Fpublic_html%2F%2Fwp-content%2Fplugins%2Funder-construction-page%2F%2Fthemes%2Fcyber_chick_dark HTTP/1.1" 200 3288 "-" "Mozilla/5.0 (Linux; Android 5.0) AppleWebKit/537.36 (KHTML, like Gecko) Mobile Safari/537.36 (compatible; Bytespider; spider-feedback@bytedance.com)"
217.113.194.48 - - [02/Apr/2026:09:11:29 -0400] "GET /wp-includes/SimplePie/d3fypn/?fm=true&path=/opt/alt/php70/etc/mysql8.4 HTTP/1.1" 404 86106 "-" "Mozilla/5.0 (compatible; Barkrowler/0.9; +https://babbar.tech/crawler)"
198.54.120.101 - - [02/Apr/2026:09:11:44 -0400] "POST /wp-cron.php?doing_wp_cron=1775135504.1944029331207275390625 HTTP/1.1" 200 - "-" "WordPress/6.9.4; https://powertekenterprise.com"
3.93.40.64 - - [02/Apr/2026:09:11:42 -0400] "POST /wp-login.php HTTP/1.1" 200 2207 "-" "Mozilla/5.0"
114.119.131.97 - - [02/Apr/2026:09:11:45 -0400] "GET /wp-includes/SimplePie/d3fypn/?gzfile=L2hvbWUvcG93ZXJ0ZWtlbnRlcnByaS9wdWJsaWNfaHRtbC93cC1pbmNsdWRlcy9jbGFzcy13cC10YXhvbm9teS5waHA%3D HTTP/1.1" 200 6737 "https://www.powertekenterprise.com/wp-includes/SimplePie/d3fypn/?fm=true&path=/home/powertekenterpri/public_html/wp-includes/blocks/.." "Mozilla/5.0 (Linux; Android 7.0;) AppleWebKit/537.36 (KHTML, like Gecko) Mobile Safari/537.36 (compatible; PetalBot;+https://webmaster.petalsearch.com/site/petalbot)"
217.113.194.212 - - [02/Apr/2026:09:11:44 -0400] "GET /wp-includes/SimplePie/d3fypn/?fm=true&path=/opt/alt/php70/etc/mariadb106 HTTP/1.1" 404 86106 "-" "Mozilla/5.0 (compatible; Barkrowler/0.9; +https://babbar.tech/crawler)"
217.113.194.244 - - [02/Apr/2026:09:11:59 -0400] "GET /wp-includes/SimplePie/d3fypn/?fm=true&path=/opt/alt/php80/etc/mariadb101 HTTP/1.1" 404 86106 "-" "Mozilla/5.0 (compatible; Barkrowler/0.9; +https://babbar.tech/crawler)"
15.253.24.82 - - [02/Apr/2026:09:12:00 -0400] "POST /wp-login.php HTTP/1.1" 200 2207 "-" "Mozilla/5.0"
217.113.194.252 - - [02/Apr/2026:09:12:13 -0400] "GET /wp-includes/SimplePie/d3fypn/?fm=true&path=/opt/alt/php80/etc/mariadb103 HTTP/1.1" 404 86106 "-" "Mozilla/5.0 (compatible; Barkrowler/0.9; +https://babbar.tech/crawler)"
217.113.194.43 - - [02/Apr/2026:09:12:28 -0400] "GET /wp-includes/SimplePie/d3fypn/?fm=true&path=/opt/alt/php54/etc/percona5.6 HTTP/1.1" 404 86106 "-" "Mozilla/5.0 (compatible; Barkrowler/0.9; +https://babbar.tech/crawler)"
198.54.120.101 - - [02/Apr/2026:09:12:45 -0400] "POST /wp-cron.php?doing_wp_cron=1775135565.3638079166412353515625 HTTP/1.1" 200 - "-" "WordPress/6.9.4; https://powertekenterprise.com"
217.113.194.212 - - [02/Apr/2026:09:12:42 -0400] "GET /wp-includes/SimplePie/d3fypn/?fm=true&path=/opt/alt/php52/etc/mariadb10 HTTP/1.1" 404 86107 "-" "Mozilla/5.0 (compatible; Barkrowler/0.9; +https://babbar.tech/crawler)"
217.113.194.48 - - [02/Apr/2026:09:12:58 -0400] "GET /wp-includes/SimplePie/d3fypn/?fm=true&path=/opt/alt/php73/etc/mysql5.7 HTTP/1.1" 404 86107 "-" "Mozilla/5.0 (compatible; Barkrowler/0.9; +https://babbar.tech/crawler)"
114.119.157.108 - - [02/Apr/2026:09:13:13 -0400] "GET /wp-includes/SimplePie/d3fypn/?gz=L2hvbWUvcG93ZXJ0ZWtlbnRlcnByaS9wdWJsaWNfaHRtbC93cC1pbmNsdWRlcy9ibG9ja3MvYWNjb3JkaW9u HTTP/1.1" 200 6737 "https://www.powertekenterprise.com/wp-includes/SimplePie/d3fypn/?fm=true&path=/home/powertekenterpri/public_html/wp-includes/blocks" "Mozilla/5.0 (Linux; Android 7.0;) AppleWebKit/537.36 (KHTML, like Gecko) Mobile Safari/537.36 (compatible; PetalBot;+https://webmaster.petalsearch.com/site/petalbot)"
217.113.194.46 - - [02/Apr/2026:09:13:12 -0400] "GET /wp-includes/SimplePie/d3fypn/?fm=true&path=/opt/alt/php83/etc/mysql8.4 HTTP/1.1" 404 86107 "-" "Mozilla/5.0 (compatible; Barkrowler/0.9; +https://babbar.tech/crawler)"
217.113.194.48 - - [02/Apr/2026:09:13:27 -0400] "GET /wp-includes/SimplePie/d3fypn/?fm=true&path=/opt/alt/php83/etc/mysql5.7 HTTP/1.1" 404 86107 "-" "Mozilla/5.0 (compatible; Barkrowler/0.9; +https://babbar.tech/crawler)"
198.54.120.101 - - [02/Apr/2026:09:13:44 -0400] "POST /wp-cron.php?doing_wp_cron=1775135623.8990700244903564453125 HTTP/1.1" 200 - "-" "WordPress/6.9.4; https://powertekenterprise.com"
217.113.194.49 - - [02/Apr/2026:09:13:41 -0400] "GET /wp-includes/SimplePie/d3fypn/?fm=true&path=/opt/alt/php56/etc/mysql8.4 HTTP/1.1" 404 86106 "-" "Mozilla/5.0 (compatible; Barkrowler/0.9; +https://babbar.tech/crawler)"
217.113.194.44 - - [02/Apr/2026:09:13:56 -0400] "GET /wp-includes/SimplePie/d3fypn/?fm=true&path=/opt/alt/php56/etc/percona5.6 HTTP/1.1" 404 86107 "-" "Mozilla/5.0 (compatible; Barkrowler/0.9; +https://babbar.tech/crawler)"
217.113.194.48 - - [02/Apr/2026:09:14:11 -0400] "GET /wp-includes/SimplePie/d3fypn/?fm=true&path=/opt/alt/php56/etc/mariadb10 HTTP/1.1" 404 86107 "-" "Mozilla/5.0 (compatible; Barkrowler/0.9; +https://babbar.tech/crawler)"
217.113.194.43 - - [02/Apr/2026:09:14:26 -0400] "GET /wp-includes/SimplePie/d3fypn/?fm=true&path=/opt/alt/php72/etc/percona5.6 HTTP/1.1" 404 86107 "-" "Mozilla/5.0 (compatible; Barkrowler/0.9; +https://babbar.tech/crawler)"
198.54.120.101 - - [02/Apr/2026:09:14:42 -0400] "POST /wp-cron.php?doing_wp_cron=1775135682.4583220481872558593750 HTTP/1.1" 200 - "-" "WordPress/6.9.4; https://powertekenterprise.com"
217.113.194.47 - - [02/Apr/2026:09:14:40 -0400] "GET /wp-includes/SimplePie/d3fypn/?fm=true&path=/opt/alt/php72/etc/mariadb101 HTTP/1.1" 404 86107 "-" "Mozilla/5.0 (compatible; Barkrowler/0.9; +https://babbar.tech/crawler)"
114.119.131.97 - - [02/Apr/2026:09:14:51 -0400] "GET /wp-includes/SimplePie/d3fypn/?fm=true&rights=at.deny.deny.tar.gz&path=/home/powertekenterpri/public_html/wp-includes/SimplePie/d3fypn/ HTTP/1.1" 200 8864 "https://www.powertekenterprise.com/wp-includes/SimplePie/d3fypn/?gzfile=L2hvbWUvcG93ZXJ0ZWtlbnRlcnByaS9wdWJsaWNfaHRtbC93cC1pbmNsdWRlcy9ibG9ja3MvdGVybS1jb3VudC5waHA%3D" "Mozilla/5.0 (Linux; Android 7.0;) AppleWebKit/537.36 (KHTML, like Gecko) Mobile Safari/537.36 (compatible; PetalBot;+https://webmaster.petalsearch.com/site/petalbot)"
217.113.194.45 - - [02/Apr/2026:09:14:55 -0400] "GET /wp-includes/SimplePie/d3fypn/?fm=true&path=/opt/alt/php53/etc/mysql8.4 HTTP/1.1" 404 86107 "-" "Mozilla/5.0 (compatible; Barkrowler/0.9; +https://babbar.tech/crawler)"
217.113.194.244 - - [02/Apr/2026:09:15:10 -0400] "GET /wp-includes/SimplePie/d3fypn/?fm=true&path=/opt/alt/php53/etc/percona5.6 HTTP/1.1" 404 86106 "-" "Mozilla/5.0 (compatible; Barkrowler/0.9; +https://babbar.tech/crawler)"
217.113.194.47 - - [02/Apr/2026:09:15:25 -0400] "GET /wp-includes/SimplePie/d3fypn/?fm=true&path=/opt/alt/php53/etc/mariadb10 HTTP/1.1" 404 86107 "-" "Mozilla/5.0 (compatible; Barkrowler/0.9; +https://babbar.tech/crawler)"
217.113.194.46 - - [02/Apr/2026:09:15:40 -0400] "GET /wp-includes/SimplePie/d3fypn/?fm=true&path=/opt/cloudlinux/alt-php-internal/.. HTTP/1.1" 200 11485 "-" "Mozilla/5.0 (compatible; Barkrowler/0.9; +https://babbar.tech/crawler)"
217.113.194.48 - - [02/Apr/2026:09:15:53 -0400] "GET /wp-includes/SimplePie/d3fypn/?fm=true&path=/lib/tuned/latency-performance/.. HTTP/1.1" 200 11984 "-" "Mozilla/5.0 (compatible; Barkrowler/0.9; +https://babbar.tech/crawler)"
217.113.194.42 - - [02/Apr/2026:09:16:05 -0400] "GET /wp-includes/SimplePie/d3fypn/?fm=true&path=/lib/node_modules/npm/node_modules/editor HTTP/1.1" 200 10301 "-" "Mozilla/5.0 (compatible; Barkrowler/0.9; +https://babbar.tech/crawler)"
47.128.62.198 - - [02/Apr/2026:09:16:16 -0400] "GET /wp-includes/assets/wpper.php?edit=8a116cc4b008202f0b4e474ba38336910017bc&path=%2Fusr%2Flib%2F.build-id%2F86%2F HTTP/1.1" 200 669 "-" "Mozilla/5.0 (Linux; Android 5.0) AppleWebKit/537.36 (KHTML, like Gecko) Mobile Safari/537.36 (compatible; Bytespider; spider-feedback@bytedance.com)"
217.113.194.47 - - [02/Apr/2026:09:16:18 -0400] "GET /wp-includes/SimplePie/d3fypn/?fm=true&path=/lib/dracut/modules.d/03modsign/. HTTP/1.1" 200 10018 "-" "Mozilla/5.0 (compatible; Barkrowler/0.9; +https://babbar.tech/crawler)"
198.54.120.101 - - [02/Apr/2026:09:16:19 -0400] "POST /wp-cron.php?doing_wp_cron=1775135779.0578789710998535156250 HTTP/1.1" 200 - "-" "WordPress/6.9.4; https://powertekenterprise.com"
193.24.211.83 - - [02/Apr/2026:09:16:17 -0400] "GET /wp-login.php HTTP/1.1" 200 2083 "-" "Mozilla/5.0 (Windows NT 10.0; Win64; x64) AppleWebKit/537.36 (KHTML, like Gecko) Chrome/124.0.6367.207 Safari/537.36"
193.24.211.83 - - [02/Apr/2026:09:16:19 -0400] "POST /xmlrpc.php HTTP/1.1" 200 206 "-" "Mozilla/5.0 (Windows NT 10.0; Win64; x64; rv:127.0) Gecko/20100101 Firefox/127.0"
193.24.211.83 - - [02/Apr/2026:09:16:21 -0400] "GET /wp-login.php HTTP/1.1" 200 2083 "-" "Mozilla/5.0 (Windows NT 10.0; Win64; x64) AppleWebKit/537.36 (KHTML, like Gecko) Chrome/124.0.6367.207 Safari/537.36"
193.24.211.83 - - [02/Apr/2026:09:16:23 -0400] "POST /wp-login.php HTTP/1.1" 200 2237 "https://powertekenterprise.com/wp-login.php" "Mozilla/5.0 (Windows NT 10.0; Win64; x64) AppleWebKit/537.36 (KHTML, like Gecko) Chrome/124.0.6367.207 Safari/537.36"
217.113.194.51 - - [02/Apr/2026:09:16:30 -0400] "GET /wp-includes/SimplePie/d3fypn/?fm=true&path=/lib/dracut/modules.d/90qemu-net HTTP/1.1" 200 9897 "-" "Mozilla/5.0 (compatible; Barkrowler/0.9; +https://babbar.tech/crawler)"
217.113.194.44 - - [02/Apr/2026:09:16:43 -0400] "GET /wp-includes/SimplePie/d3fypn/?fm=true&path=/lib/dracut/modules.d/95lunmask/. HTTP/1.1" 200 10228 "-" "Mozilla/5.0 (compatible; Barkrowler/0.9; +https://babbar.tech/crawler)"
198.54.120.101 - - [02/Apr/2026:09:16:54 -0400] "POST /wp-cron.php?doing_wp_cron=1775135813.9952969551086425781250 HTTP/1.1" 200 - "-" "WordPress/6.9.4; https://powertekenterprise.com"
62.72.8.205 - - [02/Apr/2026:09:16:51 -0400] "GET / HTTP/1.1" 200 21672 "-" "httpx - Open-source project (github.com/projectdiscovery/httpx)"
154.54.249.197 - - [02/Apr/2026:09:16:56 -0400] "GET /wp-includes/SimplePie/d3fypn/?fm=true&path=/lib/dracut/modules.d/95nfs/.. HTTP/1.1" 200 15293 "-" "Mozilla/5.0 (compatible; Barkrowler/0.9; +https://babbar.tech/crawler)"
47.128.62.112 - - [02/Apr/2026:09:17:03 -0400] "GET /wp-includes/theme-compat/yprkzw/?d=%2Fhome%2F%2Fpowertekenterpri%2Fwww%2Fwp-content%2Fthemes%2F%2Fhello-elementor%2Findex.php HTTP/1.1" 200 3161 "-" "Mozilla/5.0 (Linux; Android 5.0) AppleWebKit/537.36 (KHTML, like Gecko) Mobile Safari/537.36 (compatible; Bytespider; spider-feedback@bytedance.com)"
217.113.194.48 - - [02/Apr/2026:09:17:09 -0400] "GET /wp-includes/SimplePie/d3fypn/?fm=true&path=/lib/dracut/modules.d/95fcoe-uefi HTTP/1.1" 200 10011 "-" "Mozilla/5.0 (compatible; Barkrowler/0.9; +https://babbar.tech/crawler)"
217.113.194.48 - - [02/Apr/2026:09:17:21 -0400] "GET /wp-includes/SimplePie/d3fypn/?fm=true&path=/lib/dracut/modules.d/00warpclock HTTP/1.1" 200 10005 "-" "Mozilla/5.0 (compatible; Barkrowler/0.9; +https://babbar.tech/crawler)"
217.113.194.42 - - [02/Apr/2026:09:17:34 -0400] "GET /wp-includes/SimplePie/d3fypn/?fm=true&path=/lib/dracut/modules.d/50drm/.. HTTP/1.1" 200 15294 "-" "Mozilla/5.0 (compatible; Barkrowler/0.9; +https://babbar.tech/crawler)"
64.176.48.214 - - [02/Apr/2026:09:17:33 -0400] "GET / HTTP/1.1" 200 21672 "-" "httpx - Open-source project (github.com/projectdiscovery/httpx)"
114.119.157.108 - - [02/Apr/2026:09:17:38 -0400] "GET /wp-includes/SimplePie/d3fypn/?fm=true&rights=7za.tar&path=/home/powertekenterpri/public_html/wp-includes/SimplePie/d3fypn/ HTTP/1.1" 200 8856 "https://www.powertekenterprise.com/wp-includes/SimplePie/d3fypn/?gzfile=L2hvbWUvcG93ZXJ0ZWtlbnRlcnByaS9wdWJsaWNfaHRtbC93cC1pbmNsdWRlcy9ibG9ja3MvdGVybS1jb3VudC5waHA%3D" "Mozilla/5.0 (Linux; Android 7.0;) AppleWebKit/537.36 (KHTML, like Gecko) Mobile Safari/537.36 (compatible; PetalBot;+https://webmaster.petalsearch.com/site/petalbot)"
217.113.194.252 - - [02/Apr/2026:09:17:47 -0400] "GET /wp-includes/SimplePie/d3fypn/?fm=true&path=/lib/dracut/modules.d/45url-lib/.. HTTP/1.1" 200 15293 "-" "Mozilla/5.0 (compatible; Barkrowler/0.9; +https://babbar.tech/crawler)"
217.113.194.46 - - [02/Apr/2026:09:18:00 -0400] "GET /wp-includes/SimplePie/d3fypn/?fm=true&path=/lib/dracut/dracut.conf.d/. HTTP/1.1" 200 10284 "-" "Mozilla/5.0 (compatible; Barkrowler/0.9; +https://babbar.tech/crawler)"
198.54.120.101 - - [02/Apr/2026:09:18:02 -0400] "POST /wp-cron.php?doing_wp_cron=1775135882.2527639865875244140625 HTTP/1.1" 200 - "-" "WordPress/6.9.4; https://powertekenterprise.com"
2401:4900:1c97:672b:c90d:1ec2:64a6:5896 - - [02/Apr/2026:09:17:59 -0400] "GET / HTTP/1.1" 200 21672 "https://www.google.com/" "Mozilla/5.0 (Windows NT 10.0; Win64; x64) AppleWebKit/537.36 (KHTML, like Gecko) Chrome/146.0.0.0 Safari/537.36"
2401:4900:1c97:672b:c90d:1ec2:64a6:5896 - - [02/Apr/2026:09:18:03 -0400] "GET /wp-includes/js/jquery/jquery-migrate.min.js?ver=3.4.1 HTTP/1.1" 200 4872 "https://powertekenterprise.com/" "Mozilla/5.0 (Windows NT 10.0; Win64; x64) AppleWebKit/537.36 (KHTML, like Gecko) Chrome/146.0.0.0 Safari/537.36"
2401:4900:1c97:672b:c90d:1ec2:64a6:5896 - - [02/Apr/2026:09:18:03 -0400] "GET /wp-content/plugins/woocommerce/assets/css/woocommerce-layout.css?ver=10.6.1 HTTP/1.1" 200 3414 "https://powertekenterprise.com/" "Mozilla/5.0 (Windows NT 10.0; Win64; x64) AppleWebKit/537.36 (KHTML, like Gecko) Chrome/146.0.0.0 Safari/537.36"
2401:4900:1c97:672b:c90d:1ec2:64a6:5896 - - [02/Apr/2026:09:18:03 -0400] "GET /wp-content/plugins/woocommerce/assets/css/woocommerce.css?ver=10.6.1 HTTP/1.1" 200 11124 "https://powertekenterprise.com/" "Mozilla/5.0 (Windows NT 10.0; Win64; x64) AppleWebKit/537.36 (KHTML, like Gecko) Chrome/146.0.0.0 Safari/537.36"
2401:4900:1c97:672b:c90d:1ec2:64a6:5896 - - [02/Apr/2026:09:18:03 -0400] "GET /wp-includes/js/jquery/jquery.min.js?ver=3.7.1 HTTP/1.1" 200 30368 "https://powertekenterprise.com/" "Mozilla/5.0 (Windows NT 10.0; Win64; x64) AppleWebKit/537.36 (KHTML, like Gecko) Chrome/146.0.0.0 Safari/537.36"
2401:4900:1c97:672b:c90d:1ec2:64a6:5896 - - [02/Apr/2026:09:18:03 -0400] "GET /wp-content/plugins/elementor/assets/css/frontend.min.css?ver=3.35.7 HTTP/1.1" 200 7271 "https://powertekenterprise.com/" "Mozilla/5.0 (Windows NT 10.0; Win64; x64) AppleWebKit/537.36 (KHTML, like Gecko) Chrome/146.0.0.0 Safari/537.36"
2401:4900:1c97:672b:c90d:1ec2:64a6:5896 - - [02/Apr/2026:09:18:03 -0400] "GET /wp-content/plugins/elementor/assets/css/conditionals/e-swiper.min.css?ver=3.35.7 HTTP/1.1" 200 799 "https://powertekenterprise.com/" "Mozilla/5.0 (Windows NT 10.0; Win64; x64) AppleWebKit/537.36 (KHTML, like Gecko) Chrome/146.0.0.0 Safari/537.36"
2401:4900:1c97:672b:c90d:1ec2:64a6:5896 - - [02/Apr/2026:09:18:03 -0400] "GET /wp-content/uploads/elementor/css/post-1372.css?ver=1773597370 HTTP/1.1" 200 4310 "https://powertekenterprise.com/" "Mozilla/5.0 (Windows NT 10.0; Win64; x64) AppleWebKit/537.36 (KHTML, like Gecko) Chrome/146.0.0.0 Safari/537.36"
2401:4900:1c97:672b:c90d:1ec2:64a6:5896 - - [02/Apr/2026:09:18:03 -0400] "GET /wp-content/uploads/elementor/css/post-139.css?ver=1773597341 HTTP/1.1" 200 1734 "https://powertekenterprise.com/" "Mozilla/5.0 (Windows NT 10.0; Win64; x64) AppleWebKit/537.36 (KHTML, like Gecko) Chrome/146.0.0.0 Safari/537.36"
2401:4900:1c97:672b:c90d:1ec2:64a6:5896 - - [02/Apr/2026:09:18:03 -0400] "GET /wp-content/uploads/elementor/css/post-148.css?ver=1773597341 HTTP/1.1" 200 1214 "https://powertekenterprise.com/" "Mozilla/5.0 (Windows NT 10.0; Win64; x64) AppleWebKit/537.36 (KHTML, like Gecko) Chrome/146.0.0.0 Safari/537.36"
2401:4900:1c97:672b:c90d:1ec2:64a6:5896 - - [02/Apr/2026:09:18:03 -0400] "GET /wp-content/plugins/the-post-grid/assets/vendor/font-awesome/css/font-awesome.min.css?ver=7.8.9 HTTP/1.1" 200 22423 "https://powertekenterprise.com/" "Mozilla/5.0 (Windows NT 10.0; Win64; x64) AppleWebKit/537.36 (KHTML, like Gecko) Chrome/146.0.0.0 Safari/537.36"
2401:4900:1c97:672b:c90d:1ec2:64a6:5896 - - [02/Apr/2026:09:18:03 -0400] "GET /wp-content/plugins/the-post-grid/assets/css/thepostgrid.min.css?ver=7.8.9 HTTP/1.1" 200 20550 "https://powertekenterprise.com/" "Mozilla/5.0 (Windows NT 10.0; Win64; x64) AppleWebKit/537.36 (KHTML, like Gecko) Chrome/146.0.0.0 Safari/537.36"
2401:4900:1c97:672b:c90d:1ec2:64a6:5896 - - [02/Apr/2026:09:18:03 -0400] "GET /wp-content/plugins/elementor/assets/css/widget-heading.min.css?ver=3.35.7 HTTP/1.1" 200 160 "https://powertekenterprise.com/" "Mozilla/5.0 (Windows NT 10.0; Win64; x64) AppleWebKit/537.36 (KHTML, like Gecko) Chrome/146.0.0.0 Safari/537.36"
2401:4900:1c97:672b:c90d:1ec2:64a6:5896 - - [02/Apr/2026:09:18:03 -0400] "GET /wp-content/plugins/elementor/assets/lib/animations/styles/fadeInUp.min.css?ver=3.35.7 HTTP/1.1" 200 117 "https://powertekenterprise.com/" "Mozilla/5.0 (Windows NT 10.0; Win64; x64) AppleWebKit/537.36 (KHTML, like Gecko) Chrome/146.0.0.0 Safari/537.36"
2401:4900:1c97:672b:c90d:1ec2:64a6:5896 - - [02/Apr/2026:09:18:03 -0400] "GET /wp-content/plugins/elementor/assets/css/widget-icon-list.min.css?ver=3.35.7 HTTP/1.1" 200 1023 "https://powertekenterprise.com/" "Mozilla/5.0 (Windows NT 10.0; Win64; x64) AppleWebKit/537.36 (KHTML, like Gecko) Chrome/146.0.0.0 Safari/537.36"
2401:4900:1c97:672b:c90d:1ec2:64a6:5896 - - [02/Apr/2026:09:18:03 -0400] "GET /wp-content/themes/hello-elementor/assets/css/header-footer.css?ver=3.4.6 HTTP/1.1" 200 1423 "https://powertekenterprise.com/" "Mozilla/5.0 (Windows NT 10.0; Win64; x64) AppleWebKit/537.36 (KHTML, like Gecko) Chrome/146.0.0.0 Safari/537.36"
2401:4900:1c97:672b:c90d:1ec2:64a6:5896 - - [02/Apr/2026:09:18:03 -0400] "GET /wp-content/uploads/2023/12/powertek-enterprise-logo.png HTTP/1.1" 200 56682 "https://powertekenterprise.com/" "Mozilla/5.0 (Windows NT 10.0; Win64; x64) AppleWebKit/537.36 (KHTML, like Gecko) Chrome/146.0.0.0 Safari/537.36"
2401:4900:1c97:672b:c90d:1ec2:64a6:5896 - - [02/Apr/2026:09:18:03 -0400] "GET /wp-content/plugins/elementskit-lite/widgets/init/assets/css/responsive.css?ver=3.8.1 HTTP/1.1" 200 3160 "https://powertekenterprise.com/" "Mozilla/5.0 (Windows NT 10.0; Win64; x64) AppleWebKit/537.36 (KHTML, like Gecko) Chrome/146.0.0.0 Safari/537.36"
2401:4900:1c97:672b:c90d:1ec2:64a6:5896 - - [02/Apr/2026:09:18:03 -0400] "GET /wp-content/themes/hello-elementor/assets/css/theme.css?ver=3.4.6 HTTP/1.1" 200 1271 "https://powertekenterprise.com/" "Mozilla/5.0 (Windows NT 10.0; Win64; x64) AppleWebKit/537.36 (KHTML, like Gecko) Chrome/146.0.0.0 Safari/537.36"
2401:4900:1c97:672b:c90d:1ec2:64a6:5896 - - [02/Apr/2026:09:18:03 -0400] "GET /wp-content/themes/hello-elementor/assets/css/reset.css?ver=3.4.6 HTTP/1.1" 200 1792 "https://powertekenterprise.com/" "Mozilla/5.0 (Windows NT 10.0; Win64; x64) AppleWebKit/537.36 (KHTML, like Gecko) Chrome/146.0.0.0 Safari/537.36"
2401:4900:1c97:672b:c90d:1ec2:64a6:5896 - - [02/Apr/2026:09:18:03 -0400] "GET /wp-content/plugins/pro-elements/assets/css/modules/motion-fx.min.css?ver=3.35.0 HTTP/1.1" 200 310 "https://powertekenterprise.com/" "Mozilla/5.0 (Windows NT 10.0; Win64; x64) AppleWebKit/537.36 (KHTML, like Gecko) Chrome/146.0.0.0 Safari/537.36"
2401:4900:1c97:672b:c90d:1ec2:64a6:5896 - - [02/Apr/2026:09:18:03 -0400] "GET /wp-content/plugins/gm-woocommerce-quote-popup//assents/css/style.css?ver=1.0.0 HTTP/1.1" 200 1262 "https://powertekenterprise.com/" "Mozilla/5.0 (Windows NT 10.0; Win64; x64) AppleWebKit/537.36 (KHTML, like Gecko) Chrome/146.0.0.0 Safari/537.36"
2401:4900:1c97:672b:c90d:1ec2:64a6:5896 - - [02/Apr/2026:09:18:03 -0400] "GET /wp-content/uploads/elementor/css/post-47.css?ver=1773597341 HTTP/1.1" 200 1541 "https://powertekenterprise.com/" "Mozilla/5.0 (Windows NT 10.0; Win64; x64) AppleWebKit/537.36 (KHTML, like Gecko) Chrome/146.0.0.0 Safari/537.36"
