2a02:c207:3018:3702::1 - - [02/Apr/2026:18:14:11 -0400] "GET /wp-includes/Requests/src/Utility/pmyhqx/?fm=true&path=/home/powertekenterpri/public_html/wp-content/plugins/w3-total-cache/vendor/aws/aws-sdk-php/src/S3Control/g2ol4v/.. HTTP/1.1" 200 10721 "-" "Mozilla/5.0 (compatible; MJ12bot/v1.4.8; http://mj12bot.com/)"
217.113.194.49 - - [02/Apr/2026:18:14:13 -0400] "GET /wp-includes/SimplePie/d3fypn/?fm=true&path=/usr/lib64/python2.7/lib2to3/fixes HTTP/1.1" 200 19739 "-" "Mozilla/5.0 (compatible; Barkrowler/0.9; +https://babbar.tech/crawler)"
2a02:c207:3018:3702::1 - - [02/Apr/2026:18:14:13 -0400] "GET /wp-includes/Requests/src/Utility/pmyhqx/?fm=true&path=/home/powertekenterpri/public_html/wp-content/plugins/w3-total-cache/vendor/aws/aws-sdk-php/src/S3Outposts/Exception/.. HTTP/1.1" 200 9986 "-" "Mozilla/5.0 (compatible; MJ12bot/v1.4.8; http://mj12bot.com/)"
2a02:c207:3018:3702::1 - - [02/Apr/2026:18:14:15 -0400] "GET /wp-includes/Requests/src/Utility/pmyhqx/?fm=true&path=/home/powertekenterpri/public_html/wp-content/plugins/w3-total-cache/vendor/aws/aws-sdk-php/src/SSO/i84yvo/. HTTP/1.1" 200 10721 "-" "Mozilla/5.0 (compatible; MJ12bot/v1.4.8; http://mj12bot.com/)"
2a02:c207:3018:3702::1 - - [02/Apr/2026:18:14:17 -0400] "GET /wp-includes/Requests/src/Utility/pmyhqx/?fm=true&path=/home/powertekenterpri/public_html/wp-content/plugins/w3-total-cache/vendor/aws/aws-sdk-php/src/SSO/i84yvo/.. HTTP/1.1" 200 10721 "-" "Mozilla/5.0 (compatible; MJ12bot/v1.4.8; http://mj12bot.com/)"
2a02:c207:3018:3702::1 - - [02/Apr/2026:18:14:19 -0400] "GET /wp-includes/Requests/src/Utility/pmyhqx/?fm=true&path=/home/powertekenterpri/public_html/wp-content/plugins/w3-total-cache/vendor/aws/aws-sdk-php/src/SSOAdmin/. HTTP/1.1" 200 9977 "-" "Mozilla/5.0 (compatible; MJ12bot/v1.4.8; http://mj12bot.com/)"
2a02:c207:3018:3702::1 - - [02/Apr/2026:18:14:21 -0400] "GET /wp-includes/Requests/src/Utility/pmyhqx/?fm=true&path=/home/powertekenterpri/public_html/wp-content/plugins/w3-total-cache/vendor/aws/aws-sdk-php/src/SSOAdmin/.. HTTP/1.1" 200 44036 "-" "Mozilla/5.0 (compatible; MJ12bot/v1.4.8; http://mj12bot.com/)"
2a02:c207:3018:3702::1 - - [02/Apr/2026:18:14:24 -0400] "GET /wp-includes/Requests/src/Utility/pmyhqx/?fm=true&path=/home/powertekenterpri/public_html/wp-content/plugins/w3-total-cache/vendor/aws/aws-sdk-php/src/SSOAdmin/Exception HTTP/1.1" 200 9861 "-" "Mozilla/5.0 (compatible; MJ12bot/v1.4.8; http://mj12bot.com/)"
2a02:c207:3018:3702::1 - - [02/Apr/2026:18:14:25 -0400] "GET /wp-includes/Requests/src/Utility/pmyhqx/?fm=true&path=/home/powertekenterpri/public_html/wp-content/plugins/w3-total-cache/vendor/aws/aws-sdk-php/src/SSOAdmin/Exception/. HTTP/1.1" 200 9861 "-" "Mozilla/5.0 (compatible; MJ12bot/v1.4.8; http://mj12bot.com/)"
217.113.194.48 - - [02/Apr/2026:18:14:26 -0400] "GET /wp-includes/SimplePie/d3fypn/?fm=true&path=/usr/lib64/python2.7/lib2to3/.. HTTP/1.1" 200 49346 "-" "Mozilla/5.0 (compatible; Barkrowler/0.9; +https://babbar.tech/crawler)"
114.119.136.138 - - [02/Apr/2026:18:14:27 -0400] "GET /wp-includes/assets/wpper.php?path=/home/powertekenterpri/public_html/wp-includes/blocks/page-list-item/. HTTP/1.1" 200 2653 "https://powertekenterprise.com/wp-includes/assets/wpper.php?path=/home/powertekenterpri/public_html/wp-includes/blocks/page-list-item" "Mozilla/5.0 (Linux; Android 7.0;) AppleWebKit/537.36 (KHTML, like Gecko) Mobile Safari/537.36 (compatible; PetalBot;+https://webmaster.petalsearch.com/site/petalbot)"
2a02:c207:3018:3702::1 - - [02/Apr/2026:18:14:27 -0400] "GET /wp-includes/Requests/src/Utility/pmyhqx/?fm=true&path=/home/powertekenterpri/public_html/wp-content/plugins/w3-total-cache/vendor/aws/aws-sdk-php/src/SSOAdmin/Exception/.. HTTP/1.1" 200 9977 "-" "Mozilla/5.0 (compatible; MJ12bot/v1.4.8; http://mj12bot.com/)"
2a02:c207:3018:3702::1 - - [02/Apr/2026:18:14:29 -0400] "GET /wp-includes/Requests/src/Utility/pmyhqx/?fm=true&path=/home/powertekenterpri/public_html/wp-content/plugins/w3-total-cache/vendor/aws/aws-sdk-php/src/SSOOIDC/ HTTP/1.1" 200 9979 "-" "Mozilla/5.0 (compatible; MJ12bot/v1.4.8; http://mj12bot.com/)"
2a02:c207:3018:3702::1 - - [02/Apr/2026:18:14:31 -0400] "GET /wp-includes/Requests/src/Utility/pmyhqx/?fm=true&path=/home/powertekenterpri/public_html/wp-content/plugins/w3-total-cache/vendor/aws/aws-sdk-php/src/SSOOIDC/.. HTTP/1.1" 200 44036 "-" "Mozilla/5.0 (compatible; MJ12bot/v1.4.8; http://mj12bot.com/)"
2a02:c207:3018:3702::1 - - [02/Apr/2026:18:14:34 -0400] "GET /wp-includes/Requests/src/Utility/pmyhqx/?fm=true&path=/home/powertekenterpri/public_html/wp-content/plugins/w3-total-cache/vendor/aws/aws-sdk-php/src/SSOOIDC/Exception HTTP/1.1" 200 9861 "-" "Mozilla/5.0 (compatible; MJ12bot/v1.4.8; http://mj12bot.com/)"
2a02:c207:3018:3702::1 - - [02/Apr/2026:18:14:35 -0400] "GET /wp-includes/Requests/src/Utility/pmyhqx/?fm=true&path=/home/powertekenterpri/public_html/wp-content/plugins/w3-total-cache/vendor/aws/aws-sdk-php/src/SSOOIDC/Exception/. HTTP/1.1" 200 9861 "-" "Mozilla/5.0 (compatible; MJ12bot/v1.4.8; http://mj12bot.com/)"
2a02:c207:3018:3702::1 - - [02/Apr/2026:18:14:37 -0400] "GET /wp-includes/Requests/src/Utility/pmyhqx/?fm=true&path=/home/powertekenterpri/public_html/wp-content/plugins/w3-total-cache/vendor/aws/aws-sdk-php/src/SSOOIDC/Exception/.. HTTP/1.1" 200 9979 "-" "Mozilla/5.0 (compatible; MJ12bot/v1.4.8; http://mj12bot.com/)"
217.113.194.45 - - [02/Apr/2026:18:14:39 -0400] "GET /wp-includes/SimplePie/d3fypn/?fm=true&path=/usr/lib64/python2.7/pydoc_data/. HTTP/1.1" 200 10247 "-" "Mozilla/5.0 (compatible; Barkrowler/0.9; +https://babbar.tech/crawler)"
2a02:c207:3018:3702::1 - - [02/Apr/2026:18:14:39 -0400] "GET /wp-includes/Requests/src/Utility/pmyhqx/?fm=true&path=/home/powertekenterpri/public_html/wp-content/plugins/w3-total-cache/vendor/aws/aws-sdk-php/src/SageMakerGeospatial/Exception/.. HTTP/1.1" 200 10013 "-" "Mozilla/5.0 (compatible; MJ12bot/v1.4.8; http://mj12bot.com/)"
2a02:c207:3018:3702::1 - - [02/Apr/2026:18:14:41 -0400] "GET /wp-includes/Requests/src/Utility/pmyhqx/?fm=true&path=/home/powertekenterpri/public_html/wp-content/plugins/w3-total-cache/vendor/aws/aws-sdk-php/src/SageMakerMetrics/. HTTP/1.1" 200 10006 "-" "Mozilla/5.0 (compatible; MJ12bot/v1.4.8; http://mj12bot.com/)"
2a02:c207:3018:3702::1 - - [02/Apr/2026:18:14:43 -0400] "GET /wp-includes/Requests/src/Utility/pmyhqx/?fm=true&path=/home/powertekenterpri/public_html/wp-content/plugins/w3-total-cache/vendor/aws/aws-sdk-php/src/SageMakerMetrics/Exception HTTP/1.1" 200 9876 "-" "Mozilla/5.0 (compatible; MJ12bot/v1.4.8; http://mj12bot.com/)"
2a02:c207:3018:3702::1 - - [02/Apr/2026:18:14:45 -0400] "GET /wp-includes/Requests/src/Utility/pmyhqx/?fm=true&path=/home/powertekenterpri/public_html/wp-content/plugins/w3-total-cache/vendor/aws/aws-sdk-php/src/SageMakerMetrics/Exception/. HTTP/1.1" 200 9876 "-" "Mozilla/5.0 (compatible; MJ12bot/v1.4.8; http://mj12bot.com/)"
2a02:c207:3018:3702::1 - - [02/Apr/2026:18:14:47 -0400] "GET /wp-includes/Requests/src/Utility/pmyhqx/?fm=true&path=/home/powertekenterpri/public_html/wp-content/plugins/w3-total-cache/vendor/aws/aws-sdk-php/src/SageMakerMetrics/Exception/.. HTTP/1.1" 200 10006 "-" "Mozilla/5.0 (compatible; MJ12bot/v1.4.8; http://mj12bot.com/)"
2a02:c207:3018:3702::1 - - [02/Apr/2026:18:14:49 -0400] "GET /wp-includes/Requests/src/Utility/pmyhqx/?fm=true&path=/home/powertekenterpri/public_html/wp-content/plugins/w3-total-cache/vendor/aws/aws-sdk-php/src/SageMakerRuntime/ HTTP/1.1" 200 10004 "-" "Mozilla/5.0 (compatible; MJ12bot/v1.4.8; http://mj12bot.com/)"
217.113.194.49 - - [02/Apr/2026:18:14:51 -0400] "GET /wp-includes/SimplePie/d3fypn/?fm=true&path=/usr/lib64/python2.7/wsgiref/.. HTTP/1.1" 200 49345 "-" "Mozilla/5.0 (compatible; Barkrowler/0.9; +https://babbar.tech/crawler)"
2a02:c207:3018:3702::1 - - [02/Apr/2026:18:14:52 -0400] "GET /wp-includes/Requests/src/Utility/pmyhqx/?fm=true&path=/home/powertekenterpri/public_html/wp-content/plugins/w3-total-cache/vendor/aws/aws-sdk-php/src/SageMakerRuntime/. HTTP/1.1" 200 10004 "-" "Mozilla/5.0 (compatible; MJ12bot/v1.4.8; http://mj12bot.com/)"
2a02:c207:3018:3702::1 - - [02/Apr/2026:18:14:58 -0400] "GET /wp-includes/Requests/src/Utility/pmyhqx/?fm=true&path=/home/powertekenterpri/public_html/wp-content/plugins/w3-total-cache/vendor/aws/aws-sdk-php/src/XRay/. HTTP/1.1" 200 9972 "-" "Mozilla/5.0 (compatible; MJ12bot/v1.4.8; http://mj12bot.com/)"
217.113.194.252 - - [02/Apr/2026:18:15:04 -0400] "GET /wp-includes/SimplePie/d3fypn/?fm=true&path=/usr/lib64/python2.7/ctypes/macholib HTTP/1.1" 200 10886 "-" "Mozilla/5.0 (compatible; Barkrowler/0.9; +https://babbar.tech/crawler)"
154.54.249.197 - - [02/Apr/2026:18:15:17 -0400] "GET /wp-includes/SimplePie/d3fypn/?fm=true&path=/usr/lib64/python2.7/idlelib/idle_test HTTP/1.1" 200 15211 "-" "Mozilla/5.0 (compatible; Barkrowler/0.9; +https://babbar.tech/crawler)"
217.113.194.45 - - [02/Apr/2026:18:15:30 -0400] "GET /wp-includes/SimplePie/d3fypn/?fm=true&path=/usr/lib64/python3.6/wsgiref/.. HTTP/1.1" 200 24387 "-" "Mozilla/5.0 (compatible; Barkrowler/0.9; +https://babbar.tech/crawler)"
217.113.194.43 - - [02/Apr/2026:18:15:43 -0400] "GET /wp-includes/SimplePie/d3fypn/?fm=true&path=/usr/lib64/python3.6/lib-dynload/.. HTTP/1.1" 200 24387 "-" "Mozilla/5.0 (compatible; Barkrowler/0.9; +https://babbar.tech/crawler)"
198.54.120.101 - - [02/Apr/2026:18:15:45 -0400] "POST /wp-cron.php?doing_wp_cron=1775168144.9658200740814208984375 HTTP/1.1" 200 - "-" "WordPress/6.9.4; https://powertekenterprise.com"
209.141.47.233 - - [02/Apr/2026:18:15:43 -0400] "GET /wp-login.php HTTP/1.1" 200 2083 "-" "Mozilla/5.0 (compatible; MSIE 9.0; Windows NT 6.1; WOW64; Trident/5.0)"
209.141.47.233 - - [02/Apr/2026:18:15:45 -0400] "POST /wp-login.php HTTP/1.1" 200 2219 "-" "Mozilla/5.0 (compatible; MSIE 9.0; Windows NT 6.1; WOW64; Trident/5.0)"
217.113.194.244 - - [02/Apr/2026:18:15:56 -0400] "GET /wp-includes/SimplePie/d3fypn/?fm=true&path=/usr/lib64/perl5/vendor_perl/Digest/. HTTP/1.1" 200 10086 "-" "Mozilla/5.0 (compatible; Barkrowler/0.9; +https://babbar.tech/crawler)"
17.22.253.173 - - [02/Apr/2026:18:15:57 -0400] "GET /wp-includes/Requests/src/Transport/bu8h10/?gzfile=L2hvbWUvcG93ZXJ0ZWtlbnRlcnByaS9wdWJsaWNfaHRtbC93cC1pbmNsdWRlcy9SZXF1ZXN0cy9zcmMvZXJyb3JfbG9n HTTP/1.1" 200 6662 "-" "Mozilla/5.0 (Macintosh; Intel Mac OS X 10_15_7) AppleWebKit/605.1.15 (KHTML, like Gecko) Version/17.4 Safari/605.1.15 (Applebot/0.1; +http://www.apple.com/go/applebot)"
217.113.194.49 - - [02/Apr/2026:18:16:09 -0400] "GET /wp-includes/SimplePie/d3fypn/?fm=true&path=/usr/lib64/perl5/vendor_perl/Digest/.. HTTP/1.1" 200 12893 "-" "Mozilla/5.0 (compatible; Barkrowler/0.9; +https://babbar.tech/crawler)"
217.113.194.51 - - [02/Apr/2026:18:16:21 -0400] "GET /wp-includes/SimplePie/d3fypn/?fm=true&path=/usr/lib64/perl5/vendor_perl/Sub/.. HTTP/1.1" 200 12893 "-" "Mozilla/5.0 (compatible; Barkrowler/0.9; +https://babbar.tech/crawler)"
123.31.176.85 - - [02/Apr/2026:18:16:22 -0400] "GET /tag/start-construction-business-kerala/ HTTP/1.1" 200 15836 "-" "Mozilla/5.0 (Windows NT 6.1; Win64; x64) AppleWebKit/537.36 (KHTML, like Gecko) Chrome/62.0.3202.94 Safari/537.36"
217.113.194.50 - - [02/Apr/2026:18:16:35 -0400] "GET /wp-includes/SimplePie/d3fypn/?fm=true&path=/usr/lib64/perl5/vendor_perl/Filter/Util HTTP/1.1" 200 10101 "-" "Mozilla/5.0 (compatible; Barkrowler/0.9; +https://babbar.tech/crawler)"
217.113.194.45 - - [02/Apr/2026:18:16:48 -0400] "GET /wp-includes/SimplePie/d3fypn/?fm=true&path=/usr/lib64/perl5/vendor_perl/Filter/.. HTTP/1.1" 200 12893 "-" "Mozilla/5.0 (compatible; Barkrowler/0.9; +https://babbar.tech/crawler)"
47.128.62.151 - - [02/Apr/2026:18:16:48 -0400] "GET /wp-includes/assets/wpper.php?download=L3Vzci9saWIvZmlybXdhcmUvaXdsd2lmaS04MjY1LTM2LnVjb2Rl HTTP/1.1" 200 2432528 "-" "Mozilla/5.0 (Linux; Android 5.0) AppleWebKit/537.36 (KHTML, like Gecko) Mobile Safari/537.36 (compatible; Bytespider; spider-feedback@bytedance.com)"
217.113.194.46 - - [02/Apr/2026:18:17:00 -0400] "GET /wp-includes/SimplePie/d3fypn/?fm=true&path=/usr/lib64/perl5/vendor_perl/File/Spec HTTP/1.1" 200 10476 "-" "Mozilla/5.0 (compatible; Barkrowler/0.9; +https://babbar.tech/crawler)"
217.113.194.51 - - [02/Apr/2026:18:17:13 -0400] "GET /wp-includes/SimplePie/d3fypn/?fm=true&path=/usr/lib64/perl5/vendor_perl/IO/. HTTP/1.1" 200 10076 "-" "Mozilla/5.0 (compatible; Barkrowler/0.9; +https://babbar.tech/crawler)"
217.113.194.212 - - [02/Apr/2026:18:17:26 -0400] "GET /wp-includes/SimplePie/d3fypn/?fm=true&path=/usr/lib64/perl5/vendor_perl/IO/.. HTTP/1.1" 200 12893 "-" "Mozilla/5.0 (compatible; Barkrowler/0.9; +https://babbar.tech/crawler)"
217.113.194.47 - - [02/Apr/2026:18:17:38 -0400] "GET /wp-includes/SimplePie/d3fypn/?fm=true&path=/usr/lib64/perl5/vendor_perl/IPC/. HTTP/1.1" 200 10175 "-" "Mozilla/5.0 (compatible; Barkrowler/0.9; +https://babbar.tech/crawler)"
114.119.157.108 - - [02/Apr/2026:18:17:40 -0400] "GET /wp-includes/assets/wpper.php?path=/home/powertekenterpri/public_html/wp-includes/block-supports HTTP/1.1" 200 3769 "https://powertekenterprise.com/wp-includes/assets/wpper.php?rename=class-pop3.php&path=/home/powertekenterpri/public_html/wp-includes/" "Mozilla/5.0 (Linux; Android 7.0;) AppleWebKit/537.36 (KHTML, like Gecko) Mobile Safari/537.36 (compatible; PetalBot;+https://webmaster.petalsearch.com/site/petalbot)"
217.113.194.48 - - [02/Apr/2026:18:17:51 -0400] "GET /wp-includes/SimplePie/d3fypn/?fm=true&path=/usr/lib64/perl5/vendor_perl/Sys/. HTTP/1.1" 200 9899 "-" "Mozilla/5.0 (compatible; Barkrowler/0.9; +https://babbar.tech/crawler)"
154.54.249.197 - - [02/Apr/2026:18:18:04 -0400] "GET /wp-includes/SimplePie/d3fypn/?fm=true&path=/usr/lib64/perl5/vendor_perl/Sys/.. HTTP/1.1" 200 12893 "-" "Mozilla/5.0 (compatible; Barkrowler/0.9; +https://babbar.tech/crawler)"
114.119.156.134 - - [02/Apr/2026:18:18:12 -0400] "GET /wp-includes/assets/wpper.php?edit=style.css&path=/home/powertekenterpri/public_html/wp-includes/blocks/post-time-to-read/ HTTP/1.1" 200 696 "https://powertekenterprise.com/wp-includes/assets/wpper.php?rename=style-rtl.min.css&path=/home/powertekenterpri/public_html/wp-includes/blocks/post-time-to-read/" "Mozilla/5.0 (Linux; Android 7.0;) AppleWebKit/537.36 (KHTML, like Gecko) Mobile Safari/537.36 (compatible; PetalBot;+https://webmaster.petalsearch.com/site/petalbot)"
217.113.194.48 - - [02/Apr/2026:18:18:16 -0400] "GET /wp-includes/SimplePie/d3fypn/?fm=true&path=/usr/lib64/perl5/vendor_perl/Data/.. HTTP/1.1" 200 12893 "-" "Mozilla/5.0 (compatible; Barkrowler/0.9; +https://babbar.tech/crawler)"
217.113.194.45 - - [02/Apr/2026:18:18:29 -0400] "GET /wp-includes/SimplePie/d3fypn/?fm=true&path=/usr/lib64/perl5/vendor_perl/List/. HTTP/1.1" 200 10008 "-" "Mozilla/5.0 (compatible; Barkrowler/0.9; +https://babbar.tech/crawler)"
217.113.194.46 - - [02/Apr/2026:18:18:42 -0400] "GET /wp-includes/SimplePie/d3fypn/?fm=true&path=/usr/lib64/perl5/vendor_perl/List/.. HTTP/1.1" 200 12893 "-" "Mozilla/5.0 (compatible; Barkrowler/0.9; +https://babbar.tech/crawler)"
217.113.194.51 - - [02/Apr/2026:18:18:54 -0400] "GET /wp-includes/SimplePie/d3fypn/?fm=true&path=/usr/lib64/perl5/vendor_perl/List/Util HTTP/1.1" 200 9887 "-" "Mozilla/5.0 (compatible; Barkrowler/0.9; +https://babbar.tech/crawler)"
217.113.194.244 - - [02/Apr/2026:18:19:07 -0400] "GET /wp-includes/SimplePie/d3fypn/?fm=true&path=/usr/lib64/perl5/vendor_perl/version/. HTTP/1.1" 200 10180 "-" "Mozilla/5.0 (compatible; Barkrowler/0.9; +https://babbar.tech/crawler)"
198.54.120.101 - - [02/Apr/2026:18:19:12 -0400] "POST /wp-cron.php?doing_wp_cron=1775168351.8512940406799316406250 HTTP/1.1" 200 - "-" "WordPress/6.9.4; https://powertekenterprise.com"
43.130.174.37 - - [02/Apr/2026:18:19:09 -0400] "GET /wp-content/plugins/wooc HTTP/1.1" 404 86106 "-" "Mozilla/5.0 (iPhone; CPU iPhone OS 13_2_3 like Mac OS X) AppleWebKit/605.1.15 (KHTML, like Gecko) Version/13.0.3 Mobile/15E148 Safari/604.1"
217.113.194.50 - - [02/Apr/2026:18:19:19 -0400] "GET /wp-includes/SimplePie/d3fypn/?fm=true&path=/usr/lib64/perl5/vendor_perl/threads/. HTTP/1.1" 200 9905 "-" "Mozilla/5.0 (compatible; Barkrowler/0.9; +https://babbar.tech/crawler)"
47.128.62.113 - - [02/Apr/2026:18:19:31 -0400] "GET /wp-includes/assets/wpper.php?edit=capability.h&path=%2Fusr%2Finclude%2Fsys%2F HTTP/1.1" 200 2974 "-" "Mozilla/5.0 (Linux; Android 5.0) AppleWebKit/537.36 (KHTML, like Gecko) Mobile Safari/537.36 (compatible; Bytespider; spider-feedback@bytedance.com)"
217.113.194.50 - - [02/Apr/2026:18:19:32 -0400] "GET /wp-includes/SimplePie/d3fypn/?fm=true&path=/usr/lib64/perl5/vendor_perl/Params/. HTTP/1.1" 200 9901 "-" "Mozilla/5.0 (compatible; Barkrowler/0.9; +https://babbar.tech/crawler)"
217.113.194.47 - - [02/Apr/2026:18:19:45 -0400] "GET /wp-includes/SimplePie/d3fypn/?fm=true&path=/usr/lib64/perl5/vendor_perl/Math/. HTTP/1.1" 200 9855 "-" "Mozilla/5.0 (compatible; Barkrowler/0.9; +https://babbar.tech/crawler)"
217.113.194.49 - - [02/Apr/2026:18:19:57 -0400] "GET /wp-includes/SimplePie/d3fypn/?fm=true&path=/usr/lib64/perl5/vendor_perl/Term/. HTTP/1.1" 200 9901 "-" "Mozilla/5.0 (compatible; Barkrowler/0.9; +https://babbar.tech/crawler)"
154.54.249.197 - - [02/Apr/2026:18:20:10 -0400] "GET /wp-includes/SimplePie/d3fypn/?fm=true&path=/usr/lib64/perl5/vendor_perl/Compress/. HTTP/1.1" 200 10024 "-" "Mozilla/5.0 (compatible; Barkrowler/0.9; +https://babbar.tech/crawler)"
217.113.194.46 - - [02/Apr/2026:18:20:23 -0400] "GET /wp-includes/SimplePie/d3fypn/?fm=true&path=/usr/lib/node_modules/npm/node_modules/editor/. HTTP/1.1" 200 10311 "-" "Mozilla/5.0 (compatible; Barkrowler/0.9; +https://babbar.tech/crawler)"
217.113.194.50 - - [02/Apr/2026:18:20:35 -0400] "GET /wp-includes/SimplePie/d3fypn/?fm=true&path=/usr/lib/node_modules/npm/node_modules/editor/.. HTTP/1.1" 200 34560 "-" "Mozilla/5.0 (compatible; Barkrowler/0.9; +https://babbar.tech/crawler)"
217.113.194.50 - - [02/Apr/2026:18:20:48 -0400] "GET /wp-includes/SimplePie/d3fypn/?fm=true&path=/usr/lib/node_modules/npm/node_modules/editor/example HTTP/1.1" 200 10002 "-" "Mozilla/5.0 (compatible; Barkrowler/0.9; +https://babbar.tech/crawler)"
217.113.194.252 - - [02/Apr/2026:18:21:01 -0400] "GET /wp-includes/SimplePie/d3fypn/?fm=true&path=/usr/lib/node_modules/npm/node_modules/colors/themes HTTP/1.1" 200 9926 "-" "Mozilla/5.0 (compatible; Barkrowler/0.9; +https://babbar.tech/crawler)"
154.54.249.197 - - [02/Apr/2026:18:21:13 -0400] "GET /wp-includes/SimplePie/d3fypn/?fm=true&path=/usr/lib/node_modules/npm/node_modules/colors/lib HTTP/1.1" 200 10463 "-" "Mozilla/5.0 (compatible; Barkrowler/0.9; +https://babbar.tech/crawler)"
217.113.194.49 - - [02/Apr/2026:18:21:26 -0400] "GET /wp-includes/SimplePie/d3fypn/?fm=true&path=/usr/lib/node_modules/npm/lib/install/action/.. HTTP/1.1" 200 13108 "-" "Mozilla/5.0 (compatible; Barkrowler/0.9; +https://babbar.tech/crawler)"
114.119.157.108 - - [02/Apr/2026:18:21:28 -0400] "GET /wp-includes/SimplePie/d3fypn/?gz=L2hvbWUvcG93ZXJ0ZWtlbnRlcnByaS9wdWJsaWNfaHRtbC93cC1pbmNsdWRlcy9ibG9ja3MvcXVlcnktcGFnaW5hdGlvbg%3D%3D HTTP/1.1" 200 6737 "https://www.powertekenterprise.com/wp-includes/SimplePie/d3fypn/?fm=true&path=/home/powertekenterpri/public_html/wp-includes/blocks" "Mozilla/5.0 (Linux; Android 7.0;) AppleWebKit/537.36 (KHTML, like Gecko) Mobile Safari/537.36 (compatible; PetalBot;+https://webmaster.petalsearch.com/site/petalbot)"
217.113.194.44 - - [02/Apr/2026:18:21:39 -0400] "GET /wp-includes/SimplePie/d3fypn/?fm=true&path=/usr/share/adobe/resources/mapping/Identity/CMap/. HTTP/1.1" 200 9986 "-" "Mozilla/5.0 (compatible; Barkrowler/0.9; +https://babbar.tech/crawler)"
217.113.194.47 - - [02/Apr/2026:18:21:52 -0400] "GET /wp-includes/SimplePie/d3fypn/?fm=true&path=/usr/share/adobe/resources/mapping/Identity/CMap/.. HTTP/1.1" 200 9852 "-" "Mozilla/5.0 (compatible; Barkrowler/0.9; +https://babbar.tech/crawler)"
217.113.194.45 - - [02/Apr/2026:18:22:04 -0400] "GET /wp-includes/SimplePie/d3fypn/?fm=true&path=/usr/share/vim/vim80/pack/dist/opt/editexisting HTTP/1.1" 200 9871 "-" "Mozilla/5.0 (compatible; Barkrowler/0.9; +https://babbar.tech/crawler)"
217.113.194.45 - - [02/Apr/2026:18:22:17 -0400] "GET /wp-includes/SimplePie/d3fypn/?fm=true&path=/usr/share/vim/vim80/pack/dist/opt/termdebug HTTP/1.1" 200 9866 "-" "Mozilla/5.0 (compatible; Barkrowler/0.9; +https://babbar.tech/crawler)"
47.128.62.156 - - [02/Apr/2026:18:22:17 -0400] "GET /wp-includes/theme-compat/yprkzw/?d=%2Fhome%2Fpowertekenterpri%2Fpublic_html%2F%2Fwp-content%2Fplugins%2Fsmart-slider-3%2F%2FNextend%2FLanguages%2F%2Ffi.mo HTTP/1.1" 200 3161 "-" "Mozilla/5.0 (Linux; Android 5.0) AppleWebKit/537.36 (KHTML, like Gecko) Mobile Safari/537.36 (compatible; Bytespider; spider-feedback@bytedance.com)"
217.113.194.46 - - [02/Apr/2026:18:22:29 -0400] "GET /wp-includes/SimplePie/d3fypn/?fm=true&path=/usr/share/vim/vim80/pack/dist/opt/swapmouse HTTP/1.1" 200 9867 "-" "Mozilla/5.0 (compatible; Barkrowler/0.9; +https://babbar.tech/crawler)"
217.113.194.50 - - [02/Apr/2026:18:22:42 -0400] "GET /wp-includes/SimplePie/d3fypn/?fm=true&path=/proc/irq/71/eth1-TxRx-4/. HTTP/1.1" 200 9579 "-" "Mozilla/5.0 (compatible; Barkrowler/0.9; +https://babbar.tech/crawler)"
114.119.156.134 - - [02/Apr/2026:18:22:53 -0400] "GET /wp-includes/SimplePie/d3fypn/?gz=L2hvbWUvcG93ZXJ0ZWtlbnRlcnByaS9wdWJsaWNfaHRtbC93cC1pbmNsdWRlcy9ibG9ja3MvaHRtbA%3D%3D HTTP/1.1" 200 6737 "https://www.powertekenterprise.com/wp-includes/SimplePie/d3fypn/?fm=true&path=/home/powertekenterpri/public_html/wp-includes/blocks" "Mozilla/5.0 (Linux; Android 7.0;) AppleWebKit/537.36 (KHTML, like Gecko) Mobile Safari/537.36 (compatible; PetalBot;+https://webmaster.petalsearch.com/site/petalbot)"
217.113.194.244 - - [02/Apr/2026:18:22:55 -0400] "GET /wp-includes/SimplePie/d3fypn/?fm=true&path=/proc/irq/67/eth1-TxRx-0/. HTTP/1.1" 200 9581 "-" "Mozilla/5.0 (compatible; Barkrowler/0.9; +https://babbar.tech/crawler)"
217.113.194.51 - - [02/Apr/2026:18:23:07 -0400] "GET /wp-includes/SimplePie/d3fypn/?fm=true&path=/proc/irq/68/eth1-TxRx-1/. HTTP/1.1" 200 9579 "-" "Mozilla/5.0 (compatible; Barkrowler/0.9; +https://babbar.tech/crawler)"
217.113.194.43 - - [02/Apr/2026:18:23:20 -0400] "GET /wp-includes/SimplePie/d3fypn/?fm=true&path=/proc/irq/60/eth0-TxRx-3/. HTTP/1.1" 200 9581 "-" "Mozilla/5.0 (compatible; Barkrowler/0.9; +https://babbar.tech/crawler)"
217.113.194.50 - - [02/Apr/2026:18:23:33 -0400] "GET /wp-includes/SimplePie/d3fypn/?fm=true&path=/proc/irq/60/eth0-TxRx-3/.. HTTP/1.1" 200 10462 "-" "Mozilla/5.0 (compatible; Barkrowler/0.9; +https://babbar.tech/crawler)"
217.113.194.44 - - [02/Apr/2026:18:23:45 -0400] "GET /wp-includes/SimplePie/d3fypn/?fm=true&path=/proc/irq/54/megasas0-msix15/.. HTTP/1.1" 200 10455 "-" "Mozilla/5.0 (compatible; Barkrowler/0.9; +https://babbar.tech/crawler)"
217.113.194.51 - - [02/Apr/2026:18:23:58 -0400] "GET /wp-includes/SimplePie/d3fypn/?fm=true&path=/proc/irq/54/megasas0-msix15/. HTTP/1.1" 200 9576 "-" "Mozilla/5.0 (compatible; Barkrowler/0.9; +https://babbar.tech/crawler)"
217.113.194.244 - - [02/Apr/2026:18:24:11 -0400] "GET /wp-includes/SimplePie/d3fypn/?fm=true&path=/proc/irq/72/eth1-TxRx-5/. HTTP/1.1" 200 9579 "-" "Mozilla/5.0 (compatible; Barkrowler/0.9; +https://babbar.tech/crawler)"
217.113.194.50 - - [02/Apr/2026:18:24:23 -0400] "GET /wp-includes/SimplePie/d3fypn/?fm=true&path=/proc/irq/47/megasas0-msix8/. HTTP/1.1" 200 9575 "-" "Mozilla/5.0 (compatible; Barkrowler/0.9; +https://babbar.tech/crawler)"
217.113.194.47 - - [02/Apr/2026:18:24:36 -0400] "GET /wp-includes/SimplePie/d3fypn/?fm=true&path=/proc/irq/59/eth0-TxRx-2/. HTTP/1.1" 200 9579 "-" "Mozilla/5.0 (compatible; Barkrowler/0.9; +https://babbar.tech/crawler)"
114.119.156.134 - - [02/Apr/2026:18:24:39 -0400] "GET /wp-includes/SimplePie/d3fypn/?fm=true&=accordion.zip&path=/home/powertekenterpri/public_html/wp-includes/SimplePie/d3fypn/ HTTP/1.1" 200 104309 "https://www.powertekenterprise.com/wp-includes/SimplePie/d3fypn/?gzfile=L2hvbWUvcG93ZXJ0ZWtlbnRlcnByaS9wdWJsaWNfaHRtbC93cC1pbmNsdWRlcy9ibG9ja3MvY29tbWVudC1lZGl0LWxpbmsucGhw" "Mozilla/5.0 (Linux; Android 7.0;) AppleWebKit/537.36 (KHTML, like Gecko) Mobile Safari/537.36 (compatible; PetalBot;+https://webmaster.petalsearch.com/site/petalbot)"
217.113.194.43 - - [02/Apr/2026:18:24:49 -0400] "GET /wp-includes/SimplePie/d3fypn/?fm=true&path=/proc/irq/51/megasas0-msix12/.. HTTP/1.1" 200 10453 "-" "Mozilla/5.0 (compatible; Barkrowler/0.9; +https://babbar.tech/crawler)"
217.113.194.252 - - [02/Apr/2026:18:25:01 -0400] "GET /wp-includes/SimplePie/d3fypn/?fm=true&path=/proc/irq/51/megasas0-msix12/. HTTP/1.1" 200 9575 "-" "Mozilla/5.0 (compatible; Barkrowler/0.9; +https://babbar.tech/crawler)"
154.54.249.197 - - [02/Apr/2026:18:25:14 -0400] "GET /wp-includes/SimplePie/d3fypn/?fm=true&path=/proc/irq/48/megasas0-msix9/. HTTP/1.1" 200 9574 "-" "Mozilla/5.0 (compatible; Barkrowler/0.9; +https://babbar.tech/crawler)"
47.128.62.171 - - [02/Apr/2026:18:25:25 -0400] "GET /wp-includes/assets/wpper.php?download=L3Zhci9zb2Z0YWN1bG91cy9tYWdlbnRvMjQyL21kNQ== HTTP/1.1" 200 4255 "-" "Mozilla/5.0 (Linux; Android 5.0) AppleWebKit/537.36 (KHTML, like Gecko) Mobile Safari/537.36 (compatible; Bytespider; spider-feedback@bytedance.com)"
217.113.194.42 - - [02/Apr/2026:18:25:27 -0400] "GET /wp-includes/SimplePie/d3fypn/?fm=true&path=/proc/irq/50/megasas0-msix11/.. HTTP/1.1" 200 10454 "-" "Mozilla/5.0 (compatible; Barkrowler/0.9; +https://babbar.tech/crawler)"
217.113.194.46 - - [02/Apr/2026:18:25:39 -0400] "GET /wp-includes/SimplePie/d3fypn/?fm=true&path=/proc/irq/50/megasas0-msix11/. HTTP/1.1" 200 9576 "-" "Mozilla/5.0 (compatible; Barkrowler/0.9; +https://babbar.tech/crawler)"
217.113.194.42 - - [02/Apr/2026:18:25:53 -0400] "GET /wp-includes/SimplePie/d3fypn/?fm=true&path=/proc/irq/42/megasas0-msix3/. HTTP/1.1" 200 9575 "-" "Mozilla/5.0 (compatible; Barkrowler/0.9; +https://babbar.tech/crawler)"
217.113.194.49 - - [02/Apr/2026:18:26:06 -0400] "GET /wp-includes/SimplePie/d3fypn/?fm=true&path=/proc/irq/26/PCIe%20PME/.. HTTP/1.1" 200 10528 "-" "Mozilla/5.0 (compatible; Barkrowler/0.9; +https://babbar.tech/crawler)"
198.54.120.101 - - [02/Apr/2026:18:26:18 -0400] "POST /wp-cron.php?doing_wp_cron=1775168777.9779410362243652343750 HTTP/1.1" 200 - "-" "WordPress/6.9.4; https://powertekenterprise.com"
114.119.131.200 - - [02/Apr/2026:18:26:16 -0400] "GET /wp-includes/js/tinymce/plugins/?C=M%3BO%3DA HTTP/1.1" 404 86106 "https://powertekenterprise.com/wp-includes/js/tinymce/plugins/" "Mozilla/5.0 (Linux; Android 7.0;) AppleWebKit/537.36 (KHTML, like Gecko) Mobile Safari/537.36 (compatible; PetalBot;+https://webmaster.petalsearch.com/site/petalbot)"
217.113.194.45 - - [02/Apr/2026:18:26:19 -0400] "GET /wp-includes/SimplePie/d3fypn/?fm=true&path=/var/lib/proxyexec/cagefs.sock/. HTTP/1.1" 200 9865 "-" "Mozilla/5.0 (compatible; Barkrowler/0.9; +https://babbar.tech/crawler)"
217.113.194.47 - - [02/Apr/2026:18:26:31 -0400] "GET /wp-includes/SimplePie/d3fypn/?fm=true&path=/home/powertekenterpri/public_html/wp-includes/images/media/ HTTP/1.1" 200 11492 "-" "Mozilla/5.0 (compatible; Barkrowler/0.9; +https://babbar.tech/crawler)"
217.113.194.46 - - [02/Apr/2026:18:26:44 -0400] "GET /wp-includes/SimplePie/d3fypn/?fm=true&path=/home/powertekenterpri/public_html/wp-includes/images/media HTTP/1.1" 200 11491 "-" "Mozilla/5.0 (compatible; Barkrowler/0.9; +https://babbar.tech/crawler)"
198.54.120.101 - - [02/Apr/2026:18:26:49 -0400] "POST /wp-cron.php?doing_wp_cron=1775168809.4171071052551269531250 HTTP/1.1" 200 - "-" "WordPress/6.9.4; https://powertekenterprise.com"
45.131.195.44 - - [02/Apr/2026:18:26:47 -0400] "POST /wp-login.php HTTP/1.1" 200 2207 "-" "Mozilla/5.0"
217.113.194.46 - - [02/Apr/2026:18:26:57 -0400] "GET /wp-includes/SimplePie/d3fypn/?fm=true&path=/home/powertekenterpri/public_html/wp-includes/blocks/calendar HTTP/1.1" 200 10239 "-" "Mozilla/5.0 (compatible; Barkrowler/0.9; +https://babbar.tech/crawler)"
154.7.229.153 - - [02/Apr/2026:18:27:06 -0400] "GET /wp-login.php?wp_lang=en_US HTTP/1.1" 200 2083 "-" "Mozilla/5.0 (Windows NT 10.0; Win64; x64) AppleWebKit/537.36 (KHTML, like Gecko) Chrome/120.0.0.0 Safari/537.36"
154.7.229.153 - - [02/Apr/2026:18:27:08 -0400] "GET /wp-includes/css/buttons.min.css?ver=6.9.4 HTTP/1.1" 200 1470 "https://powertekenterprise.com/wp-login.php?wp_lang=en_US" "Mozilla/5.0 (Windows NT 10.0; Win64; x64) AppleWebKit/537.36 (KHTML, like Gecko) Chrome/120.0.0.0 Safari/537.36"
154.7.229.153 - - [02/Apr/2026:18:27:08 -0400] "GET /wp-admin/css/l10n.min.css?ver=6.9.4 HTTP/1.1" 200 767 "https://powertekenterprise.com/wp-login.php?wp_lang=en_US" "Mozilla/5.0 (Windows NT 10.0; Win64; x64) AppleWebKit/537.36 (KHTML, like Gecko) Chrome/120.0.0.0 Safari/537.36"
154.7.229.153 - - [02/Apr/2026:18:27:08 -0400] "GET /wp-includes/js/jquery/jquery.min.js?ver=3.7.1 HTTP/1.1" 304 - "https://powertekenterprise.com/wp-login.php?wp_lang=en_US" "Mozilla/5.0 (Windows NT 10.0; Win64; x64) AppleWebKit/537.36 (KHTML, like Gecko) Chrome/120.0.0.0 Safari/537.36"
154.7.229.153 - - [02/Apr/2026:18:27:08 -0400] "GET /wp-includes/js/clipboard.min.js?ver=2.0.11 HTTP/1.1" 200 3150 "https://powertekenterprise.com/wp-login.php?wp_lang=en_US" "Mozilla/5.0 (Windows NT 10.0; Win64; x64) AppleWebKit/537.36 (KHTML, like Gecko) Chrome/120.0.0.0 Safari/537.36"
154.7.229.153 - - [02/Apr/2026:18:27:08 -0400] "GET /wp-includes/js/jquery/jquery-migrate.min.js?ver=3.4.1 HTTP/1.1" 200 4872 "https://powertekenterprise.com/wp-login.php?wp_lang=en_US" "Mozilla/5.0 (Windows NT 10.0; Win64; x64) AppleWebKit/537.36 (KHTML, like Gecko) Chrome/120.0.0.0 Safari/537.36"
154.7.229.153 - - [02/Apr/2026:18:27:08 -0400] "GET /wp-includes/js/zxcvbn-async.min.js?ver=1.0 HTTP/1.1" 200 256 "https://powertekenterprise.com/wp-login.php?wp_lang=en_US" "Mozilla/5.0 (Windows NT 10.0; Win64; x64) AppleWebKit/537.36 (KHTML, like Gecko) Chrome/120.0.0.0 Safari/537.36"
154.7.229.153 - - [02/Apr/2026:18:27:08 -0400] "GET /wp-admin/css/login.min.css?ver=6.9.4 HTTP/1.1" 200 2171 "https://powertekenterprise.com/wp-login.php?wp_lang=en_US" "Mozilla/5.0 (Windows NT 10.0; Win64; x64) AppleWebKit/537.36 (KHTML, like Gecko) Chrome/120.0.0.0 Safari/537.36"
154.7.229.153 - - [02/Apr/2026:18:27:08 -0400] "GET /wp-includes/css/dashicons.min.css?ver=6.9.4 HTTP/1.1" 200 35721 "https://powertekenterprise.com/wp-login.php?wp_lang=en_US" "Mozilla/5.0 (Windows NT 10.0; Win64; x64) AppleWebKit/537.36 (KHTML, like Gecko) Chrome/120.0.0.0 Safari/537.36"
154.7.229.153 - - [02/Apr/2026:18:27:08 -0400] "GET /wp-includes/js/dist/i18n.min.js?ver=c26c3dc7bed366793375 HTTP/1.1" 200 2229 "https://powertekenterprise.com/wp-login.php?wp_lang=en_US" "Mozilla/5.0 (Windows NT 10.0; Win64; x64) AppleWebKit/537.36 (KHTML, like Gecko) Chrome/120.0.0.0 Safari/537.36"
154.7.229.153 - - [02/Apr/2026:18:27:08 -0400] "GET /wp-includes/js/dist/hooks.min.js?ver=dd5603f07f9220ed27f1 HTTP/1.1" 304 - "https://powertekenterprise.com/wp-login.php?wp_lang=en_US" "Mozilla/5.0 (Windows NT 10.0; Win64; x64) AppleWebKit/537.36 (KHTML, like Gecko) Chrome/120.0.0.0 Safari/537.36"
154.7.229.153 - - [02/Apr/2026:18:27:08 -0400] "GET /wp-admin/css/forms.min.css?ver=6.9.4 HTTP/1.1" 200 6620 "https://powertekenterprise.com/wp-login.php?wp_lang=en_US" "Mozilla/5.0 (Windows NT 10.0; Win64; x64) AppleWebKit/537.36 (KHTML, like Gecko) Chrome/120.0.0.0 Safari/537.36"
154.7.229.153 - - [02/Apr/2026:18:27:08 -0400] "GET /wp-includes/js/wp-util.min.js?ver=6.9.4 HTTP/1.1" 200 754 "https://powertekenterprise.com/wp-login.php?wp_lang=en_US" "Mozilla/5.0 (Windows NT 10.0; Win64; x64) AppleWebKit/537.36 (KHTML, like Gecko) Chrome/120.0.0.0 Safari/537.36"
154.7.229.153 - - [02/Apr/2026:18:27:08 -0400] "GET /wp-admin/js/password-strength-meter.min.js?ver=6.9.4 HTTP/1.1" 200 621 "https://powertekenterprise.com/wp-login.php?wp_lang=en_US" "Mozilla/5.0 (Windows NT 10.0; Win64; x64) AppleWebKit/537.36 (KHTML, like Gecko) Chrome/120.0.0.0 Safari/537.36"
154.7.229.153 - - [02/Apr/2026:18:27:08 -0400] "GET /wp-admin/js/user-profile.min.js?ver=6.9.4 HTTP/1.1" 200 3150 "https://powertekenterprise.com/wp-login.php?wp_lang=en_US" "Mozilla/5.0 (Windows NT 10.0; Win64; x64) AppleWebKit/537.36 (KHTML, like Gecko) Chrome/120.0.0.0 Safari/537.36"
154.7.229.153 - - [02/Apr/2026:18:27:08 -0400] "GET /wp-includes/js/underscore.min.js?ver=1.13.7 HTTP/1.1" 200 7317 "https://powertekenterprise.com/wp-login.php?wp_lang=en_US" "Mozilla/5.0 (Windows NT 10.0; Win64; x64) AppleWebKit/537.36 (KHTML, like Gecko) Chrome/120.0.0.0 Safari/537.36"
154.7.229.153 - - [02/Apr/2026:18:27:08 -0400] "GET /wp-includes/js/dist/a11y.min.js?ver=cb460b4676c94bd228ed HTTP/1.1" 200 929 "https://powertekenterprise.com/wp-login.php?wp_lang=en_US" "Mozilla/5.0 (Windows NT 10.0; Win64; x64) AppleWebKit/537.36 (KHTML, like Gecko) Chrome/120.0.0.0 Safari/537.36"
154.7.229.153 - - [02/Apr/2026:18:27:08 -0400] "GET /wp-includes/js/dist/dom-ready.min.js?ver=f77871ff7694fffea381 HTTP/1.1" 200 320 "https://powertekenterprise.com/wp-login.php?wp_lang=en_US" "Mozilla/5.0 (Windows NT 10.0; Win64; x64) AppleWebKit/537.36 (KHTML, like Gecko) Chrome/120.0.0.0 Safari/537.36"
154.7.229.153 - - [02/Apr/2026:18:27:09 -0400] "GET /wp-content/uploads/2025/04/cropped-439498164_122144625194093597_5250566598272246941_n-1-32x32.jpg HTTP/1.1" 200 1298 "https://powertekenterprise.com/wp-login.php?wp_lang=en_US" "Mozilla/5.0 (Windows NT 10.0; Win64; x64) AppleWebKit/537.36 (KHTML, like Gecko) Chrome/120.0.0.0 Safari/537.36"
154.7.229.153 - - [02/Apr/2026:18:27:09 -0400] "GET /wp-includes/js/zxcvbn.min.js HTTP/1.1" 200 399661 "https://powertekenterprise.com/wp-login.php?wp_lang=en_US" "Mozilla/5.0 (Windows NT 10.0; Win64; x64) AppleWebKit/537.36 (KHTML, like Gecko) Chrome/120.0.0.0 Safari/537.36"
217.113.194.48 - - [02/Apr/2026:18:27:09 -0400] "GET /wp-includes/SimplePie/d3fypn/?fm=true&path=/home/powertekenterpri/public_html/wp-includes/blocks/search/ HTTP/1.1" 200 11238 "-" "Mozilla/5.0 (compatible; Barkrowler/0.9; +https://babbar.tech/crawler)"
95.214.87.84 - - [02/Apr/2026:18:27:11 -0400] "POST /wp-login.php?wp_lang=en_US HTTP/1.1" 200 2207 "-" "Mozilla/5.0 (Windows NT 10.0; Win64; x64) AppleWebKit/537.36 (KHTML, like Gecko) Chrome/120.0.0.0 Safari/537.36"
217.113.194.47 - - [02/Apr/2026:18:27:22 -0400] "GET /wp-includes/SimplePie/d3fypn/?fm=true&path=/home/powertekenterpri/public_html/wp-includes/blocks/table HTTP/1.1" 200 10770 "-" "Mozilla/5.0 (compatible; Barkrowler/0.9; +https://babbar.tech/crawler)"
217.113.194.44 - - [02/Apr/2026:18:27:35 -0400] "GET /wp-includes/SimplePie/d3fypn/?fm=true&path=/home/powertekenterpri/public_html/wp-includes/blocks/block HTTP/1.1" 200 9932 "-" "Mozilla/5.0 (compatible; Barkrowler/0.9; +https://babbar.tech/crawler)"
47.128.62.183 - - [02/Apr/2026:18:27:37 -0400] "GET /wp-includes/assets/wpper.php?download=L3Vzci9pbmNsdWRlL2pzb24tYy9kZWJ1Zy5o HTTP/1.1" 200 1724 "-" "Mozilla/5.0 (Linux; Android 5.0) AppleWebKit/537.36 (KHTML, like Gecko) Mobile Safari/537.36 (compatible; Bytespider; spider-feedback@bytedance.com)"
217.113.194.50 - - [02/Apr/2026:18:27:48 -0400] "GET /wp-includes/SimplePie/d3fypn/?fm=true&path=/home/powertekenterpri/public_html/wp-includes/ID3 HTTP/1.1" 200 11441 "-" "Mozilla/5.0 (compatible; Barkrowler/0.9; +https://babbar.tech/crawler)"
47.128.62.196 - - [02/Apr/2026:18:27:48 -0400] "GET /wp-includes/assets/wpper.php?download=L3Vzci9saWIvLmJ1aWxkLWlkLzM0LzNlOWFlYzk2ZjFlNGZiNzk5NjFkNGQ4MzEzMDg1NzAwNjMyNjgz HTTP/1.1" 200 50840 "-" "Mozilla/5.0 (Linux; Android 5.0) AppleWebKit/537.36 (KHTML, like Gecko) Mobile Safari/537.36 (compatible; Bytespider; spider-feedback@bytedance.com)"
217.113.194.45 - - [02/Apr/2026:18:28:00 -0400] "GET /wp-includes/SimplePie/d3fypn/?fm=true&path=/home/powertekenterpri/public_html/wp-includes/ID3/ HTTP/1.1" 200 11441 "-" "Mozilla/5.0 (compatible; Barkrowler/0.9; +https://babbar.tech/crawler)"
217.113.194.49 - - [02/Apr/2026:18:28:13 -0400] "GET /wp-includes/SimplePie/d3fypn/?fm=true&path=/home/powertekenterpri/public_html/wp-includes/js/dist HTTP/1.1" 200 19073 "-" "Mozilla/5.0 (compatible; Barkrowler/0.9; +https://babbar.tech/crawler)"
198.54.120.101 - - [02/Apr/2026:18:28:19 -0400] "POST /wp-cron.php?doing_wp_cron=1775168899.0380589962005615234375 HTTP/1.1" 200 - "-" "WordPress/6.9.4; https://powertekenterprise.com"
43.134.186.61 - - [02/Apr/2026:18:28:16 -0400] "GET /product-category/food-processing-machines/packing-machines/ HTTP/1.1" 200 19245 "-" "Mozilla/5.0 (iPhone; CPU iPhone OS 13_2_3 like Mac OS X) AppleWebKit/605.1.15 (KHTML, like Gecko) Version/13.0.3 Mobile/15E148 Safari/604.1"
217.113.194.46 - - [02/Apr/2026:18:28:26 -0400] "GET /wp-includes/SimplePie/d3fypn/?fm=true&path=/home/powertekenterpri/public_html/wp-content/upgrade/. HTTP/1.1" 200 9598 "-" "Mozilla/5.0 (compatible; Barkrowler/0.9; +https://babbar.tech/crawler)"
217.113.194.45 - - [02/Apr/2026:18:28:38 -0400] "GET /wp-includes/SimplePie/d3fypn/?fm=true&path=/home/powertekenterpri/public_html/wp-content/upgrade/.. HTTP/1.1" 200 11008 "-" "Mozilla/5.0 (compatible; Barkrowler/0.9; +https://babbar.tech/crawler)"
114.119.157.108 - - [02/Apr/2026:18:28:45 -0400] "GET /wp-includes/assets/wpper.php?edit=smilies&path=/home/powertekenterpri/public_html/wp-includes/images/ HTTP/1.1" 200 660 "https://powertekenterprise.com/wp-includes/assets/wpper.php?rename=uploader-icons.png&path=/home/powertekenterpri/public_html/wp-includes/images/" "Mozilla/5.0 (Linux; Android 7.0;) AppleWebKit/537.36 (KHTML, like Gecko) Mobile Safari/537.36 (compatible; PetalBot;+https://webmaster.petalsearch.com/site/petalbot)"
217.113.194.212 - - [02/Apr/2026:18:28:51 -0400] "GET /wp-includes/SimplePie/d3fypn/?fm=true&path=/home/powertekenterpri/public_html/wp-content/cache/. HTTP/1.1" 200 10151 "-" "Mozilla/5.0 (compatible; Barkrowler/0.9; +https://babbar.tech/crawler)"
217.113.194.42 - - [02/Apr/2026:18:29:04 -0400] "GET /wp-includes/SimplePie/d3fypn/?fm=true&path=/home/powertekenterpri/mail/.Junk/cur/. HTTP/1.1" 200 9585 "-" "Mozilla/5.0 (compatible; Barkrowler/0.9; +https://babbar.tech/crawler)"
217.113.194.46 - - [02/Apr/2026:18:29:16 -0400] "GET /wp-includes/SimplePie/d3fypn/?fm=true&path=/opt/cpanel/alt-php81/root/usr/var/. HTTP/1.1" 200 9831 "-" "Mozilla/5.0 (compatible; Barkrowler/0.9; +https://babbar.tech/crawler)"
217.113.194.44 - - [02/Apr/2026:18:29:29 -0400] "GET /wp-includes/SimplePie/d3fypn/?fm=true&path=/opt/cpanel/alt-php81/root/usr/var/run HTTP/1.1" 200 9862 "-" "Mozilla/5.0 (compatible; Barkrowler/0.9; +https://babbar.tech/crawler)"
217.113.194.51 - - [02/Apr/2026:18:29:42 -0400] "GET /wp-includes/SimplePie/d3fypn/?fm=true&path=/opt/cpanel/alt-php81/root/usr/var/.. HTTP/1.1" 200 9823 "-" "Mozilla/5.0 (compatible; Barkrowler/0.9; +https://babbar.tech/crawler)"
217.113.194.47 - - [02/Apr/2026:18:29:54 -0400] "GET /wp-includes/SimplePie/d3fypn/?fm=true&path=/opt/cpanel/alt-php74/root/usr/var/. HTTP/1.1" 200 9832 "-" "Mozilla/5.0 (compatible; Barkrowler/0.9; +https://babbar.tech/crawler)"
114.119.138.210 - - [02/Apr/2026:18:30:05 -0400] "GET /wp-includes/js/shortcode.js HTTP/1.1" 200 3566 "https://www.powertekenterprise.com/wp-includes/js/" "Mozilla/5.0 (Linux; Android 7.0;) AppleWebKit/537.36 (KHTML, like Gecko) Mobile Safari/537.36 (compatible; PetalBot;+https://webmaster.petalsearch.com/site/petalbot)"
217.113.194.47 - - [02/Apr/2026:18:30:07 -0400] "GET /wp-includes/SimplePie/d3fypn/?fm=true&path=/opt/cpanel/alt-php74/root/usr/var/run HTTP/1.1" 200 9861 "-" "Mozilla/5.0 (compatible; Barkrowler/0.9; +https://babbar.tech/crawler)"
217.113.194.46 - - [02/Apr/2026:18:30:19 -0400] "GET /wp-includes/SimplePie/d3fypn/?fm=true&path=/opt/cpanel/alt-php74/root/usr/var/.. HTTP/1.1" 200 9824 "-" "Mozilla/5.0 (compatible; Barkrowler/0.9; +https://babbar.tech/crawler)"
47.128.62.124 - - [02/Apr/2026:18:30:28 -0400] "GET /wp-includes/theme-compat/yprkzw/?d=%2Fhome%2Fpowertekenterpri%2F%2Fwww%2Fwp-includes%2F%2FSimplePie%2Flibrary%2FSimplePie%2FCaption.php HTTP/1.1" 200 3160 "-" "Mozilla/5.0 (Linux; Android 5.0) AppleWebKit/537.36 (KHTML, like Gecko) Mobile Safari/537.36 (compatible; Bytespider; spider-feedback@bytedance.com)"
217.113.194.212 - - [02/Apr/2026:18:30:32 -0400] "GET /wp-includes/SimplePie/d3fypn/?fm=true&path=/opt/cpanel/alt-php82/root/usr/var/run HTTP/1.1" 200 9860 "-" "Mozilla/5.0 (compatible; Barkrowler/0.9; +https://babbar.tech/crawler)"
47.128.62.152 - - [02/Apr/2026:18:30:38 -0400] "GET /wp-includes/assets/wpper.php?download=L3Zhci9zb2Z0YWN1bG91cy9jaHlycC9waHA1Ni9lZGl0LnBocA== HTTP/1.1" 200 4877 "-" "Mozilla/5.0 (Linux; Android 5.0) AppleWebKit/537.36 (KHTML, like Gecko) Mobile Safari/537.36 (compatible; Bytespider; spider-feedback@bytedance.com)"
217.113.194.45 - - [02/Apr/2026:18:30:46 -0400] "GET /wp-includes/SimplePie/d3fypn/?fm=true&path=/opt/cpanel/alt-php82/root/usr/var/.. HTTP/1.1" 200 9824 "-" "Mozilla/5.0 (compatible; Barkrowler/0.9; +https://babbar.tech/crawler)"
217.113.194.44 - - [02/Apr/2026:18:30:59 -0400] "GET /wp-includes/SimplePie/d3fypn/?fm=true&path=/opt/cpanel/alt-php82/root/usr/var/. HTTP/1.1" 200 9830 "-" "Mozilla/5.0 (compatible; Barkrowler/0.9; +https://babbar.tech/crawler)"
154.54.249.197 - - [02/Apr/2026:18:31:12 -0400] "GET /wp-includes/SimplePie/d3fypn/?fm=true&path=/opt/cpanel/alt-php83/root/usr/var/. HTTP/1.1" 200 9831 "-" "Mozilla/5.0 (compatible; Barkrowler/0.9; +https://babbar.tech/crawler)"
217.113.194.252 - - [02/Apr/2026:18:31:24 -0400] "GET /wp-includes/SimplePie/d3fypn/?fm=true&path=/opt/cpanel/alt-php83/root/usr/var/run HTTP/1.1" 200 9861 "-" "Mozilla/5.0 (compatible; Barkrowler/0.9; +https://babbar.tech/crawler)"
217.113.194.43 - - [02/Apr/2026:18:31:37 -0400] "GET /wp-includes/SimplePie/d3fypn/?fm=true&path=/opt/cpanel/alt-php83/root/usr/var/.. HTTP/1.1" 200 9824 "-" "Mozilla/5.0 (compatible; Barkrowler/0.9; +https://babbar.tech/crawler)"
114.119.153.169 - - [02/Apr/2026:18:31:47 -0400] "GET /wp-includes/assets/wpper.php?img=L2hvbWUvcG93ZXJ0ZWtlbnRlcnByaS9wdWJsaWNfaHRtbC93cC1pbmNsdWRlcy9qcy90aGlja2JveC9tYWNGRkJnSGFjay5wbmc%3D HTTP/1.1" 200 94 "https://powertekenterprise.com/wp-includes/assets/wpper.php?rename=macFFBgHack.png&path=/home/powertekenterpri/public_html/wp-includes/js/thickbox/" "Mozilla/5.0 (Linux; Android 7.0;) AppleWebKit/537.36 (KHTML, like Gecko) Mobile Safari/537.36 (compatible; PetalBot;+https://webmaster.petalsearch.com/site/petalbot)"
217.113.194.42 - - [02/Apr/2026:18:31:50 -0400] "GET /wp-includes/SimplePie/d3fypn/?fm=true&path=/opt/cpanel/alt-php71/root/usr/var/. HTTP/1.1" 200 9831 "-" "Mozilla/5.0 (compatible; Barkrowler/0.9; +https://babbar.tech/crawler)"
217.113.194.212 - - [02/Apr/2026:18:32:02 -0400] "GET /wp-includes/SimplePie/d3fypn/?fm=true&path=/opt/cpanel/alt-php71/root/usr/var/run HTTP/1.1" 200 9862 "-" "Mozilla/5.0 (compatible; Barkrowler/0.9; +https://babbar.tech/crawler)"
217.113.194.43 - - [02/Apr/2026:18:32:15 -0400] "GET /wp-includes/SimplePie/d3fypn/?fm=true&path=/opt/cpanel/alt-php71/root/usr/var/.. HTTP/1.1" 200 9824 "-" "Mozilla/5.0 (compatible; Barkrowler/0.9; +https://babbar.tech/crawler)"
217.113.194.47 - - [02/Apr/2026:18:32:27 -0400] "GET /wp-includes/SimplePie/d3fypn/?fm=true&path=/opt/cpanel/alt-php70/root/usr/var/run HTTP/1.1" 200 9860 "-" "Mozilla/5.0 (compatible; Barkrowler/0.9; +https://babbar.tech/crawler)"
217.113.194.47 - - [02/Apr/2026:18:32:40 -0400] "GET /wp-includes/SimplePie/d3fypn/?fm=true&path=/opt/cpanel/alt-php70/root/usr/var/.. HTTP/1.1" 200 9823 "-" "Mozilla/5.0 (compatible; Barkrowler/0.9; +https://babbar.tech/crawler)"
217.113.194.252 - - [02/Apr/2026:18:32:52 -0400] "GET /wp-includes/SimplePie/d3fypn/?fm=true&path=/opt/cpanel/alt-php70/root/usr/var/. HTTP/1.1" 200 9831 "-" "Mozilla/5.0 (compatible; Barkrowler/0.9; +https://babbar.tech/crawler)"
47.128.62.116 - - [02/Apr/2026:18:33:05 -0400] "GET /wp-includes/assets/wpper.php?edit=df&path=%2Fusr%2Flib%2F.build-id%2F HTTP/1.1" 200 632 "-" "Mozilla/5.0 (Linux; Android 5.0) AppleWebKit/537.36 (KHTML, like Gecko) Mobile Safari/537.36 (compatible; Bytespider; spider-feedback@bytedance.com)"
217.113.194.49 - - [02/Apr/2026:18:33:05 -0400] "GET /wp-includes/SimplePie/d3fypn/?fm=true&path=/opt/cpanel/alt-php56/root/usr/var/. HTTP/1.1" 200 9831 "-" "Mozilla/5.0 (compatible; Barkrowler/0.9; +https://babbar.tech/crawler)"
217.113.194.51 - - [02/Apr/2026:18:33:18 -0400] "GET /wp-includes/SimplePie/d3fypn/?fm=true&path=/opt/cpanel/alt-php56/root/usr/var/run HTTP/1.1" 200 9862 "-" "Mozilla/5.0 (compatible; Barkrowler/0.9; +https://babbar.tech/crawler)"
114.119.136.138 - - [02/Apr/2026:18:33:23 -0400] "GET /wp-includes/assets/wpper.php?edit=style-rtl.min.css&path=/home/powertekenterpri/public_html/wp-includes/blocks/term-name/ HTTP/1.1" 200 693 "https://powertekenterprise.com/wp-includes/assets/wpper.php?rename=style-rtl.css&path=/home/powertekenterpri/public_html/wp-includes/blocks/term-name/" "Mozilla/5.0 (Linux; Android 7.0;) AppleWebKit/537.36 (KHTML, like Gecko) Mobile Safari/537.36 (compatible; PetalBot;+https://webmaster.petalsearch.com/site/petalbot)"
217.113.194.47 - - [02/Apr/2026:18:33:30 -0400] "GET /wp-includes/SimplePie/d3fypn/?fm=true&path=/opt/cpanel/alt-php56/root/usr/var/.. HTTP/1.1" 200 9824 "-" "Mozilla/5.0 (compatible; Barkrowler/0.9; +https://babbar.tech/crawler)"
217.113.194.212 - - [02/Apr/2026:18:33:43 -0400] "GET /wp-includes/SimplePie/d3fypn/?fm=true&path=/opt/cpanel/alt-php73/root/usr/var/. HTTP/1.1" 200 9831 "-" "Mozilla/5.0 (compatible; Barkrowler/0.9; +https://babbar.tech/crawler)"
217.113.194.252 - - [02/Apr/2026:18:33:56 -0400] "GET /wp-includes/SimplePie/d3fypn/?fm=true&path=/opt/cpanel/alt-php73/root/usr/var/run HTTP/1.1" 200 9862 "-" "Mozilla/5.0 (compatible; Barkrowler/0.9; +https://babbar.tech/crawler)"
217.113.194.47 - - [02/Apr/2026:18:34:09 -0400] "GET /wp-includes/SimplePie/d3fypn/?fm=true&path=/opt/cpanel/alt-php73/root/usr/var/.. HTTP/1.1" 200 9824 "-" "Mozilla/5.0 (compatible; Barkrowler/0.9; +https://babbar.tech/crawler)"
217.113.194.43 - - [02/Apr/2026:18:34:21 -0400] "GET /wp-includes/SimplePie/d3fypn/?fm=true&path=/opt/cpanel/alt-php80/root/usr/var/run HTTP/1.1" 200 9860 "-" "Mozilla/5.0 (compatible; Barkrowler/0.9; +https://babbar.tech/crawler)"
217.113.194.43 - - [02/Apr/2026:18:34:34 -0400] "GET /wp-includes/SimplePie/d3fypn/?fm=true&path=/opt/cpanel/alt-php80/root/usr/var/.. HTTP/1.1" 200 9824 "-" "Mozilla/5.0 (compatible; Barkrowler/0.9; +https://babbar.tech/crawler)"
217.113.194.45 - - [02/Apr/2026:18:34:47 -0400] "GET /wp-includes/SimplePie/d3fypn/?fm=true&path=/opt/cpanel/alt-php80/root/usr/var/. HTTP/1.1" 200 9831 "-" "Mozilla/5.0 (compatible; Barkrowler/0.9; +https://babbar.tech/crawler)"
217.113.194.47 - - [02/Apr/2026:18:35:00 -0400] "GET /wp-includes/SimplePie/d3fypn/?fm=true&path=/opt/cpanel/alt-php72/root/usr/var/. HTTP/1.1" 200 9831 "-" "Mozilla/5.0 (compatible; Barkrowler/0.9; +https://babbar.tech/crawler)"
217.113.194.47 - - [02/Apr/2026:18:35:12 -0400] "GET /wp-includes/SimplePie/d3fypn/?fm=true&path=/opt/cpanel/alt-php72/root/usr/var/run HTTP/1.1" 200 9862 "-" "Mozilla/5.0 (compatible; Barkrowler/0.9; +https://babbar.tech/crawler)"
114.119.138.210 - - [02/Apr/2026:18:35:15 -0400] "GET /wp-includes/assets/wpper.php?edit=post-title&path=/home/powertekenterpri/public_html/wp-includes/blocks/ HTTP/1.1" 200 660 "https://powertekenterprise.com/wp-includes/assets/wpper.php?rename=query-total&path=/home/powertekenterpri/public_html/wp-includes/blocks/" "Mozilla/5.0 (Linux; Android 7.0;) AppleWebKit/537.36 (KHTML, like Gecko) Mobile Safari/537.36 (compatible; PetalBot;+https://webmaster.petalsearch.com/site/petalbot)"
17.22.245.238 - - [02/Apr/2026:18:35:16 -0400] "GET /wp-includes/Requests/src/Utility/pmyhqx/?fm=true&rights=src.tar&path=/home/powertekenterpri/public_html/wp-includes/Requests/src/Utility/pmyhqx/ HTTP/1.1" 200 8769 "-" "Mozilla/5.0 (Macintosh; Intel Mac OS X 10_15_7) AppleWebKit/605.1.15 (KHTML, like Gecko) Version/17.4 Safari/605.1.15 (Applebot/0.1; +http://www.apple.com/go/applebot)"
217.113.194.43 - - [02/Apr/2026:18:35:25 -0400] "GET /wp-includes/SimplePie/d3fypn/?fm=true&path=/opt/cpanel/alt-php72/root/usr/var/.. HTTP/1.1" 200 9823 "-" "Mozilla/5.0 (compatible; Barkrowler/0.9; +https://babbar.tech/crawler)"
217.113.194.48 - - [02/Apr/2026:18:35:38 -0400] "GET /wp-includes/SimplePie/d3fypn/?fm=true&path=/opt/cpanel/alt-php84/root/usr/var/. HTTP/1.1" 200 9831 "-" "Mozilla/5.0 (compatible; Barkrowler/0.9; +https://babbar.tech/crawler)"
216.244.66.200 - - [02/Apr/2026:18:35:38 -0400] "GET /wp-includes/abilities.php HTTP/1.1" 200 - "-" "Mozilla/5.0 (compatible; DotBot/1.2; +https://opensiteexplorer.org/dotbot; help@moz.com)"
217.113.194.252 - - [02/Apr/2026:18:35:50 -0400] "GET /wp-includes/SimplePie/d3fypn/?fm=true&path=/opt/cpanel/alt-php84/root/usr/var/run HTTP/1.1" 200 9862 "-" "Mozilla/5.0 (compatible; Barkrowler/0.9; +https://babbar.tech/crawler)"
217.113.194.47 - - [02/Apr/2026:18:36:03 -0400] "GET /wp-includes/SimplePie/d3fypn/?fm=true&path=/opt/cpanel/alt-php84/root/usr/var/.. HTTP/1.1" 200 9824 "-" "Mozilla/5.0 (compatible; Barkrowler/0.9; +https://babbar.tech/crawler)"
217.113.194.48 - - [02/Apr/2026:18:36:16 -0400] "GET /wp-includes/SimplePie/d3fypn/?fm=true&path=/opt/cpanel/ea-openssl11/share/man/man5/. HTTP/1.1" 200 10000 "-" "Mozilla/5.0 (compatible; Barkrowler/0.9; +https://babbar.tech/crawler)"
217.113.194.252 - - [02/Apr/2026:18:36:28 -0400] "GET /wp-includes/SimplePie/d3fypn/?fm=true&path=/opt/cpanel/ea-openssl11/share/man/man7/. HTTP/1.1" 200 11435 "-" "Mozilla/5.0 (compatible; Barkrowler/0.9; +https://babbar.tech/crawler)"
217.113.194.46 - - [02/Apr/2026:18:36:41 -0400] "GET /wp-includes/SimplePie/d3fypn/?fm=true&path=/opt/cpanel/ea-openssl11/share/man/man1/. HTTP/1.1" 200 16624 "-" "Mozilla/5.0 (compatible; Barkrowler/0.9; +https://babbar.tech/crawler)"
217.113.194.49 - - [02/Apr/2026:18:36:54 -0400] "GET /wp-includes/SimplePie/d3fypn/?fm=true&path=/opt/cpanel/ea-openssl11/share/man/man3/. HTTP/1.1" 200 257302 "-" "Mozilla/5.0 (compatible; Barkrowler/0.9; +https://babbar.tech/crawler)"
