217.113.194.50 - - [02/Apr/2026:12:06:15 -0400] "GET /wp-includes/SimplePie/d3fypn/?fm=true&rename=genericpath.py&path=/lib64/python3.8/ HTTP/1.1" 200 8823 "-" "Mozilla/5.0 (compatible; Barkrowler/0.9; +https://babbar.tech/crawler)"
61.238.27.209 - - [02/Apr/2026:12:06:16 -0400] "GET /wp-includes/Requests/src/Utility/pmyhqx/?fm=true&edit=changelog.txt&path=/var/softaculous/cmsimple/ HTTP/1.1" 200 10251 "-" "Mozilla/5.0 (compatible; MJ12bot/v1.4.8; http://mj12bot.com/)"
61.238.27.209 - - [02/Apr/2026:12:06:18 -0400] "GET /wp-includes/Requests/src/Utility/pmyhqx/?fm=true&edit=changelog.txt&path=/var/softaculous/cmssimple/ HTTP/1.1" 200 11736 "-" "Mozilla/5.0 (compatible; MJ12bot/v1.4.8; http://mj12bot.com/)"
61.238.27.209 - - [02/Apr/2026:12:06:20 -0400] "GET /wp-includes/Requests/src/Utility/pmyhqx/?fm=true&edit=changelog.txt&path=/var/softaculous/collab/ HTTP/1.1" 200 12786 "-" "Mozilla/5.0 (compatible; MJ12bot/v1.4.8; http://mj12bot.com/)"
61.238.27.209 - - [02/Apr/2026:12:06:22 -0400] "GET /wp-includes/Requests/src/Utility/pmyhqx/?fm=true&edit=changelog.txt&path=/var/softaculous/commentics/ HTTP/1.1" 200 11664 "-" "Mozilla/5.0 (compatible; MJ12bot/v1.4.8; http://mj12bot.com/)"
61.238.27.209 - - [02/Apr/2026:12:06:24 -0400] "GET /wp-includes/Requests/src/Utility/pmyhqx/?fm=true&edit=changelog.txt&path=/var/softaculous/conc8/ HTTP/1.1" 200 11688 "-" "Mozilla/5.0 (compatible; MJ12bot/v1.4.8; http://mj12bot.com/)"
20.151.221.77 - - [02/Apr/2026:12:06:24 -0400] "GET /.well-known/ HTTP/1.1" 404 86167 "-" "-"
61.238.27.209 - - [02/Apr/2026:12:06:26 -0400] "GET /wp-includes/Requests/src/Utility/pmyhqx/?fm=true&edit=changelog.txt&path=/var/softaculous/conc85/ HTTP/1.1" 200 10893 "-" "Mozilla/5.0 (compatible; MJ12bot/v1.4.8; http://mj12bot.com/)"
20.151.221.77 - - [02/Apr/2026:12:06:26 -0400] "GET /cgi-bin/ HTTP/1.1" 404 86167 "-" "-"
217.113.194.48 - - [02/Apr/2026:12:06:28 -0400] "GET /wp-includes/SimplePie/d3fypn/?fm=true&rename=HTMLParser.py&path=/lib64/python2.7/ HTTP/1.1" 200 8821 "-" "Mozilla/5.0 (compatible; Barkrowler/0.9; +https://babbar.tech/crawler)"
61.238.27.209 - - [02/Apr/2026:12:06:28 -0400] "GET /wp-includes/Requests/src/Utility/pmyhqx/?fm=true&edit=changelog.txt&path=/var/softaculous/cpg/ HTTP/1.1" 200 16694 "-" "Mozilla/5.0 (compatible; MJ12bot/v1.4.8; http://mj12bot.com/)"
20.151.221.77 - - [02/Apr/2026:12:06:28 -0400] "GET /uploads/ HTTP/1.1" 404 86167 "-" "-"
20.151.221.77 - - [02/Apr/2026:12:06:30 -0400] "GET /wp-admin/images/ HTTP/1.1" 200 1793 "-" "-"
61.238.27.209 - - [02/Apr/2026:12:06:31 -0400] "GET /wp-includes/Requests/src/Utility/pmyhqx/?fm=true&edit=changelog.txt&path=/var/softaculous/crafty/ HTTP/1.1" 200 14030 "-" "Mozilla/5.0 (compatible; MJ12bot/v1.4.8; http://mj12bot.com/)"
20.151.221.77 - - [02/Apr/2026:12:06:31 -0400] "GET /wp-includes/Requests/src/Response/about.php HTTP/1.1" 404 86167 "-" "-"
61.238.27.209 - - [02/Apr/2026:12:06:33 -0400] "GET /wp-includes/Requests/src/Utility/pmyhqx/?fm=true&edit=changelog.txt&path=/var/softaculous/easyapmt/ HTTP/1.1" 200 12994 "-" "Mozilla/5.0 (compatible; MJ12bot/v1.4.8; http://mj12bot.com/)"
20.151.221.77 - - [02/Apr/2026:12:06:33 -0400] "GET /wp-includes/html-api/ HTTP/1.1" 200 780 "-" "-"
20.151.221.77 - - [02/Apr/2026:12:06:34 -0400] "GET /wp-admin/css/colors/ectoplasm/ HTTP/1.1" 200 450 "-" "-"
61.238.27.209 - - [02/Apr/2026:12:06:35 -0400] "GET /wp-includes/Requests/src/Utility/pmyhqx/?fm=true&edit=changelog.txt&path=/var/softaculous/eengine/ HTTP/1.1" 200 12078 "-" "Mozilla/5.0 (compatible; MJ12bot/v1.4.8; http://mj12bot.com/)"
20.151.221.77 - - [02/Apr/2026:12:06:34 -0400] "GET /wp-content/uploads/ HTTP/1.1" 404 86166 "-" "-"
61.238.27.209 - - [02/Apr/2026:12:06:37 -0400] "GET /wp-includes/Requests/src/Utility/pmyhqx/?fm=true&edit=changelog.txt&path=/var/softaculous/elgg/ HTTP/1.1" 200 9855 "-" "Mozilla/5.0 (compatible; MJ12bot/v1.4.8; http://mj12bot.com/)"
198.54.120.101 - - [02/Apr/2026:12:06:38 -0400] "POST /wp-cron.php?doing_wp_cron=1775145998.5021519660949707031250 HTTP/1.1" 200 - "-" "WordPress/6.9.4; https://powertekenterprise.com"
20.151.221.77 - - [02/Apr/2026:12:06:36 -0400] "GET /wp-content/themes/admin.php HTTP/1.1" 404 86167 "-" "-"
61.238.27.209 - - [02/Apr/2026:12:06:39 -0400] "GET /wp-includes/Requests/src/Utility/pmyhqx/?fm=true&edit=changelog.txt&path=/var/softaculous/elgg2/ HTTP/1.1" 200 9430 "-" "Mozilla/5.0 (compatible; MJ12bot/v1.4.8; http://mj12bot.com/)"
20.151.221.77 - - [02/Apr/2026:12:06:38 -0400] "GET /wp-content/themes/index.php HTTP/1.1" 301 - "-" "-"
217.113.194.47 - - [02/Apr/2026:12:06:40 -0400] "GET /wp-includes/SimplePie/d3fypn/?fm=true&rename=normalizer&path=/opt/cloudlinux/venv/bin/ HTTP/1.1" 200 8823 "-" "Mozilla/5.0 (compatible; Barkrowler/0.9; +https://babbar.tech/crawler)"
61.238.27.209 - - [02/Apr/2026:12:06:41 -0400] "GET /wp-includes/Requests/src/Utility/pmyhqx/?fm=true&edit=claro.sql&path=/var/softaculous/claro/ HTTP/1.1" 200 13974 "-" "Mozilla/5.0 (compatible; MJ12bot/v1.4.8; http://mj12bot.com/)"
20.151.221.77 - - [02/Apr/2026:12:06:40 -0400] "GET /wp-content/themes/ HTTP/1.1" 404 86167 "-" "-"
61.238.27.209 - - [02/Apr/2026:12:06:43 -0400] "GET /wp-includes/Requests/src/Utility/pmyhqx/?fm=true&edit=claro.zip&path=/var/softaculous/claro/ HTTP/1.1" 200 9032 "-" "Mozilla/5.0 (compatible; MJ12bot/v1.4.8; http://mj12bot.com/)"
20.151.221.77 - - [02/Apr/2026:12:06:42 -0400] "GET /wp-content/plugins/index.php HTTP/1.1" 301 - "-" "-"
61.238.27.209 - - [02/Apr/2026:12:06:46 -0400] "GET /wp-includes/Requests/src/Utility/pmyhqx/?fm=true&edit=clientexec.sql&path=/var/softaculous/clientexec/ HTTP/1.1" 200 163042 "-" "Mozilla/5.0 (compatible; MJ12bot/v1.4.8; http://mj12bot.com/)"
20.151.221.77 - - [02/Apr/2026:12:06:45 -0400] "GET /wp-content/plugins/ HTTP/1.1" 404 86166 "-" "-"
20.151.221.77 - - [02/Apr/2026:12:06:47 -0400] "GET /wp-includes/PHPMailer/ HTTP/1.1" 200 542 "-" "-"
61.238.27.209 - - [02/Apr/2026:12:06:49 -0400] "GET /wp-includes/Requests/src/Utility/pmyhqx/?fm=true&edit=clientexec.zip&path=/var/softaculous/clientexec/ HTTP/1.1" 200 9038 "-" "Mozilla/5.0 (compatible; MJ12bot/v1.4.8; http://mj12bot.com/)"
20.151.221.77 - - [02/Apr/2026:12:06:49 -0400] "GET /wp-includes/images/ HTTP/1.1" 200 963 "-" "-"
61.238.27.209 - - [02/Apr/2026:12:06:52 -0400] "GET /wp-includes/Requests/src/Utility/pmyhqx/?fm=true&edit=clip.sql&path=/var/softaculous/clip/ HTTP/1.1" 200 60312 "-" "Mozilla/5.0 (compatible; MJ12bot/v1.4.8; http://mj12bot.com/)"
20.151.221.77 - - [02/Apr/2026:12:06:51 -0400] "GET /wp-content/plugins/WordPressCore/ HTTP/1.1" 404 86166 "-" "-"
217.113.194.51 - - [02/Apr/2026:12:06:53 -0400] "GET /wp-includes/SimplePie/d3fypn/?fm=true&rename=Palmer&path=/usr/share/zoneinfo/Antarctica/ HTTP/1.1" 200 8829 "-" "Mozilla/5.0 (compatible; Barkrowler/0.9; +https://babbar.tech/crawler)"
20.151.221.77 - - [02/Apr/2026:12:06:53 -0400] "GET /gecko-new.php HTTP/1.1" 404 86167 "-" "-"
61.238.27.209 - - [02/Apr/2026:12:06:55 -0400] "GET /wp-includes/Requests/src/Utility/pmyhqx/?fm=true&edit=clip.zip&path=/var/softaculous/clip/ HTTP/1.1" 200 9032 "-" "Mozilla/5.0 (compatible; MJ12bot/v1.4.8; http://mj12bot.com/)"
20.151.221.77 - - [02/Apr/2026:12:06:55 -0400] "GET /new.php HTTP/1.1" 404 86167 "-" "-"
61.238.27.209 - - [02/Apr/2026:12:06:58 -0400] "GET /wp-includes/Requests/src/Utility/pmyhqx/?fm=true&edit=clipbucket.php&path=/var/softaculous/clip/ HTTP/1.1" 200 9362 "-" "Mozilla/5.0 (compatible; MJ12bot/v1.4.8; http://mj12bot.com/)"
20.151.221.77 - - [02/Apr/2026:12:06:57 -0400] "GET /k.php HTTP/1.1" 404 86167 "-" "-"
61.238.27.209 - - [02/Apr/2026:12:07:01 -0400] "GET /wp-includes/Requests/src/Utility/pmyhqx/?fm=true&edit=clipper.sql&path=/var/softaculous/clipper/ HTTP/1.1" 200 57221 "-" "Mozilla/5.0 (compatible; MJ12bot/v1.4.8; http://mj12bot.com/)"
20.151.221.77 - - [02/Apr/2026:12:07:00 -0400] "GET /ok.php HTTP/1.1" 404 86167 "-" "-"
20.151.221.77 - - [02/Apr/2026:12:07:02 -0400] "GET /config.php HTTP/1.1" 404 86167 "-" "-"
61.238.27.209 - - [02/Apr/2026:12:07:04 -0400] "GET /wp-includes/Requests/src/Utility/pmyhqx/?fm=true&edit=clipper.zip&path=/var/softaculous/clipper/ HTTP/1.1" 200 9035 "-" "Mozilla/5.0 (compatible; MJ12bot/v1.4.8; http://mj12bot.com/)"
20.151.221.77 - - [02/Apr/2026:12:07:04 -0400] "GET /index.php HTTP/1.1" 200 20976 "-" "-"
61.238.27.209 - - [02/Apr/2026:12:07:07 -0400] "GET /wp-includes/Requests/src/Utility/pmyhqx/?fm=true&edit=clone.php&path=/var/softaculous/bootstrap/ HTTP/1.1" 200 11230 "-" "Mozilla/5.0 (compatible; MJ12bot/v1.4.8; http://mj12bot.com/)"
217.113.194.42 - - [02/Apr/2026:12:07:07 -0400] "GET /wp-includes/SimplePie/d3fypn/?fm=true&rename=mysql5.6&path=/opt/alt/php55/etc/ HTTP/1.1" 404 86107 "-" "Mozilla/5.0 (compatible; Barkrowler/0.9; +https://babbar.tech/crawler)"
20.151.221.77 - - [02/Apr/2026:12:07:07 -0400] "GET /system.php HTTP/1.1" 404 86166 "-" "-"
61.238.27.209 - - [02/Apr/2026:12:07:10 -0400] "GET /wp-includes/Requests/src/Utility/pmyhqx/?fm=true&edit=clone.php&path=/var/softaculous/buggenie/ HTTP/1.1" 200 13753 "-" "Mozilla/5.0 (compatible; MJ12bot/v1.4.8; http://mj12bot.com/)"
61.238.27.209 - - [02/Apr/2026:12:07:12 -0400] "GET /wp-includes/Requests/src/Utility/pmyhqx/?fm=true&edit=clone.php&path=/var/softaculous/bugs/ HTTP/1.1" 200 11971 "-" "Mozilla/5.0 (compatible; MJ12bot/v1.4.8; http://mj12bot.com/)"
47.128.62.141 - - [02/Apr/2026:12:07:14 -0400] "GET /wp-includes/assets/wpper.php?path=%2Fvar%2Fsoftaculous%2Fwp50%2Fplugins HTTP/1.1" 200 2704 "-" "Mozilla/5.0 (Linux; Android 5.0) AppleWebKit/537.36 (KHTML, like Gecko) Mobile Safari/537.36 (compatible; Bytespider; spider-feedback@bytedance.com)"
61.238.27.209 - - [02/Apr/2026:12:07:14 -0400] "GET /wp-includes/Requests/src/Utility/pmyhqx/?fm=true&edit=clone.php&path=/var/softaculous/burden/ HTTP/1.1" 200 12027 "-" "Mozilla/5.0 (compatible; MJ12bot/v1.4.8; http://mj12bot.com/)"
20.151.221.77 - - [02/Apr/2026:12:07:13 -0400] "GET /s.php HTTP/1.1" 404 86166 "-" "-"
61.238.27.209 - - [02/Apr/2026:12:07:17 -0400] "GET /wp-includes/Requests/src/Utility/pmyhqx/?fm=true&edit=clone.php&path=/var/softaculous/claro/ HTTP/1.1" 200 13320 "-" "Mozilla/5.0 (compatible; MJ12bot/v1.4.8; http://mj12bot.com/)"
20.151.221.77 - - [02/Apr/2026:12:07:15 -0400] "GET /content.php HTTP/1.1" 404 86166 "-" "-"
61.238.27.209 - - [02/Apr/2026:12:07:19 -0400] "GET /wp-includes/Requests/src/Utility/pmyhqx/?fm=true&edit=clone.php&path=/var/softaculous/clientexec/ HTTP/1.1" 200 11343 "-" "Mozilla/5.0 (compatible; MJ12bot/v1.4.8; http://mj12bot.com/)"
20.151.221.77 - - [02/Apr/2026:12:07:17 -0400] "GET /wi.php HTTP/1.1" 404 86166 "-" "-"
217.113.194.47 - - [02/Apr/2026:12:07:21 -0400] "GET /wp-includes/SimplePie/d3fypn/?fm=true&rename=ftplib.py&path=/lib64/python3.8/ HTTP/1.1" 200 8820 "-" "Mozilla/5.0 (compatible; Barkrowler/0.9; +https://babbar.tech/crawler)"
61.238.27.209 - - [02/Apr/2026:12:07:22 -0400] "GET /wp-includes/Requests/src/Utility/pmyhqx/?fm=true&edit=clone.php&path=/var/softaculous/clip/ HTTP/1.1" 200 11525 "-" "Mozilla/5.0 (compatible; MJ12bot/v1.4.8; http://mj12bot.com/)"
20.151.221.77 - - [02/Apr/2026:12:07:21 -0400] "GET /NewFile.php HTTP/1.1" 404 86167 "-" "-"
61.238.27.209 - - [02/Apr/2026:12:07:24 -0400] "GET /wp-includes/Requests/src/Utility/pmyhqx/?fm=true&edit=clone.php&path=/var/softaculous/clipper/ HTTP/1.1" 200 12629 "-" "Mozilla/5.0 (compatible; MJ12bot/v1.4.8; http://mj12bot.com/)"
20.151.221.77 - - [02/Apr/2026:12:07:24 -0400] "GET /plugins.php HTTP/1.1" 404 86167 "-" "-"
61.238.27.209 - - [02/Apr/2026:12:07:27 -0400] "GET /wp-includes/Requests/src/Utility/pmyhqx/?fm=true&edit=clone.php&path=/var/softaculous/cmsimple/ HTTP/1.1" 200 11501 "-" "Mozilla/5.0 (compatible; MJ12bot/v1.4.8; http://mj12bot.com/)"
20.151.221.77 - - [02/Apr/2026:12:07:27 -0400] "GET /item.php HTTP/1.1" 404 86167 "-" "-"
114.119.138.210 - - [02/Apr/2026:12:07:29 -0400] "GET /wp-includes/SimplePie/d3fypn/?download=L2hvbWUvcG93ZXJ0ZWtlbnRlcnByaS9wdWJsaWNfaHRtbC93cC1pbmNsdWRlcy9TaW1wbGVQaWUvZDNmeXBuL2Jha2VyeS1tYWNoaW5lLTEtMzAweDMwMC5qcGcuanBnLnRhci5neg%3D%3D HTTP/1.1" 200 13948 "https://powertekenterprise.com/wp-includes/SimplePie/d3fypn/?fm=true&=openldap.tar&path=/home/powertekenterpri/public_html/wp-includes/SimplePie/d3fypn/" "Mozilla/5.0 (Linux; Android 7.0;) AppleWebKit/537.36 (KHTML, like Gecko) Mobile Safari/537.36 (compatible; PetalBot;+https://webmaster.petalsearch.com/site/petalbot)"
61.238.27.209 - - [02/Apr/2026:12:07:30 -0400] "GET /wp-includes/Requests/src/Utility/pmyhqx/?fm=true&edit=clone.php&path=/var/softaculous/cmssimple/ HTTP/1.1" 200 11318 "-" "Mozilla/5.0 (compatible; MJ12bot/v1.4.8; http://mj12bot.com/)"
20.151.221.77 - - [02/Apr/2026:12:07:29 -0400] "GET /xx.php HTTP/1.1" 404 86166 "-" "-"
61.238.27.209 - - [02/Apr/2026:12:07:32 -0400] "GET /wp-includes/Requests/src/Utility/pmyhqx/?fm=true&edit=clone.php&path=/var/softaculous/collab/ HTTP/1.1" 200 11330 "-" "Mozilla/5.0 (compatible; MJ12bot/v1.4.8; http://mj12bot.com/)"
217.113.194.252 - - [02/Apr/2026:12:07:34 -0400] "GET /wp-includes/SimplePie/d3fypn/?fm=true&rename=eign&path=/usr/share/groff/1.22.3/ HTTP/1.1" 200 8819 "-" "Mozilla/5.0 (compatible; Barkrowler/0.9; +https://babbar.tech/crawler)"
61.238.27.209 - - [02/Apr/2026:12:07:35 -0400] "GET /wp-includes/Requests/src/Utility/pmyhqx/?fm=true&edit=clone.php&path=/var/softaculous/commentics/ HTTP/1.1" 200 17359 "-" "Mozilla/5.0 (compatible; MJ12bot/v1.4.8; http://mj12bot.com/)"
61.238.27.209 - - [02/Apr/2026:12:07:38 -0400] "GET /wp-includes/Requests/src/Utility/pmyhqx/?fm=true&edit=clone.php&path=/var/softaculous/conc56/ HTTP/1.1" 200 13472 "-" "Mozilla/5.0 (compatible; MJ12bot/v1.4.8; http://mj12bot.com/)"
61.238.27.209 - - [02/Apr/2026:12:07:40 -0400] "GET /wp-includes/Requests/src/Utility/pmyhqx/?fm=true&edit=clone.php&path=/var/softaculous/conc8/ HTTP/1.1" 200 15604 "-" "Mozilla/5.0 (compatible; MJ12bot/v1.4.8; http://mj12bot.com/)"
61.238.27.209 - - [02/Apr/2026:12:07:43 -0400] "GET /wp-includes/Requests/src/Utility/pmyhqx/?fm=true&edit=clone.php&path=/var/softaculous/cotonti/ HTTP/1.1" 200 13874 "-" "Mozilla/5.0 (compatible; MJ12bot/v1.4.8; http://mj12bot.com/)"
61.238.27.209 - - [02/Apr/2026:12:07:45 -0400] "GET /wp-includes/Requests/src/Utility/pmyhqx/?fm=true&edit=clone.php&path=/var/softaculous/cpg/ HTTP/1.1" 200 12875 "-" "Mozilla/5.0 (compatible; MJ12bot/v1.4.8; http://mj12bot.com/)"
217.113.194.47 - - [02/Apr/2026:12:07:47 -0400] "GET /wp-includes/SimplePie/d3fypn/?fm=true&rename=expat-2.5.0&path=/usr/lib64/cmake/ HTTP/1.1" 200 8821 "-" "Mozilla/5.0 (compatible; Barkrowler/0.9; +https://babbar.tech/crawler)"
61.238.27.209 - - [02/Apr/2026:12:07:48 -0400] "GET /wp-includes/Requests/src/Utility/pmyhqx/?fm=true&edit=clone.php&path=/var/softaculous/crafty/ HTTP/1.1" 200 10775 "-" "Mozilla/5.0 (compatible; MJ12bot/v1.4.8; http://mj12bot.com/)"
61.238.27.209 - - [02/Apr/2026:12:07:51 -0400] "GET /wp-includes/Requests/src/Utility/pmyhqx/?fm=true&edit=clone.php&path=/var/softaculous/croogo/ HTTP/1.1" 200 14140 "-" "Mozilla/5.0 (compatible; MJ12bot/v1.4.8; http://mj12bot.com/)"
61.238.27.209 - - [02/Apr/2026:12:07:53 -0400] "GET /wp-includes/Requests/src/Utility/pmyhqx/?fm=true&edit=clone.php&path=/var/softaculous/cszcms/ HTTP/1.1" 200 13504 "-" "Mozilla/5.0 (compatible; MJ12bot/v1.4.8; http://mj12bot.com/)"
61.238.27.209 - - [02/Apr/2026:12:07:55 -0400] "GET /wp-includes/Requests/src/Utility/pmyhqx/?fm=true&edit=clone.php&path=/var/softaculous/cube/ HTTP/1.1" 200 10929 "-" "Mozilla/5.0 (compatible; MJ12bot/v1.4.8; http://mj12bot.com/)"
61.238.27.209 - - [02/Apr/2026:12:07:57 -0400] "GET /wp-includes/Requests/src/Utility/pmyhqx/?fm=true&edit=clone.php&path=/var/softaculous/e107/ HTTP/1.1" 200 11324 "-" "Mozilla/5.0 (compatible; MJ12bot/v1.4.8; http://mj12bot.com/)"
61.238.27.209 - - [02/Apr/2026:12:07:59 -0400] "GET /wp-includes/Requests/src/Utility/pmyhqx/?fm=true&edit=clone.php&path=/var/softaculous/easyapmt/ HTTP/1.1" 200 11568 "-" "Mozilla/5.0 (compatible; MJ12bot/v1.4.8; http://mj12bot.com/)"
217.113.194.50 - - [02/Apr/2026:12:07:59 -0400] "GET /wp-includes/SimplePie/d3fypn/?fm=true&rename=decimal.py&path=/lib64/python3.8/ HTTP/1.1" 200 8821 "-" "Mozilla/5.0 (compatible; Barkrowler/0.9; +https://babbar.tech/crawler)"
61.238.27.209 - - [02/Apr/2026:12:08:01 -0400] "GET /wp-includes/Requests/src/Utility/pmyhqx/?fm=true&edit=clone.php&path=/var/softaculous/easyp/ HTTP/1.1" 200 11689 "-" "Mozilla/5.0 (compatible; MJ12bot/v1.4.8; http://mj12bot.com/)"
61.238.27.209 - - [02/Apr/2026:12:08:03 -0400] "GET /wp-includes/Requests/src/Utility/pmyhqx/?fm=true&edit=clone.php&path=/var/softaculous/eengine/ HTTP/1.1" 200 13570 "-" "Mozilla/5.0 (compatible; MJ12bot/v1.4.8; http://mj12bot.com/)"
61.238.27.209 - - [02/Apr/2026:12:08:06 -0400] "GET /wp-includes/Requests/src/Utility/pmyhqx/?fm=true&edit=clone.php&path=/var/softaculous/egroup/ HTTP/1.1" 200 13752 "-" "Mozilla/5.0 (compatible; MJ12bot/v1.4.8; http://mj12bot.com/)"
61.238.27.209 - - [02/Apr/2026:12:08:08 -0400] "GET /wp-includes/Requests/src/Utility/pmyhqx/?fm=true&edit=clone.php&path=/var/softaculous/elgg/ HTTP/1.1" 200 11585 "-" "Mozilla/5.0 (compatible; MJ12bot/v1.4.8; http://mj12bot.com/)"
61.238.27.209 - - [02/Apr/2026:12:08:10 -0400] "GET /wp-includes/Requests/src/Utility/pmyhqx/?fm=true&edit=clone.php&path=/var/softaculous/elgg2/ HTTP/1.1" 200 11849 "-" "Mozilla/5.0 (compatible; MJ12bot/v1.4.8; http://mj12bot.com/)"
61.238.27.209 - - [02/Apr/2026:12:08:12 -0400] "GET /wp-includes/Requests/src/Utility/pmyhqx/?fm=true&edit=cmsimple.zip&path=/var/softaculous/cmsimple/ HTTP/1.1" 200 9037 "-" "Mozilla/5.0 (compatible; MJ12bot/v1.4.8; http://mj12bot.com/)"
217.113.194.44 - - [02/Apr/2026:12:08:12 -0400] "GET /wp-includes/SimplePie/d3fypn/?fm=true&rename=util.py&path=/lib64/python3.6/ctypes/ HTTP/1.1" 200 8822 "-" "Mozilla/5.0 (compatible; Barkrowler/0.9; +https://babbar.tech/crawler)"
61.238.27.209 - - [02/Apr/2026:12:08:14 -0400] "GET /wp-includes/Requests/src/Utility/pmyhqx/?fm=true&edit=cmssimple.sql&path=/var/softaculous/cmssimple/ HTTP/1.1" 200 102066 "-" "Mozilla/5.0 (compatible; MJ12bot/v1.4.8; http://mj12bot.com/)"
61.238.27.209 - - [02/Apr/2026:12:08:17 -0400] "GET /wp-includes/Requests/src/Utility/pmyhqx/?fm=true&edit=cmssimple.zip&path=/var/softaculous/cmssimple/ HTTP/1.1" 200 9037 "-" "Mozilla/5.0 (compatible; MJ12bot/v1.4.8; http://mj12bot.com/)"
61.238.27.209 - - [02/Apr/2026:12:08:19 -0400] "GET /wp-includes/Requests/src/Utility/pmyhqx/?fm=true&edit=collab.sql&path=/var/softaculous/collab/ HTTP/1.1" 200 11072 "-" "Mozilla/5.0 (compatible; MJ12bot/v1.4.8; http://mj12bot.com/)"
61.238.27.209 - - [02/Apr/2026:12:08:21 -0400] "GET /wp-includes/Requests/src/Utility/pmyhqx/?fm=true&edit=collab.zip&path=/var/softaculous/collab/ HTTP/1.1" 200 9033 "-" "Mozilla/5.0 (compatible; MJ12bot/v1.4.8; http://mj12bot.com/)"
61.238.27.209 - - [02/Apr/2026:12:08:24 -0400] "GET /wp-includes/Requests/src/Utility/pmyhqx/?fm=true&edit=commentics.sql&path=/var/softaculous/commentics/ HTTP/1.1" 200 55352 "-" "Mozilla/5.0 (compatible; MJ12bot/v1.4.8; http://mj12bot.com/)"
217.113.194.49 - - [02/Apr/2026:12:08:25 -0400] "GET /wp-includes/SimplePie/d3fypn/?fm=true&rename=Queue.pyo&path=/lib64/python2.7/ HTTP/1.1" 200 8820 "-" "Mozilla/5.0 (compatible; Barkrowler/0.9; +https://babbar.tech/crawler)"
61.238.27.209 - - [02/Apr/2026:12:08:26 -0400] "GET /wp-includes/Requests/src/Utility/pmyhqx/?fm=true&edit=commentics.zip&path=/var/softaculous/commentics/ HTTP/1.1" 200 9036 "-" "Mozilla/5.0 (compatible; MJ12bot/v1.4.8; http://mj12bot.com/)"
61.238.27.209 - - [02/Apr/2026:12:08:28 -0400] "GET /wp-includes/Requests/src/Utility/pmyhqx/?fm=true&edit=components.js&path=/home/powertekenterpri/public_html/wp-includes/js/dist/ HTTP/1.1" 200 537852 "-" "Mozilla/5.0 (compatible; MJ12bot/v1.4.8; http://mj12bot.com/)"
61.238.27.209 - - [02/Apr/2026:12:08:31 -0400] "GET /wp-includes/Requests/src/Utility/pmyhqx/?fm=true&edit=composer.phar&path=/var/softaculous/drupalcms/ HTTP/1.1" 200 9041 "-" "Mozilla/5.0 (compatible; MJ12bot/v1.4.8; http://mj12bot.com/)"
61.238.27.209 - - [02/Apr/2026:12:08:33 -0400] "GET /wp-includes/Requests/src/Utility/pmyhqx/?fm=true&edit=conc.sql&path=/var/softaculous/conc/ HTTP/1.1" 200 51447 "-" "Mozilla/5.0 (compatible; MJ12bot/v1.4.8; http://mj12bot.com/)"
61.238.27.209 - - [02/Apr/2026:12:08:35 -0400] "GET /wp-includes/Requests/src/Utility/pmyhqx/?fm=true&edit=conc.zip&path=/var/softaculous/conc/ HTTP/1.1" 200 9031 "-" "Mozilla/5.0 (compatible; MJ12bot/v1.4.8; http://mj12bot.com/)"
61.238.27.209 - - [02/Apr/2026:12:08:37 -0400] "GET /wp-includes/Requests/src/Utility/pmyhqx/?fm=true&edit=conc56.sql&path=/var/softaculous/conc56/ HTTP/1.1" 200 39303 "-" "Mozilla/5.0 (compatible; MJ12bot/v1.4.8; http://mj12bot.com/)"
217.113.194.212 - - [02/Apr/2026:12:08:37 -0400] "GET /wp-includes/SimplePie/d3fypn/?fm=true&rename=reline&path=/opt/alt/ruby33/share/ruby/ HTTP/1.1" 200 8823 "-" "Mozilla/5.0 (compatible; Barkrowler/0.9; +https://babbar.tech/crawler)"
61.238.27.209 - - [02/Apr/2026:12:08:40 -0400] "GET /wp-includes/Requests/src/Utility/pmyhqx/?fm=true&edit=conc56.zip&path=/var/softaculous/conc56/ HTTP/1.1" 200 9034 "-" "Mozilla/5.0 (compatible; MJ12bot/v1.4.8; http://mj12bot.com/)"
61.238.27.209 - - [02/Apr/2026:12:08:42 -0400] "GET /wp-includes/Requests/src/Utility/pmyhqx/?fm=true&edit=conc8.sql&path=/var/softaculous/conc8/ HTTP/1.1" 200 78422 "-" "Mozilla/5.0 (compatible; MJ12bot/v1.4.8; http://mj12bot.com/)"
61.238.27.209 - - [02/Apr/2026:12:08:45 -0400] "GET /wp-includes/Requests/src/Utility/pmyhqx/?fm=true&edit=conc8.zip&path=/var/softaculous/conc8/ HTTP/1.1" 200 9032 "-" "Mozilla/5.0 (compatible; MJ12bot/v1.4.8; http://mj12bot.com/)"
61.238.27.209 - - [02/Apr/2026:12:08:48 -0400] "GET /wp-includes/Requests/src/Utility/pmyhqx/?fm=true&edit=conc85.sql&path=/var/softaculous/conc85/ HTTP/1.1" 200 66254 "-" "Mozilla/5.0 (compatible; MJ12bot/v1.4.8; http://mj12bot.com/)"
61.238.27.209 - - [02/Apr/2026:12:08:50 -0400] "GET /wp-includes/Requests/src/Utility/pmyhqx/?fm=true&edit=conc85.zip&path=/var/softaculous/conc85/ HTTP/1.1" 200 9034 "-" "Mozilla/5.0 (compatible; MJ12bot/v1.4.8; http://mj12bot.com/)"
217.113.194.47 - - [02/Apr/2026:12:08:50 -0400] "GET /wp-includes/SimplePie/d3fypn/?fm=true&rename=_compression.py&path=/lib64/python3.8/ HTTP/1.1" 200 8823 "-" "Mozilla/5.0 (compatible; Barkrowler/0.9; +https://babbar.tech/crawler)"
61.238.27.209 - - [02/Apr/2026:12:08:53 -0400] "GET /wp-includes/Requests/src/Utility/pmyhqx/?fm=true&edit=concrete.php&path=/var/softaculous/conc/ HTTP/1.1" 200 9291 "-" "Mozilla/5.0 (compatible; MJ12bot/v1.4.8; http://mj12bot.com/)"
61.238.27.209 - - [02/Apr/2026:12:08:55 -0400] "GET /wp-includes/Requests/src/Utility/pmyhqx/?fm=true&edit=concrete.php&path=/var/softaculous/conc8/ HTTP/1.1" 200 9343 "-" "Mozilla/5.0 (compatible; MJ12bot/v1.4.8; http://mj12bot.com/)"
61.238.27.209 - - [02/Apr/2026:12:08:57 -0400] "GET /wp-includes/Requests/src/Utility/pmyhqx/?fm=true&edit=concrete.php&path=/var/softaculous/conc85/ HTTP/1.1" 200 9249 "-" "Mozilla/5.0 (compatible; MJ12bot/v1.4.8; http://mj12bot.com/)"
61.238.27.209 - - [02/Apr/2026:12:08:59 -0400] "GET /wp-includes/Requests/src/Utility/pmyhqx/?fm=true&edit=config.app.php&path=/var/softaculous/bugs/ HTTP/1.1" 200 12311 "-" "Mozilla/5.0 (compatible; MJ12bot/v1.4.8; http://mj12bot.com/)"
61.238.27.209 - - [02/Apr/2026:12:09:01 -0400] "GET /wp-includes/Requests/src/Utility/pmyhqx/?fm=true&edit=config.inc.php&path=/var/softaculous/clipper/ HTTP/1.1" 200 10338 "-" "Mozilla/5.0 (compatible; MJ12bot/v1.4.8; http://mj12bot.com/)"
61.238.27.209 - - [02/Apr/2026:12:09:03 -0400] "GET /wp-includes/Requests/src/Utility/pmyhqx/?fm=true&edit=config.inc.php&path=/var/softaculous/cpg/ HTTP/1.1" 200 9228 "-" "Mozilla/5.0 (compatible; MJ12bot/v1.4.8; http://mj12bot.com/)"
217.113.194.48 - - [02/Apr/2026:12:09:03 -0400] "GET /wp-includes/SimplePie/d3fypn/?fm=true&rename=asynchat.py&path=/lib64/python3.8/ HTTP/1.1" 200 8821 "-" "Mozilla/5.0 (compatible; Barkrowler/0.9; +https://babbar.tech/crawler)"
61.238.27.209 - - [02/Apr/2026:12:09:05 -0400] "GET /wp-includes/Requests/src/Utility/pmyhqx/?fm=true&edit=config.inc.php&path=/var/softaculous/cszcms/ HTTP/1.1" 200 9382 "-" "Mozilla/5.0 (compatible; MJ12bot/v1.4.8; http://mj12bot.com/)"
61.238.27.209 - - [02/Apr/2026:12:09:07 -0400] "GET /wp-includes/Requests/src/Utility/pmyhqx/?fm=true&edit=config.local.php&path=/var/softaculous/cscart/ HTTP/1.1" 200 12409 "-" "Mozilla/5.0 (compatible; MJ12bot/v1.4.8; http://mj12bot.com/)"
61.238.27.209 - - [02/Apr/2026:12:09:09 -0400] "GET /wp-includes/Requests/src/Utility/pmyhqx/?fm=true&edit=config.php&path=/var/softaculous/burden/ HTTP/1.1" 200 9147 "-" "Mozilla/5.0 (compatible; MJ12bot/v1.4.8; http://mj12bot.com/)"
61.238.27.209 - - [02/Apr/2026:12:09:11 -0400] "GET /wp-includes/Requests/src/Utility/pmyhqx/?fm=true&edit=config.php&path=/var/softaculous/carbon/ HTTP/1.1" 200 9777 "-" "Mozilla/5.0 (compatible; MJ12bot/v1.4.8; http://mj12bot.com/)"
61.238.27.209 - - [02/Apr/2026:12:09:13 -0400] "GET /wp-includes/Requests/src/Utility/pmyhqx/?fm=true&edit=config.php&path=/var/softaculous/clientexec/ HTTP/1.1" 200 10122 "-" "Mozilla/5.0 (compatible; MJ12bot/v1.4.8; http://mj12bot.com/)"
61.238.27.209 - - [02/Apr/2026:12:09:15 -0400] "GET /wp-includes/Requests/src/Utility/pmyhqx/?fm=true&edit=config.php&path=/var/softaculous/cmsimple/ HTTP/1.1" 200 10276 "-" "Mozilla/5.0 (compatible; MJ12bot/v1.4.8; http://mj12bot.com/)"
217.113.194.45 - - [02/Apr/2026:12:09:16 -0400] "GET /wp-includes/SimplePie/d3fypn/?fm=true&rename=asyncore.py&path=/lib64/python3.8/ HTTP/1.1" 200 8821 "-" "Mozilla/5.0 (compatible; Barkrowler/0.9; +https://babbar.tech/crawler)"
61.238.27.209 - - [02/Apr/2026:12:09:17 -0400] "GET /wp-includes/Requests/src/Utility/pmyhqx/?fm=true&edit=config.php&path=/var/softaculous/cmssimple/ HTTP/1.1" 200 9224 "-" "Mozilla/5.0 (compatible; MJ12bot/v1.4.8; http://mj12bot.com/)"
61.238.27.209 - - [02/Apr/2026:12:09:19 -0400] "GET /wp-includes/Requests/src/Utility/pmyhqx/?fm=true&edit=config.php&path=/var/softaculous/collab/ HTTP/1.1" 200 9108 "-" "Mozilla/5.0 (compatible; MJ12bot/v1.4.8; http://mj12bot.com/)"
61.238.27.209 - - [02/Apr/2026:12:09:21 -0400] "GET /wp-includes/Requests/src/Utility/pmyhqx/?fm=true&edit=config.php&path=/var/softaculous/commentics/ HTTP/1.1" 200 9175 "-" "Mozilla/5.0 (compatible; MJ12bot/v1.4.8; http://mj12bot.com/)"
61.238.27.209 - - [02/Apr/2026:12:09:23 -0400] "GET /wp-includes/Requests/src/Utility/pmyhqx/?fm=true&edit=config.php&path=/var/softaculous/cotonti/ HTTP/1.1" 200 11858 "-" "Mozilla/5.0 (compatible; MJ12bot/v1.4.8; http://mj12bot.com/)"
61.238.27.209 - - [02/Apr/2026:12:09:25 -0400] "GET /wp-includes/Requests/src/Utility/pmyhqx/?fm=true&edit=config.php&path=/var/softaculous/crafty/ HTTP/1.1" 200 10787 "-" "Mozilla/5.0 (compatible; MJ12bot/v1.4.8; http://mj12bot.com/)"
61.238.27.209 - - [02/Apr/2026:12:09:27 -0400] "GET /wp-includes/Requests/src/Utility/pmyhqx/?fm=true&edit=config.php&path=/var/softaculous/easyapmt/ HTTP/1.1" 200 9771 "-" "Mozilla/5.0 (compatible; MJ12bot/v1.4.8; http://mj12bot.com/)"
217.113.194.212 - - [02/Apr/2026:12:09:28 -0400] "GET /wp-includes/SimplePie/d3fypn/?fm=true&rename=.bash_profile&path=/home/powertekenterpri/ HTTP/1.1" 200 8817 "-" "Mozilla/5.0 (compatible; Barkrowler/0.9; +https://babbar.tech/crawler)"
61.238.27.209 - - [02/Apr/2026:12:09:29 -0400] "GET /wp-includes/Requests/src/Utility/pmyhqx/?fm=true&edit=config.php&path=/var/softaculous/eengine/ HTTP/1.1" 200 9427 "-" "Mozilla/5.0 (compatible; MJ12bot/v1.4.8; http://mj12bot.com/)"
61.238.27.209 - - [02/Apr/2026:12:09:31 -0400] "GET /wp-includes/Requests/src/Utility/pmyhqx/?fm=true&edit=contao.sql&path=/var/softaculous/contao/ HTTP/1.1" 200 16864 "-" "Mozilla/5.0 (compatible; MJ12bot/v1.4.8; http://mj12bot.com/)"
61.238.27.209 - - [02/Apr/2026:12:09:33 -0400] "GET /wp-includes/Requests/src/Utility/pmyhqx/?fm=true&edit=contao.zip&path=/var/softaculous/contao/ HTTP/1.1" 200 9034 "-" "Mozilla/5.0 (compatible; MJ12bot/v1.4.8; http://mj12bot.com/)"
61.238.27.209 - - [02/Apr/2026:12:09:36 -0400] "GET /wp-includes/Requests/src/Utility/pmyhqx/?fm=true&edit=cotonti.sql&path=/var/softaculous/cotonti/ HTTP/1.1" 200 16439 "-" "Mozilla/5.0 (compatible; MJ12bot/v1.4.8; http://mj12bot.com/)"
61.238.27.209 - - [02/Apr/2026:12:09:38 -0400] "GET /wp-includes/Requests/src/Utility/pmyhqx/?fm=true&edit=cotonti.zip&path=/var/softaculous/cotonti/ HTTP/1.1" 200 9035 "-" "Mozilla/5.0 (compatible; MJ12bot/v1.4.8; http://mj12bot.com/)"
61.238.27.209 - - [02/Apr/2026:12:09:40 -0400] "GET /wp-includes/Requests/src/Utility/pmyhqx/?fm=true&edit=cpg.sql&path=/var/softaculous/cpg/ HTTP/1.1" 200 15609 "-" "Mozilla/5.0 (compatible; MJ12bot/v1.4.8; http://mj12bot.com/)"
217.113.194.252 - - [02/Apr/2026:12:09:41 -0400] "GET /wp-includes/SimplePie/d3fypn/?fm=true&rename=SocketServer.py&path=/lib64/python2.7/ HTTP/1.1" 200 8822 "-" "Mozilla/5.0 (compatible; Barkrowler/0.9; +https://babbar.tech/crawler)"
61.238.27.209 - - [02/Apr/2026:12:09:42 -0400] "GET /wp-includes/Requests/src/Utility/pmyhqx/?fm=true&edit=cpg.zip&path=/var/softaculous/cpg/ HTTP/1.1" 200 9032 "-" "Mozilla/5.0 (compatible; MJ12bot/v1.4.8; http://mj12bot.com/)"
61.238.27.209 - - [02/Apr/2026:12:09:44 -0400] "GET /wp-includes/Requests/src/Utility/pmyhqx/?fm=true&edit=crafty.sql&path=/var/softaculous/crafty/ HTTP/1.1" 200 14903 "-" "Mozilla/5.0 (compatible; MJ12bot/v1.4.8; http://mj12bot.com/)"
61.238.27.209 - - [02/Apr/2026:12:09:47 -0400] "GET /wp-includes/Requests/src/Utility/pmyhqx/?fm=true&edit=crafty.zip&path=/var/softaculous/crafty/ HTTP/1.1" 200 9034 "-" "Mozilla/5.0 (compatible; MJ12bot/v1.4.8; http://mj12bot.com/)"
61.238.27.209 - - [02/Apr/2026:12:09:48 -0400] "GET /wp-includes/Requests/src/Utility/pmyhqx/?fm=true&edit=croogo.sql&path=/var/softaculous/croogo/ HTTP/1.1" 200 37222 "-" "Mozilla/5.0 (compatible; MJ12bot/v1.4.8; http://mj12bot.com/)"
61.238.27.209 - - [02/Apr/2026:12:09:51 -0400] "GET /wp-includes/Requests/src/Utility/pmyhqx/?fm=true&edit=croogo.zip&path=/var/softaculous/croogo/ HTTP/1.1" 200 9033 "-" "Mozilla/5.0 (compatible; MJ12bot/v1.4.8; http://mj12bot.com/)"
61.238.27.209 - - [02/Apr/2026:12:09:53 -0400] "GET /wp-includes/Requests/src/Utility/pmyhqx/?fm=true&edit=cscart.sql&path=/var/softaculous/cscart/ HTTP/1.1" 200 608980 "-" "Mozilla/5.0 (compatible; MJ12bot/v1.4.8; http://mj12bot.com/)"
217.113.194.51 - - [02/Apr/2026:12:09:54 -0400] "GET /wp-includes/SimplePie/d3fypn/?fm=true&rename=_strptime.py&path=/lib64/python2.7/ HTTP/1.1" 200 8823 "-" "Mozilla/5.0 (compatible; Barkrowler/0.9; +https://babbar.tech/crawler)"
61.238.27.209 - - [02/Apr/2026:12:09:56 -0400] "GET /wp-includes/Requests/src/Utility/pmyhqx/?fm=true&edit=cscart.zip&path=/var/softaculous/cscart/ HTTP/1.1" 200 9033 "-" "Mozilla/5.0 (compatible; MJ12bot/v1.4.8; http://mj12bot.com/)"
61.238.27.209 - - [02/Apr/2026:12:09:58 -0400] "GET /wp-includes/Requests/src/Utility/pmyhqx/?fm=true&edit=css.tar&path=/home/powertekenterpri/public_html/wp-includes/Requests/src/Utility/pmyhqx/ HTTP/1.1" 200 500797 "-" "Mozilla/5.0 (compatible; MJ12bot/v1.4.8; http://mj12bot.com/)"
61.238.27.209 - - [02/Apr/2026:12:10:01 -0400] "GET /wp-includes/Requests/src/Utility/pmyhqx/?fm=true&edit=cszcms.sql&path=/var/softaculous/cszcms/ HTTP/1.1" 200 18136 "-" "Mozilla/5.0 (compatible; MJ12bot/v1.4.8; http://mj12bot.com/)"
61.238.27.209 - - [02/Apr/2026:12:10:03 -0400] "GET /wp-includes/Requests/src/Utility/pmyhqx/?fm=true&edit=cszcms.zip&path=/var/softaculous/cszcms/ HTTP/1.1" 200 9033 "-" "Mozilla/5.0 (compatible; MJ12bot/v1.4.8; http://mj12bot.com/)"
61.238.27.209 - - [02/Apr/2026:12:10:05 -0400] "GET /wp-includes/Requests/src/Utility/pmyhqx/?fm=true&edit=cube.sql&path=/var/softaculous/cube/ HTTP/1.1" 200 33805 "-" "Mozilla/5.0 (compatible; MJ12bot/v1.4.8; http://mj12bot.com/)"
61.238.27.209 - - [02/Apr/2026:12:10:07 -0400] "GET /wp-includes/Requests/src/Utility/pmyhqx/?fm=true&edit=cube.zip&path=/var/softaculous/cube/ HTTP/1.1" 200 9032 "-" "Mozilla/5.0 (compatible; MJ12bot/v1.4.8; http://mj12bot.com/)"
198.54.120.101 - - [02/Apr/2026:12:10:08 -0400] "POST /wp-cron.php?doing_wp_cron=1775146208.0668389797210693359375 HTTP/1.1" 200 - "-" "WordPress/6.9.4; https://powertekenterprise.com"
217.113.194.252 - - [02/Apr/2026:12:10:07 -0400] "GET /wp-includes/SimplePie/d3fypn/?fm=true&rename=cgitb.py&path=/lib64/python3.8/ HTTP/1.1" 200 8818 "-" "Mozilla/5.0 (compatible; Barkrowler/0.9; +https://babbar.tech/crawler)"
47.128.62.165 - - [02/Apr/2026:12:10:06 -0400] "GET /wp-includes/theme-compat/yprkzw/?d=%2Fhome%2Fpowertekenterpri%2F%2Fpublic_html%2Fwp-content%2Fuploads%2F%2Fslider%2Fcache%2F5286c77edf153d8fa6a924044643519e%2F.htaccess HTTP/1.1" 404 86107 "-" "Mozilla/5.0 (Linux; Android 5.0) AppleWebKit/537.36 (KHTML, like Gecko) Mobile Safari/537.36 (compatible; Bytespider; spider-feedback@bytedance.com)"
61.238.27.209 - - [02/Apr/2026:12:10:09 -0400] "GET /wp-includes/Requests/src/Utility/pmyhqx/?fm=true&edit=dad_transmits&path=/proc/sys/net/ipv6/conf/eth2/ HTTP/1.1" 200 9045 "-" "Mozilla/5.0 (compatible; MJ12bot/v1.4.8; http://mj12bot.com/)"
61.238.27.209 - - [02/Apr/2026:12:10:11 -0400] "GET /wp-includes/Requests/src/Utility/pmyhqx/?fm=true&edit=dad_transmits&path=/proc/sys/net/ipv6/conf/eth3/ HTTP/1.1" 200 9045 "-" "Mozilla/5.0 (compatible; MJ12bot/v1.4.8; http://mj12bot.com/)"
47.128.62.165 - - [02/Apr/2026:12:10:12 -0400] "GET /wp-content/uploads/elementor/css/post-139.css?ver=1773597341 HTTP/1.1" 304 - "https://powertekenterprise.com/wp-includes/theme-compat/yprkzw/?d=%2Fhome%2Fpowertekenterpri%2F%2Fpublic_html%2Fwp-content%2Fuploads%2F%2Fslider%2Fcache%2F5286c77edf153d8fa6a924044643519e%2F.htaccess" "Mozilla/5.0 (Linux; Android 5.0) AppleWebKit/537.36 (KHTML, like Gecko) Mobile Safari/537.36 (compatible; Bytespider; spider-feedback@bytedance.com)"
47.128.62.165 - - [02/Apr/2026:12:10:12 -0400] "GET /wp-content/plugins/elementor/assets/css/frontend.min.css?ver=3.35.7 HTTP/1.1" 304 - "https://powertekenterprise.com/wp-includes/theme-compat/yprkzw/?d=%2Fhome%2Fpowertekenterpri%2F%2Fpublic_html%2Fwp-content%2Fuploads%2F%2Fslider%2Fcache%2F5286c77edf153d8fa6a924044643519e%2F.htaccess" "Mozilla/5.0 (Linux; Android 5.0) AppleWebKit/537.36 (KHTML, like Gecko) Mobile Safari/537.36 (compatible; Bytespider; spider-feedback@bytedance.com)"
47.128.62.165 - - [02/Apr/2026:12:10:12 -0400] "GET /wp-includes/css/dist/block-library/style.min.css?ver=6.9.4 HTTP/1.1" 304 - "https://powertekenterprise.com/wp-includes/theme-compat/yprkzw/?d=%2Fhome%2Fpowertekenterpri%2F%2Fpublic_html%2Fwp-content%2Fuploads%2F%2Fslider%2Fcache%2F5286c77edf153d8fa6a924044643519e%2F.htaccess" "Mozilla/5.0 (Linux; Android 5.0) AppleWebKit/537.36 (KHTML, like Gecko) Mobile Safari/537.36 (compatible; Bytespider; spider-feedback@bytedance.com)"
47.128.62.165 - - [02/Apr/2026:12:10:12 -0400] "GET /wp-content/plugins/the-post-grid/assets/vendor/font-awesome/css/font-awesome.min.css?ver=7.8.9 HTTP/1.1" 304 - "https://powertekenterprise.com/wp-includes/theme-compat/yprkzw/?d=%2Fhome%2Fpowertekenterpri%2F%2Fpublic_html%2Fwp-content%2Fuploads%2F%2Fslider%2Fcache%2F5286c77edf153d8fa6a924044643519e%2F.htaccess" "Mozilla/5.0 (Linux; Android 5.0) AppleWebKit/537.36 (KHTML, like Gecko) Mobile Safari/537.36 (compatible; Bytespider; spider-feedback@bytedance.com)"
47.128.62.165 - - [02/Apr/2026:12:10:12 -0400] "GET /wp-content/plugins/woocommerce/assets/css/woocommerce-layout.css?ver=10.6.1 HTTP/1.1" 304 - "https://powertekenterprise.com/wp-includes/theme-compat/yprkzw/?d=%2Fhome%2Fpowertekenterpri%2F%2Fpublic_html%2Fwp-content%2Fuploads%2F%2Fslider%2Fcache%2F5286c77edf153d8fa6a924044643519e%2F.htaccess" "Mozilla/5.0 (Linux; Android 5.0) AppleWebKit/537.36 (KHTML, like Gecko) Mobile Safari/537.36 (compatible; Bytespider; spider-feedback@bytedance.com)"
47.128.62.165 - - [02/Apr/2026:12:10:12 -0400] "GET /wp-content/uploads/elementor/css/post-148.css?ver=1773597341 HTTP/1.1" 304 - "https://powertekenterprise.com/wp-includes/theme-compat/yprkzw/?d=%2Fhome%2Fpowertekenterpri%2F%2Fpublic_html%2Fwp-content%2Fuploads%2F%2Fslider%2Fcache%2F5286c77edf153d8fa6a924044643519e%2F.htaccess" "Mozilla/5.0 (Linux; Android 5.0) AppleWebKit/537.36 (KHTML, like Gecko) Mobile Safari/537.36 (compatible; Bytespider; spider-feedback@bytedance.com)"
47.128.62.165 - - [02/Apr/2026:12:10:12 -0400] "GET /wp-content/plugins/woocommerce/assets/css/woocommerce.css?ver=10.6.1 HTTP/1.1" 304 - "https://powertekenterprise.com/wp-includes/theme-compat/yprkzw/?d=%2Fhome%2Fpowertekenterpri%2F%2Fpublic_html%2Fwp-content%2Fuploads%2F%2Fslider%2Fcache%2F5286c77edf153d8fa6a924044643519e%2F.htaccess" "Mozilla/5.0 (Linux; Android 5.0) AppleWebKit/537.36 (KHTML, like Gecko) Mobile Safari/537.36 (compatible; Bytespider; spider-feedback@bytedance.com)"
47.128.62.165 - - [02/Apr/2026:12:10:12 -0400] "GET /wp-content/themes/hello-elementor/assets/css/reset.css?ver=3.4.6 HTTP/1.1" 304 - "https://powertekenterprise.com/wp-includes/theme-compat/yprkzw/?d=%2Fhome%2Fpowertekenterpri%2F%2Fpublic_html%2Fwp-content%2Fuploads%2F%2Fslider%2Fcache%2F5286c77edf153d8fa6a924044643519e%2F.htaccess" "Mozilla/5.0 (Linux; Android 5.0) AppleWebKit/537.36 (KHTML, like Gecko) Mobile Safari/537.36 (compatible; Bytespider; spider-feedback@bytedance.com)"
47.128.62.165 - - [02/Apr/2026:12:10:12 -0400] "GET /wp-content/themes/hello-elementor/assets/css/theme.css?ver=3.4.6 HTTP/1.1" 304 - "https://powertekenterprise.com/wp-includes/theme-compat/yprkzw/?d=%2Fhome%2Fpowertekenterpri%2F%2Fpublic_html%2Fwp-content%2Fuploads%2F%2Fslider%2Fcache%2F5286c77edf153d8fa6a924044643519e%2F.htaccess" "Mozilla/5.0 (Linux; Android 5.0) AppleWebKit/537.36 (KHTML, like Gecko) Mobile Safari/537.36 (compatible; Bytespider; spider-feedback@bytedance.com)"
47.128.62.165 - - [02/Apr/2026:12:10:12 -0400] "GET /wp-content/plugins/the-post-grid/assets/css/thepostgrid.min.css?ver=7.8.9 HTTP/1.1" 304 - "https://powertekenterprise.com/wp-includes/theme-compat/yprkzw/?d=%2Fhome%2Fpowertekenterpri%2F%2Fpublic_html%2Fwp-content%2Fuploads%2F%2Fslider%2Fcache%2F5286c77edf153d8fa6a924044643519e%2F.htaccess" "Mozilla/5.0 (Linux; Android 5.0) AppleWebKit/537.36 (KHTML, like Gecko) Mobile Safari/537.36 (compatible; Bytespider; spider-feedback@bytedance.com)"
47.128.62.165 - - [02/Apr/2026:12:10:12 -0400] "GET /wp-content/uploads/elementor/css/post-47.css?ver=1773597341 HTTP/1.1" 304 - "https://powertekenterprise.com/wp-includes/theme-compat/yprkzw/?d=%2Fhome%2Fpowertekenterpri%2F%2Fpublic_html%2Fwp-content%2Fuploads%2F%2Fslider%2Fcache%2F5286c77edf153d8fa6a924044643519e%2F.htaccess" "Mozilla/5.0 (Linux; Android 5.0) AppleWebKit/537.36 (KHTML, like Gecko) Mobile Safari/537.36 (compatible; Bytespider; spider-feedback@bytedance.com)"
47.128.62.165 - - [02/Apr/2026:12:10:12 -0400] "GET /wp-content/plugins/woocommerce/assets/css/woocommerce-smallscreen.css?ver=10.6.1 HTTP/1.1" 304 - "https://powertekenterprise.com/wp-includes/theme-compat/yprkzw/?d=%2Fhome%2Fpowertekenterpri%2F%2Fpublic_html%2Fwp-content%2Fuploads%2F%2Fslider%2Fcache%2F5286c77edf153d8fa6a924044643519e%2F.htaccess" "Mozilla/5.0 (Linux; Android 5.0) AppleWebKit/537.36 (KHTML, like Gecko) Mobile Safari/537.36 (compatible; Bytespider; spider-feedback@bytedance.com)"
47.128.62.165 - - [02/Apr/2026:12:10:12 -0400] "GET /wp-content/plugins/gm-woocommerce-quote-popup//assents/css/style.css?ver=1.0.0 HTTP/1.1" 304 - "https://powertekenterprise.com/wp-includes/theme-compat/yprkzw/?d=%2Fhome%2Fpowertekenterpri%2F%2Fpublic_html%2Fwp-content%2Fuploads%2F%2Fslider%2Fcache%2F5286c77edf153d8fa6a924044643519e%2F.htaccess" "Mozilla/5.0 (Linux; Android 5.0) AppleWebKit/537.36 (KHTML, like Gecko) Mobile Safari/537.36 (compatible; Bytespider; spider-feedback@bytedance.com)"
47.128.62.165 - - [02/Apr/2026:12:10:12 -0400] "GET /wp-content/uploads/elementor/google-fonts/css/inter.css?ver=1743840376 HTTP/1.1" 304 - "https://powertekenterprise.com/wp-includes/theme-compat/yprkzw/?d=%2Fhome%2Fpowertekenterpri%2F%2Fpublic_html%2Fwp-content%2Fuploads%2F%2Fslider%2Fcache%2F5286c77edf153d8fa6a924044643519e%2F.htaccess" "Mozilla/5.0 (Linux; Android 5.0) AppleWebKit/537.36 (KHTML, like Gecko) Mobile Safari/537.36 (compatible; Bytespider; spider-feedback@bytedance.com)"
47.128.62.165 - - [02/Apr/2026:12:10:12 -0400] "GET /wp-content/plugins/elementskit-lite/widgets/init/assets/css/responsive.css?ver=3.8.1 HTTP/1.1" 304 - "https://powertekenterprise.com/wp-includes/theme-compat/yprkzw/?d=%2Fhome%2Fpowertekenterpri%2F%2Fpublic_html%2Fwp-content%2Fuploads%2F%2Fslider%2Fcache%2F5286c77edf153d8fa6a924044643519e%2F.htaccess" "Mozilla/5.0 (Linux; Android 5.0) AppleWebKit/537.36 (KHTML, like Gecko) Mobile Safari/537.36 (compatible; Bytespider; spider-feedback@bytedance.com)"
47.128.62.165 - - [02/Apr/2026:12:10:13 -0400] "GET /wp-content/uploads/elementor/google-fonts/css/barlow.css?ver=1743840341 HTTP/1.1" 304 - "https://powertekenterprise.com/wp-includes/theme-compat/yprkzw/?d=%2Fhome%2Fpowertekenterpri%2F%2Fpublic_html%2Fwp-content%2Fuploads%2F%2Fslider%2Fcache%2F5286c77edf153d8fa6a924044643519e%2F.htaccess" "Mozilla/5.0 (Linux; Android 5.0) AppleWebKit/537.36 (KHTML, like Gecko) Mobile Safari/537.36 (compatible; Bytespider; spider-feedback@bytedance.com)"
47.128.62.165 - - [02/Apr/2026:12:10:13 -0400] "GET /wp-content/plugins/elementskit-lite/modules/elementskit-icon-pack/assets/css/ekiticons.css?ver=3.8.1 HTTP/1.1" 304 - "https://powertekenterprise.com/wp-includes/theme-compat/yprkzw/?d=%2Fhome%2Fpowertekenterpri%2F%2Fpublic_html%2Fwp-content%2Fuploads%2F%2Fslider%2Fcache%2F5286c77edf153d8fa6a924044643519e%2F.htaccess" "Mozilla/5.0 (Linux; Android 5.0) AppleWebKit/537.36 (KHTML, like Gecko) Mobile Safari/537.36 (compatible; Bytespider; spider-feedback@bytedance.com)"
47.128.62.165 - - [02/Apr/2026:12:10:13 -0400] "GET /wp-content/themes/hello-elementor/assets/css/header-footer.css?ver=3.4.6 HTTP/1.1" 304 - "https://powertekenterprise.com/wp-includes/theme-compat/yprkzw/?d=%2Fhome%2Fpowertekenterpri%2F%2Fpublic_html%2Fwp-content%2Fuploads%2F%2Fslider%2Fcache%2F5286c77edf153d8fa6a924044643519e%2F.htaccess" "Mozilla/5.0 (Linux; Android 5.0) AppleWebKit/537.36 (KHTML, like Gecko) Mobile Safari/537.36 (compatible; Bytespider; spider-feedback@bytedance.com)"
47.128.62.165 - - [02/Apr/2026:12:10:13 -0400] "GET /wp-content/plugins/elementskit-lite/widgets/init/assets/css/widget-styles.css?ver=3.8.1 HTTP/1.1" 304 - "https://powertekenterprise.com/wp-includes/theme-compat/yprkzw/?d=%2Fhome%2Fpowertekenterpri%2F%2Fpublic_html%2Fwp-content%2Fuploads%2F%2Fslider%2Fcache%2F5286c77edf153d8fa6a924044643519e%2F.htaccess" "Mozilla/5.0 (Linux; Android 5.0) AppleWebKit/537.36 (KHTML, like Gecko) Mobile Safari/537.36 (compatible; Bytespider; spider-feedback@bytedance.com)"
47.128.62.165 - - [02/Apr/2026:12:10:13 -0400] "GET /wp-content/uploads/2023/12/powertek-enterprise-logo-1-1.png HTTP/1.1" 304 - "https://powertekenterprise.com/wp-includes/theme-compat/yprkzw/?d=%2Fhome%2Fpowertekenterpri%2F%2Fpublic_html%2Fwp-content%2Fuploads%2F%2Fslider%2Fcache%2F5286c77edf153d8fa6a924044643519e%2F.htaccess" "Mozilla/5.0 (Linux; Android 5.0) AppleWebKit/537.36 (KHTML, like Gecko) Mobile Safari/537.36 (compatible; Bytespider; spider-feedback@bytedance.com)"
61.238.27.209 - - [02/Apr/2026:12:10:14 -0400] "GET /wp-includes/Requests/src/Utility/pmyhqx/?fm=true&edit=dad_transmits&path=/proc/sys/net/ipv6/conf/idrac/ HTTP/1.1" 200 9046 "-" "Mozilla/5.0 (compatible; MJ12bot/v1.4.8; http://mj12bot.com/)"
47.128.62.165 - - [02/Apr/2026:12:10:14 -0400] "GET /wp-content/uploads/2023/12/hollow-bricks-machine-manufacturer-logo.png HTTP/1.1" 304 - "https://powertekenterprise.com/wp-includes/theme-compat/yprkzw/?d=%2Fhome%2Fpowertekenterpri%2F%2Fpublic_html%2Fwp-content%2Fuploads%2F%2Fslider%2Fcache%2F5286c77edf153d8fa6a924044643519e%2F.htaccess" "Mozilla/5.0 (Linux; Android 5.0) AppleWebKit/537.36 (KHTML, like Gecko) Mobile Safari/537.36 (compatible; Bytespider; spider-feedback@bytedance.com)"
47.128.62.165 - - [02/Apr/2026:12:10:14 -0400] "GET /wp-content/uploads/2023/12/powertek-enterprise-logo.png HTTP/1.1" 304 - "https://powertekenterprise.com/wp-includes/theme-compat/yprkzw/?d=%2Fhome%2Fpowertekenterpri%2F%2Fpublic_html%2Fwp-content%2Fuploads%2F%2Fslider%2Fcache%2F5286c77edf153d8fa6a924044643519e%2F.htaccess" "Mozilla/5.0 (Linux; Android 5.0) AppleWebKit/537.36 (KHTML, like Gecko) Mobile Safari/537.36 (compatible; Bytespider; spider-feedback@bytedance.com)"
61.238.27.209 - - [02/Apr/2026:12:10:15 -0400] "GET /wp-includes/Requests/src/Utility/pmyhqx/?fm=true&edit=dad_transmits&path=/proc/sys/net/ipv6/conf/lo/ HTTP/1.1" 200 9044 "-" "Mozilla/5.0 (compatible; MJ12bot/v1.4.8; http://mj12bot.com/)"
61.238.27.209 - - [02/Apr/2026:12:10:17 -0400] "GET /wp-includes/Requests/src/Utility/pmyhqx/?fm=true&edit=dashboard.js.map&path=/home/powertekenterpri/public_html/wp-content/plugins/jeg-elementor-kit(disabled)/assets/js/admin/ HTTP/1.1" 200 237451 "-" "Mozilla/5.0 (compatible; MJ12bot/v1.4.8; http://mj12bot.com/)"
47.128.62.165 - - [02/Apr/2026:12:10:19 -0400] "GET /wp-content/plugins/gm-woocommerce-quote-popup/assents/img/close_btn.png HTTP/1.1" 304 - "https://powertekenterprise.com/wp-includes/theme-compat/yprkzw/?d=%2Fhome%2Fpowertekenterpri%2F%2Fpublic_html%2Fwp-content%2Fuploads%2F%2Fslider%2Fcache%2F5286c77edf153d8fa6a924044643519e%2F.htaccess" "Mozilla/5.0 (Linux; Android 5.0) AppleWebKit/537.36 (KHTML, like Gecko) Mobile Safari/537.36 (compatible; Bytespider; spider-feedback@bytedance.com)"
47.128.62.165 - - [02/Apr/2026:12:10:19 -0400] "GET /wp-content/plugins/woocommerce/assets/client/blocks/wc-blocks.css?ver=wc-10.6.1 HTTP/1.1" 304 - "https://powertekenterprise.com/wp-includes/theme-compat/yprkzw/?d=%2Fhome%2Fpowertekenterpri%2F%2Fpublic_html%2Fwp-content%2Fuploads%2F%2Fslider%2Fcache%2F5286c77edf153d8fa6a924044643519e%2F.htaccess" "Mozilla/5.0 (Linux; Android 5.0) AppleWebKit/537.36 (KHTML, like Gecko) Mobile Safari/537.36 (compatible; Bytespider; spider-feedback@bytedance.com)"
61.238.27.209 - - [02/Apr/2026:12:10:20 -0400] "GET /wp-includes/Requests/src/Utility/pmyhqx/?fm=true&edit=data.php&path=/var/softaculous/easyp/ HTTP/1.1" 200 9206 "-" "Mozilla/5.0 (compatible; MJ12bot/v1.4.8; http://mj12bot.com/)"
154.54.249.197 - - [02/Apr/2026:12:10:20 -0400] "GET /wp-includes/SimplePie/d3fypn/?fm=true&rename=difflib.py&path=/lib64/python3.8/ HTTP/1.1" 200 8820 "-" "Mozilla/5.0 (compatible; Barkrowler/0.9; +https://babbar.tech/crawler)"
61.238.27.209 - - [02/Apr/2026:12:10:22 -0400] "GET /wp-includes/Requests/src/Utility/pmyhqx/?fm=true&edit=data.zip&path=/var/softaculous/conc/ HTTP/1.1" 200 9033 "-" "Mozilla/5.0 (compatible; MJ12bot/v1.4.8; http://mj12bot.com/)"
61.238.27.209 - - [02/Apr/2026:12:10:23 -0400] "GET /wp-includes/Requests/src/Utility/pmyhqx/?fm=true&edit=data.zip&path=/var/softaculous/conc56/ HTTP/1.1" 200 9033 "-" "Mozilla/5.0 (compatible; MJ12bot/v1.4.8; http://mj12bot.com/)"
47.128.62.165 - - [02/Apr/2026:12:10:24 -0400] "GET /wp-content/plugins/elementor/assets/css/widget-image.min.css?ver=3.35.7 HTTP/1.1" 304 - "https://powertekenterprise.com/wp-includes/theme-compat/yprkzw/?d=%2Fhome%2Fpowertekenterpri%2F%2Fpublic_html%2Fwp-content%2Fuploads%2F%2Fslider%2Fcache%2F5286c77edf153d8fa6a924044643519e%2F.htaccess" "Mozilla/5.0 (Linux; Android 5.0) AppleWebKit/537.36 (KHTML, like Gecko) Mobile Safari/537.36 (compatible; Bytespider; spider-feedback@bytedance.com)"
47.128.62.165 - - [02/Apr/2026:12:10:24 -0400] "GET /wp-content/plugins/elementor/assets/lib/animations/styles/e-animation-shrink.min.css?ver=3.35.7 HTTP/1.1" 304 - "https://powertekenterprise.com/wp-includes/theme-compat/yprkzw/?d=%2Fhome%2Fpowertekenterpri%2F%2Fpublic_html%2Fwp-content%2Fuploads%2F%2Fslider%2Fcache%2F5286c77edf153d8fa6a924044643519e%2F.htaccess" "Mozilla/5.0 (Linux; Android 5.0) AppleWebKit/537.36 (KHTML, like Gecko) Mobile Safari/537.36 (compatible; Bytespider; spider-feedback@bytedance.com)"
47.128.62.165 - - [02/Apr/2026:12:10:24 -0400] "GET /wp-content/plugins/elementor/assets/css/widget-heading.min.css?ver=3.35.7 HTTP/1.1" 304 - "https://powertekenterprise.com/wp-includes/theme-compat/yprkzw/?d=%2Fhome%2Fpowertekenterpri%2F%2Fpublic_html%2Fwp-content%2Fuploads%2F%2Fslider%2Fcache%2F5286c77edf153d8fa6a924044643519e%2F.htaccess" "Mozilla/5.0 (Linux; Android 5.0) AppleWebKit/537.36 (KHTML, like Gecko) Mobile Safari/537.36 (compatible; Bytespider; spider-feedback@bytedance.com)"
47.128.62.165 - - [02/Apr/2026:12:10:24 -0400] "GET /wp-content/plugins/pro-elements/assets/css/widget-nav-menu.min.css?ver=3.35.0 HTTP/1.1" 304 - "https://powertekenterprise.com/wp-includes/theme-compat/yprkzw/?d=%2Fhome%2Fpowertekenterpri%2F%2Fpublic_html%2Fwp-content%2Fuploads%2F%2Fslider%2Fcache%2F5286c77edf153d8fa6a924044643519e%2F.htaccess" "Mozilla/5.0 (Linux; Android 5.0) AppleWebKit/537.36 (KHTML, like Gecko) Mobile Safari/537.36 (compatible; Bytespider; spider-feedback@bytedance.com)"
47.128.62.165 - - [02/Apr/2026:12:10:24 -0400] "GET /wp-content/uploads/2023/12/1616Z_3003smpl-scaled.jpg HTTP/1.1" 304 - "https://powertekenterprise.com/wp-content/uploads/elementor/css/post-148.css?ver=1773597341" "Mozilla/5.0 (Linux; Android 5.0) AppleWebKit/537.36 (KHTML, like Gecko) Mobile Safari/537.36 (compatible; Bytespider; spider-feedback@bytedance.com)"
47.128.62.165 - - [02/Apr/2026:12:10:24 -0400] "GET /wp-content/plugins/elementor/assets/css/widget-divider.min.css?ver=3.35.7 HTTP/1.1" 304 - "https://powertekenterprise.com/wp-includes/theme-compat/yprkzw/?d=%2Fhome%2Fpowertekenterpri%2F%2Fpublic_html%2Fwp-content%2Fuploads%2F%2Fslider%2Fcache%2F5286c77edf153d8fa6a924044643519e%2F.htaccess" "Mozilla/5.0 (Linux; Android 5.0) AppleWebKit/537.36 (KHTML, like Gecko) Mobile Safari/537.36 (compatible; Bytespider; spider-feedback@bytedance.com)"
