114.119.131.200 - - [02/Apr/2026:18:36:56 -0400] "GET /wp-includes/assets/wpper.php?edit=post-time-to-read.php&path=/home/powertekenterpri/public_html/wp-includes/blocks/ HTTP/1.1" 200 2834 "https://powertekenterprise.com/wp-includes/assets/wpper.php?rename=query-total&path=/home/powertekenterpri/public_html/wp-includes/blocks/" "Mozilla/5.0 (Linux; Android 7.0;) AppleWebKit/537.36 (KHTML, like Gecko) Mobile Safari/537.36 (compatible; PetalBot;+https://webmaster.petalsearch.com/site/petalbot)"
217.113.194.50 - - [02/Apr/2026:18:37:07 -0400] "GET /wp-includes/SimplePie/d3fypn/?fm=true&path=/opt/cpanel/ea-php70/root/var/lib/games/. HTTP/1.1" 200 9601 "-" "Mozilla/5.0 (compatible; Barkrowler/0.9; +https://babbar.tech/crawler)"
217.113.194.50 - - [02/Apr/2026:18:37:20 -0400] "GET /wp-includes/SimplePie/d3fypn/?fm=true&path=/opt/cpanel/ea-php70/root/var/lib/misc/. HTTP/1.1" 200 9600 "-" "Mozilla/5.0 (compatible; Barkrowler/0.9; +https://babbar.tech/crawler)"
217.113.194.48 - - [02/Apr/2026:18:37:33 -0400] "GET /wp-includes/SimplePie/d3fypn/?fm=true&path=/opt/cpanel/ea-php70/root/usr/var/cache/. HTTP/1.1" 200 9602 "-" "Mozilla/5.0 (compatible; Barkrowler/0.9; +https://babbar.tech/crawler)"
217.113.194.252 - - [02/Apr/2026:18:37:45 -0400] "GET /wp-includes/SimplePie/d3fypn/?fm=true&path=/opt/cpanel/ea-php70/root/usr/local/lib/. HTTP/1.1" 200 9601 "-" "Mozilla/5.0 (compatible; Barkrowler/0.9; +https://babbar.tech/crawler)"
217.113.194.252 - - [02/Apr/2026:18:37:57 -0400] "GET /wp-includes/SimplePie/d3fypn/?fm=true&path=/opt/cpanel/ea-php70/root/usr/local/games/. HTTP/1.1" 200 9603 "-" "Mozilla/5.0 (compatible; Barkrowler/0.9; +https://babbar.tech/crawler)"
217.113.194.50 - - [02/Apr/2026:18:38:11 -0400] "GET /wp-includes/SimplePie/d3fypn/?fm=true&path=/opt/cpanel/ea-php70/root/usr/local/bin/. HTTP/1.1" 200 9601 "-" "Mozilla/5.0 (compatible; Barkrowler/0.9; +https://babbar.tech/crawler)"
154.54.249.197 - - [02/Apr/2026:18:38:24 -0400] "GET /wp-includes/SimplePie/d3fypn/?fm=true&path=/opt/cpanel/ea-php70/root/usr/local/etc/. HTTP/1.1" 200 9601 "-" "Mozilla/5.0 (compatible; Barkrowler/0.9; +https://babbar.tech/crawler)"
198.54.120.101 - - [02/Apr/2026:18:38:24 -0400] "POST /wp-cron.php?doing_wp_cron=1775169504.0961060523986816406250 HTTP/1.1" 200 - "-" "WordPress/6.9.4; https://powertekenterprise.com"
43.157.67.70 - - [02/Apr/2026:18:38:20 -0400] "GET /product-category/food-processing-machines/ HTTP/1.1" 200 23191 "-" "Mozilla/5.0 (iPhone; CPU iPhone OS 13_2_3 like Mac OS X) AppleWebKit/605.1.15 (KHTML, like Gecko) Version/13.0.3 Mobile/15E148 Safari/604.1"
217.113.194.42 - - [02/Apr/2026:18:38:36 -0400] "GET /wp-includes/SimplePie/d3fypn/?fm=true&path=/opt/cpanel/ea-php70/root/usr/local/share/. HTTP/1.1" 200 10040 "-" "Mozilla/5.0 (compatible; Barkrowler/0.9; +https://babbar.tech/crawler)"
114.119.142.7 - - [02/Apr/2026:18:38:39 -0400] "GET /wp-includes/assets/wpper.php?edit=post-thumbnail-template.php&path=/home/powertekenterpri/public_html/wp-includes/ HTTP/1.1" 200 3005 "https://powertekenterprise.com/wp-includes/assets/wpper.php?rename=class-pop3.php&path=/home/powertekenterpri/public_html/wp-includes/" "Mozilla/5.0 (Linux; Android 7.0;) AppleWebKit/537.36 (KHTML, like Gecko) Mobile Safari/537.36 (compatible; PetalBot;+https://webmaster.petalsearch.com/site/petalbot)"
217.113.194.51 - - [02/Apr/2026:18:38:49 -0400] "GET /wp-includes/SimplePie/d3fypn/?fm=true&path=/opt/cpanel/ea-php70/root/usr/local/share/man HTTP/1.1" 200 10899 "-" "Mozilla/5.0 (compatible; Barkrowler/0.9; +https://babbar.tech/crawler)"
217.113.194.45 - - [02/Apr/2026:18:39:01 -0400] "GET /wp-includes/SimplePie/d3fypn/?fm=true&path=/opt/cpanel/ea-php70/root/usr/local/share/info HTTP/1.1" 200 9606 "-" "Mozilla/5.0 (compatible; Barkrowler/0.9; +https://babbar.tech/crawler)"
217.113.194.45 - - [02/Apr/2026:18:39:14 -0400] "GET /wp-includes/SimplePie/d3fypn/?fm=true&path=/opt/cpanel/ea-php70/root/usr/local/src/. HTTP/1.1" 200 9602 "-" "Mozilla/5.0 (compatible; Barkrowler/0.9; +https://babbar.tech/crawler)"
216.244.66.200 - - [02/Apr/2026:18:39:22 -0400] "GET /wp-includes/class-pop3.php HTTP/1.1" 200 - "-" "Mozilla/5.0 (compatible; DotBot/1.2; +https://opensiteexplorer.org/dotbot; help@moz.com)"
217.113.194.252 - - [02/Apr/2026:18:39:27 -0400] "GET /wp-includes/SimplePie/d3fypn/?fm=true&path=/opt/cpanel/ea-php70/root/usr/share/themes/. HTTP/1.1" 200 9604 "-" "Mozilla/5.0 (compatible; Barkrowler/0.9; +https://babbar.tech/crawler)"
216.244.66.200 - - [02/Apr/2026:18:39:30 -0400] "GET /wp-includes/class-wp-block-list.php HTTP/1.1" 200 - "-" "Mozilla/5.0 (compatible; DotBot/1.2; +https://opensiteexplorer.org/dotbot; help@moz.com)"
216.244.66.200 - - [02/Apr/2026:18:39:38 -0400] "GET /wp-includes/class-wp-navigation-fallback.php HTTP/1.1" 200 - "-" "Mozilla/5.0 (compatible; DotBot/1.2; +https://opensiteexplorer.org/dotbot; help@moz.com)"
217.113.194.49 - - [02/Apr/2026:18:39:39 -0400] "GET /wp-includes/SimplePie/d3fypn/?fm=true&path=/opt/cpanel/ea-php70/root/usr/share/games/. HTTP/1.1" 200 9604 "-" "Mozilla/5.0 (compatible; Barkrowler/0.9; +https://babbar.tech/crawler)"
216.244.66.200 - - [02/Apr/2026:18:39:43 -0400] "GET /wp-includes/load.php HTTP/1.1" 200 - "-" "Mozilla/5.0 (compatible; DotBot/1.2; +https://opensiteexplorer.org/dotbot; help@moz.com)"
216.244.66.200 - - [02/Apr/2026:18:39:47 -0400] "GET /wp-includes/nav-menu.php HTTP/1.1" 200 - "-" "Mozilla/5.0 (compatible; DotBot/1.2; +https://opensiteexplorer.org/dotbot; help@moz.com)"
217.113.194.252 - - [02/Apr/2026:18:39:52 -0400] "GET /wp-includes/SimplePie/d3fypn/?fm=true&path=/opt/cpanel/ea-php70/root/usr/share/sounds/. HTTP/1.1" 200 9604 "-" "Mozilla/5.0 (compatible; Barkrowler/0.9; +https://babbar.tech/crawler)"
217.113.194.46 - - [02/Apr/2026:18:40:04 -0400] "GET /wp-includes/SimplePie/d3fypn/?fm=true&path=/opt/cpanel/ea-php70/root/usr/share/doc/. HTTP/1.1" 200 10471 "-" "Mozilla/5.0 (compatible; Barkrowler/0.9; +https://babbar.tech/crawler)"
217.113.194.50 - - [02/Apr/2026:18:40:17 -0400] "GET /wp-includes/SimplePie/d3fypn/?fm=true&path=/opt/cpanel/ea-php70/root/usr/share/tests/. HTTP/1.1" 200 9942 "-" "Mozilla/5.0 (compatible; Barkrowler/0.9; +https://babbar.tech/crawler)"
217.113.194.252 - - [02/Apr/2026:18:40:30 -0400] "GET /wp-includes/SimplePie/d3fypn/?fm=true&path=/opt/cpanel/ea-php70/root/usr/share/info/. HTTP/1.1" 200 9601 "-" "Mozilla/5.0 (compatible; Barkrowler/0.9; +https://babbar.tech/crawler)"
198.54.120.101 - - [02/Apr/2026:18:40:37 -0400] "POST /wp-cron.php?doing_wp_cron=1775169637.4957239627838134765625 HTTP/1.1" 200 - "-" "WordPress/6.9.4; https://powertekenterprise.com"
45.131.195.47 - - [02/Apr/2026:18:40:35 -0400] "POST /wp-login.php HTTP/1.1" 200 2207 "-" "Mozilla/5.0"
114.119.157.108 - - [02/Apr/2026:18:40:42 -0400] "GET /wp-includes/assets/wpper.php?edit=editor.css&path=/home/powertekenterpri/public_html/wp-includes/blocks/file/ HTTP/1.1" 200 941 "https://powertekenterprise.com/wp-includes/assets/wpper.php?rename=view.js&path=/home/powertekenterpri/public_html/wp-includes/blocks/file/" "Mozilla/5.0 (Linux; Android 7.0;) AppleWebKit/537.36 (KHTML, like Gecko) Mobile Safari/537.36 (compatible; PetalBot;+https://webmaster.petalsearch.com/site/petalbot)"
217.113.194.46 - - [02/Apr/2026:18:40:43 -0400] "GET /wp-includes/SimplePie/d3fypn/?fm=true&path=/opt/cpanel/ea-php70/root/usr/share/misc/. HTTP/1.1" 200 9603 "-" "Mozilla/5.0 (compatible; Barkrowler/0.9; +https://babbar.tech/crawler)"
217.113.194.50 - - [02/Apr/2026:18:40:56 -0400] "GET /wp-includes/SimplePie/d3fypn/?fm=true&path=/opt/cpanel/ea-php70/root/usr/share/php/. HTTP/1.1" 200 9600 "-" "Mozilla/5.0 (compatible; Barkrowler/0.9; +https://babbar.tech/crawler)"
217.113.194.45 - - [02/Apr/2026:18:41:08 -0400] "GET /wp-includes/SimplePie/d3fypn/?fm=true&path=/opt/imunify360/venv/include/.. HTTP/1.1" 200 10296 "-" "Mozilla/5.0 (compatible; Barkrowler/0.9; +https://babbar.tech/crawler)"
217.113.194.43 - - [02/Apr/2026:18:41:21 -0400] "GET /wp-includes/SimplePie/d3fypn/?fm=true&path=/opt/plesk/php/8.4/lib64/php/modules/. HTTP/1.1" 200 9904 "-" "Mozilla/5.0 (compatible; Barkrowler/0.9; +https://babbar.tech/crawler)"
47.128.62.180 - - [02/Apr/2026:18:41:31 -0400] "GET /wp-includes/assets/wpper.php?edit=iwlwifi-QuZ-a0-hr-b0-74.ucode&path=%2Fusr%2Flib%2Ffirmware%2F HTTP/1.1" 200 656 "-" "Mozilla/5.0 (Linux; Android 5.0) AppleWebKit/537.36 (KHTML, like Gecko) Mobile Safari/537.36 (compatible; Bytespider; spider-feedback@bytedance.com)"
154.54.249.197 - - [02/Apr/2026:18:41:34 -0400] "GET /robots.txt HTTP/1.1" 304 - "-" "Mozilla/5.0 (compatible; Barkrowler/0.9; +https://babbar.tech/crawler)"
217.113.194.42 - - [02/Apr/2026:18:41:46 -0400] "GET /wp-includes/SimplePie/d3fypn/?fm=true&path=/opt/plesk/php/8.5/lib64/php/modules/. HTTP/1.1" 200 9899 "-" "Mozilla/5.0 (compatible; Barkrowler/0.9; +https://babbar.tech/crawler)"
217.113.194.244 - - [02/Apr/2026:18:41:59 -0400] "GET /wp-includes/SimplePie/d3fypn/?fm=true&path=/opt/alt/alt-ImageMagick/usr/share/doc/.. HTTP/1.1" 200 10014 "-" "Mozilla/5.0 (compatible; Barkrowler/0.9; +https://babbar.tech/crawler)"
114.119.131.200 - - [02/Apr/2026:18:42:03 -0400] "GET /wp-includes/assets/wpper.php?download=L2hvbWUvcG93ZXJ0ZWtlbnRlcnByaS9wdWJsaWNfaHRtbC93cC1pbmNsdWRlcy9wbHVnZ2FibGUtZGVwcmVjYXRlZC5waHA%3D HTTP/1.1" 200 6324 "https://powertekenterprise.com/wp-includes/assets/wpper.php?rename=class-pop3.php&path=/home/powertekenterpri/public_html/wp-includes/" "Mozilla/5.0 (Linux; Android 7.0;) AppleWebKit/537.36 (KHTML, like Gecko) Mobile Safari/537.36 (compatible; PetalBot;+https://webmaster.petalsearch.com/site/petalbot)"
154.54.249.197 - - [02/Apr/2026:18:42:11 -0400] "GET /wp-includes/SimplePie/d3fypn/?fm=true&path=/opt/alt/alt-ImageMagick/usr/share/man/. HTTP/1.1" 200 9853 "-" "Mozilla/5.0 (compatible; Barkrowler/0.9; +https://babbar.tech/crawler)"
217.113.194.48 - - [02/Apr/2026:18:42:24 -0400] "GET /wp-includes/SimplePie/d3fypn/?fm=true&path=/opt/alt/alt-ImageMagick/usr/share/man/.. HTTP/1.1" 200 10015 "-" "Mozilla/5.0 (compatible; Barkrowler/0.9; +https://babbar.tech/crawler)"
217.113.194.244 - - [02/Apr/2026:18:42:37 -0400] "GET /wp-includes/SimplePie/d3fypn/?fm=true&path=/opt/alt/alt-ImageMagick/usr/share/man/man1 HTTP/1.1" 200 11504 "-" "Mozilla/5.0 (compatible; Barkrowler/0.9; +https://babbar.tech/crawler)"
217.113.194.49 - - [02/Apr/2026:18:42:50 -0400] "GET /wp-includes/SimplePie/d3fypn/?fm=true&path=/opt/alt/freetds11/usr/share/man/man5/. HTTP/1.1" 200 9911 "-" "Mozilla/5.0 (compatible; Barkrowler/0.9; +https://babbar.tech/crawler)"
217.113.194.212 - - [02/Apr/2026:18:43:03 -0400] "GET /wp-includes/SimplePie/d3fypn/?fm=true&path=/opt/alt/freetds11/usr/share/man/man1/. HTTP/1.1" 200 10460 "-" "Mozilla/5.0 (compatible; Barkrowler/0.9; +https://babbar.tech/crawler)"
217.113.194.47 - - [02/Apr/2026:18:43:16 -0400] "GET /wp-includes/SimplePie/d3fypn/?fm=true&path=/opt/alt/libxml2/usr/share/man/man1/.. HTTP/1.1" 200 9852 "-" "Mozilla/5.0 (compatible; Barkrowler/0.9; +https://babbar.tech/crawler)"
217.113.194.49 - - [02/Apr/2026:18:43:28 -0400] "GET /wp-includes/SimplePie/d3fypn/?fm=true&path=/opt/alt/libicu/usr/share/man/man1/.. HTTP/1.1" 200 9826 "-" "Mozilla/5.0 (compatible; Barkrowler/0.9; +https://babbar.tech/crawler)"
217.113.194.212 - - [02/Apr/2026:18:43:41 -0400] "GET /wp-includes/SimplePie/d3fypn/?fm=true&path=/opt/alt/libicu65/usr/share/man/man1/. HTTP/1.1" 200 9991 "-" "Mozilla/5.0 (compatible; Barkrowler/0.9; +https://babbar.tech/crawler)"
114.119.142.7 - - [02/Apr/2026:18:43:42 -0400] "GET /wp-includes/assets/wpper.php?download=L2hvbWUvcG93ZXJ0ZWtlbnRlcnByaS9wdWJsaWNfaHRtbC93cC1pbmNsdWRlcy9qcy90aW55bWNlL3BsdWdpbnMvd3BlZGl0aW1hZ2UvcGx1Z2luLm1pbi5qcw%3D%3D HTTP/1.1" 200 12067 "https://powertekenterprise.com/wp-includes/assets/wpper.php?path=/home/powertekenterpri/public_html/wp-includes/js/tinymce/plugins/wpeditimage" "Mozilla/5.0 (Linux; Android 7.0;) AppleWebKit/537.36 (KHTML, like Gecko) Mobile Safari/537.36 (compatible; PetalBot;+https://webmaster.petalsearch.com/site/petalbot)"
217.113.194.42 - - [02/Apr/2026:18:43:54 -0400] "GET /wp-includes/SimplePie/d3fypn/?fm=true&path=/opt/alt/postgresql11/usr/share/locale/tr/. HTTP/1.1" 200 9882 "-" "Mozilla/5.0 (compatible; Barkrowler/0.9; +https://babbar.tech/crawler)"
217.113.194.49 - - [02/Apr/2026:18:44:07 -0400] "GET /wp-includes/SimplePie/d3fypn/?fm=true&path=/opt/alt/postgresql11/usr/share/locale/tr/.. HTTP/1.1" 200 10609 "-" "Mozilla/5.0 (compatible; Barkrowler/0.9; +https://babbar.tech/crawler)"
47.128.62.134 - - [02/Apr/2026:18:44:14 -0400] "GET /wp-includes/assets/wpper.php?download=L3Vzci9pbmNsdWRlL2FzbS92bTg2Lmg= HTTP/1.1" 200 3118 "-" "Mozilla/5.0 (Linux; Android 5.0) AppleWebKit/537.36 (KHTML, like Gecko) Mobile Safari/537.36 (compatible; Bytespider; spider-feedback@bytedance.com)"
217.113.194.45 - - [02/Apr/2026:18:44:20 -0400] "GET /wp-includes/SimplePie/d3fypn/?fm=true&path=/opt/alt/postgresql11/usr/share/locale/cs/.. HTTP/1.1" 200 10609 "-" "Mozilla/5.0 (compatible; Barkrowler/0.9; +https://babbar.tech/crawler)"
217.113.194.46 - - [02/Apr/2026:18:44:32 -0400] "GET /wp-includes/SimplePie/d3fypn/?fm=true&path=/opt/alt/postgresql11/usr/share/locale/es/.. HTTP/1.1" 200 10608 "-" "Mozilla/5.0 (compatible; Barkrowler/0.9; +https://babbar.tech/crawler)"
217.113.194.46 - - [02/Apr/2026:18:44:45 -0400] "GET /wp-includes/SimplePie/d3fypn/?fm=true&path=/opt/alt/postgresql11/usr/share/locale/pt_BR/. HTTP/1.1" 200 9888 "-" "Mozilla/5.0 (compatible; Barkrowler/0.9; +https://babbar.tech/crawler)"
217.113.194.49 - - [02/Apr/2026:18:44:58 -0400] "GET /wp-includes/SimplePie/d3fypn/?fm=true&path=/opt/alt/t1lib/usr/share/man/man5/.. HTTP/1.1" 200 9885 "-" "Mozilla/5.0 (compatible; Barkrowler/0.9; +https://babbar.tech/crawler)"
154.54.249.197 - - [02/Apr/2026:18:45:10 -0400] "GET /wp-includes/SimplePie/d3fypn/?fm=true&path=/opt/alt/t1lib/usr/share/man/man8/.. HTTP/1.1" 200 9884 "-" "Mozilla/5.0 (compatible; Barkrowler/0.9; +https://babbar.tech/crawler)"
217.113.194.47 - - [02/Apr/2026:18:45:23 -0400] "GET /wp-includes/SimplePie/d3fypn/?fm=true&path=/opt/alt/python312/lib64/python3.12/html/. HTTP/1.1" 200 10217 "-" "Mozilla/5.0 (compatible; Barkrowler/0.9; +https://babbar.tech/crawler)"
114.119.157.108 - - [02/Apr/2026:18:45:24 -0400] "GET /wp-includes/assets/wpper.php?download=L2hvbWUvcG93ZXJ0ZWtlbnRlcnByaS9wdWJsaWNfaHRtbC93cC1pbmNsdWRlcy9odHRwcy1taWdyYXRpb24ucGhw HTTP/1.1" 200 4741 "https://powertekenterprise.com/wp-includes/assets/wpper.php?rename=class-pop3.php&path=/home/powertekenterpri/public_html/wp-includes/" "Mozilla/5.0 (Linux; Android 7.0;) AppleWebKit/537.36 (KHTML, like Gecko) Mobile Safari/537.36 (compatible; PetalBot;+https://webmaster.petalsearch.com/site/petalbot)"
217.113.194.42 - - [02/Apr/2026:18:45:36 -0400] "GET /wp-includes/SimplePie/d3fypn/?fm=true&path=/opt/alt/python312/lib64/python3.12/xml/. HTTP/1.1" 200 10337 "-" "Mozilla/5.0 (compatible; Barkrowler/0.9; +https://babbar.tech/crawler)"
217.113.194.48 - - [02/Apr/2026:18:45:49 -0400] "GET /wp-includes/SimplePie/d3fypn/?fm=true&path=/opt/alt/pcre/usr/share/doc/alt-pcre/. HTTP/1.1" 200 10378 "-" "Mozilla/5.0 (compatible; Barkrowler/0.9; +https://babbar.tech/crawler)"
217.113.194.252 - - [02/Apr/2026:18:46:01 -0400] "GET /wp-includes/SimplePie/d3fypn/?fm=true&path=/opt/alt/php74/usr/lib64/php/pear/.. HTTP/1.1" 200 9931 "-" "Mozilla/5.0 (compatible; Barkrowler/0.9; +https://babbar.tech/crawler)"
154.54.249.197 - - [02/Apr/2026:18:46:14 -0400] "GET /wp-includes/SimplePie/d3fypn/?fm=true&path=/opt/alt/php74/usr/include/php/sapi/. HTTP/1.1" 200 9839 "-" "Mozilla/5.0 (compatible; Barkrowler/0.9; +https://babbar.tech/crawler)"
217.113.194.49 - - [02/Apr/2026:18:46:27 -0400] "GET /wp-includes/SimplePie/d3fypn/?fm=true&path=/opt/alt/php74/usr/include/php/sapi/cli HTTP/1.1" 200 9875 "-" "Mozilla/5.0 (compatible; Barkrowler/0.9; +https://babbar.tech/crawler)"
217.113.194.42 - - [02/Apr/2026:18:46:39 -0400] "GET /wp-includes/SimplePie/d3fypn/?fm=true&path=/opt/alt/php74/usr/include/php/sapi/.. HTTP/1.1" 200 10233 "-" "Mozilla/5.0 (compatible; Barkrowler/0.9; +https://babbar.tech/crawler)"
217.113.194.51 - - [02/Apr/2026:18:46:52 -0400] "GET /wp-includes/SimplePie/d3fypn/?fm=true&path=/opt/alt/php74/usr/include/php/ext/curl HTTP/1.1" 200 9887 "-" "Mozilla/5.0 (compatible; Barkrowler/0.9; +https://babbar.tech/crawler)"
47.128.62.170 - - [02/Apr/2026:18:46:55 -0400] "GET /wp-includes/theme-compat/yprkzw/?d=%2Fhome%2F%2Fpowertekenterpri%2Fpublic_html%2F%2Fwp-content%2Fuploads%2Fwpforms%2Fcache%2Fdocs.json HTTP/1.1" 200 3161 "-" "Mozilla/5.0 (Linux; Android 5.0) AppleWebKit/537.36 (KHTML, like Gecko) Mobile Safari/537.36 (compatible; Bytespider; spider-feedback@bytedance.com)"
198.54.120.101 - - [02/Apr/2026:18:47:04 -0400] "POST /wp-cron.php?doing_wp_cron=1775170024.1778490543365478515625 HTTP/1.1" 200 - "-" "WordPress/6.9.4; https://powertekenterprise.com"
129.226.93.214 - - [02/Apr/2026:18:47:01 -0400] "GET /product-category/food-processing-machines/chips-processing-machines/ HTTP/1.1" 200 19764 "-" "Mozilla/5.0 (iPhone; CPU iPhone OS 13_2_3 like Mac OS X) AppleWebKit/605.1.15 (KHTML, like Gecko) Version/13.0.3 Mobile/15E148 Safari/604.1"
217.113.194.44 - - [02/Apr/2026:18:47:05 -0400] "GET /wp-includes/SimplePie/d3fypn/?fm=true&path=/opt/alt/php74/usr/include/php/ext/gmp HTTP/1.1" 200 9900 "-" "Mozilla/5.0 (compatible; Barkrowler/0.9; +https://babbar.tech/crawler)"
17.246.23.20 - - [02/Apr/2026:18:47:12 -0400] "GET /wp-includes/SimplePie/d3fypn/?fm=true&edit=68.tar.gz&path=/home/powertekenterpri/public_html/wp-includes/SimplePie/d3fypn/ HTTP/1.1" 200 8866 "-" "Mozilla/5.0 (Macintosh; Intel Mac OS X 10_15_7) AppleWebKit/605.1.15 (KHTML, like Gecko) Version/17.4 Safari/605.1.15 (Applebot/0.1; +http://www.apple.com/go/applebot)"
217.113.194.46 - - [02/Apr/2026:18:47:17 -0400] "GET /wp-includes/SimplePie/d3fypn/?fm=true&path=/opt/alt/php74/usr/include/php/ext/phar HTTP/1.1" 200 9889 "-" "Mozilla/5.0 (compatible; Barkrowler/0.9; +https://babbar.tech/crawler)"
114.119.131.97 - - [02/Apr/2026:18:47:17 -0400] "GET /faq HTTP/1.1" 301 - "-" "Mozilla/5.0 (Linux; Android 7.0;) AppleWebKit/537.36 (KHTML, like Gecko) Mobile Safari/537.36 (compatible; PetalBot;+https://webmaster.petalsearch.com/site/petalbot)"
114.119.131.97 - - [02/Apr/2026:18:47:26 -0400] "GET /faq/ HTTP/1.1" 200 18137 "-" "Mozilla/5.0 (Linux; Android 7.0;) AppleWebKit/537.36 (KHTML, like Gecko) Mobile Safari/537.36 (compatible; PetalBot;+https://webmaster.petalsearch.com/site/petalbot)"
217.113.194.244 - - [02/Apr/2026:18:47:30 -0400] "GET /wp-includes/SimplePie/d3fypn/?fm=true&path=/opt/alt/php74/usr/include/php/ext/sockets HTTP/1.1" 200 9897 "-" "Mozilla/5.0 (compatible; Barkrowler/0.9; +https://babbar.tech/crawler)"
154.54.249.197 - - [02/Apr/2026:18:47:43 -0400] "GET /wp-includes/SimplePie/d3fypn/?fm=true&path=/opt/alt/php74/usr/include/php/ext/json HTTP/1.1" 200 10083 "-" "Mozilla/5.0 (compatible; Barkrowler/0.9; +https://babbar.tech/crawler)"
217.113.194.42 - - [02/Apr/2026:18:47:56 -0400] "GET /wp-includes/SimplePie/d3fypn/?fm=true&path=/opt/alt/php74/usr/include/php/ext/hash HTTP/1.1" 200 10956 "-" "Mozilla/5.0 (compatible; Barkrowler/0.9; +https://babbar.tech/crawler)"
217.113.194.43 - - [02/Apr/2026:18:48:08 -0400] "GET /wp-includes/SimplePie/d3fypn/?fm=true&path=/opt/alt/php74/usr/include/php/ext/gd HTTP/1.1" 200 9986 "-" "Mozilla/5.0 (compatible; Barkrowler/0.9; +https://babbar.tech/crawler)"
217.113.194.252 - - [02/Apr/2026:18:48:21 -0400] "GET /wp-includes/SimplePie/d3fypn/?fm=true&path=/opt/alt/php74/usr/include/php/ext/spl HTTP/1.1" 200 10764 "-" "Mozilla/5.0 (compatible; Barkrowler/0.9; +https://babbar.tech/crawler)"
217.113.194.46 - - [02/Apr/2026:18:48:35 -0400] "GET /wp-includes/SimplePie/d3fypn/?fm=true&path=/opt/alt/php74/usr/include/php/ext/pdo HTTP/1.1" 200 10072 "-" "Mozilla/5.0 (compatible; Barkrowler/0.9; +https://babbar.tech/crawler)"
217.113.194.46 - - [02/Apr/2026:18:48:48 -0400] "GET /wp-includes/SimplePie/d3fypn/?fm=true&path=/opt/alt/php74/usr/include/php/include/. HTTP/1.1" 200 9577 "-" "Mozilla/5.0 (compatible; Barkrowler/0.9; +https://babbar.tech/crawler)"
114.119.142.7 - - [02/Apr/2026:18:48:53 -0400] "GET /wp-includes/assets/wpper.php?download=L2hvbWUvcG93ZXJ0ZWtlbnRlcnByaS9wdWJsaWNfaHRtbC93cC1pbmNsdWRlcy9jbGFzcy1vZW1iZWQucGhw HTTP/1.1" 200 401 "https://powertekenterprise.com/wp-includes/assets/wpper.php?rename=class-pop3.php&path=/home/powertekenterpri/public_html/wp-includes/" "Mozilla/5.0 (Linux; Android 7.0;) AppleWebKit/537.36 (KHTML, like Gecko) Mobile Safari/537.36 (compatible; PetalBot;+https://webmaster.petalsearch.com/site/petalbot)"
217.113.194.49 - - [02/Apr/2026:18:49:00 -0400] "GET /wp-includes/SimplePie/d3fypn/?fm=true&path=/opt/alt/php74/usr/include/php/include/.. HTTP/1.1" 200 10234 "-" "Mozilla/5.0 (compatible; Barkrowler/0.9; +https://babbar.tech/crawler)"
217.113.194.212 - - [02/Apr/2026:18:49:13 -0400] "GET /wp-includes/SimplePie/d3fypn/?fm=true&path=/opt/alt/php74/usr/include/php/main/.. HTTP/1.1" 200 10233 "-" "Mozilla/5.0 (compatible; Barkrowler/0.9; +https://babbar.tech/crawler)"
217.113.194.47 - - [02/Apr/2026:18:49:26 -0400] "GET /wp-includes/SimplePie/d3fypn/?fm=true&path=/opt/alt/php74/usr/include/php/main/streams HTTP/1.1" 200 10554 "-" "Mozilla/5.0 (compatible; Barkrowler/0.9; +https://babbar.tech/crawler)"
217.113.194.50 - - [02/Apr/2026:18:49:39 -0400] "GET /wp-includes/SimplePie/d3fypn/?fm=true&path=/opt/alt/php74/usr/share/doc/pear/PEAR HTTP/1.1" 200 10079 "-" "Mozilla/5.0 (compatible; Barkrowler/0.9; +https://babbar.tech/crawler)"
17.246.23.76 - - [02/Apr/2026:18:49:44 -0400] "GET /wp-includes/Requests/src/Utility/pmyhqx/?fm=true&rename=devices&path=/proc/ HTTP/1.1" 200 8710 "-" "Mozilla/5.0 (Macintosh; Intel Mac OS X 10_15_7) AppleWebKit/605.1.15 (KHTML, like Gecko) Version/17.4 Safari/605.1.15 (Applebot/0.1; +http://www.apple.com/go/applebot)"
154.54.249.197 - - [02/Apr/2026:18:49:51 -0400] "GET /wp-includes/SimplePie/d3fypn/?fm=true&path=/opt/alt/php74/usr/share/pecl/vld/. HTTP/1.1" 200 10068 "-" "Mozilla/5.0 (compatible; Barkrowler/0.9; +https://babbar.tech/crawler)"
47.128.62.190 - - [02/Apr/2026:18:49:52 -0400] "GET /wp-includes/theme-compat/yprkzw/?d=%2Fhome%2Fpowertekenterpri%2Fpublic_html%2F%2Fwp-content%2F%2Fplugins%2Fsmart-slider-3%2FNextend%2FSmartSlider3%2F%2FSlider HTTP/1.1" 200 3604 "-" "Mozilla/5.0 (Linux; Android 5.0) AppleWebKit/537.36 (KHTML, like Gecko) Mobile Safari/537.36 (compatible; Bytespider; spider-feedback@bytedance.com)"
217.113.194.50 - - [02/Apr/2026:18:50:04 -0400] "GET /wp-includes/SimplePie/d3fypn/?fm=true&path=/opt/alt/php74/usr/share/pear/OS/.. HTTP/1.1" 200 11681 "-" "Mozilla/5.0 (compatible; Barkrowler/0.9; +https://babbar.tech/crawler)"
216.73.216.119 - - [02/Apr/2026:18:50:08 -0400] "GET /robots.txt HTTP/1.1" 304 - "-" "Mozilla/5.0 AppleWebKit/537.36 (KHTML, like Gecko; compatible; ClaudeBot/1.0; +claudebot@anthropic.com)"
198.54.120.101 - - [02/Apr/2026:18:50:10 -0400] "POST /wp-cron.php?doing_wp_cron=1775170210.8617410659790039062500 HTTP/1.1" 200 - "-" "WordPress/6.9.4; https://powertekenterprise.com"
216.73.216.119 - - [02/Apr/2026:18:50:08 -0400] "GET /product-category/food-processing-machines HTTP/1.1" 301 - "-" "Mozilla/5.0 AppleWebKit/537.36 (KHTML, like Gecko; compatible; ClaudeBot/1.0; +claudebot@anthropic.com)"
216.73.216.119 - - [02/Apr/2026:18:50:11 -0400] "GET /product-category/food-processing-machines/ HTTP/1.1" 200 23191 "https://powertekenterprise.com/product-category/food-processing-machines" "Mozilla/5.0 AppleWebKit/537.36 (KHTML, like Gecko; compatible; ClaudeBot/1.0; +claudebot@anthropic.com)"
217.113.194.43 - - [02/Apr/2026:18:50:17 -0400] "GET /wp-includes/SimplePie/d3fypn/?fm=true&path=/opt/alt/php74/usr/share/pear/.channels/. HTTP/1.1" 200 10281 "-" "Mozilla/5.0 (compatible; Barkrowler/0.9; +https://babbar.tech/crawler)"
217.113.194.51 - - [02/Apr/2026:18:50:30 -0400] "GET /wp-includes/SimplePie/d3fypn/?fm=true&path=/opt/alt/php74/usr/share/pear/.registry/. HTTP/1.1" 200 11525 "-" "Mozilla/5.0 (compatible; Barkrowler/0.9; +https://babbar.tech/crawler)"
114.119.156.134 - - [02/Apr/2026:18:50:40 -0400] "GET /wp-includes/Text/Diff/tequjy/?p=2f686f6d652f706f77657274656b656e7465727072692f7075626c69635f68746d6c2f77702d696e636c756465732f546578742f446966662f746571756a79&a=6e657746696c65 HTTP/1.1" 200 3083 "https://powertekenterprise.com/wp-includes/Text/Diff/tequjy/" "Mozilla/5.0 (Linux; Android 7.0;) AppleWebKit/537.36 (KHTML, like Gecko) Mobile Safari/537.36 (compatible; PetalBot;+https://webmaster.petalsearch.com/site/petalbot)"
216.73.216.119 - - [02/Apr/2026:18:50:39 -0400] "GET /gallery HTTP/1.1" 301 - "-" "Mozilla/5.0 AppleWebKit/537.36 (KHTML, like Gecko; compatible; ClaudeBot/1.0; +claudebot@anthropic.com)"
198.54.120.101 - - [02/Apr/2026:18:50:41 -0400] "POST /wp-cron.php?doing_wp_cron=1775170241.5503969192504882812500 HTTP/1.1" 200 - "-" "WordPress/6.9.4; https://powertekenterprise.com"
216.73.216.119 - - [02/Apr/2026:18:50:39 -0400] "GET /product-category/food-processing-machines/packing-machines HTTP/1.1" 301 - "-" "Mozilla/5.0 AppleWebKit/537.36 (KHTML, like Gecko; compatible; ClaudeBot/1.0; +claudebot@anthropic.com)"
217.113.194.46 - - [02/Apr/2026:18:50:43 -0400] "GET /wp-includes/SimplePie/d3fypn/?fm=true&path=/opt/alt/php74/usr/share/pear/PEAR/. HTTP/1.1" 200 12185 "-" "Mozilla/5.0 (compatible; Barkrowler/0.9; +https://babbar.tech/crawler)"
216.73.216.119 - - [02/Apr/2026:18:50:41 -0400] "GET /gallery/ HTTP/1.1" 200 17759 "https://powertekenterprise.com/gallery" "Mozilla/5.0 AppleWebKit/537.36 (KHTML, like Gecko; compatible; ClaudeBot/1.0; +claudebot@anthropic.com)"
216.73.216.119 - - [02/Apr/2026:18:50:41 -0400] "GET /product-category/food-processing-machines/packing-machines/ HTTP/1.1" 200 19245 "https://powertekenterprise.com/product-category/food-processing-machines/packing-machines" "Mozilla/5.0 AppleWebKit/537.36 (KHTML, like Gecko; compatible; ClaudeBot/1.0; +claudebot@anthropic.com)"
154.54.249.197 - - [02/Apr/2026:18:50:56 -0400] "GET /wp-includes/SimplePie/d3fypn/?fm=true&path=/opt/alt/php74/usr/share/pear/Structures/Graph HTTP/1.1" 200 10040 "-" "Mozilla/5.0 (compatible; Barkrowler/0.9; +https://babbar.tech/crawler)"
217.113.194.46 - - [02/Apr/2026:18:51:09 -0400] "GET /wp-includes/SimplePie/d3fypn/?fm=true&path=/opt/alt/php81/usr/lib64/php/pear/.. HTTP/1.1" 200 9932 "-" "Mozilla/5.0 (compatible; Barkrowler/0.9; +https://babbar.tech/crawler)"
217.113.194.48 - - [02/Apr/2026:18:51:21 -0400] "GET /wp-includes/SimplePie/d3fypn/?fm=true&path=/opt/alt/php81/usr/include/php/sapi/. HTTP/1.1" 200 9840 "-" "Mozilla/5.0 (compatible; Barkrowler/0.9; +https://babbar.tech/crawler)"
217.113.194.46 - - [02/Apr/2026:18:51:34 -0400] "GET /wp-includes/SimplePie/d3fypn/?fm=true&path=/opt/alt/php81/usr/include/php/sapi/cli HTTP/1.1" 200 9875 "-" "Mozilla/5.0 (compatible; Barkrowler/0.9; +https://babbar.tech/crawler)"
198.54.120.101 - - [02/Apr/2026:18:51:37 -0400] "POST /wp-cron.php?doing_wp_cron=1775170297.1176760196685791015625 HTTP/1.1" 200 - "-" "WordPress/6.9.4; https://powertekenterprise.com"
216.73.216.119 - - [02/Apr/2026:18:51:35 -0400] "GET /product-category/food-processing-machines/curry-powder-machines HTTP/1.1" 301 - "-" "Mozilla/5.0 AppleWebKit/537.36 (KHTML, like Gecko; compatible; ClaudeBot/1.0; +claudebot@anthropic.com)"
216.73.216.119 - - [02/Apr/2026:18:51:37 -0400] "GET /product-category/food-processing-machines/curry-powder-machines/ HTTP/1.1" 200 19780 "https://powertekenterprise.com/product-category/food-processing-machines/curry-powder-machines" "Mozilla/5.0 AppleWebKit/537.36 (KHTML, like Gecko; compatible; ClaudeBot/1.0; +claudebot@anthropic.com)"
217.113.194.44 - - [02/Apr/2026:18:51:47 -0400] "GET /wp-includes/SimplePie/d3fypn/?fm=true&path=/opt/alt/php81/usr/include/php/sapi/.. HTTP/1.1" 200 10225 "-" "Mozilla/5.0 (compatible; Barkrowler/0.9; +https://babbar.tech/crawler)"
217.113.194.47 - - [02/Apr/2026:18:51:59 -0400] "GET /wp-includes/SimplePie/d3fypn/?fm=true&path=/opt/alt/php81/usr/include/php/ext/curl HTTP/1.1" 200 9888 "-" "Mozilla/5.0 (compatible; Barkrowler/0.9; +https://babbar.tech/crawler)"
217.113.194.49 - - [02/Apr/2026:18:52:12 -0400] "GET /wp-includes/SimplePie/d3fypn/?fm=true&path=/opt/alt/php81/usr/include/php/ext/gmp HTTP/1.1" 200 9898 "-" "Mozilla/5.0 (compatible; Barkrowler/0.9; +https://babbar.tech/crawler)"
114.119.136.138 - - [02/Apr/2026:18:52:24 -0400] "GET /wp-includes/SimplePie/d3fypn/?fm=true&rights=autoscan.tar&path=/home/powertekenterpri/public_html/wp-includes/SimplePie/d3fypn/ HTTP/1.1" 200 8860 "https://powertekenterprise.com/wp-includes/SimplePie/d3fypn/?fm=true&=openldap.tar&path=/home/powertekenterpri/public_html/wp-includes/SimplePie/d3fypn/" "Mozilla/5.0 (Linux; Android 7.0;) AppleWebKit/537.36 (KHTML, like Gecko) Mobile Safari/537.36 (compatible; PetalBot;+https://webmaster.petalsearch.com/site/petalbot)"
154.54.249.197 - - [02/Apr/2026:18:52:24 -0400] "GET /wp-includes/SimplePie/d3fypn/?fm=true&path=/opt/alt/php81/usr/include/php/ext/phar HTTP/1.1" 200 9888 "-" "Mozilla/5.0 (compatible; Barkrowler/0.9; +https://babbar.tech/crawler)"
47.128.62.191 - - [02/Apr/2026:18:52:27 -0400] "GET /wp-includes/theme-compat/yprkzw/?d=%2Fhome%2F%2Fpowertekenterpri%2Fwww%2Fwp-content%2Fthemes%2F%2Fhello-elementor%2F%2Fvendor HTTP/1.1" 200 3214 "-" "Mozilla/5.0 (Linux; Android 5.0) AppleWebKit/537.36 (KHTML, like Gecko) Mobile Safari/537.36 (compatible; Bytespider; spider-feedback@bytedance.com)"
217.113.194.252 - - [02/Apr/2026:18:52:37 -0400] "GET /wp-includes/SimplePie/d3fypn/?fm=true&path=/opt/alt/php81/usr/include/php/ext/sockets HTTP/1.1" 200 9897 "-" "Mozilla/5.0 (compatible; Barkrowler/0.9; +https://babbar.tech/crawler)"
198.54.120.101 - - [02/Apr/2026:18:52:42 -0400] "POST /wp-cron.php?doing_wp_cron=1775170362.5616290569305419921875 HTTP/1.1" 200 - "-" "WordPress/6.9.4; https://powertekenterprise.com"
198.54.120.101 - - [02/Apr/2026:18:52:42 -0400] "POST /wp-cron.php?doing_wp_cron=1775170362.5612750053405761718750 HTTP/1.1" 200 - "-" "WordPress/6.9.4; https://powertekenterprise.com"
216.73.216.119 - - [02/Apr/2026:18:52:40 -0400] "GET /shop/page/3 HTTP/1.1" 301 - "-" "Mozilla/5.0 AppleWebKit/537.36 (KHTML, like Gecko; compatible; ClaudeBot/1.0; +claudebot@anthropic.com)"
216.73.216.119 - - [02/Apr/2026:18:52:40 -0400] "GET /shop/feed HTTP/1.1" 301 - "-" "Mozilla/5.0 AppleWebKit/537.36 (KHTML, like Gecko; compatible; ClaudeBot/1.0; +claudebot@anthropic.com)"
216.73.216.119 - - [02/Apr/2026:18:52:42 -0400] "GET /shop/feed/ HTTP/1.1" 200 3171 "https://powertekenterprise.com/shop/feed" "Mozilla/5.0 AppleWebKit/537.36 (KHTML, like Gecko; compatible; ClaudeBot/1.0; +claudebot@anthropic.com)"
216.73.216.119 - - [02/Apr/2026:18:52:42 -0400] "GET /shop/page/3/ HTTP/1.1" 200 23236 "https://powertekenterprise.com/shop/page/3" "Mozilla/5.0 AppleWebKit/537.36 (KHTML, like Gecko; compatible; ClaudeBot/1.0; +claudebot@anthropic.com)"
217.113.194.46 - - [02/Apr/2026:18:52:50 -0400] "GET /wp-includes/SimplePie/d3fypn/?fm=true&path=/opt/alt/php81/usr/include/php/ext/json HTTP/1.1" 200 10081 "-" "Mozilla/5.0 (compatible; Barkrowler/0.9; +https://babbar.tech/crawler)"
17.246.23.141 - - [02/Apr/2026:18:52:52 -0400] "GET /wp-includes/SimplePie/library/SimplePie/XML/Declaration/Parser.php HTTP/1.1" 200 - "-" "Mozilla/5.0 (Macintosh; Intel Mac OS X 10_15_7) AppleWebKit/605.1.15 (KHTML, like Gecko) Version/17.4 Safari/605.1.15 (Applebot/0.1; +http://www.apple.com/go/applebot)"
217.113.194.42 - - [02/Apr/2026:18:53:02 -0400] "GET /wp-includes/SimplePie/d3fypn/?fm=true&path=/opt/alt/php81/usr/include/php/ext/http HTTP/1.1" 200 12691 "-" "Mozilla/5.0 (compatible; Barkrowler/0.9; +https://babbar.tech/crawler)"
217.113.194.46 - - [02/Apr/2026:18:53:15 -0400] "GET /wp-includes/SimplePie/d3fypn/?fm=true&path=/opt/alt/php81/usr/include/php/ext/hash HTTP/1.1" 200 11111 "-" "Mozilla/5.0 (compatible; Barkrowler/0.9; +https://babbar.tech/crawler)"
17.241.75.36 - - [02/Apr/2026:18:53:16 -0400] "GET /wp-includes/SimplePie/d3fypn/?gzfile=L2hvbWUvcG93ZXJ0ZWtlbnRlcnByaS9wdWJsaWNfaHRtbC93cC1pbmNsdWRlcy9jbGFzcy13cC1kZXBlbmRlbmNpZXMucGhw HTTP/1.1" 200 6737 "-" "Mozilla/5.0 (Macintosh; Intel Mac OS X 10_15_7) AppleWebKit/605.1.15 (KHTML, like Gecko) Version/17.4 Safari/605.1.15 (Applebot/0.1; +http://www.apple.com/go/applebot)"
217.113.194.47 - - [02/Apr/2026:18:53:27 -0400] "GET /wp-includes/SimplePie/d3fypn/?fm=true&path=/opt/alt/php81/usr/include/php/ext/psr HTTP/1.1" 200 10907 "-" "Mozilla/5.0 (compatible; Barkrowler/0.9; +https://babbar.tech/crawler)"
217.113.194.47 - - [02/Apr/2026:18:53:40 -0400] "GET /wp-includes/SimplePie/d3fypn/?fm=true&path=/opt/alt/php81/usr/include/php/ext/gd HTTP/1.1" 200 10077 "-" "Mozilla/5.0 (compatible; Barkrowler/0.9; +https://babbar.tech/crawler)"
217.113.194.45 - - [02/Apr/2026:18:53:53 -0400] "GET /wp-includes/SimplePie/d3fypn/?fm=true&path=/opt/alt/php81/usr/include/php/ext/spl HTTP/1.1" 200 10769 "-" "Mozilla/5.0 (compatible; Barkrowler/0.9; +https://babbar.tech/crawler)"
217.113.194.42 - - [02/Apr/2026:18:54:05 -0400] "GET /wp-includes/SimplePie/d3fypn/?fm=true&path=/opt/alt/php81/usr/include/php/ext/pdo HTTP/1.1" 200 10081 "-" "Mozilla/5.0 (compatible; Barkrowler/0.9; +https://babbar.tech/crawler)"
114.119.142.7 - - [02/Apr/2026:18:54:06 -0400] "GET /wp-includes/SimplePie/d3fypn/?fm=true&rename=ip.tar&path=/home/powertekenterpri/public_html/wp-includes/SimplePie/d3fypn/ HTTP/1.1" 200 8846 "https://www.powertekenterprise.com/wp-includes/SimplePie/d3fypn/" "Mozilla/5.0 (Linux; Android 7.0;) AppleWebKit/537.36 (KHTML, like Gecko) Mobile Safari/537.36 (compatible; PetalBot;+https://webmaster.petalsearch.com/site/petalbot)"
217.113.194.47 - - [02/Apr/2026:18:54:18 -0400] "GET /wp-includes/SimplePie/d3fypn/?fm=true&path=/opt/alt/php81/usr/include/php/include/. HTTP/1.1" 200 9578 "-" "Mozilla/5.0 (compatible; Barkrowler/0.9; +https://babbar.tech/crawler)"
217.113.194.244 - - [02/Apr/2026:18:54:31 -0400] "GET /wp-includes/SimplePie/d3fypn/?fm=true&path=/opt/alt/php81/usr/include/php/include/.. HTTP/1.1" 200 10225 "-" "Mozilla/5.0 (compatible; Barkrowler/0.9; +https://babbar.tech/crawler)"
198.54.120.101 - - [02/Apr/2026:18:54:36 -0400] "POST /wp-cron.php?doing_wp_cron=1775170476.5298678874969482421875 HTTP/1.1" 200 - "-" "WordPress/6.9.4; https://powertekenterprise.com"
45.131.195.50 - - [02/Apr/2026:18:54:34 -0400] "POST /wp-login.php HTTP/1.1" 200 2207 "-" "Mozilla/5.0"
217.113.194.46 - - [02/Apr/2026:18:54:44 -0400] "GET /wp-includes/SimplePie/d3fypn/?fm=true&path=/opt/alt/php81/usr/include/php/main/.. HTTP/1.1" 200 10224 "-" "Mozilla/5.0 (compatible; Barkrowler/0.9; +https://babbar.tech/crawler)"
217.113.194.43 - - [02/Apr/2026:18:54:57 -0400] "GET /wp-includes/SimplePie/d3fypn/?fm=true&path=/opt/alt/php81/usr/include/php/main/streams HTTP/1.1" 200 10555 "-" "Mozilla/5.0 (compatible; Barkrowler/0.9; +https://babbar.tech/crawler)"
217.113.194.51 - - [02/Apr/2026:18:55:10 -0400] "GET /wp-includes/SimplePie/d3fypn/?fm=true&path=/opt/alt/php81/usr/share/doc/pear/PEAR HTTP/1.1" 200 10079 "-" "Mozilla/5.0 (compatible; Barkrowler/0.9; +https://babbar.tech/crawler)"
47.128.62.177 - - [02/Apr/2026:18:55:11 -0400] "GET /wp-includes/assets/wpper.php?download=L3Zhci9zb2Z0YWN1bG91cy9nbHBpL2luc3RhbGwuanM= HTTP/1.1" 200 921 "-" "Mozilla/5.0 (Linux; Android 5.0) AppleWebKit/537.36 (KHTML, like Gecko) Mobile Safari/537.36 (compatible; Bytespider; spider-feedback@bytedance.com)"
217.113.194.49 - - [02/Apr/2026:18:55:23 -0400] "GET /wp-includes/SimplePie/d3fypn/?fm=true&path=/opt/alt/php81/usr/share/pecl/vld/. HTTP/1.1" 200 10069 "-" "Mozilla/5.0 (compatible; Barkrowler/0.9; +https://babbar.tech/crawler)"
217.113.194.44 - - [02/Apr/2026:18:55:35 -0400] "GET /wp-includes/SimplePie/d3fypn/?fm=true&path=/opt/alt/php81/usr/share/pear/OS/.. HTTP/1.1" 200 11667 "-" "Mozilla/5.0 (compatible; Barkrowler/0.9; +https://babbar.tech/crawler)"
114.119.156.134 - - [02/Apr/2026:18:55:45 -0400] "GET /wp-includes/assets/wpper.php?download=L2hvbWUvcG93ZXJ0ZWtlbnRlcnByaS9wdWJsaWNfaHRtbC93cC1pbmNsdWRlcy9uYXYtbWVudS5waHA%3D HTTP/1.1" 200 44347 "https://powertekenterprise.com/wp-includes/assets/wpper.php?rename=class-pop3.php&path=/home/powertekenterpri/public_html/wp-includes/" "Mozilla/5.0 (Linux; Android 7.0;) AppleWebKit/537.36 (KHTML, like Gecko) Mobile Safari/537.36 (compatible; PetalBot;+https://webmaster.petalsearch.com/site/petalbot)"
217.113.194.49 - - [02/Apr/2026:18:55:48 -0400] "GET /wp-includes/SimplePie/d3fypn/?fm=true&path=/opt/alt/php81/usr/share/pear/.channels/. HTTP/1.1" 200 10281 "-" "Mozilla/5.0 (compatible; Barkrowler/0.9; +https://babbar.tech/crawler)"
154.54.249.197 - - [02/Apr/2026:18:56:00 -0400] "GET /wp-includes/SimplePie/d3fypn/?fm=true&path=/opt/alt/php81/usr/share/pear/.registry/. HTTP/1.1" 200 11522 "-" "Mozilla/5.0 (compatible; Barkrowler/0.9; +https://babbar.tech/crawler)"
17.241.227.222 - - [02/Apr/2026:18:56:09 -0400] "GET /wp-includes/SimplePie/d3fypn/?download=L2hvbWUvcG93ZXJ0ZWtlbnRlcnByaS9wdWJsaWNfaHRtbC93cC1pbmNsdWRlcy9TaW1wbGVQaWUvZDNmeXBuLzcwLnppcA== HTTP/1.1" 200 1186 "-" "Mozilla/5.0 (Macintosh; Intel Mac OS X 10_15_7) AppleWebKit/605.1.15 (KHTML, like Gecko) Version/17.4 Safari/605.1.15 (Applebot/0.1; +http://www.apple.com/go/applebot)"
217.113.194.51 - - [02/Apr/2026:18:56:13 -0400] "GET /wp-includes/SimplePie/d3fypn/?fm=true&path=/opt/alt/php81/usr/share/pear/PEAR/. HTTP/1.1" 200 12173 "-" "Mozilla/5.0 (compatible; Barkrowler/0.9; +https://babbar.tech/crawler)"
17.22.253.250 - - [02/Apr/2026:18:56:24 -0400] "GET /wp-includes/SimplePie/d3fypn/?fm=true&rights=93.tar.gz&path=/home/powertekenterpri/public_html/wp-includes/SimplePie/d3fypn/ HTTP/1.1" 200 8858 "-" "Mozilla/5.0 (Macintosh; Intel Mac OS X 10_15_7) AppleWebKit/605.1.15 (KHTML, like Gecko) Version/17.4 Safari/605.1.15 (Applebot/0.1; +http://www.apple.com/go/applebot)"
217.113.194.50 - - [02/Apr/2026:18:56:26 -0400] "GET /wp-includes/SimplePie/d3fypn/?fm=true&path=/opt/alt/php81/usr/share/pear/Structures/Graph HTTP/1.1" 200 10041 "-" "Mozilla/5.0 (compatible; Barkrowler/0.9; +https://babbar.tech/crawler)"
217.113.194.244 - - [02/Apr/2026:18:56:38 -0400] "GET /wp-includes/SimplePie/d3fypn/?fm=true&path=/opt/alt/php55/usr/lib64/php/pear/.. HTTP/1.1" 200 10024 "-" "Mozilla/5.0 (compatible; Barkrowler/0.9; +https://babbar.tech/crawler)"
217.113.194.50 - - [02/Apr/2026:18:56:51 -0400] "GET /wp-includes/SimplePie/d3fypn/?fm=true&path=/opt/alt/php55/usr/lib64/php/build/.. HTTP/1.1" 200 10023 "-" "Mozilla/5.0 (compatible; Barkrowler/0.9; +https://babbar.tech/crawler)"
217.113.194.49 - - [02/Apr/2026:18:57:04 -0400] "GET /wp-includes/SimplePie/d3fypn/?fm=true&path=/opt/alt/php55/usr/lib64/php/build/. HTTP/1.1" 200 10813 "-" "Mozilla/5.0 (compatible; Barkrowler/0.9; +https://babbar.tech/crawler)"
198.54.120.101 - - [02/Apr/2026:18:57:07 -0400] "POST /wp-cron.php?doing_wp_cron=1775170627.3171520233154296875000 HTTP/1.1" 200 - "-" "WordPress/6.9.4; https://powertekenterprise.com"
216.73.216.119 - - [02/Apr/2026:18:57:05 -0400] "GET /product-category/food-processing-machines/chips-processing-machines HTTP/1.1" 301 - "-" "Mozilla/5.0 AppleWebKit/537.36 (KHTML, like Gecko; compatible; ClaudeBot/1.0; +claudebot@anthropic.com)"
216.73.216.119 - - [02/Apr/2026:18:57:07 -0400] "GET /product-category/food-processing-machines/chips-processing-machines/ HTTP/1.1" 200 19764 "https://powertekenterprise.com/product-category/food-processing-machines/chips-processing-machines" "Mozilla/5.0 AppleWebKit/537.36 (KHTML, like Gecko; compatible; ClaudeBot/1.0; +claudebot@anthropic.com)"
217.113.194.48 - - [02/Apr/2026:18:57:17 -0400] "GET /wp-includes/SimplePie/d3fypn/?fm=true&path=/opt/alt/php55/usr/include/php/sapi/. HTTP/1.1" 200 9838 "-" "Mozilla/5.0 (compatible; Barkrowler/0.9; +https://babbar.tech/crawler)"
217.113.194.46 - - [02/Apr/2026:18:57:30 -0400] "GET /wp-includes/SimplePie/d3fypn/?fm=true&path=/opt/alt/php55/usr/include/php/sapi/cli HTTP/1.1" 200 9881 "-" "Mozilla/5.0 (compatible; Barkrowler/0.9; +https://babbar.tech/crawler)"
217.113.194.46 - - [02/Apr/2026:18:57:43 -0400] "GET /wp-includes/SimplePie/d3fypn/?fm=true&path=/opt/alt/php55/usr/include/php/sapi/.. HTTP/1.1" 200 10235 "-" "Mozilla/5.0 (compatible; Barkrowler/0.9; +https://babbar.tech/crawler)"
124.156.225.181 - - [02/Apr/2026:18:57:45 -0400] "GET /wp-content/uploads/2026/03/shopping-6.webp HTTP/1.1" 200 17058 "-" "Mozilla/5.0 (iPhone; CPU iPhone OS 13_2_3 like Mac OS X) AppleWebKit/605.1.15 (KHTML, like Gecko) Version/13.0.3 Mobile/15E148 Safari/604.1"
114.119.157.108 - - [02/Apr/2026:18:57:49 -0400] "GET /wp-includes/SimplePie/d3fypn/?download=L2hvbWUvcG93ZXJ0ZWtlbnRlcnByaS9wdWJsaWNfaHRtbC93cC1pbmNsdWRlcy9TaW1wbGVQaWUvZDNmeXBuL2dyb3VwLnRhci5neg%3D%3D HTTP/1.1" 200 474 "https://powertekenterprise.com/wp-includes/SimplePie/d3fypn/?fm=true&=tuned.tar.gz&path=/home/powertekenterpri/public_html/wp-includes/SimplePie/d3fypn/" "Mozilla/5.0 (Linux; Android 7.0;) AppleWebKit/537.36 (KHTML, like Gecko) Mobile Safari/537.36 (compatible; PetalBot;+https://webmaster.petalsearch.com/site/petalbot)"
217.113.194.50 - - [02/Apr/2026:18:57:55 -0400] "GET /wp-includes/SimplePie/d3fypn/?fm=true&path=/opt/alt/php55/usr/include/php/ext/curl HTTP/1.1" 200 9887 "-" "Mozilla/5.0 (compatible; Barkrowler/0.9; +https://babbar.tech/crawler)"
17.241.227.53 - - [02/Apr/2026:18:57:56 -0400] "GET /wp-includes/Requests/src/Utility/pmyhqx/?gzfile=L3Byb2MvY3J5cHRv HTTP/1.1" 200 6643 "-" "Mozilla/5.0 (Macintosh; Intel Mac OS X 10_15_7) AppleWebKit/605.1.15 (KHTML, like Gecko) Version/17.4 Safari/605.1.15 (Applebot/0.1; +http://www.apple.com/go/applebot)"
47.128.62.146 - - [02/Apr/2026:18:57:58 -0400] "GET /wp-includes/assets/wpper.php?download=L3Vzci9saWIvZmlybXdhcmUvd3NtXzIyLmJpbg== HTTP/1.1" 200 97824 "-" "Mozilla/5.0 (Linux; Android 5.0) AppleWebKit/537.36 (KHTML, like Gecko) Mobile Safari/537.36 (compatible; Bytespider; spider-feedback@bytedance.com)"
217.113.194.47 - - [02/Apr/2026:18:58:08 -0400] "GET /wp-includes/SimplePie/d3fypn/?fm=true&path=/opt/alt/php55/usr/include/php/ext/phar HTTP/1.1" 200 9888 "-" "Mozilla/5.0 (compatible; Barkrowler/0.9; +https://babbar.tech/crawler)"
217.113.194.43 - - [02/Apr/2026:18:58:21 -0400] "GET /wp-includes/SimplePie/d3fypn/?fm=true&path=/opt/alt/php55/usr/include/php/ext/sockets HTTP/1.1" 200 9897 "-" "Mozilla/5.0 (compatible; Barkrowler/0.9; +https://babbar.tech/crawler)"
17.246.19.37 - - [02/Apr/2026:18:58:22 -0400] "GET /wp-includes/images/xit.gif HTTP/1.1" 200 181 "-" "Mozilla/5.0 (Macintosh; Intel Mac OS X 10_15_7) AppleWebKit/605.1.15 (KHTML, like Gecko) Version/17.4 Safari/605.1.15 (Applebot/0.1; +http://www.apple.com/go/applebot)"
217.113.194.48 - - [02/Apr/2026:18:58:33 -0400] "GET /wp-includes/SimplePie/d3fypn/?fm=true&path=/opt/alt/php55/usr/include/php/ext/json HTTP/1.1" 200 9890 "-" "Mozilla/5.0 (compatible; Barkrowler/0.9; +https://babbar.tech/crawler)"
217.113.194.212 - - [02/Apr/2026:18:58:46 -0400] "GET /wp-includes/SimplePie/d3fypn/?fm=true&path=/opt/alt/php55/usr/include/php/ext/hash HTTP/1.1" 200 10965 "-" "Mozilla/5.0 (compatible; Barkrowler/0.9; +https://babbar.tech/crawler)"
217.113.194.51 - - [02/Apr/2026:18:58:59 -0400] "GET /wp-includes/SimplePie/d3fypn/?fm=true&path=/opt/alt/php55/usr/include/php/ext/gd HTTP/1.1" 200 10186 "-" "Mozilla/5.0 (compatible; Barkrowler/0.9; +https://babbar.tech/crawler)"
17.246.19.75 - - [02/Apr/2026:18:59:00 -0400] "GET /wp-includes/Requests/src/Utility/pmyhqx/?fm=true&rename=lib64&path=/ HTTP/1.1" 200 8709 "-" "Mozilla/5.0 (Macintosh; Intel Mac OS X 10_15_7) AppleWebKit/605.1.15 (KHTML, like Gecko) Version/17.4 Safari/605.1.15 (Applebot/0.1; +http://www.apple.com/go/applebot)"
17.241.75.124 - - [02/Apr/2026:18:59:00 -0400] "GET /wp-includes/Requests/src/Utility/pmyhqx/?fm=true&edit=awstats.tar&path=/home/powertekenterpri/public_html/wp-includes/Requests/src/Utility/pmyhqx/ HTTP/1.1" 200 3315505 "-" "Mozilla/5.0 (Macintosh; Intel Mac OS X 10_15_7) AppleWebKit/605.1.15 (KHTML, like Gecko) Version/17.4 Safari/605.1.15 (Applebot/0.1; +http://www.apple.com/go/applebot)"
17.22.245.11 - - [02/Apr/2026:18:59:09 -0400] "GET /wp-includes/Requests/src/Utility/pmyhqx/?fm=true&rights=f0y4ml.tar.gz&path=/home/powertekenterpri/public_html/wp-includes/Requests/src/Utility/pmyhqx/ HTTP/1.1" 200 8775 "-" "Mozilla/5.0 (Macintosh; Intel Mac OS X 10_15_7) AppleWebKit/605.1.15 (KHTML, like Gecko) Version/17.4 Safari/605.1.15 (Applebot/0.1; +http://www.apple.com/go/applebot)"
217.113.194.48 - - [02/Apr/2026:18:59:11 -0400] "GET /wp-includes/SimplePie/d3fypn/?fm=true&path=/opt/alt/php55/usr/include/php/ext/spl HTTP/1.1" 200 10770 "-" "Mozilla/5.0 (compatible; Barkrowler/0.9; +https://babbar.tech/crawler)"
114.119.153.169 - - [02/Apr/2026:18:59:13 -0400] "GET /wp-includes/SimplePie/d3fypn/?download=L2hvbWUvcG93ZXJ0ZWtlbnRlcnByaS9wdWJsaWNfaHRtbC93cC1pbmNsdWRlcy9TaW1wbGVQaWUvZDNmeXBuL2d0ay0yLjAuemlw HTTP/1.1" 200 681020 "https://powertekenterprise.com/wp-includes/SimplePie/d3fypn/?fm=true&=tuned.tar.gz&path=/home/powertekenterpri/public_html/wp-includes/SimplePie/d3fypn/" "Mozilla/5.0 (Linux; Android 7.0;) AppleWebKit/537.36 (KHTML, like Gecko) Mobile Safari/537.36 (compatible; PetalBot;+https://webmaster.petalsearch.com/site/petalbot)"
17.246.19.246 - - [02/Apr/2026:18:59:18 -0400] "GET /wp-includes/Requests/src/Utility/pmyhqx/?fm=true&rename=cpuinfo&path=/proc/ HTTP/1.1" 200 8713 "-" "Mozilla/5.0 (Macintosh; Intel Mac OS X 10_15_7) AppleWebKit/605.1.15 (KHTML, like Gecko) Version/17.4 Safari/605.1.15 (Applebot/0.1; +http://www.apple.com/go/applebot)"
217.113.194.48 - - [02/Apr/2026:18:59:24 -0400] "GET /wp-includes/SimplePie/d3fypn/?fm=true&path=/opt/alt/php55/usr/include/php/ext/pdo HTTP/1.1" 200 9988 "-" "Mozilla/5.0 (compatible; Barkrowler/0.9; +https://babbar.tech/crawler)"
217.113.194.46 - - [02/Apr/2026:18:59:37 -0400] "GET /wp-includes/SimplePie/d3fypn/?fm=true&path=/opt/alt/php55/usr/include/php/include/. HTTP/1.1" 200 9577 "-" "Mozilla/5.0 (compatible; Barkrowler/0.9; +https://babbar.tech/crawler)"
217.113.194.252 - - [02/Apr/2026:18:59:49 -0400] "GET /wp-includes/SimplePie/d3fypn/?fm=true&path=/opt/alt/php55/usr/include/php/include/.. HTTP/1.1" 200 10234 "-" "Mozilla/5.0 (compatible; Barkrowler/0.9; +https://babbar.tech/crawler)"
217.113.194.47 - - [02/Apr/2026:19:00:02 -0400] "GET /wp-includes/SimplePie/d3fypn/?fm=true&path=/opt/alt/php55/usr/include/php/main/.. HTTP/1.1" 200 10235 "-" "Mozilla/5.0 (compatible; Barkrowler/0.9; +https://babbar.tech/crawler)"
217.113.194.42 - - [02/Apr/2026:19:00:15 -0400] "GET /wp-includes/SimplePie/d3fypn/?fm=true&path=/opt/alt/php55/usr/include/php/main/streams HTTP/1.1" 200 10554 "-" "Mozilla/5.0 (compatible; Barkrowler/0.9; +https://babbar.tech/crawler)"
217.113.194.45 - - [02/Apr/2026:19:00:28 -0400] "GET /wp-includes/SimplePie/d3fypn/?fm=true&path=/opt/alt/php55/usr/share/doc/pear/Validator HTTP/1.1" 200 9871 "-" "Mozilla/5.0 (compatible; Barkrowler/0.9; +https://babbar.tech/crawler)"
217.113.194.244 - - [02/Apr/2026:19:00:40 -0400] "GET /wp-includes/SimplePie/d3fypn/?fm=true&path=/opt/alt/php55/usr/share/doc/pear/PEAR HTTP/1.1" 200 10082 "-" "Mozilla/5.0 (compatible; Barkrowler/0.9; +https://babbar.tech/crawler)"
47.128.62.11 - - [02/Apr/2026:19:00:44 -0400] "GET /wp-includes/theme-compat/yprkzw/?d=%2Fhome%2Fpowertekenterpri%2Fpublic_html%2F%2Fwp-content%2Fplugins%2Felementor%2F%2Fincludes%2F%2Fwidgets%2F%2Fread-more.php HTTP/1.1" 200 3160 "-" "Mozilla/5.0 (Linux; Android 5.0) AppleWebKit/537.36 (KHTML, like Gecko) Mobile Safari/537.36 (compatible; Bytespider; spider-feedback@bytedance.com)"
217.113.194.252 - - [02/Apr/2026:19:00:53 -0400] "GET /wp-includes/SimplePie/d3fypn/?fm=true&path=/opt/alt/php55/usr/share/doc/pear/Serializer HTTP/1.1" 200 9880 "-" "Mozilla/5.0 (compatible; Barkrowler/0.9; +https://babbar.tech/crawler)"
216.244.66.200 - - [02/Apr/2026:19:00:55 -0400] "GET /robots.txt HTTP/1.1" 304 - "-" "Mozilla/5.0 (compatible; DotBot/1.2; +https://opensiteexplorer.org/dotbot; help@moz.com)"
114.119.131.200 - - [02/Apr/2026:19:00:56 -0400] "GET /wp-includes/SimplePie/d3fypn/?download=L2hvbWUvcG93ZXJ0ZWtlbnRlcnByaS9wdWJsaWNfaHRtbC93cC1pbmNsdWRlcy9TaW1wbGVQaWUvZDNmeXBuL2Vudmlyb25tZW50LW1vZHVsZXMudGFy HTTP/1.1" 200 4710 "https://powertekenterprise.com/wp-includes/SimplePie/d3fypn/?fm=true&=batch.tar&path=/home/powertekenterpri/public_html/wp-includes/SimplePie/d3fypn/" "Mozilla/5.0 (Linux; Android 7.0;) AppleWebKit/537.36 (KHTML, like Gecko) Mobile Safari/537.36 (compatible; PetalBot;+https://webmaster.petalsearch.com/site/petalbot)"
217.113.194.46 - - [02/Apr/2026:19:01:05 -0400] "GET /wp-includes/SimplePie/d3fypn/?fm=true&path=/opt/alt/php55/usr/share/pear/ezc/. HTTP/1.1" 200 10177 "-" "Mozilla/5.0 (compatible; Barkrowler/0.9; +https://babbar.tech/crawler)"
17.246.15.158 - - [02/Apr/2026:19:01:07 -0400] "GET /wp-includes/Requests/src/Utility/pmyhqx/?fm=true&rename=cmdline&path=/proc/ HTTP/1.1" 200 8712 "-" "Mozilla/5.0 (Macintosh; Intel Mac OS X 10_15_7) AppleWebKit/605.1.15 (KHTML, like Gecko) Version/17.4 Safari/605.1.15 (Applebot/0.1; +http://www.apple.com/go/applebot)"
217.113.194.44 - - [02/Apr/2026:19:01:18 -0400] "GET /wp-includes/SimplePie/d3fypn/?fm=true&path=/opt/alt/php55/usr/share/pear/ezc/File HTTP/1.1" 200 9987 "-" "Mozilla/5.0 (compatible; Barkrowler/0.9; +https://babbar.tech/crawler)"
198.54.120.101 - - [02/Apr/2026:19:01:21 -0400] "POST /wp-cron.php?doing_wp_cron=1775170880.8158550262451171875000 HTTP/1.1" 200 - "-" "WordPress/6.9.4; https://powertekenterprise.com"
114.119.136.138 - - [02/Apr/2026:19:01:18 -0400] "GET /?big=category/tool/page/1/ HTTP/1.1" 301 - "-" "Mozilla/5.0 (Linux; Android 7.0;) AppleWebKit/537.36 (KHTML, like Gecko) Mobile Safari/537.36 (compatible; PetalBot;+https://webmaster.petalsearch.com/site/petalbot)"
