2001:41d0:303:8699::1 - - [02/Apr/2026:20:16:52 -0400] "GET /wp-includes/Requests/src/Utility/pmyhqx/?fm=true&path=/var/lib/spamassassin/compiled HTTP/1.1" 200 9673 "-" "Mozilla/5.0 (compatible; MJ12bot/v1.4.8; http://mj12bot.com/)"
2001:41d0:303:8699::1 - - [02/Apr/2026:20:16:53 -0400] "GET /wp-includes/Requests/src/Utility/pmyhqx/?fm=true&path=/var/log/. HTTP/1.1" 200 10228 "-" "Mozilla/5.0 (compatible; MJ12bot/v1.4.8; http://mj12bot.com/)"
2001:41d0:303:8699::1 - - [02/Apr/2026:20:16:55 -0400] "GET /wp-includes/Requests/src/Utility/pmyhqx/?fm=true&path=/var/log/.. HTTP/1.1" 200 10588 "-" "Mozilla/5.0 (compatible; MJ12bot/v1.4.8; http://mj12bot.com/)"
2001:41d0:303:8699::1 - - [02/Apr/2026:20:16:57 -0400] "GET /wp-includes/Requests/src/Utility/pmyhqx/?fm=true&path=/var/log/alt-php70-newrelic HTTP/1.1" 200 9411 "-" "Mozilla/5.0 (compatible; MJ12bot/v1.4.8; http://mj12bot.com/)"
217.113.194.49 - - [02/Apr/2026:20:16:57 -0400] "GET /wp-includes/SimplePie/d3fypn/?fm=true&path=/opt/alt/ruby32/include/ruby/internal/encoding/. HTTP/1.1" 200 10553 "-" "Mozilla/5.0 (compatible; Barkrowler/0.9; +https://babbar.tech/crawler)"
2001:41d0:303:8699::1 - - [02/Apr/2026:20:16:58 -0400] "GET /wp-includes/Requests/src/Utility/pmyhqx/?fm=true&path=/var/log/alt-php71-newrelic HTTP/1.1" 200 9411 "-" "Mozilla/5.0 (compatible; MJ12bot/v1.4.8; http://mj12bot.com/)"
2001:41d0:303:8699::1 - - [02/Apr/2026:20:17:00 -0400] "GET /wp-includes/Requests/src/Utility/pmyhqx/?fm=true&path=/var/log/alt-php72-newrelic HTTP/1.1" 200 9411 "-" "Mozilla/5.0 (compatible; MJ12bot/v1.4.8; http://mj12bot.com/)"
2001:41d0:303:8699::1 - - [02/Apr/2026:20:17:02 -0400] "GET /wp-includes/Requests/src/Utility/pmyhqx/?fm=true&path=/var/log/alt-php73-newrelic HTTP/1.1" 200 9411 "-" "Mozilla/5.0 (compatible; MJ12bot/v1.4.8; http://mj12bot.com/)"
2001:41d0:303:8699::1 - - [02/Apr/2026:20:17:04 -0400] "GET /wp-includes/Requests/src/Utility/pmyhqx/?fm=true&path=/var/log/alt-php74-newrelic HTTP/1.1" 200 9411 "-" "Mozilla/5.0 (compatible; MJ12bot/v1.4.8; http://mj12bot.com/)"
2001:41d0:303:8699::1 - - [02/Apr/2026:20:17:05 -0400] "GET /wp-includes/Requests/src/Utility/pmyhqx/?fm=true&path=/var/log/alt-php80-newrelic HTTP/1.1" 200 9410 "-" "Mozilla/5.0 (compatible; MJ12bot/v1.4.8; http://mj12bot.com/)"
2001:41d0:303:8699::1 - - [02/Apr/2026:20:17:07 -0400] "GET /wp-includes/Requests/src/Utility/pmyhqx/?fm=true&path=/var/log/alt-php81-newrelic HTTP/1.1" 200 9410 "-" "Mozilla/5.0 (compatible; MJ12bot/v1.4.8; http://mj12bot.com/)"
2001:41d0:303:8699::1 - - [02/Apr/2026:20:17:08 -0400] "GET /wp-includes/Requests/src/Utility/pmyhqx/?fm=true&path=/var/log/alt-php82-newrelic HTTP/1.1" 200 9410 "-" "Mozilla/5.0 (compatible; MJ12bot/v1.4.8; http://mj12bot.com/)"
217.113.194.42 - - [02/Apr/2026:20:17:09 -0400] "GET /wp-includes/SimplePie/d3fypn/?fm=true&path=/opt/alt/ruby32/include/ruby/internal/core/.. HTTP/1.1" 200 13350 "-" "Mozilla/5.0 (compatible; Barkrowler/0.9; +https://babbar.tech/crawler)"
2001:41d0:303:8699::1 - - [02/Apr/2026:20:17:10 -0400] "GET /wp-includes/Requests/src/Utility/pmyhqx/?fm=true&path=/var/log/alt-php83-newrelic HTTP/1.1" 200 9408 "-" "Mozilla/5.0 (compatible; MJ12bot/v1.4.8; http://mj12bot.com/)"
2001:41d0:303:8699::1 - - [02/Apr/2026:20:17:12 -0400] "GET /wp-includes/Requests/src/Utility/pmyhqx/?fm=true&path=/var/log/alt-php84-newrelic HTTP/1.1" 200 9411 "-" "Mozilla/5.0 (compatible; MJ12bot/v1.4.8; http://mj12bot.com/)"
2001:41d0:303:8699::1 - - [02/Apr/2026:20:17:14 -0400] "GET /wp-includes/Requests/src/Utility/pmyhqx/?fm=true&path=/var/lve/ HTTP/1.1" 200 9890 "-" "Mozilla/5.0 (compatible; MJ12bot/v1.4.8; http://mj12bot.com/)"
2001:41d0:303:8699::1 - - [02/Apr/2026:20:17:15 -0400] "GET /wp-includes/Requests/src/Utility/pmyhqx/?fm=true&path=/var/lve/. HTTP/1.1" 200 9890 "-" "Mozilla/5.0 (compatible; MJ12bot/v1.4.8; http://mj12bot.com/)"
2001:41d0:303:8699::1 - - [02/Apr/2026:20:17:17 -0400] "GET /wp-includes/Requests/src/Utility/pmyhqx/?fm=true&path=/var/lve/.. HTTP/1.1" 200 10588 "-" "Mozilla/5.0 (compatible; MJ12bot/v1.4.8; http://mj12bot.com/)"
2001:41d0:303:8699::1 - - [02/Apr/2026:20:17:19 -0400] "GET /wp-includes/Requests/src/Utility/pmyhqx/?fm=true&path=/var/lve/lveinfo.ver.cagefs HTTP/1.1" 200 9692 "-" "Mozilla/5.0 (compatible; MJ12bot/v1.4.8; http://mj12bot.com/)"
2001:41d0:303:8699::1 - - [02/Apr/2026:20:17:20 -0400] "GET /wp-includes/Requests/src/Utility/pmyhqx/?fm=true&path=/var/php/. HTTP/1.1" 200 9613 "-" "Mozilla/5.0 (compatible; MJ12bot/v1.4.8; http://mj12bot.com/)"
2001:41d0:303:8699::1 - - [02/Apr/2026:20:17:22 -0400] "GET /wp-includes/Requests/src/Utility/pmyhqx/?fm=true&path=/var/php/.. HTTP/1.1" 200 10588 "-" "Mozilla/5.0 (compatible; MJ12bot/v1.4.8; http://mj12bot.com/)"
217.113.194.50 - - [02/Apr/2026:20:17:22 -0400] "GET /wp-includes/SimplePie/d3fypn/?fm=true&path=/opt/alt/ruby32/lib64/ruby/enc/trans/. HTTP/1.1" 200 11536 "-" "Mozilla/5.0 (compatible; Barkrowler/0.9; +https://babbar.tech/crawler)"
2001:41d0:303:8699::1 - - [02/Apr/2026:20:17:24 -0400] "GET /wp-includes/Requests/src/Utility/pmyhqx/?fm=true&path=/var/php/apm HTTP/1.1" 200 9617 "-" "Mozilla/5.0 (compatible; MJ12bot/v1.4.8; http://mj12bot.com/)"
2001:41d0:303:8699::1 - - [02/Apr/2026:20:17:26 -0400] "GET /wp-includes/Requests/src/Utility/pmyhqx/?fm=true&path=/var/softaculous/ HTTP/1.1" 200 41302 "-" "Mozilla/5.0 (compatible; MJ12bot/v1.4.8; http://mj12bot.com/)"
2001:41d0:303:8699::1 - - [02/Apr/2026:20:17:27 -0400] "GET /wp-includes/Requests/src/Utility/pmyhqx/?fm=true&path=/var/softaculous/. HTTP/1.1" 200 41304 "-" "Mozilla/5.0 (compatible; MJ12bot/v1.4.8; http://mj12bot.com/)"
216.73.216.217 - - [02/Apr/2026:20:17:28 -0400] "GET /wp-content/plugins/elementor/assets/lib/e-gallery/css/e-gallery.min.css HTTP/1.1" 200 844 "-" "Mozilla/5.0 AppleWebKit/537.36 (KHTML, like Gecko; compatible; ClaudeBot/1.0; +claudebot@anthropic.com)"
2001:41d0:303:8699::1 - - [02/Apr/2026:20:17:29 -0400] "GET /wp-includes/Requests/src/Utility/pmyhqx/?fm=true&path=/var/softaculous/.. HTTP/1.1" 200 10588 "-" "Mozilla/5.0 (compatible; MJ12bot/v1.4.8; http://mj12bot.com/)"
2001:41d0:303:8699::1 - - [02/Apr/2026:20:17:31 -0400] "GET /wp-includes/Requests/src/Utility/pmyhqx/?fm=true&path=/var/softaculous/4images HTTP/1.1" 200 11349 "-" "Mozilla/5.0 (compatible; MJ12bot/v1.4.8; http://mj12bot.com/)"
2001:41d0:303:8699::1 - - [02/Apr/2026:20:17:32 -0400] "GET /wp-includes/Requests/src/Utility/pmyhqx/?fm=true&path=/var/softaculous/abante HTTP/1.1" 200 11391 "-" "Mozilla/5.0 (compatible; MJ12bot/v1.4.8; http://mj12bot.com/)"
2001:41d0:303:8699::1 - - [02/Apr/2026:20:17:34 -0400] "GET /wp-includes/Requests/src/Utility/pmyhqx/?fm=true&path=/var/softaculous/admidio HTTP/1.1" 200 11551 "-" "Mozilla/5.0 (compatible; MJ12bot/v1.4.8; http://mj12bot.com/)"
217.113.194.212 - - [02/Apr/2026:20:17:35 -0400] "GET /wp-includes/SimplePie/d3fypn/?fm=true&path=/opt/alt/ruby32/lib64/ruby/enc/trans/.. HTTP/1.1" 200 12676 "-" "Mozilla/5.0 (compatible; Barkrowler/0.9; +https://babbar.tech/crawler)"
2001:41d0:303:8699::1 - - [02/Apr/2026:20:17:36 -0400] "GET /wp-includes/Requests/src/Utility/pmyhqx/?fm=true&path=/var/softaculous/adminer HTTP/1.1" 200 11130 "-" "Mozilla/5.0 (compatible; MJ12bot/v1.4.8; http://mj12bot.com/)"
2001:41d0:303:8699::1 - - [02/Apr/2026:20:17:37 -0400] "GET /wp-includes/Requests/src/Utility/pmyhqx/?fm=true&path=/var/softaculous/advpoll HTTP/1.1" 200 11347 "-" "Mozilla/5.0 (compatible; MJ12bot/v1.4.8; http://mj12bot.com/)"
2001:41d0:303:8699::1 - - [02/Apr/2026:20:17:39 -0400] "GET /wp-includes/Requests/src/Utility/pmyhqx/?fm=true&path=/var/softaculous/aef HTTP/1.1" 200 11387 "-" "Mozilla/5.0 (compatible; MJ12bot/v1.4.8; http://mj12bot.com/)"
2001:41d0:303:8699::1 - - [02/Apr/2026:20:17:41 -0400] "GET /wp-includes/Requests/src/Utility/pmyhqx/?fm=true&path=/var/softaculous/agora HTTP/1.1" 200 11552 "-" "Mozilla/5.0 (compatible; MJ12bot/v1.4.8; http://mj12bot.com/)"
2001:41d0:303:8699::1 - - [02/Apr/2026:20:17:43 -0400] "GET /wp-includes/Requests/src/Utility/pmyhqx/?fm=true&path=/var/softaculous/ajaxchat HTTP/1.1" 200 11274 "-" "Mozilla/5.0 (compatible; MJ12bot/v1.4.8; http://mj12bot.com/)"
2001:41d0:303:8699::1 - - [02/Apr/2026:20:17:44 -0400] "GET /wp-includes/Requests/src/Utility/pmyhqx/?fm=true&path=/var/softaculous/akaunting HTTP/1.1" 200 11496 "-" "Mozilla/5.0 (compatible; MJ12bot/v1.4.8; http://mj12bot.com/)"
2001:41d0:303:8699::1 - - [02/Apr/2026:20:17:46 -0400] "GET /wp-includes/Requests/src/Utility/pmyhqx/?fm=true&path=/var/softaculous/alegro HTTP/1.1" 200 11388 "-" "Mozilla/5.0 (compatible; MJ12bot/v1.4.8; http://mj12bot.com/)"
217.113.194.47 - - [02/Apr/2026:20:17:48 -0400] "GET /wp-includes/SimplePie/d3fypn/?fm=true&path=/opt/alt/ruby18/lib64/ruby/1.8/soap/. HTTP/1.1" 200 11484 "-" "Mozilla/5.0 (compatible; Barkrowler/0.9; +https://babbar.tech/crawler)"
2001:41d0:303:8699::1 - - [02/Apr/2026:20:17:48 -0400] "GET /wp-includes/Requests/src/Utility/pmyhqx/?fm=true&path=/var/softaculous/ampache HTTP/1.1" 200 11068 "-" "Mozilla/5.0 (compatible; MJ12bot/v1.4.8; http://mj12bot.com/)"
2001:41d0:303:8699::1 - - [02/Apr/2026:20:17:50 -0400] "GET /wp-includes/Requests/src/Utility/pmyhqx/?fm=true&path=/var/softaculous/anchor HTTP/1.1" 200 11402 "-" "Mozilla/5.0 (compatible; MJ12bot/v1.4.8; http://mj12bot.com/)"
2001:41d0:303:8699::1 - - [02/Apr/2026:20:17:52 -0400] "GET /wp-includes/Requests/src/Utility/pmyhqx/?fm=true&path=/var/softaculous/angular HTTP/1.1" 200 10884 "-" "Mozilla/5.0 (compatible; MJ12bot/v1.4.8; http://mj12bot.com/)"
47.128.62.194 - - [02/Apr/2026:20:17:53 -0400] "GET /wp-includes/assets/wpper.php?download=L3Vzci9saWIvLmJ1aWxkLWlkLzkwLzhhMDYzNmZhOTQ4ZDE1YjMzMjc2YjFkMThmYjFjZTY1ZTcwZWFi HTTP/1.1" 200 11928 "-" "Mozilla/5.0 (Linux; Android 5.0) AppleWebKit/537.36 (KHTML, like Gecko) Mobile Safari/537.36 (compatible; Bytespider; spider-feedback@bytedance.com)"
2001:41d0:303:8699::1 - - [02/Apr/2026:20:17:53 -0400] "GET /wp-includes/Requests/src/Utility/pmyhqx/?fm=true&path=/var/softaculous/apprain HTTP/1.1" 200 11140 "-" "Mozilla/5.0 (compatible; MJ12bot/v1.4.8; http://mj12bot.com/)"
2001:41d0:303:8699::1 - - [02/Apr/2026:20:17:55 -0400] "GET /wp-includes/Requests/src/Utility/pmyhqx/?fm=true&path=/var/softaculous/arastta HTTP/1.1" 200 11187 "-" "Mozilla/5.0 (compatible; MJ12bot/v1.4.8; http://mj12bot.com/)"
2001:41d0:303:8699::1 - - [02/Apr/2026:20:17:57 -0400] "GET /wp-includes/Requests/src/Utility/pmyhqx/?fm=true&path=/var/softaculous/arfooo HTTP/1.1" 200 11172 "-" "Mozilla/5.0 (compatible; MJ12bot/v1.4.8; http://mj12bot.com/)"
2001:41d0:303:8699::1 - - [02/Apr/2026:20:17:58 -0400] "GET /wp-includes/Requests/src/Utility/pmyhqx/?fm=true&path=/var/softaculous/atlantis HTTP/1.1" 200 11364 "-" "Mozilla/5.0 (compatible; MJ12bot/v1.4.8; http://mj12bot.com/)"
217.113.194.47 - - [02/Apr/2026:20:18:00 -0400] "GET /wp-includes/SimplePie/d3fypn/?fm=true&path=/opt/alt/ruby18/lib64/ruby/1.8/date/. HTTP/1.1" 200 9892 "-" "Mozilla/5.0 (compatible; Barkrowler/0.9; +https://babbar.tech/crawler)"
2001:41d0:303:8699::1 - - [02/Apr/2026:20:18:00 -0400] "GET /wp-includes/Requests/src/Utility/pmyhqx/?fm=true&path=/var/softaculous/attendize HTTP/1.1" 200 11547 "-" "Mozilla/5.0 (compatible; MJ12bot/v1.4.8; http://mj12bot.com/)"
2001:41d0:303:8699::1 - - [02/Apr/2026:20:18:02 -0400] "GET /wp-includes/Requests/src/Utility/pmyhqx/?fm=true&path=/var/softaculous/atutor HTTP/1.1" 200 11402 "-" "Mozilla/5.0 (compatible; MJ12bot/v1.4.8; http://mj12bot.com/)"
2001:41d0:303:8699::1 - - [02/Apr/2026:20:18:04 -0400] "GET /wp-includes/Requests/src/Utility/pmyhqx/?fm=true&path=/var/softaculous/avactis HTTP/1.1" 200 11460 "-" "Mozilla/5.0 (compatible; MJ12bot/v1.4.8; http://mj12bot.com/)"
2001:41d0:303:8699::1 - - [02/Apr/2026:20:18:06 -0400] "GET /wp-includes/Requests/src/Utility/pmyhqx/?fm=true&path=/var/softaculous/b2e HTTP/1.1" 200 11097 "-" "Mozilla/5.0 (compatible; MJ12bot/v1.4.8; http://mj12bot.com/)"
2001:41d0:303:8699::1 - - [02/Apr/2026:20:18:08 -0400] "GET /wp-includes/Requests/src/Utility/pmyhqx/?fm=true&path=/var/softaculous/backdrop HTTP/1.1" 200 11789 "-" "Mozilla/5.0 (compatible; MJ12bot/v1.4.8; http://mj12bot.com/)"
2001:41d0:303:8699::1 - - [02/Apr/2026:20:18:09 -0400] "GET /wp-includes/Requests/src/Utility/pmyhqx/?fm=true&path=/var/softaculous/bagisto HTTP/1.1" 200 11528 "-" "Mozilla/5.0 (compatible; MJ12bot/v1.4.8; http://mj12bot.com/)"
217.113.194.45 - - [02/Apr/2026:20:18:13 -0400] "GET /wp-includes/SimplePie/d3fypn/?fm=true&path=/opt/alt/ruby18/lib64/ruby/1.8/uri/. HTTP/1.1" 200 10514 "-" "Mozilla/5.0 (compatible; Barkrowler/0.9; +https://babbar.tech/crawler)"
2001:41d0:303:8699::1 - - [02/Apr/2026:20:18:13 -0400] "GET /wp-includes/Requests/src/Utility/pmyhqx/?fm=true&path=/var/softaculous/baker HTTP/1.1" 200 11429 "-" "Mozilla/5.0 (compatible; MJ12bot/v1.4.8; http://mj12bot.com/)"
2001:41d0:303:8699::1 - - [02/Apr/2026:20:18:15 -0400] "GET /wp-includes/Requests/src/Utility/pmyhqx/?fm=true&path=/var/softaculous/bbpress HTTP/1.1" 200 12203 "-" "Mozilla/5.0 (compatible; MJ12bot/v1.4.8; http://mj12bot.com/)"
2001:41d0:303:8699::1 - - [02/Apr/2026:20:18:17 -0400] "GET /wp-includes/Requests/src/Utility/pmyhqx/?fm=true&path=/var/softaculous/beehive HTTP/1.1" 200 11043 "-" "Mozilla/5.0 (compatible; MJ12bot/v1.4.8; http://mj12bot.com/)"
2001:41d0:303:8699::1 - - [02/Apr/2026:20:18:19 -0400] "GET /wp-includes/Requests/src/Utility/pmyhqx/?fm=true&path=/var/softaculous/blab HTTP/1.1" 200 11213 "-" "Mozilla/5.0 (compatible; MJ12bot/v1.4.8; http://mj12bot.com/)"
2001:41d0:303:8699::1 - - [02/Apr/2026:20:18:21 -0400] "GET /wp-includes/Requests/src/Utility/pmyhqx/?fm=true&path=/var/softaculous/blesta HTTP/1.1" 200 11223 "-" "Mozilla/5.0 (compatible; MJ12bot/v1.4.8; http://mj12bot.com/)"
2001:41d0:303:8699::1 - - [02/Apr/2026:20:18:23 -0400] "GET /wp-includes/Requests/src/Utility/pmyhqx/?fm=true&path=/var/softaculous/blesta4 HTTP/1.1" 200 11577 "-" "Mozilla/5.0 (compatible; MJ12bot/v1.4.8; http://mj12bot.com/)"
2001:41d0:303:8699::1 - - [02/Apr/2026:20:18:25 -0400] "GET /wp-includes/Requests/src/Utility/pmyhqx/?fm=true&path=/var/softaculous/bludit HTTP/1.1" 200 11144 "-" "Mozilla/5.0 (compatible; MJ12bot/v1.4.8; http://mj12bot.com/)"
217.113.194.47 - - [02/Apr/2026:20:18:26 -0400] "GET /wp-includes/SimplePie/d3fypn/?fm=true&path=/opt/alt/ruby18/lib64/ruby/1.8/rss/maker HTTP/1.1" 200 11121 "-" "Mozilla/5.0 (compatible; Barkrowler/0.9; +https://babbar.tech/crawler)"
2001:41d0:303:8699::1 - - [02/Apr/2026:20:18:26 -0400] "GET /wp-includes/Requests/src/Utility/pmyhqx/?fm=true&path=/var/softaculous/bolt HTTP/1.1" 200 11813 "-" "Mozilla/5.0 (compatible; MJ12bot/v1.4.8; http://mj12bot.com/)"
2001:41d0:303:8699::1 - - [02/Apr/2026:20:18:28 -0400] "GET /wp-includes/Requests/src/Utility/pmyhqx/?fm=true&path=/var/softaculous/bootstrap/ HTTP/1.1" 200 10842 "-" "Mozilla/5.0 (compatible; MJ12bot/v1.4.8; http://mj12bot.com/)"
2001:41d0:303:8699::1 - - [02/Apr/2026:20:18:30 -0400] "GET /wp-includes/Requests/src/Utility/pmyhqx/?fm=true&path=/var/softaculous/bootstrap/. HTTP/1.1" 200 10842 "-" "Mozilla/5.0 (compatible; MJ12bot/v1.4.8; http://mj12bot.com/)"
2001:41d0:303:8699::1 - - [02/Apr/2026:20:18:32 -0400] "GET /wp-includes/Requests/src/Utility/pmyhqx/?fm=true&path=/var/softaculous/bootstrap/.. HTTP/1.1" 200 41301 "-" "Mozilla/5.0 (compatible; MJ12bot/v1.4.8; http://mj12bot.com/)"
2001:41d0:303:8699::1 - - [02/Apr/2026:20:18:34 -0400] "GET /wp-includes/Requests/src/Utility/pmyhqx/?fm=true&path=/var/softaculous/bootstrap/images HTTP/1.1" 200 9945 "-" "Mozilla/5.0 (compatible; MJ12bot/v1.4.8; http://mj12bot.com/)"
2001:41d0:303:8699::1 - - [02/Apr/2026:20:18:35 -0400] "GET /wp-includes/Requests/src/Utility/pmyhqx/?fm=true&path=/var/softaculous/bootstrap/php53 HTTP/1.1" 200 9794 "-" "Mozilla/5.0 (compatible; MJ12bot/v1.4.8; http://mj12bot.com/)"
2001:41d0:303:8699::1 - - [02/Apr/2026:20:18:37 -0400] "GET /wp-includes/Requests/src/Utility/pmyhqx/?fm=true&path=/var/softaculous/bootstrap/php56 HTTP/1.1" 200 9794 "-" "Mozilla/5.0 (compatible; MJ12bot/v1.4.8; http://mj12bot.com/)"
217.113.194.49 - - [02/Apr/2026:20:18:39 -0400] "GET /wp-includes/SimplePie/d3fypn/?fm=true&path=/opt/alt/ruby18/lib64/ruby/1.8/net/. HTTP/1.1" 200 10704 "-" "Mozilla/5.0 (compatible; Barkrowler/0.9; +https://babbar.tech/crawler)"
2001:41d0:303:8699::1 - - [02/Apr/2026:20:18:39 -0400] "GET /wp-includes/Requests/src/Utility/pmyhqx/?fm=true&path=/var/softaculous/bootstrap/php71 HTTP/1.1" 200 9793 "-" "Mozilla/5.0 (compatible; MJ12bot/v1.4.8; http://mj12bot.com/)"
2001:41d0:303:8699::1 - - [02/Apr/2026:20:18:40 -0400] "GET /wp-includes/Requests/src/Utility/pmyhqx/?fm=true&path=/var/softaculous/bootstrap/php81 HTTP/1.1" 200 9794 "-" "Mozilla/5.0 (compatible; MJ12bot/v1.4.8; http://mj12bot.com/)"
2001:41d0:303:8699::1 - - [02/Apr/2026:20:18:42 -0400] "GET /wp-includes/Requests/src/Utility/pmyhqx/?fm=true&path=/var/softaculous/bootstrap/php82 HTTP/1.1" 200 9794 "-" "Mozilla/5.0 (compatible; MJ12bot/v1.4.8; http://mj12bot.com/)"
2001:41d0:303:8699::1 - - [02/Apr/2026:20:18:44 -0400] "GET /wp-includes/Requests/src/Utility/pmyhqx/?fm=true&path=/var/softaculous/buggenie/ HTTP/1.1" 200 11663 "-" "Mozilla/5.0 (compatible; MJ12bot/v1.4.8; http://mj12bot.com/)"
198.54.120.101 - - [02/Apr/2026:20:18:44 -0400] "POST /wp-cron.php?doing_wp_cron=1775175524.8682448863983154296875 HTTP/1.1" 200 - "-" "WordPress/6.9.4; https://powertekenterprise.com"
45.131.195.49 - - [02/Apr/2026:20:18:43 -0400] "POST /wp-login.php HTTP/1.1" 200 2208 "-" "Mozilla/5.0"
2001:41d0:303:8699::1 - - [02/Apr/2026:20:18:45 -0400] "GET /wp-includes/Requests/src/Utility/pmyhqx/?fm=true&path=/var/softaculous/buggenie/. HTTP/1.1" 200 11663 "-" "Mozilla/5.0 (compatible; MJ12bot/v1.4.8; http://mj12bot.com/)"
2001:41d0:303:8699::1 - - [02/Apr/2026:20:18:47 -0400] "GET /wp-includes/Requests/src/Utility/pmyhqx/?fm=true&path=/var/softaculous/buggenie/.. HTTP/1.1" 200 41302 "-" "Mozilla/5.0 (compatible; MJ12bot/v1.4.8; http://mj12bot.com/)"
2001:41d0:303:8699::1 - - [02/Apr/2026:20:18:49 -0400] "GET /wp-includes/Requests/src/Utility/pmyhqx/?fm=true&path=/var/softaculous/buggenie/images HTTP/1.1" 200 9941 "-" "Mozilla/5.0 (compatible; MJ12bot/v1.4.8; http://mj12bot.com/)"
2001:41d0:303:8699::1 - - [02/Apr/2026:20:18:51 -0400] "GET /wp-includes/Requests/src/Utility/pmyhqx/?fm=true&path=/var/softaculous/buggenie/php53 HTTP/1.1" 200 9961 "-" "Mozilla/5.0 (compatible; MJ12bot/v1.4.8; http://mj12bot.com/)"
217.113.194.48 - - [02/Apr/2026:20:18:51 -0400] "GET /wp-includes/SimplePie/d3fypn/?fm=true&path=/opt/alt/ruby18/lib64/ruby/1.8/rexml/light HTTP/1.1" 200 9895 "-" "Mozilla/5.0 (compatible; Barkrowler/0.9; +https://babbar.tech/crawler)"
2001:41d0:303:8699::1 - - [02/Apr/2026:20:18:52 -0400] "GET /wp-includes/Requests/src/Utility/pmyhqx/?fm=true&path=/var/softaculous/buggenie/php56 HTTP/1.1" 200 9960 "-" "Mozilla/5.0 (compatible; MJ12bot/v1.4.8; http://mj12bot.com/)"
2001:41d0:303:8699::1 - - [02/Apr/2026:20:18:54 -0400] "GET /wp-includes/Requests/src/Utility/pmyhqx/?fm=true&path=/var/softaculous/buggenie/php71 HTTP/1.1" 200 9960 "-" "Mozilla/5.0 (compatible; MJ12bot/v1.4.8; http://mj12bot.com/)"
2001:41d0:303:8699::1 - - [02/Apr/2026:20:18:56 -0400] "GET /wp-includes/Requests/src/Utility/pmyhqx/?fm=true&path=/var/softaculous/buggenie/php81 HTTP/1.1" 200 9959 "-" "Mozilla/5.0 (compatible; MJ12bot/v1.4.8; http://mj12bot.com/)"
2001:41d0:303:8699::1 - - [02/Apr/2026:20:18:57 -0400] "GET /wp-includes/Requests/src/Utility/pmyhqx/?fm=true&path=/var/softaculous/buggenie/php82 HTTP/1.1" 200 9958 "-" "Mozilla/5.0 (compatible; MJ12bot/v1.4.8; http://mj12bot.com/)"
2001:41d0:303:8699::1 - - [02/Apr/2026:20:18:59 -0400] "GET /wp-includes/Requests/src/Utility/pmyhqx/?fm=true&path=/var/softaculous/bugs/ HTTP/1.1" 200 11196 "-" "Mozilla/5.0 (compatible; MJ12bot/v1.4.8; http://mj12bot.com/)"
2001:41d0:303:8699::1 - - [02/Apr/2026:20:19:01 -0400] "GET /wp-includes/Requests/src/Utility/pmyhqx/?fm=true&path=/var/softaculous/bugs/. HTTP/1.1" 200 11197 "-" "Mozilla/5.0 (compatible; MJ12bot/v1.4.8; http://mj12bot.com/)"
2001:41d0:303:8699::1 - - [02/Apr/2026:20:19:02 -0400] "GET /wp-includes/Requests/src/Utility/pmyhqx/?fm=true&path=/var/softaculous/bugs/.. HTTP/1.1" 200 41302 "-" "Mozilla/5.0 (compatible; MJ12bot/v1.4.8; http://mj12bot.com/)"
2001:41d0:303:8699::1 - - [02/Apr/2026:20:19:04 -0400] "GET /wp-includes/Requests/src/Utility/pmyhqx/?fm=true&path=/var/softaculous/bugs/images HTTP/1.1" 200 9921 "-" "Mozilla/5.0 (compatible; MJ12bot/v1.4.8; http://mj12bot.com/)"
217.113.194.42 - - [02/Apr/2026:20:19:04 -0400] "GET /wp-includes/SimplePie/d3fypn/?fm=true&path=/opt/alt/ruby18/lib64/ruby/1.8/dl/. HTTP/1.1" 200 10169 "-" "Mozilla/5.0 (compatible; Barkrowler/0.9; +https://babbar.tech/crawler)"
2001:41d0:303:8699::1 - - [02/Apr/2026:20:19:06 -0400] "GET /wp-includes/Requests/src/Utility/pmyhqx/?fm=true&path=/var/softaculous/bugs/php53 HTTP/1.1" 200 9950 "-" "Mozilla/5.0 (compatible; MJ12bot/v1.4.8; http://mj12bot.com/)"
2001:41d0:303:8699::1 - - [02/Apr/2026:20:19:08 -0400] "GET /wp-includes/Requests/src/Utility/pmyhqx/?fm=true&path=/var/softaculous/bugs/php56 HTTP/1.1" 200 9951 "-" "Mozilla/5.0 (compatible; MJ12bot/v1.4.8; http://mj12bot.com/)"
2001:41d0:303:8699::1 - - [02/Apr/2026:20:19:09 -0400] "GET /wp-includes/Requests/src/Utility/pmyhqx/?fm=true&path=/var/softaculous/bugs/php71 HTTP/1.1" 200 9953 "-" "Mozilla/5.0 (compatible; MJ12bot/v1.4.8; http://mj12bot.com/)"
2001:41d0:303:8699::1 - - [02/Apr/2026:20:19:11 -0400] "GET /wp-includes/Requests/src/Utility/pmyhqx/?fm=true&path=/var/softaculous/bugs/php81 HTTP/1.1" 200 9951 "-" "Mozilla/5.0 (compatible; MJ12bot/v1.4.8; http://mj12bot.com/)"
2001:41d0:303:8699::1 - - [02/Apr/2026:20:19:13 -0400] "GET /wp-includes/Requests/src/Utility/pmyhqx/?fm=true&path=/var/softaculous/bugs/php82 HTTP/1.1" 200 9951 "-" "Mozilla/5.0 (compatible; MJ12bot/v1.4.8; http://mj12bot.com/)"
2001:41d0:303:8699::1 - - [02/Apr/2026:20:19:14 -0400] "GET /wp-includes/Requests/src/Utility/pmyhqx/?fm=true&path=/var/softaculous/burden/ HTTP/1.1" 200 11096 "-" "Mozilla/5.0 (compatible; MJ12bot/v1.4.8; http://mj12bot.com/)"
2001:41d0:303:8699::1 - - [02/Apr/2026:20:19:16 -0400] "GET /wp-includes/Requests/src/Utility/pmyhqx/?fm=true&path=/var/softaculous/burden/. HTTP/1.1" 200 11093 "-" "Mozilla/5.0 (compatible; MJ12bot/v1.4.8; http://mj12bot.com/)"
217.113.194.44 - - [02/Apr/2026:20:19:17 -0400] "GET /wp-includes/SimplePie/d3fypn/?fm=true&path=/opt/alt/ruby18/lib64/ruby/gems/1.8/. HTTP/1.1" 200 10098 "-" "Mozilla/5.0 (compatible; Barkrowler/0.9; +https://babbar.tech/crawler)"
2001:41d0:303:8699::1 - - [02/Apr/2026:20:19:18 -0400] "GET /wp-includes/Requests/src/Utility/pmyhqx/?fm=true&path=/var/softaculous/burden/.. HTTP/1.1" 200 41301 "-" "Mozilla/5.0 (compatible; MJ12bot/v1.4.8; http://mj12bot.com/)"
2001:41d0:303:8699::1 - - [02/Apr/2026:20:19:20 -0400] "GET /wp-includes/Requests/src/Utility/pmyhqx/?fm=true&path=/var/softaculous/burden/images HTTP/1.1" 200 9952 "-" "Mozilla/5.0 (compatible; MJ12bot/v1.4.8; http://mj12bot.com/)"
2001:41d0:303:8699::1 - - [02/Apr/2026:20:19:21 -0400] "GET /wp-includes/Requests/src/Utility/pmyhqx/?fm=true&path=/var/softaculous/burden/php53 HTTP/1.1" 200 9952 "-" "Mozilla/5.0 (compatible; MJ12bot/v1.4.8; http://mj12bot.com/)"
2001:41d0:303:8699::1 - - [02/Apr/2026:20:19:23 -0400] "GET /wp-includes/Requests/src/Utility/pmyhqx/?fm=true&path=/var/softaculous/burden/php56 HTTP/1.1" 200 9953 "-" "Mozilla/5.0 (compatible; MJ12bot/v1.4.8; http://mj12bot.com/)"
2001:41d0:303:8699::1 - - [02/Apr/2026:20:19:25 -0400] "GET /wp-includes/Requests/src/Utility/pmyhqx/?fm=true&path=/var/softaculous/burden/php71 HTTP/1.1" 200 9956 "-" "Mozilla/5.0 (compatible; MJ12bot/v1.4.8; http://mj12bot.com/)"
2001:41d0:303:8699::1 - - [02/Apr/2026:20:19:26 -0400] "GET /wp-includes/Requests/src/Utility/pmyhqx/?fm=true&path=/var/softaculous/burden/php81 HTTP/1.1" 200 9953 "-" "Mozilla/5.0 (compatible; MJ12bot/v1.4.8; http://mj12bot.com/)"
2001:41d0:303:8699::1 - - [02/Apr/2026:20:19:28 -0400] "GET /wp-includes/Requests/src/Utility/pmyhqx/?fm=true&path=/var/softaculous/burden/php82 HTTP/1.1" 200 9953 "-" "Mozilla/5.0 (compatible; MJ12bot/v1.4.8; http://mj12bot.com/)"
217.113.194.244 - - [02/Apr/2026:20:19:29 -0400] "GET /wp-includes/SimplePie/d3fypn/?fm=true&path=/opt/alt/ruby30/include/ruby/internal/intern/. HTTP/1.1" 200 12629 "-" "Mozilla/5.0 (compatible; Barkrowler/0.9; +https://babbar.tech/crawler)"
2001:41d0:303:8699::1 - - [02/Apr/2026:20:19:30 -0400] "GET /wp-includes/Requests/src/Utility/pmyhqx/?fm=true&path=/var/softaculous/cake/ HTTP/1.1" 200 10916 "-" "Mozilla/5.0 (compatible; MJ12bot/v1.4.8; http://mj12bot.com/)"
2001:41d0:303:8699::1 - - [02/Apr/2026:20:19:32 -0400] "GET /wp-includes/Requests/src/Utility/pmyhqx/?fm=true&path=/var/softaculous/cake/. HTTP/1.1" 200 10916 "-" "Mozilla/5.0 (compatible; MJ12bot/v1.4.8; http://mj12bot.com/)"
2001:41d0:303:8699::1 - - [02/Apr/2026:20:19:33 -0400] "GET /wp-includes/Requests/src/Utility/pmyhqx/?fm=true&path=/var/softaculous/cake/.. HTTP/1.1" 200 41301 "-" "Mozilla/5.0 (compatible; MJ12bot/v1.4.8; http://mj12bot.com/)"
216.73.216.217 - - [02/Apr/2026:20:19:34 -0400] "GET /wp-content/plugins/pro-elements/assets/css/widget-gallery.min.css HTTP/1.1" 200 1104 "-" "Mozilla/5.0 AppleWebKit/537.36 (KHTML, like Gecko; compatible; ClaudeBot/1.0; +claudebot@anthropic.com)"
2001:41d0:303:8699::1 - - [02/Apr/2026:20:19:35 -0400] "GET /wp-includes/Requests/src/Utility/pmyhqx/?fm=true&path=/var/softaculous/cake/images HTTP/1.1" 200 9921 "-" "Mozilla/5.0 (compatible; MJ12bot/v1.4.8; http://mj12bot.com/)"
2001:41d0:303:8699::1 - - [02/Apr/2026:20:19:37 -0400] "GET /wp-includes/Requests/src/Utility/pmyhqx/?fm=true&path=/var/softaculous/cake/php53 HTTP/1.1" 200 9781 "-" "Mozilla/5.0 (compatible; MJ12bot/v1.4.8; http://mj12bot.com/)"
2001:41d0:303:8699::1 - - [02/Apr/2026:20:19:38 -0400] "GET /wp-includes/Requests/src/Utility/pmyhqx/?fm=true&path=/var/softaculous/cake/php56 HTTP/1.1" 200 9781 "-" "Mozilla/5.0 (compatible; MJ12bot/v1.4.8; http://mj12bot.com/)"
2001:41d0:303:8699::1 - - [02/Apr/2026:20:19:40 -0400] "GET /wp-includes/Requests/src/Utility/pmyhqx/?fm=true&path=/var/softaculous/cake/php71 HTTP/1.1" 200 9781 "-" "Mozilla/5.0 (compatible; MJ12bot/v1.4.8; http://mj12bot.com/)"
154.54.249.197 - - [02/Apr/2026:20:19:42 -0400] "GET /wp-includes/SimplePie/d3fypn/?fm=true&path=/opt/alt/ruby30/include/ruby/internal/intern/.. HTTP/1.1" 200 13282 "-" "Mozilla/5.0 (compatible; Barkrowler/0.9; +https://babbar.tech/crawler)"
217.113.194.244 - - [02/Apr/2026:20:19:55 -0400] "GET /wp-includes/SimplePie/d3fypn/?fm=true&path=/opt/alt/ruby30/include/ruby/internal/core/. HTTP/1.1" 200 10874 "-" "Mozilla/5.0 (compatible; Barkrowler/0.9; +https://babbar.tech/crawler)"
217.113.194.45 - - [02/Apr/2026:20:20:08 -0400] "GET /wp-includes/SimplePie/d3fypn/?fm=true&path=/opt/alt/ruby30/include/ruby/internal/has/. HTTP/1.1" 200 10517 "-" "Mozilla/5.0 (compatible; Barkrowler/0.9; +https://babbar.tech/crawler)"
217.113.194.46 - - [02/Apr/2026:20:20:21 -0400] "GET /wp-includes/SimplePie/d3fypn/?fm=true&path=/opt/alt/ruby30/include/ruby/internal/attr/. HTTP/1.1" 200 11813 "-" "Mozilla/5.0 (compatible; Barkrowler/0.9; +https://babbar.tech/crawler)"
198.54.120.101 - - [02/Apr/2026:20:20:28 -0400] "POST /wp-cron.php?doing_wp_cron=1775175627.9265060424804687500000 HTTP/1.1" 200 - "-" "WordPress/6.9.4; https://powertekenterprise.com"
216.73.216.217 - - [02/Apr/2026:20:20:25 -0400] "GET /product-category/food-processing-machines/page/2 HTTP/1.1" 301 - "-" "Mozilla/5.0 AppleWebKit/537.36 (KHTML, like Gecko; compatible; ClaudeBot/1.0; +claudebot@anthropic.com)"
216.73.216.217 - - [02/Apr/2026:20:20:28 -0400] "GET /product-category/food-processing-machines/page/2/ HTTP/1.1" 200 22230 "https://powertekenterprise.com/product-category/food-processing-machines/page/2" "Mozilla/5.0 AppleWebKit/537.36 (KHTML, like Gecko; compatible; ClaudeBot/1.0; +claudebot@anthropic.com)"
217.113.194.42 - - [02/Apr/2026:20:20:33 -0400] "GET /wp-includes/SimplePie/d3fypn/?fm=true&path=/opt/alt/ruby30/include/ruby/backward/2/. HTTP/1.1" 200 10759 "-" "Mozilla/5.0 (compatible; Barkrowler/0.9; +https://babbar.tech/crawler)"
47.128.62.113 - - [02/Apr/2026:20:20:37 -0400] "GET /wp-includes/theme-compat/yprkzw/?d=%2Fhome%2Fpowertekenterpri%2F%2Fwww%2F%2Fwp-content%2Fplugins%2F%2Fgoogle-site-kit%2Fthird-party%2Fguzzlehttp%2F%2Fguzzle%2F%2Fsrc%2FMiddleware.php HTTP/1.1" 200 3161 "-" "Mozilla/5.0 (Linux; Android 5.0) AppleWebKit/537.36 (KHTML, like Gecko) Mobile Safari/537.36 (compatible; Bytespider; spider-feedback@bytedance.com)"
217.113.194.42 - - [02/Apr/2026:20:20:46 -0400] "GET /wp-includes/SimplePie/d3fypn/?fm=true&path=/opt/alt/ruby31/include/ruby/internal/has/.. HTTP/1.1" 200 13325 "-" "Mozilla/5.0 (compatible; Barkrowler/0.9; +https://babbar.tech/crawler)"
217.113.194.47 - - [02/Apr/2026:20:20:59 -0400] "GET /wp-includes/SimplePie/d3fypn/?fm=true&path=/opt/alt/ruby31/include/ruby/internal/encoding/. HTTP/1.1" 200 10558 "-" "Mozilla/5.0 (compatible; Barkrowler/0.9; +https://babbar.tech/crawler)"
217.113.194.48 - - [02/Apr/2026:20:21:12 -0400] "GET /wp-includes/SimplePie/d3fypn/?fm=true&path=/opt/alt/ruby33/include/ruby/internal/has/. HTTP/1.1" 200 10517 "-" "Mozilla/5.0 (compatible; Barkrowler/0.9; +https://babbar.tech/crawler)"
217.113.194.46 - - [02/Apr/2026:20:21:25 -0400] "GET /wp-includes/SimplePie/d3fypn/?fm=true&path=/opt/alt/ruby33/include/ruby/internal/intern/. HTTP/1.1" 200 12587 "-" "Mozilla/5.0 (compatible; Barkrowler/0.9; +https://babbar.tech/crawler)"
216.73.216.217 - - [02/Apr/2026:20:21:35 -0400] "GET /wp-content/plugins/pro-elements/assets/css/conditionals/transitions.min.css HTTP/1.1" 200 621 "-" "Mozilla/5.0 AppleWebKit/537.36 (KHTML, like Gecko; compatible; ClaudeBot/1.0; +claudebot@anthropic.com)"
154.54.249.197 - - [02/Apr/2026:20:21:37 -0400] "GET /wp-includes/SimplePie/d3fypn/?fm=true&path=/opt/alt/ruby33/include/ruby/internal/intern/.. HTTP/1.1" 200 13277 "-" "Mozilla/5.0 (compatible; Barkrowler/0.9; +https://babbar.tech/crawler)"
217.113.194.47 - - [02/Apr/2026:20:21:50 -0400] "GET /wp-includes/SimplePie/d3fypn/?fm=true&path=/opt/alt/ruby33/include/ruby/internal/core/. HTTP/1.1" 200 10877 "-" "Mozilla/5.0 (compatible; Barkrowler/0.9; +https://babbar.tech/crawler)"
217.113.194.49 - - [02/Apr/2026:20:22:03 -0400] "GET /wp-includes/SimplePie/d3fypn/?fm=true&path=/opt/alt/ruby33/include/ruby/backward/2/. HTTP/1.1" 200 10759 "-" "Mozilla/5.0 (compatible; Barkrowler/0.9; +https://babbar.tech/crawler)"
217.113.194.48 - - [02/Apr/2026:20:22:15 -0400] "GET /wp-includes/SimplePie/d3fypn/?fm=true&path=/opt/alt/krb5/usr/share/man/man5/.. HTTP/1.1" 200 9899 "-" "Mozilla/5.0 (compatible; Barkrowler/0.9; +https://babbar.tech/crawler)"
217.113.194.47 - - [02/Apr/2026:20:22:27 -0400] "GET /wp-includes/SimplePie/d3fypn/?fm=true&path=/opt/alt/krb5/usr/share/man/man7/.. HTTP/1.1" 200 9899 "-" "Mozilla/5.0 (compatible; Barkrowler/0.9; +https://babbar.tech/crawler)"
217.113.194.43 - - [02/Apr/2026:20:22:40 -0400] "GET /wp-includes/SimplePie/d3fypn/?fm=true&path=/opt/alt/krb5/usr/share/locale/en_US/.. HTTP/1.1" 200 9904 "-" "Mozilla/5.0 (compatible; Barkrowler/0.9; +https://babbar.tech/crawler)"
217.113.194.47 - - [02/Apr/2026:20:22:53 -0400] "GET /wp-includes/SimplePie/d3fypn/?fm=true&path=/lib/node_modules/npm/node_modules/colors/lib/system HTTP/1.1" 200 10025 "-" "Mozilla/5.0 (compatible; Barkrowler/0.9; +https://babbar.tech/crawler)"
217.113.194.244 - - [02/Apr/2026:20:23:06 -0400] "GET /wp-includes/SimplePie/d3fypn/?fm=true&path=/lib/node_modules/npm/node_modules/colors/lib/custom HTTP/1.1" 200 9997 "-" "Mozilla/5.0 (compatible; Barkrowler/0.9; +https://babbar.tech/crawler)"
198.54.120.101 - - [02/Apr/2026:20:23:17 -0400] "POST /wp-cron.php?doing_wp_cron=1775175797.5245609283447265625000 HTTP/1.1" 200 - "-" "WordPress/6.9.4; https://powertekenterprise.com"
216.73.216.217 - - [02/Apr/2026:20:23:15 -0400] "GET /product-category/food-processing-machines/feed HTTP/1.1" 301 - "-" "Mozilla/5.0 AppleWebKit/537.36 (KHTML, like Gecko; compatible; ClaudeBot/1.0; +claudebot@anthropic.com)"
217.113.194.50 - - [02/Apr/2026:20:23:18 -0400] "GET /wp-includes/SimplePie/d3fypn/?fm=true&path=/lib/node_modules/npm/node_modules/colors/lib/maps HTTP/1.1" 200 10175 "-" "Mozilla/5.0 (compatible; Barkrowler/0.9; +https://babbar.tech/crawler)"
216.73.216.217 - - [02/Apr/2026:20:23:17 -0400] "GET /product-category/food-processing-machines/feed/ HTTP/1.1" 200 2828 "https://powertekenterprise.com/product-category/food-processing-machines/feed" "Mozilla/5.0 AppleWebKit/537.36 (KHTML, like Gecko; compatible; ClaudeBot/1.0; +claudebot@anthropic.com)"
217.113.194.43 - - [02/Apr/2026:20:23:31 -0400] "GET /wp-includes/SimplePie/d3fypn/?fm=true&path=/lib/dracut/modules.d/71prefixdevname/. HTTP/1.1" 200 9919 "-" "Mozilla/5.0 (compatible; Barkrowler/0.9; +https://babbar.tech/crawler)"
217.113.194.47 - - [02/Apr/2026:20:23:44 -0400] "GET /wp-includes/SimplePie/d3fypn/?fm=true&path=/lib/dracut/modules.d/98ecryptfs/.. HTTP/1.1" 200 15294 "-" "Mozilla/5.0 (compatible; Barkrowler/0.9; +https://babbar.tech/crawler)"
47.128.62.159 - - [02/Apr/2026:20:23:48 -0400] "GET /wp-includes/assets/wpper.php?path=%2Fusr%2Flib%2F.build-id%2Fbd%2F.. HTTP/1.1" 200 8858 "-" "Mozilla/5.0 (Linux; Android 5.0) AppleWebKit/537.36 (KHTML, like Gecko) Mobile Safari/537.36 (compatible; Bytespider; spider-feedback@bytedance.com)"
217.113.194.244 - - [02/Apr/2026:20:23:57 -0400] "GET /wp-includes/SimplePie/d3fypn/?fm=true&path=/lib/systemd/system/system-update.target.wants/. HTTP/1.1" 200 10087 "-" "Mozilla/5.0 (compatible; Barkrowler/0.9; +https://babbar.tech/crawler)"
217.113.194.44 - - [02/Apr/2026:20:24:10 -0400] "GET /wp-includes/SimplePie/d3fypn/?fm=true&path=/lib/systemd/system/system-update.target.wants/.. HTTP/1.1" 200 42357 "-" "Mozilla/5.0 (compatible; Barkrowler/0.9; +https://babbar.tech/crawler)"
217.113.194.252 - - [02/Apr/2026:20:24:24 -0400] "GET /wp-includes/SimplePie/d3fypn/?fm=true&path=/lib/systemd/system/initrd.target.wants/.. HTTP/1.1" 200 42357 "-" "Mozilla/5.0 (compatible; Barkrowler/0.9; +https://babbar.tech/crawler)"
217.113.194.50 - - [02/Apr/2026:20:24:38 -0400] "GET /wp-includes/SimplePie/d3fypn/?fm=true&path=/lib/systemd/system/runlevel1.target.wants/. HTTP/1.1" 200 9597 "-" "Mozilla/5.0 (compatible; Barkrowler/0.9; +https://babbar.tech/crawler)"
217.113.194.47 - - [02/Apr/2026:20:24:51 -0400] "GET /wp-includes/SimplePie/d3fypn/?fm=true&path=/lib/systemd/system/runlevel2.target.wants/. HTTP/1.1" 200 9598 "-" "Mozilla/5.0 (compatible; Barkrowler/0.9; +https://babbar.tech/crawler)"
217.113.194.244 - - [02/Apr/2026:20:25:03 -0400] "GET /wp-includes/SimplePie/d3fypn/?fm=true&path=/lib/systemd/system/remote-fs.target.wants/.. HTTP/1.1" 200 42357 "-" "Mozilla/5.0 (compatible; Barkrowler/0.9; +https://babbar.tech/crawler)"
198.54.120.101 - - [02/Apr/2026:20:25:16 -0400] "POST /wp-cron.php?doing_wp_cron=1775175916.2856049537658691406250 HTTP/1.1" 200 - "-" "WordPress/6.9.4; https://powertekenterprise.com"
43.135.185.59 - - [02/Apr/2026:20:25:13 -0400] "GET /product-category/construction-machines/interlock-tile-block-production/ HTTP/1.1" 200 20129 "-" "Mozilla/5.0 (iPhone; CPU iPhone OS 13_2_3 like Mac OS X) AppleWebKit/605.1.15 (KHTML, like Gecko) Version/13.0.3 Mobile/15E148 Safari/604.1"
217.113.194.244 - - [02/Apr/2026:20:25:16 -0400] "GET /wp-includes/SimplePie/d3fypn/?fm=true&path=/lib/systemd/system/multi-user.target.wants/. HTTP/1.1" 200 10657 "-" "Mozilla/5.0 (compatible; Barkrowler/0.9; +https://babbar.tech/crawler)"
217.113.194.42 - - [02/Apr/2026:20:25:29 -0400] "GET /wp-includes/SimplePie/d3fypn/?fm=true&path=/lib/systemd/system/multi-user.target.wants/.. HTTP/1.1" 200 42357 "-" "Mozilla/5.0 (compatible; Barkrowler/0.9; +https://babbar.tech/crawler)"
217.113.194.47 - - [02/Apr/2026:20:25:42 -0400] "GET /wp-includes/SimplePie/d3fypn/?fm=true&path=/lib/rpm/platform/mipsr6el-linux/.. HTTP/1.1" 200 13793 "-" "Mozilla/5.0 (compatible; Barkrowler/0.9; +https://babbar.tech/crawler)"
217.113.194.212 - - [02/Apr/2026:20:25:55 -0400] "GET /wp-includes/SimplePie/d3fypn/?fm=true&path=/lib/firmware/ath10k/QCA9888/.. HTTP/1.1" 200 10389 "-" "Mozilla/5.0 (compatible; Barkrowler/0.9; +https://babbar.tech/crawler)"
154.54.249.197 - - [02/Apr/2026:20:26:07 -0400] "GET /wp-includes/SimplePie/d3fypn/?fm=true&path=/lib/firmware/ath10k/QCA988X/. HTTP/1.1" 200 9833 "-" "Mozilla/5.0 (compatible; Barkrowler/0.9; +https://babbar.tech/crawler)"
47.128.62.170 - - [02/Apr/2026:20:26:19 -0400] "GET /wp-includes/assets/wpper.php?path=%2Fvar%2Fsoftaculous%2Fatlantis%2Fphp53%2F. HTTP/1.1" 200 2718 "-" "Mozilla/5.0 (Linux; Android 5.0) AppleWebKit/537.36 (KHTML, like Gecko) Mobile Safari/537.36 (compatible; Bytespider; spider-feedback@bytedance.com)"
154.54.249.197 - - [02/Apr/2026:20:26:20 -0400] "GET /wp-includes/SimplePie/d3fypn/?fm=true&path=/lib/firmware/ath10k/QCA988X/.. HTTP/1.1" 200 10389 "-" "Mozilla/5.0 (compatible; Barkrowler/0.9; +https://babbar.tech/crawler)"
217.113.194.48 - - [02/Apr/2026:20:26:33 -0400] "GET /wp-includes/SimplePie/d3fypn/?fm=true&path=/lib/firmware/ath10k/QCA9984/.. HTTP/1.1" 200 10388 "-" "Mozilla/5.0 (compatible; Barkrowler/0.9; +https://babbar.tech/crawler)"
217.113.194.42 - - [02/Apr/2026:20:26:45 -0400] "GET /wp-includes/SimplePie/d3fypn/?fm=true&path=/lib/firmware/ath11k/QCA2066/.. HTTP/1.1" 200 10414 "-" "Mozilla/5.0 (compatible; Barkrowler/0.9; +https://babbar.tech/crawler)"
198.54.120.101 - - [02/Apr/2026:20:26:49 -0400] "POST /wp-cron.php?doing_wp_cron=1775176009.5064630508422851562500 HTTP/1.1" 200 - "-" "WordPress/6.9.4; https://powertekenterprise.com"
2001:41d0:303:a4e6::1 - - [02/Apr/2026:20:26:46 -0400] "GET /can-the-excitement-of-joining-the-community-and/feed/ HTTP/1.1" 404 86106 "-" "Mozilla/5.0 (compatible; MJ12bot/v1.4.8; http://mj12bot.com/)"
2001:41d0:303:a4e6::1 - - [02/Apr/2026:20:26:51 -0400] "GET /l0-dostup-k-lichnomu-kabinetu-i-istorii-stavok-cherez-zerkalo-kazino-melbet-dlia-vkhoda-na-sait/feed/ HTTP/1.1" 200 619 "-" "Mozilla/5.0 (compatible; MJ12bot/v1.4.8; http://mj12bot.com/)"
2001:41d0:303:a4e6::1 - - [02/Apr/2026:20:26:55 -0400] "GET /l0-kak-proverit-podlinnost-ssylki-na-zerkalo-kazino-melbet-dlia-bezopasnoi-igry/feed/ HTTP/1.1" 200 593 "-" "Mozilla/5.0 (compatible; MJ12bot/v1.4.8; http://mj12bot.com/)"
2001:41d0:303:a4e6::1 - - [02/Apr/2026:20:26:58 -0400] "GET /wp-includes/Requests/src/Utility/pmyhqx/?download=L2hvbWUvcG93ZXJ0ZWtlbnRlcnByaS9wdWJsaWNfaHRtbC93cC1jb250ZW50L3BsdWdpbnMvZ29vZ2xlLXNpdGUta2l0L3RoaXJkLXBhcnR5L21vbm9sb2cvbW9ub2xvZy9zcmMvTW9ub2xvZy9IYW5kbGVyL0hhbmRsZXJXcmFwcGVyLnBocA== HTTP/1.1" 200 4265 "-" "Mozilla/5.0 (compatible; MJ12bot/v1.4.8; http://mj12bot.com/)"
217.113.194.50 - - [02/Apr/2026:20:26:58 -0400] "GET /wp-includes/SimplePie/d3fypn/?fm=true&path=/lib/firmware/ath6k/AR6003/hw2.0 HTTP/1.1" 200 10312 "-" "Mozilla/5.0 (compatible; Barkrowler/0.9; +https://babbar.tech/crawler)"
2001:41d0:303:a4e6::1 - - [02/Apr/2026:20:26:59 -0400] "GET /wp-includes/Requests/src/Utility/pmyhqx/?download=L2hvbWUvcG93ZXJ0ZWtlbnRlcnByaS9wdWJsaWNfaHRtbC93cC1jb250ZW50L3BsdWdpbnMvZWxlbWVudG9yL2Fzc2V0cy9qcy8yNTQxMzJlYTY5MDNiN2NmMGMzMC5idW5kbGUuanM= HTTP/1.1" 200 1819 "-" "Mozilla/5.0 (compatible; MJ12bot/v1.4.8; http://mj12bot.com/)"
2001:41d0:303:a4e6::1 - - [02/Apr/2026:20:27:01 -0400] "GET /wp-includes/Requests/src/Utility/pmyhqx/?download=L3Zhci9zb2Z0YWN1bG91cy9lZW5naW5lL3VwZGF0ZV9wYXNzLnBocA== HTTP/1.1" 200 554 "-" "Mozilla/5.0 (compatible; MJ12bot/v1.4.8; http://mj12bot.com/)"
2001:41d0:303:a4e6::1 - - [02/Apr/2026:20:27:03 -0400] "GET /wp-includes/Requests/src/Utility/pmyhqx/?download=L3Zhci9zb2Z0YWN1bG91cy9lbGdnMi91cGdyYWRlLnhtbA== HTTP/1.1" 200 323 "-" "Mozilla/5.0 (compatible; MJ12bot/v1.4.8; http://mj12bot.com/)"
2001:41d0:303:a4e6::1 - - [02/Apr/2026:20:27:05 -0400] "GET /wp-includes/Requests/src/Utility/pmyhqx/?fm=true&edit=package-lock.json&path=/home/powertekenterpri/public_html/wp-content/plugins/gm-woocommerce-quote-popup/ HTTP/1.1" 200 190634 "-" "Mozilla/5.0 (compatible; MJ12bot/v1.4.8; http://mj12bot.com/)"
2001:41d0:303:a4e6::1 - - [02/Apr/2026:20:27:07 -0400] "GET /wp-includes/Requests/src/Utility/pmyhqx/?fm=true&edit=react-dom.js&path=/home/powertekenterpri/public_html/wp-includes/js/dist/vendor/ HTTP/1.1" 200 245285 "-" "Mozilla/5.0 (compatible; MJ12bot/v1.4.8; http://mj12bot.com/)"
2001:41d0:303:a4e6::1 - - [02/Apr/2026:20:27:09 -0400] "GET /wp-includes/Requests/src/Utility/pmyhqx/?fm=true&edit=rubygems&path=/var/lve/ HTTP/1.1" 200 920748 "-" "Mozilla/5.0 (compatible; MJ12bot/v1.4.8; http://mj12bot.com/)"
217.113.194.46 - - [02/Apr/2026:20:27:11 -0400] "GET /wp-includes/SimplePie/d3fypn/?fm=true&path=/lib/firmware/ath6k/AR6003/hw1.0 HTTP/1.1" 200 10309 "-" "Mozilla/5.0 (compatible; Barkrowler/0.9; +https://babbar.tech/crawler)"
2001:41d0:303:a4e6::1 - - [02/Apr/2026:20:27:12 -0400] "GET /wp-includes/Requests/src/Utility/pmyhqx/?fm=true&edit=settings-embed.js&path=/home/powertekenterpri/public_html/wp-content/plugins/woocommerce/assets/client/admin/wp-admin-scripts/ HTTP/1.1" 200 393566 "-" "Mozilla/5.0 (compatible; MJ12bot/v1.4.8; http://mj12bot.com/)"
2001:41d0:303:a4e6::1 - - [02/Apr/2026:20:27:15 -0400] "GET /wp-includes/Requests/src/Utility/pmyhqx/?fm=true&edit=smartslider-backend.js&path=/home/powertekenterpri/public_html/wp-content/plugins/smart-slider-3/Public/SmartSlider3/Application/Admin/Assets/dist/ HTTP/1.1" 200 222463 "-" "Mozilla/5.0 (compatible; MJ12bot/v1.4.8; http://mj12bot.com/)"
2001:41d0:303:a4e6::1 - - [02/Apr/2026:20:27:17 -0400] "GET /wp-includes/Requests/src/Utility/pmyhqx/?fm=true&edit=sodium_compat.tar&path=/home/powertekenterpri/public_html/wp-includes/Requests/src/Utility/pmyhqx/ HTTP/1.1" 200 276796 "-" "Mozilla/5.0 (compatible; MJ12bot/v1.4.8; http://mj12bot.com/)"
2001:41d0:303:a4e6::1 - - [02/Apr/2026:20:27:19 -0400] "GET /wp-includes/Requests/src/Utility/pmyhqx/?fm=true&edit=ui.js&path=/home/powertekenterpri/public_html/wp-content/plugins/elementor/assets/js/packages/ui/ HTTP/1.1" 200 413290 "-" "Mozilla/5.0 (compatible; MJ12bot/v1.4.8; http://mj12bot.com/)"
2001:41d0:303:a4e6::1 - - [02/Apr/2026:20:27:22 -0400] "GET /wp-includes/Requests/src/Utility/pmyhqx/?fm=true&edit=upgrade.php&path=/var/softaculous/elgg/ HTTP/1.1" 200 12949 "-" "Mozilla/5.0 (compatible; MJ12bot/v1.4.8; http://mj12bot.com/)"
2001:41d0:303:a4e6::1 - - [02/Apr/2026:20:27:23 -0400] "GET /wp-includes/Requests/src/Utility/pmyhqx/?fm=true&edit=upgrade.php&path=/var/softaculous/elgg2/ HTTP/1.1" 200 11337 "-" "Mozilla/5.0 (compatible; MJ12bot/v1.4.8; http://mj12bot.com/)"
154.54.249.197 - - [02/Apr/2026:20:27:23 -0400] "GET /wp-includes/SimplePie/d3fypn/?fm=true&path=/lib64/gtk-2.0/2.10.0/printbackends/. HTTP/1.1" 200 10090 "-" "Mozilla/5.0 (compatible; Barkrowler/0.9; +https://babbar.tech/crawler)"
2001:41d0:303:a4e6::1 - - [02/Apr/2026:20:27:25 -0400] "GET /wp-includes/Requests/src/Utility/pmyhqx/?fm=true&edit=upgrade.xml&path=/var/softaculous/claro/ HTTP/1.1" 200 9236 "-" "Mozilla/5.0 (compatible; MJ12bot/v1.4.8; http://mj12bot.com/)"
2001:41d0:303:a4e6::1 - - [02/Apr/2026:20:27:27 -0400] "GET /wp-includes/Requests/src/Utility/pmyhqx/?fm=true&edit=upgrade.xml&path=/var/softaculous/clientexec/ HTTP/1.1" 200 9219 "-" "Mozilla/5.0 (compatible; MJ12bot/v1.4.8; http://mj12bot.com/)"
2001:41d0:303:a4e6::1 - - [02/Apr/2026:20:27:28 -0400] "GET /wp-includes/Requests/src/Utility/pmyhqx/?fm=true&edit=upgrade.xml&path=/var/softaculous/clip/ HTTP/1.1" 200 9179 "-" "Mozilla/5.0 (compatible; MJ12bot/v1.4.8; http://mj12bot.com/)"
2001:41d0:303:a4e6::1 - - [02/Apr/2026:20:27:30 -0400] "GET /wp-includes/Requests/src/Utility/pmyhqx/?fm=true&edit=upgrade.xml&path=/var/softaculous/cmssimple/ HTTP/1.1" 200 9211 "-" "Mozilla/5.0 (compatible; MJ12bot/v1.4.8; http://mj12bot.com/)"
2001:41d0:303:a4e6::1 - - [02/Apr/2026:20:27:32 -0400] "GET /wp-includes/Requests/src/Utility/pmyhqx/?fm=true&edit=upgrade.xml&path=/var/softaculous/conc/ HTTP/1.1" 200 9254 "-" "Mozilla/5.0 (compatible; MJ12bot/v1.4.8; http://mj12bot.com/)"
2001:41d0:303:a4e6::1 - - [02/Apr/2026:20:27:33 -0400] "GET /wp-includes/Requests/src/Utility/pmyhqx/?fm=true&edit=upgrade.xml&path=/var/softaculous/conc56/ HTTP/1.1" 200 9246 "-" "Mozilla/5.0 (compatible; MJ12bot/v1.4.8; http://mj12bot.com/)"
2001:41d0:303:a4e6::1 - - [02/Apr/2026:20:27:35 -0400] "GET /wp-includes/Requests/src/Utility/pmyhqx/?fm=true&edit=upgrade.xml&path=/var/softaculous/conc8/ HTTP/1.1" 200 9355 "-" "Mozilla/5.0 (compatible; MJ12bot/v1.4.8; http://mj12bot.com/)"
114.119.142.7 - - [02/Apr/2026:20:27:36 -0400] "GET /wp-includes/js/twemoji.min.js HTTP/1.1" 200 4154 "https://powertekenterprise.com/wp-includes/js/" "Mozilla/5.0 (Linux; Android 7.0;) AppleWebKit/537.36 (KHTML, like Gecko) Mobile Safari/537.36 (compatible; PetalBot;+https://webmaster.petalsearch.com/site/petalbot)"
217.113.194.49 - - [02/Apr/2026:20:27:36 -0400] "GET /wp-includes/SimplePie/d3fypn/?fm=true&path=/lib64/NetworkManager/1.40.16-20.el8_10/. HTTP/1.1" 200 10056 "-" "Mozilla/5.0 (compatible; Barkrowler/0.9; +https://babbar.tech/crawler)"
2001:41d0:303:a4e6::1 - - [02/Apr/2026:20:27:37 -0400] "GET /wp-includes/Requests/src/Utility/pmyhqx/?fm=true&edit=upgrade.xml&path=/var/softaculous/conc85/ HTTP/1.1" 200 9370 "-" "Mozilla/5.0 (compatible; MJ12bot/v1.4.8; http://mj12bot.com/)"
2001:41d0:303:a4e6::1 - - [02/Apr/2026:20:27:38 -0400] "GET /wp-includes/Requests/src/Utility/pmyhqx/?fm=true&edit=upgrade.xml&path=/var/softaculous/cpg/ HTTP/1.1" 200 9272 "-" "Mozilla/5.0 (compatible; MJ12bot/v1.4.8; http://mj12bot.com/)"
2001:41d0:303:a4e6::1 - - [02/Apr/2026:20:27:40 -0400] "GET /wp-includes/Requests/src/Utility/pmyhqx/?fm=true&edit=upgrade.xml&path=/var/softaculous/crafty/ HTTP/1.1" 200 9203 "-" "Mozilla/5.0 (compatible; MJ12bot/v1.4.8; http://mj12bot.com/)"
2001:41d0:303:a4e6::1 - - [02/Apr/2026:20:27:42 -0400] "GET /wp-includes/Requests/src/Utility/pmyhqx/?fm=true&edit=upgrade.xml&path=/var/softaculous/cube/ HTTP/1.1" 200 9228 "-" "Mozilla/5.0 (compatible; MJ12bot/v1.4.8; http://mj12bot.com/)"
2001:41d0:303:a4e6::1 - - [02/Apr/2026:20:27:44 -0400] "GET /wp-includes/Requests/src/Utility/pmyhqx/?fm=true&edit=upgrade.xml&path=/var/softaculous/e107/ HTTP/1.1" 200 9195 "-" "Mozilla/5.0 (compatible; MJ12bot/v1.4.8; http://mj12bot.com/)"
2001:41d0:303:a4e6::1 - - [02/Apr/2026:20:27:45 -0400] "GET /wp-includes/Requests/src/Utility/pmyhqx/?fm=true&edit=upgrade.xml&path=/var/softaculous/egroup/ HTTP/1.1" 200 9201 "-" "Mozilla/5.0 (compatible; MJ12bot/v1.4.8; http://mj12bot.com/)"
2001:41d0:303:a4e6::1 - - [02/Apr/2026:20:27:47 -0400] "GET /wp-includes/Requests/src/Utility/pmyhqx/?fm=true&edit=upgrade.xml&path=/var/softaculous/elgg/ HTTP/1.1" 200 9207 "-" "Mozilla/5.0 (compatible; MJ12bot/v1.4.8; http://mj12bot.com/)"
2001:41d0:303:a4e6::1 - - [02/Apr/2026:20:27:49 -0400] "GET /wp-includes/Requests/src/Utility/pmyhqx/?fm=true&edit=upgrade.xml&path=/var/softaculous/elgg2/ HTTP/1.1" 200 9211 "-" "Mozilla/5.0 (compatible; MJ12bot/v1.4.8; http://mj12bot.com/)"
217.113.194.47 - - [02/Apr/2026:20:27:49 -0400] "GET /wp-includes/SimplePie/d3fypn/?fm=true&path=/lib64/NetworkManager/1.40.16-20.el8_10/.. HTTP/1.1" 200 9855 "-" "Mozilla/5.0 (compatible; Barkrowler/0.9; +https://babbar.tech/crawler)"
2001:41d0:303:a4e6::1 - - [02/Apr/2026:20:27:51 -0400] "GET /wp-includes/Requests/src/Utility/pmyhqx/?fm=true&edit=users.json&path=/var/softaculous/contao/ HTTP/1.1" 200 9169 "-" "Mozilla/5.0 (compatible; MJ12bot/v1.4.8; http://mj12bot.com/)"
2001:41d0:303:a4e6::1 - - [02/Apr/2026:20:27:52 -0400] "GET /wp-includes/Requests/src/Utility/pmyhqx/?fm=true&edit=vendor1.zip&path=/var/softaculous/egroup/ HTTP/1.1" 200 9038 "-" "Mozilla/5.0 (compatible; MJ12bot/v1.4.8; http://mj12bot.com/)"
2001:41d0:303:a4e6::1 - - [02/Apr/2026:20:27:54 -0400] "GET /wp-includes/Requests/src/Utility/pmyhqx/?fm=true&edit=woocommerce.pot&path=/home/powertekenterpri/public_html/wp-content/plugins/woocommerce/i18n/languages/ HTTP/1.1" 200 336499 "-" "Mozilla/5.0 (compatible; MJ12bot/v1.4.8; http://mj12bot.com/)"
2001:41d0:303:a4e6::1 - - [02/Apr/2026:20:27:56 -0400] "GET /wp-includes/Requests/src/Utility/pmyhqx/?fm=true&path=/home/powertekenterpri/public_html/wp-content/plugins/updraftplus/vendor/team-updraft/common-libs/src/updraft-plugin-deinstall-dialog/assets/js/ HTTP/1.1" 200 10008 "-" "Mozilla/5.0 (compatible; MJ12bot/v1.4.8; http://mj12bot.com/)"
2001:41d0:303:a4e6::1 - - [02/Apr/2026:20:27:58 -0400] "GET /wp-includes/Requests/src/Utility/pmyhqx/?fm=true&path=/home/powertekenterpri/public_html/wp-content/plugins/w3-total-cache/vendor/aws/aws-sdk-php/src/MediaPackageVod/Exception/ HTTP/1.1" 200 9887 "-" "Mozilla/5.0 (compatible; MJ12bot/v1.4.8; http://mj12bot.com/)"
2001:41d0:303:a4e6::1 - - [02/Apr/2026:20:28:00 -0400] "GET /wp-includes/Requests/src/Utility/pmyhqx/?fm=true&path=/home/powertekenterpri/public_html/wp-content/plugins/w3-total-cache/vendor/aws/aws-sdk-php/src/MediaStore/Exception/. HTTP/1.1" 200 9864 "-" "Mozilla/5.0 (compatible; MJ12bot/v1.4.8; http://mj12bot.com/)"
154.54.249.197 - - [02/Apr/2026:20:28:01 -0400] "GET /wp-includes/SimplePie/d3fypn/?fm=true&path=/lib64/qt5/plugins/platforminputcontexts/.. HTTP/1.1" 200 11232 "-" "Mozilla/5.0 (compatible; Barkrowler/0.9; +https://babbar.tech/crawler)"
2001:41d0:303:a4e6::1 - - [02/Apr/2026:20:28:01 -0400] "GET /wp-includes/Requests/src/Utility/pmyhqx/?fm=true&path=/home/powertekenterpri/public_html/wp-content/plugins/w3-total-cache/vendor/aws/aws-sdk-php/src/MediaStore/Exception/.. HTTP/1.1" 200 9988 "-" "Mozilla/5.0 (compatible; MJ12bot/v1.4.8; http://mj12bot.com/)"
