114.119.136.138 - - [02/Apr/2026:19:01:23 -0400] "GET /?big=category/tool/page/1/ HTTP/1.1" 301 - "-" "Mozilla/5.0 (Linux; Android 7.0;) AppleWebKit/537.36 (KHTML, like Gecko) Mobile Safari/537.36 (compatible; PetalBot;+https://webmaster.petalsearch.com/site/petalbot)"
114.119.136.138 - - [02/Apr/2026:19:01:26 -0400] "GET /?big=category/tool/page/1/ HTTP/1.1" 301 - "-" "Mozilla/5.0 (Linux; Android 7.0;) AppleWebKit/537.36 (KHTML, like Gecko) Mobile Safari/537.36 (compatible; PetalBot;+https://webmaster.petalsearch.com/site/petalbot)"
114.119.136.138 - - [02/Apr/2026:19:01:28 -0400] "GET /?big=category/tool/page/1/ HTTP/1.1" 301 - "-" "Mozilla/5.0 (Linux; Android 7.0;) AppleWebKit/537.36 (KHTML, like Gecko) Mobile Safari/537.36 (compatible; PetalBot;+https://webmaster.petalsearch.com/site/petalbot)"
154.54.249.197 - - [02/Apr/2026:19:01:31 -0400] "GET /wp-includes/SimplePie/d3fypn/?fm=true&path=/opt/alt/php55/usr/share/pear/ezc/Base HTTP/1.1" 200 11006 "-" "Mozilla/5.0 (compatible; Barkrowler/0.9; +https://babbar.tech/crawler)"
17.22.237.180 - - [02/Apr/2026:19:01:40 -0400] "GET /wp-includes/Requests/src/Utility/pmyhqx/?download=L3Byb2Mvc3lzcnEtdHJpZ2dlcg== HTTP/1.1" 404 13 "-" "Mozilla/5.0 (Macintosh; Intel Mac OS X 10_15_7) AppleWebKit/605.1.15 (KHTML, like Gecko) Version/17.4 Safari/605.1.15 (Applebot/0.1; +http://www.apple.com/go/applebot)"
217.113.194.51 - - [02/Apr/2026:19:01:44 -0400] "GET /wp-includes/SimplePie/d3fypn/?fm=true&path=/opt/alt/php55/usr/share/pear/ezc/Archive HTTP/1.1" 200 10735 "-" "Mozilla/5.0 (compatible; Barkrowler/0.9; +https://babbar.tech/crawler)"
217.113.194.45 - - [02/Apr/2026:19:01:57 -0400] "GET /wp-includes/SimplePie/d3fypn/?fm=true&path=/opt/alt/php55/usr/share/pear/test/Translation HTTP/1.1" 200 9877 "-" "Mozilla/5.0 (compatible; Barkrowler/0.9; +https://babbar.tech/crawler)"
217.113.194.50 - - [02/Apr/2026:19:02:10 -0400] "GET /wp-includes/SimplePie/d3fypn/?fm=true&path=/opt/alt/php55/usr/share/pear/test/Validator HTTP/1.1" 200 9877 "-" "Mozilla/5.0 (compatible; Barkrowler/0.9; +https://babbar.tech/crawler)"
217.113.194.43 - - [02/Apr/2026:19:02:23 -0400] "GET /wp-includes/SimplePie/d3fypn/?fm=true&path=/opt/alt/php55/usr/share/pear/test/Routing HTTP/1.1" 200 9870 "-" "Mozilla/5.0 (compatible; Barkrowler/0.9; +https://babbar.tech/crawler)"
217.113.194.42 - - [02/Apr/2026:19:02:35 -0400] "GET /wp-includes/SimplePie/d3fypn/?fm=true&path=/opt/alt/php55/usr/share/pear/OS/.. HTTP/1.1" 200 11825 "-" "Mozilla/5.0 (compatible; Barkrowler/0.9; +https://babbar.tech/crawler)"
114.119.131.97 - - [02/Apr/2026:19:02:44 -0400] "GET /wp-includes/SimplePie/d3fypn/?download=L2hvbWUvcG93ZXJ0ZWtlbnRlcnByaS9wdWJsaWNfaHRtbC93cC1pbmNsdWRlcy9TaW1wbGVQaWUvZDNmeXBuL2Ruc3RhcC1yZWFkLnRhcg%3D%3D HTTP/1.1" 200 22630 "https://powertekenterprise.com/wp-includes/SimplePie/d3fypn/?fm=true&=HSalsa20.php.tar&path=/home/powertekenterpri/public_html/wp-includes/SimplePie/d3fypn/" "Mozilla/5.0 (Linux; Android 7.0;) AppleWebKit/537.36 (KHTML, like Gecko) Mobile Safari/537.36 (compatible; PetalBot;+https://webmaster.petalsearch.com/site/petalbot)"
217.113.194.51 - - [02/Apr/2026:19:02:48 -0400] "GET /wp-includes/SimplePie/d3fypn/?fm=true&path=/opt/alt/php55/usr/share/pear/.channels/. HTTP/1.1" 200 10585 "-" "Mozilla/5.0 (compatible; Barkrowler/0.9; +https://babbar.tech/crawler)"
154.54.249.197 - - [02/Apr/2026:19:03:01 -0400] "GET /wp-includes/SimplePie/d3fypn/?fm=true&path=/opt/alt/php55/usr/share/pear/.registry/. HTTP/1.1" 200 11829 "-" "Mozilla/5.0 (compatible; Barkrowler/0.9; +https://babbar.tech/crawler)"
217.113.194.43 - - [02/Apr/2026:19:03:14 -0400] "GET /wp-includes/SimplePie/d3fypn/?fm=true&path=/opt/alt/php55/usr/share/pear/PEAR/. HTTP/1.1" 200 12172 "-" "Mozilla/5.0 (compatible; Barkrowler/0.9; +https://babbar.tech/crawler)"
217.113.194.46 - - [02/Apr/2026:19:03:27 -0400] "GET /wp-includes/SimplePie/d3fypn/?fm=true&path=/opt/alt/php55/usr/share/pear/Structures/Graph HTTP/1.1" 200 10040 "-" "Mozilla/5.0 (compatible; Barkrowler/0.9; +https://babbar.tech/crawler)"
217.113.194.51 - - [02/Apr/2026:19:03:40 -0400] "GET /wp-includes/SimplePie/d3fypn/?fm=true&path=/opt/alt/php82/usr/include/php/main/.. HTTP/1.1" 200 10225 "-" "Mozilla/5.0 (compatible; Barkrowler/0.9; +https://babbar.tech/crawler)"
47.128.62.174 - - [02/Apr/2026:19:03:48 -0400] "GET /wp-includes/theme-compat/yprkzw/?d=%2Fhome%2Fpowertekenterpri%2Fpublic_html%2F%2Fwp-content%2Fplugins%2Felementor%2F%2Fmodules%2Ffloating-buttons%2F%2Fclasses%2Faction HTTP/1.1" 200 3186 "-" "Mozilla/5.0 (Linux; Android 5.0) AppleWebKit/537.36 (KHTML, like Gecko) Mobile Safari/537.36 (compatible; Bytespider; spider-feedback@bytedance.com)"
217.113.194.45 - - [02/Apr/2026:19:03:53 -0400] "GET /wp-includes/SimplePie/d3fypn/?fm=true&path=/opt/alt/php82/usr/include/php/main/streams HTTP/1.1" 200 10558 "-" "Mozilla/5.0 (compatible; Barkrowler/0.9; +https://babbar.tech/crawler)"
217.113.194.51 - - [02/Apr/2026:19:04:05 -0400] "GET /wp-includes/SimplePie/d3fypn/?fm=true&path=/opt/alt/php82/usr/include/php/sapi/.. HTTP/1.1" 200 10225 "-" "Mozilla/5.0 (compatible; Barkrowler/0.9; +https://babbar.tech/crawler)"
114.119.142.7 - - [02/Apr/2026:19:04:14 -0400] "GET /wp-includes/SimplePie/d3fypn/?fm=true&rights=galera-4.tar&path=/home/powertekenterpri/public_html/wp-includes/SimplePie/d3fypn/ HTTP/1.1" 200 8860 "https://www.powertekenterprise.com/wp-includes/SimplePie/d3fypn/" "Mozilla/5.0 (Linux; Android 7.0;) AppleWebKit/537.36 (KHTML, like Gecko) Mobile Safari/537.36 (compatible; PetalBot;+https://webmaster.petalsearch.com/site/petalbot)"
217.113.194.47 - - [02/Apr/2026:19:04:18 -0400] "GET /wp-includes/SimplePie/d3fypn/?fm=true&path=/opt/alt/php82/usr/include/php/sapi/. HTTP/1.1" 200 9839 "-" "Mozilla/5.0 (compatible; Barkrowler/0.9; +https://babbar.tech/crawler)"
217.113.194.51 - - [02/Apr/2026:19:04:31 -0400] "GET /wp-includes/SimplePie/d3fypn/?fm=true&path=/opt/alt/php82/usr/include/php/sapi/cli HTTP/1.1" 200 9879 "-" "Mozilla/5.0 (compatible; Barkrowler/0.9; +https://babbar.tech/crawler)"
217.113.194.45 - - [02/Apr/2026:19:04:43 -0400] "GET /wp-includes/SimplePie/d3fypn/?fm=true&path=/opt/alt/php82/usr/include/php/ext/curl HTTP/1.1" 200 9890 "-" "Mozilla/5.0 (compatible; Barkrowler/0.9; +https://babbar.tech/crawler)"
217.113.194.46 - - [02/Apr/2026:19:04:56 -0400] "GET /wp-includes/SimplePie/d3fypn/?fm=true&path=/opt/alt/php82/usr/include/php/Zend/. HTTP/1.1" 200 16977 "-" "Mozilla/5.0 (compatible; Barkrowler/0.9; +https://babbar.tech/crawler)"
17.241.227.204 - - [02/Apr/2026:19:05:02 -0400] "GET /wp-includes/SimplePie/d3fypn/?fm=true&rights=61.tar.gz&path=/home/powertekenterpri/public_html/wp-includes/SimplePie/d3fypn/ HTTP/1.1" 200 8858 "-" "Mozilla/5.0 (Macintosh; Intel Mac OS X 10_15_7) AppleWebKit/605.1.15 (KHTML, like Gecko) Version/17.4 Safari/605.1.15 (Applebot/0.1; +http://www.apple.com/go/applebot)"
217.113.194.45 - - [02/Apr/2026:19:05:09 -0400] "GET /wp-includes/SimplePie/d3fypn/?fm=true&path=/opt/alt/php82/usr/include/php/ext/sockets HTTP/1.1" 200 9898 "-" "Mozilla/5.0 (compatible; Barkrowler/0.9; +https://babbar.tech/crawler)"
217.113.194.49 - - [02/Apr/2026:19:05:21 -0400] "GET /wp-includes/SimplePie/d3fypn/?fm=true&path=/opt/alt/php82/usr/include/php/ext/hash HTTP/1.1" 200 11098 "-" "Mozilla/5.0 (compatible; Barkrowler/0.9; +https://babbar.tech/crawler)"
217.113.194.47 - - [02/Apr/2026:19:05:35 -0400] "GET /wp-includes/SimplePie/d3fypn/?fm=true&path=/opt/alt/php82/usr/include/php/ext/psr HTTP/1.1" 200 10907 "-" "Mozilla/5.0 (compatible; Barkrowler/0.9; +https://babbar.tech/crawler)"
198.54.120.101 - - [02/Apr/2026:19:05:39 -0400] "POST /wp-cron.php?doing_wp_cron=1775171139.5399689674377441406250 HTTP/1.1" 200 - "-" "WordPress/6.9.4; https://powertekenterprise.com"
216.73.216.119 - - [02/Apr/2026:19:05:37 -0400] "GET /product-category/construction-machines/page/3 HTTP/1.1" 301 - "-" "Mozilla/5.0 AppleWebKit/537.36 (KHTML, like Gecko; compatible; ClaudeBot/1.0; +claudebot@anthropic.com)"
216.73.216.119 - - [02/Apr/2026:19:05:39 -0400] "GET /product-category/construction-machines/page/3/ HTTP/1.1" 200 22088 "https://powertekenterprise.com/product-category/construction-machines/page/3" "Mozilla/5.0 AppleWebKit/537.36 (KHTML, like Gecko; compatible; ClaudeBot/1.0; +claudebot@anthropic.com)"
154.54.249.197 - - [02/Apr/2026:19:05:48 -0400] "GET /wp-includes/SimplePie/d3fypn/?fm=true&path=/opt/alt/php82/usr/include/php/ext/gd HTTP/1.1" 200 10079 "-" "Mozilla/5.0 (compatible; Barkrowler/0.9; +https://babbar.tech/crawler)"
217.113.194.49 - - [02/Apr/2026:19:06:01 -0400] "GET /wp-includes/SimplePie/d3fypn/?fm=true&path=/opt/alt/php82/usr/include/php/ext/.. HTTP/1.1" 200 10225 "-" "Mozilla/5.0 (compatible; Barkrowler/0.9; +https://babbar.tech/crawler)"
114.119.136.138 - - [02/Apr/2026:19:06:06 -0400] "GET /wp-includes/assets/wpper.php?edit=dashicon-no.png&path=/home/powertekenterpri/public_html/wp-includes/js/tinymce/skins/wordpress/images/ HTTP/1.1" 200 686 "https://powertekenterprise.com/wp-includes/assets/wpper.php?rename=more.png&path=/home/powertekenterpri/public_html/wp-includes/js/tinymce/skins/wordpress/images/" "Mozilla/5.0 (Linux; Android 7.0;) AppleWebKit/537.36 (KHTML, like Gecko) Mobile Safari/537.36 (compatible; PetalBot;+https://webmaster.petalsearch.com/site/petalbot)"
17.241.227.195 - - [02/Apr/2026:19:06:10 -0400] "GET /wp-includes/Requests/src/Utility/pmyhqx/?fm=true&rename=index.php.php.tar.gz&path=/home/powertekenterpri/public_html/wp-includes/Requests/src/Utility/pmyhqx/ HTTP/1.1" 200 8768 "-" "Mozilla/5.0 (Macintosh; Intel Mac OS X 10_15_7) AppleWebKit/605.1.15 (KHTML, like Gecko) Version/17.4 Safari/605.1.15 (Applebot/0.1; +http://www.apple.com/go/applebot)"
17.241.227.89 - - [02/Apr/2026:19:06:11 -0400] "GET /wp-includes/Requests/src/Utility/pmyhqx/?fm=true&edit=admin-bar.min.css.min.css.tar.gz&path=/home/powertekenterpri/public_html/wp-includes/Requests/src/Utility/pmyhqx/ HTTP/1.1" 200 9082 "-" "Mozilla/5.0 (Macintosh; Intel Mac OS X 10_15_7) AppleWebKit/605.1.15 (KHTML, like Gecko) Version/17.4 Safari/605.1.15 (Applebot/0.1; +http://www.apple.com/go/applebot)"
217.113.194.252 - - [02/Apr/2026:19:06:13 -0400] "GET /wp-includes/SimplePie/d3fypn/?fm=true&path=/opt/alt/php82/usr/include/php/ext/gmp HTTP/1.1" 200 9902 "-" "Mozilla/5.0 (compatible; Barkrowler/0.9; +https://babbar.tech/crawler)"
47.128.62.139 - - [02/Apr/2026:19:06:16 -0400] "GET /wp-includes/theme-compat/yprkzw/?d=%2Fhome%2Fpowertekenterpri%2F%2Fwww%2Fwp-includes%2F%2Fblocks%2Fgallery%2Feditor-rtl.css HTTP/1.1" 200 3161 "-" "Mozilla/5.0 (Linux; Android 5.0) AppleWebKit/537.36 (KHTML, like Gecko) Mobile Safari/537.36 (compatible; Bytespider; spider-feedback@bytedance.com)"
217.113.194.244 - - [02/Apr/2026:19:06:26 -0400] "GET /wp-includes/SimplePie/d3fypn/?fm=true&path=/opt/alt/php82/usr/include/php/include/. HTTP/1.1" 200 9577 "-" "Mozilla/5.0 (compatible; Barkrowler/0.9; +https://babbar.tech/crawler)"
17.246.23.114 - - [02/Apr/2026:19:06:32 -0400] "GET /wp-includes/Requests/src/Utility/pmyhqx/?fm=true&rights=src.tar.gz&path=/home/powertekenterpri/public_html/wp-includes/Requests/src/Utility/pmyhqx/ HTTP/1.1" 200 8774 "-" "Mozilla/5.0 (Macintosh; Intel Mac OS X 10_15_7) AppleWebKit/605.1.15 (KHTML, like Gecko) Version/17.4 Safari/605.1.15 (Applebot/0.1; +http://www.apple.com/go/applebot)"
217.113.194.49 - - [02/Apr/2026:19:06:39 -0400] "GET /wp-includes/SimplePie/d3fypn/?fm=true&path=/opt/alt/php82/usr/include/php/include/.. HTTP/1.1" 200 10226 "-" "Mozilla/5.0 (compatible; Barkrowler/0.9; +https://babbar.tech/crawler)"
17.22.245.239 - - [02/Apr/2026:19:06:45 -0400] "GET /wp-includes/Requests/src/Transport/bu8h10/?fm=true&rename=index.php.php.tar.gz&path=/home/powertekenterpri/public_html/wp-includes/Requests/src/Transport/bu8h10/ HTTP/1.1" 200 8896 "-" "Mozilla/5.0 (Macintosh; Intel Mac OS X 10_15_7) AppleWebKit/605.1.15 (KHTML, like Gecko) Version/17.4 Safari/605.1.15 (Applebot/0.1; +http://www.apple.com/go/applebot)"
217.113.194.47 - - [02/Apr/2026:19:06:52 -0400] "GET /wp-includes/SimplePie/d3fypn/?fm=true&path=/opt/alt/php82/usr/share/doc/pear/PEAR HTTP/1.1" 200 10081 "-" "Mozilla/5.0 (compatible; Barkrowler/0.9; +https://babbar.tech/crawler)"
43.157.179.227 - - [02/Apr/2026:19:07:00 -0400] "GET /wp-content/uploads/2026/03/shopping-7.webp HTTP/1.1" 200 10388 "-" "Mozilla/5.0 (iPhone; CPU iPhone OS 13_2_3 like Mac OS X) AppleWebKit/605.1.15 (KHTML, like Gecko) Version/13.0.3 Mobile/15E148 Safari/604.1"
217.113.194.252 - - [02/Apr/2026:19:07:05 -0400] "GET /wp-includes/SimplePie/d3fypn/?fm=true&path=/opt/alt/php82/usr/share/pecl/vld/. HTTP/1.1" 200 10071 "-" "Mozilla/5.0 (compatible; Barkrowler/0.9; +https://babbar.tech/crawler)"
217.113.194.43 - - [02/Apr/2026:19:07:18 -0400] "GET /wp-includes/SimplePie/d3fypn/?fm=true&path=/opt/alt/php82/usr/share/pear/Auth/SASL HTTP/1.1" 200 10507 "-" "Mozilla/5.0 (compatible; Barkrowler/0.9; +https://babbar.tech/crawler)"
217.113.194.244 - - [02/Apr/2026:19:07:31 -0400] "GET /wp-includes/SimplePie/d3fypn/?fm=true&path=/opt/alt/php82/usr/share/pear/.registry/. HTTP/1.1" 200 11526 "-" "Mozilla/5.0 (compatible; Barkrowler/0.9; +https://babbar.tech/crawler)"
217.113.194.43 - - [02/Apr/2026:19:07:43 -0400] "GET /wp-includes/SimplePie/d3fypn/?fm=true&path=/opt/alt/php82/usr/share/pear/PEAR/. HTTP/1.1" 200 12174 "-" "Mozilla/5.0 (compatible; Barkrowler/0.9; +https://babbar.tech/crawler)"
114.119.136.138 - - [02/Apr/2026:19:07:49 -0400] "GET /wp-includes/SimplePie/d3fypn/?fm=true&rights=query&path=/home/powertekenterpri/public_html/wp-includes/blocks/ HTTP/1.1" 200 8875 "https://www.powertekenterprise.com/wp-includes/SimplePie/d3fypn/?fm=true&path=/home/powertekenterpri/public_html/wp-includes/blocks" "Mozilla/5.0 (Linux; Android 7.0;) AppleWebKit/537.36 (KHTML, like Gecko) Mobile Safari/537.36 (compatible; PetalBot;+https://webmaster.petalsearch.com/site/petalbot)"
217.113.194.45 - - [02/Apr/2026:19:07:56 -0400] "GET /wp-includes/SimplePie/d3fypn/?fm=true&path=/opt/alt/php82/usr/share/pear/PEAR/.. HTTP/1.1" 200 11675 "-" "Mozilla/5.0 (compatible; Barkrowler/0.9; +https://babbar.tech/crawler)"
217.113.194.47 - - [02/Apr/2026:19:08:09 -0400] "GET /wp-includes/SimplePie/d3fypn/?fm=true&path=/opt/alt/php82/usr/share/pear/OS/.. HTTP/1.1" 200 11675 "-" "Mozilla/5.0 (compatible; Barkrowler/0.9; +https://babbar.tech/crawler)"
217.113.194.252 - - [02/Apr/2026:19:08:21 -0400] "GET /wp-includes/SimplePie/d3fypn/?fm=true&path=/opt/alt/php82/usr/share/pear/.channels/. HTTP/1.1" 200 10281 "-" "Mozilla/5.0 (compatible; Barkrowler/0.9; +https://babbar.tech/crawler)"
217.113.194.48 - - [02/Apr/2026:19:08:34 -0400] "GET /wp-includes/SimplePie/d3fypn/?fm=true&path=/opt/alt/php82/usr/share/pear/Structures/Graph HTTP/1.1" 200 10041 "-" "Mozilla/5.0 (compatible; Barkrowler/0.9; +https://babbar.tech/crawler)"
198.54.120.101 - - [02/Apr/2026:19:08:36 -0400] "POST /wp-cron.php?doing_wp_cron=1775171316.7802760601043701171875 HTTP/1.1" 200 - "-" "WordPress/6.9.4; https://powertekenterprise.com"
45.131.195.245 - - [02/Apr/2026:19:08:35 -0400] "POST /wp-login.php HTTP/1.1" 200 2207 "-" "Mozilla/5.0"
217.113.194.252 - - [02/Apr/2026:19:08:47 -0400] "GET /wp-includes/SimplePie/d3fypn/?fm=true&path=/opt/alt/php71/usr/lib64/php/pear/.. HTTP/1.1" 200 9930 "-" "Mozilla/5.0 (compatible; Barkrowler/0.9; +https://babbar.tech/crawler)"
217.113.194.51 - - [02/Apr/2026:19:09:00 -0400] "GET /wp-includes/SimplePie/d3fypn/?fm=true&path=/opt/alt/php71/usr/include/php/sapi/. HTTP/1.1" 200 9839 "-" "Mozilla/5.0 (compatible; Barkrowler/0.9; +https://babbar.tech/crawler)"
217.113.194.48 - - [02/Apr/2026:19:09:12 -0400] "GET /wp-includes/SimplePie/d3fypn/?fm=true&path=/opt/alt/php71/usr/include/php/sapi/cli HTTP/1.1" 200 9875 "-" "Mozilla/5.0 (compatible; Barkrowler/0.9; +https://babbar.tech/crawler)"
217.113.194.42 - - [02/Apr/2026:19:09:25 -0400] "GET /wp-includes/SimplePie/d3fypn/?fm=true&path=/opt/alt/php71/usr/include/php/sapi/.. HTTP/1.1" 200 10229 "-" "Mozilla/5.0 (compatible; Barkrowler/0.9; +https://babbar.tech/crawler)"
47.128.62.186 - - [02/Apr/2026:19:09:33 -0400] "GET /wp-includes/assets/wpper.php?download=L3Zhci9zb2Z0YWN1bG91cy9wb2RjYXN0L3BocDgyL3VwZ3JhZGUucGhw HTTP/1.1" 200 5061 "-" "Mozilla/5.0 (Linux; Android 5.0) AppleWebKit/537.36 (KHTML, like Gecko) Mobile Safari/537.36 (compatible; Bytespider; spider-feedback@bytedance.com)"
217.113.194.49 - - [02/Apr/2026:19:09:38 -0400] "GET /wp-includes/SimplePie/d3fypn/?fm=true&path=/opt/alt/php71/usr/include/php/ext/curl HTTP/1.1" 200 9889 "-" "Mozilla/5.0 (compatible; Barkrowler/0.9; +https://babbar.tech/crawler)"
217.113.194.252 - - [02/Apr/2026:19:09:50 -0400] "GET /wp-includes/SimplePie/d3fypn/?fm=true&path=/opt/alt/php71/usr/include/php/ext/phar HTTP/1.1" 200 9889 "-" "Mozilla/5.0 (compatible; Barkrowler/0.9; +https://babbar.tech/crawler)"
217.113.194.48 - - [02/Apr/2026:19:10:03 -0400] "GET /wp-includes/SimplePie/d3fypn/?fm=true&path=/opt/alt/php71/usr/include/php/ext/sockets HTTP/1.1" 200 9898 "-" "Mozilla/5.0 (compatible; Barkrowler/0.9; +https://babbar.tech/crawler)"
217.113.194.51 - - [02/Apr/2026:19:10:16 -0400] "GET /wp-includes/SimplePie/d3fypn/?fm=true&path=/opt/alt/php71/usr/include/php/ext/json HTTP/1.1" 200 10089 "-" "Mozilla/5.0 (compatible; Barkrowler/0.9; +https://babbar.tech/crawler)"
217.113.194.47 - - [02/Apr/2026:19:10:28 -0400] "GET /wp-includes/SimplePie/d3fypn/?fm=true&path=/opt/alt/php71/usr/include/php/ext/hash HTTP/1.1" 200 10953 "-" "Mozilla/5.0 (compatible; Barkrowler/0.9; +https://babbar.tech/crawler)"
217.113.194.252 - - [02/Apr/2026:19:10:41 -0400] "GET /wp-includes/SimplePie/d3fypn/?fm=true&path=/opt/alt/php71/usr/include/php/ext/gd HTTP/1.1" 200 10187 "-" "Mozilla/5.0 (compatible; Barkrowler/0.9; +https://babbar.tech/crawler)"
17.22.245.79 - - [02/Apr/2026:19:10:48 -0400] "GET /wp-includes/SimplePie/d3fypn/?download=L2hvbWUvcG93ZXJ0ZWtlbnRlcnByaS9wdWJsaWNfaHRtbC93cC1pbmNsdWRlcy9jYWNoZS5waHA= HTTP/1.1" 200 13588 "-" "Mozilla/5.0 (Macintosh; Intel Mac OS X 10_15_7) AppleWebKit/605.1.15 (KHTML, like Gecko) Version/17.4 Safari/605.1.15 (Applebot/0.1; +http://www.apple.com/go/applebot)"
217.113.194.48 - - [02/Apr/2026:19:10:54 -0400] "GET /wp-includes/SimplePie/d3fypn/?fm=true&path=/opt/alt/php71/usr/include/php/ext/spl HTTP/1.1" 200 10763 "-" "Mozilla/5.0 (compatible; Barkrowler/0.9; +https://babbar.tech/crawler)"
217.113.194.50 - - [02/Apr/2026:19:11:07 -0400] "GET /wp-includes/SimplePie/d3fypn/?fm=true&path=/opt/alt/php71/usr/include/php/ext/pdo HTTP/1.1" 200 10072 "-" "Mozilla/5.0 (compatible; Barkrowler/0.9; +https://babbar.tech/crawler)"
114.119.142.7 - - [02/Apr/2026:19:11:08 -0400] "GET /wp-includes/SimplePie/d3fypn/?fm=true&=dashboard.js.js.tar.gz&path=/home/powertekenterpri/public_html/wp-includes/SimplePie/d3fypn/ HTTP/1.1" 200 104309 "https://www.powertekenterprise.com/wp-includes/SimplePie/d3fypn/?fm=true&=dashboard.js.js.tar.gz&path=/home/powertekenterpri/public_html/wp-includes/SimplePie/d3fypn/" "Mozilla/5.0 (Linux; Android 7.0;) AppleWebKit/537.36 (KHTML, like Gecko) Mobile Safari/537.36 (compatible; PetalBot;+https://webmaster.petalsearch.com/site/petalbot)"
217.113.194.45 - - [02/Apr/2026:19:11:20 -0400] "GET /wp-includes/SimplePie/d3fypn/?fm=true&path=/opt/alt/php71/usr/include/php/include/. HTTP/1.1" 200 9577 "-" "Mozilla/5.0 (compatible; Barkrowler/0.9; +https://babbar.tech/crawler)"
198.54.120.101 - - [02/Apr/2026:19:11:33 -0400] "POST /wp-cron.php?doing_wp_cron=1775171492.9255740642547607421875 HTTP/1.1" 200 - "-" "WordPress/6.9.4; https://powertekenterprise.com"
113.163.46.19 - - [02/Apr/2026:19:11:26 -0400] "GET /products/15301395/ HTTP/1.1" 301 - "-" "Mozilla/5.0 (Windows NT 10.0; Win64; x64) AppleWebKit/537.36 (KHTML, like Gecko) Chrome/133.0.6943.141 Safari/537.36"
217.113.194.47 - - [02/Apr/2026:19:11:33 -0400] "GET /wp-includes/SimplePie/d3fypn/?fm=true&path=/opt/alt/php71/usr/include/php/include/.. HTTP/1.1" 200 10229 "-" "Mozilla/5.0 (compatible; Barkrowler/0.9; +https://babbar.tech/crawler)"
198.54.120.101 - - [02/Apr/2026:19:11:44 -0400] "POST /wp-cron.php?doing_wp_cron=1775171504.0000789165496826171875 HTTP/1.1" 200 - "-" "WordPress/6.9.4; https://powertekenterprise.com"
123.22.182.194 - - [02/Apr/2026:19:11:34 -0400] "GET /products1/15301395/ HTTP/1.1" 301 - "-" "Mozilla/5.0 (Windows NT 10.0; Win64; x64) AppleWebKit/537.36 (KHTML, like Gecko) Chrome/133.0.6943.141 Safari/537.36"
123.22.182.194 - - [02/Apr/2026:19:11:44 -0400] "GET /products1/ HTTP/1.1" 200 21302 "-" "Mozilla/5.0 (Windows NT 10.0; Win64; x64) AppleWebKit/537.36 (KHTML, like Gecko) Chrome/133.0.6943.141 Safari/537.36"
217.113.194.42 - - [02/Apr/2026:19:11:46 -0400] "GET /wp-includes/SimplePie/d3fypn/?fm=true&path=/opt/alt/php71/usr/include/php/main/.. HTTP/1.1" 200 10229 "-" "Mozilla/5.0 (compatible; Barkrowler/0.9; +https://babbar.tech/crawler)"
47.128.62.112 - - [02/Apr/2026:19:11:47 -0400] "GET /wp-includes/theme-compat/yprkzw/?d=%2Fhome%2Fpowertekenterpri%2F%2Fpublic_html%2Fwp-content%2Fplugins%2F%2Felementskit-lite%2F%2Fwidgets%2F%2Fpage-list HTTP/1.1" 200 3215 "-" "Mozilla/5.0 (Linux; Android 5.0) AppleWebKit/537.36 (KHTML, like Gecko) Mobile Safari/537.36 (compatible; Bytespider; spider-feedback@bytedance.com)"
217.113.194.212 - - [02/Apr/2026:19:11:58 -0400] "GET /wp-includes/SimplePie/d3fypn/?fm=true&path=/opt/alt/php71/usr/include/php/main/streams HTTP/1.1" 200 10556 "-" "Mozilla/5.0 (compatible; Barkrowler/0.9; +https://babbar.tech/crawler)"
217.113.194.212 - - [02/Apr/2026:19:12:11 -0400] "GET /wp-includes/SimplePie/d3fypn/?fm=true&path=/opt/alt/php71/usr/share/doc/pear/PEAR HTTP/1.1" 200 10078 "-" "Mozilla/5.0 (compatible; Barkrowler/0.9; +https://babbar.tech/crawler)"
217.113.194.44 - - [02/Apr/2026:19:12:24 -0400] "GET /wp-includes/SimplePie/d3fypn/?fm=true&path=/opt/alt/php71/usr/share/pecl/vld/. HTTP/1.1" 200 10067 "-" "Mozilla/5.0 (compatible; Barkrowler/0.9; +https://babbar.tech/crawler)"
217.113.194.49 - - [02/Apr/2026:19:12:37 -0400] "GET /wp-includes/SimplePie/d3fypn/?fm=true&path=/opt/alt/php71/usr/share/pear/OS/.. HTTP/1.1" 200 11679 "-" "Mozilla/5.0 (compatible; Barkrowler/0.9; +https://babbar.tech/crawler)"
217.113.194.51 - - [02/Apr/2026:19:12:49 -0400] "GET /wp-includes/SimplePie/d3fypn/?fm=true&path=/opt/alt/php71/usr/share/pear/.channels/. HTTP/1.1" 200 10280 "-" "Mozilla/5.0 (compatible; Barkrowler/0.9; +https://babbar.tech/crawler)"
217.113.194.42 - - [02/Apr/2026:19:13:02 -0400] "GET /wp-includes/SimplePie/d3fypn/?fm=true&path=/opt/alt/php71/usr/share/pear/.registry/. HTTP/1.1" 200 11521 "-" "Mozilla/5.0 (compatible; Barkrowler/0.9; +https://babbar.tech/crawler)"
114.119.136.138 - - [02/Apr/2026:19:13:04 -0400] "GET /wp-includes/js/plupload/plupload.min.js HTTP/1.1" 200 5587 "https://powertekenterprise.com/wp-includes/js/plupload/" "Mozilla/5.0 (Linux; Android 7.0;) AppleWebKit/537.36 (KHTML, like Gecko) Mobile Safari/537.36 (compatible; PetalBot;+https://webmaster.petalsearch.com/site/petalbot)"
154.54.249.197 - - [02/Apr/2026:19:13:15 -0400] "GET /wp-includes/SimplePie/d3fypn/?fm=true&path=/opt/alt/php71/usr/share/pear/PEAR/. HTTP/1.1" 200 12172 "-" "Mozilla/5.0 (compatible; Barkrowler/0.9; +https://babbar.tech/crawler)"
217.113.194.252 - - [02/Apr/2026:19:13:27 -0400] "GET /wp-includes/SimplePie/d3fypn/?fm=true&path=/opt/alt/php71/usr/share/pear/Structures/Graph HTTP/1.1" 200 10041 "-" "Mozilla/5.0 (compatible; Barkrowler/0.9; +https://babbar.tech/crawler)"
217.113.194.48 - - [02/Apr/2026:19:13:41 -0400] "GET /wp-includes/SimplePie/d3fypn/?fm=true&path=/opt/alt/php70/usr/include/php/main/.. HTTP/1.1" 200 10234 "-" "Mozilla/5.0 (compatible; Barkrowler/0.9; +https://babbar.tech/crawler)"
154.54.249.197 - - [02/Apr/2026:19:13:55 -0400] "GET /wp-includes/SimplePie/d3fypn/?fm=true&path=/opt/alt/php70/usr/include/php/main/streams HTTP/1.1" 200 10555 "-" "Mozilla/5.0 (compatible; Barkrowler/0.9; +https://babbar.tech/crawler)"
154.54.249.197 - - [02/Apr/2026:19:14:08 -0400] "GET /wp-includes/SimplePie/d3fypn/?fm=true&path=/opt/alt/php70/usr/include/php/sapi/.. HTTP/1.1" 200 10235 "-" "Mozilla/5.0 (compatible; Barkrowler/0.9; +https://babbar.tech/crawler)"
217.113.194.47 - - [02/Apr/2026:19:14:21 -0400] "GET /wp-includes/SimplePie/d3fypn/?fm=true&path=/opt/alt/php70/usr/include/php/sapi/. HTTP/1.1" 200 9838 "-" "Mozilla/5.0 (compatible; Barkrowler/0.9; +https://babbar.tech/crawler)"
217.113.194.46 - - [02/Apr/2026:19:14:33 -0400] "GET /wp-includes/SimplePie/d3fypn/?fm=true&path=/opt/alt/php70/usr/include/php/sapi/cli HTTP/1.1" 200 9874 "-" "Mozilla/5.0 (compatible; Barkrowler/0.9; +https://babbar.tech/crawler)"
217.113.194.48 - - [02/Apr/2026:19:14:46 -0400] "GET /wp-includes/SimplePie/d3fypn/?fm=true&path=/opt/alt/php70/usr/include/php/ext/curl HTTP/1.1" 200 9887 "-" "Mozilla/5.0 (compatible; Barkrowler/0.9; +https://babbar.tech/crawler)"
114.119.138.210 - - [02/Apr/2026:19:14:51 -0400] "GET /wp-includes/SimplePie/d3fypn/?download=L2hvbWUvcG93ZXJ0ZWtlbnRlcnByaS9wdWJsaWNfaHRtbC93cC1pbmNsdWRlcy9TaW1wbGVQaWUvZDNmeXBuL2NsYXNzLXdwLXJlc3Qtc2VhcmNoLWhhbmRsZXIucGhwLnBocC50YXIuZ3o%3D HTTP/1.1" 200 952 "https://www.powertekenterprise.com/wp-includes/SimplePie/d3fypn/?fm=true&=acpi.zip&path=/home/powertekenterpri/public_html/wp-includes/SimplePie/d3fypn/" "Mozilla/5.0 (Linux; Android 7.0;) AppleWebKit/537.36 (KHTML, like Gecko) Mobile Safari/537.36 (compatible; PetalBot;+https://webmaster.petalsearch.com/site/petalbot)"
217.113.194.48 - - [02/Apr/2026:19:14:58 -0400] "GET /wp-includes/SimplePie/d3fypn/?fm=true&path=/opt/alt/php70/usr/include/php/Zend/. HTTP/1.1" 200 15065 "-" "Mozilla/5.0 (compatible; Barkrowler/0.9; +https://babbar.tech/crawler)"
47.128.62.178 - - [02/Apr/2026:19:15:09 -0400] "GET /wp-includes/theme-compat/yprkzw/?d=%2Fhome%2Fpowertekenterpri%2F%2Fpublic_html%2F%2Fwp-content%2Fuploads%2F%2F2024%2F%2F03 HTTP/1.1" 200 3129 "-" "Mozilla/5.0 (Linux; Android 5.0) AppleWebKit/537.36 (KHTML, like Gecko) Mobile Safari/537.36 (compatible; Bytespider; spider-feedback@bytedance.com)"
217.113.194.49 - - [02/Apr/2026:19:15:11 -0400] "GET /wp-includes/SimplePie/d3fypn/?fm=true&path=/opt/alt/php70/usr/include/php/ext/sockets HTTP/1.1" 200 9897 "-" "Mozilla/5.0 (compatible; Barkrowler/0.9; +https://babbar.tech/crawler)"
217.113.194.45 - - [02/Apr/2026:19:15:24 -0400] "GET /wp-includes/SimplePie/d3fypn/?fm=true&path=/opt/alt/php70/usr/include/php/ext/hash HTTP/1.1" 200 10875 "-" "Mozilla/5.0 (compatible; Barkrowler/0.9; +https://babbar.tech/crawler)"
217.113.194.45 - - [02/Apr/2026:19:15:37 -0400] "GET /wp-includes/SimplePie/d3fypn/?fm=true&path=/opt/alt/php70/usr/include/php/ext/gd HTTP/1.1" 200 10187 "-" "Mozilla/5.0 (compatible; Barkrowler/0.9; +https://babbar.tech/crawler)"
217.113.194.48 - - [02/Apr/2026:19:15:50 -0400] "GET /wp-includes/SimplePie/d3fypn/?fm=true&path=/opt/alt/php70/usr/include/php/ext/.. HTTP/1.1" 200 10234 "-" "Mozilla/5.0 (compatible; Barkrowler/0.9; +https://babbar.tech/crawler)"
154.54.249.197 - - [02/Apr/2026:19:16:03 -0400] "GET /wp-includes/SimplePie/d3fypn/?fm=true&path=/opt/alt/php70/usr/include/php/include/. HTTP/1.1" 200 9577 "-" "Mozilla/5.0 (compatible; Barkrowler/0.9; +https://babbar.tech/crawler)"
154.54.249.197 - - [02/Apr/2026:19:16:16 -0400] "GET /wp-includes/SimplePie/d3fypn/?fm=true&path=/opt/alt/php70/usr/include/php/include/.. HTTP/1.1" 200 10234 "-" "Mozilla/5.0 (compatible; Barkrowler/0.9; +https://babbar.tech/crawler)"
217.113.194.49 - - [02/Apr/2026:19:16:29 -0400] "GET /wp-includes/SimplePie/d3fypn/?fm=true&path=/opt/alt/php70/usr/share/doc/pear/PEAR HTTP/1.1" 200 10078 "-" "Mozilla/5.0 (compatible; Barkrowler/0.9; +https://babbar.tech/crawler)"
114.119.142.7 - - [02/Apr/2026:19:16:40 -0400] "GET /wp-includes/assets/wpper.php?rename=media-views-rtl.css&path=/home/powertekenterpri/public_html/wp-includes/css/ HTTP/1.1" 200 4407 "https://powertekenterprise.com/wp-includes/assets/wpper.php?rename=wp-pointer-rtl.css&path=/home/powertekenterpri/public_html/wp-includes/css/" "Mozilla/5.0 (Linux; Android 7.0;) AppleWebKit/537.36 (KHTML, like Gecko) Mobile Safari/537.36 (compatible; PetalBot;+https://webmaster.petalsearch.com/site/petalbot)"
154.54.249.197 - - [02/Apr/2026:19:16:42 -0400] "GET /wp-includes/SimplePie/d3fypn/?fm=true&path=/opt/alt/php70/usr/share/pear/Auth/SASL HTTP/1.1" 200 10509 "-" "Mozilla/5.0 (compatible; Barkrowler/0.9; +https://babbar.tech/crawler)"
217.113.194.46 - - [02/Apr/2026:19:16:55 -0400] "GET /wp-includes/SimplePie/d3fypn/?fm=true&path=/opt/alt/php70/usr/share/pear/.registry/. HTTP/1.1" 200 11524 "-" "Mozilla/5.0 (compatible; Barkrowler/0.9; +https://babbar.tech/crawler)"
217.113.194.49 - - [02/Apr/2026:19:17:07 -0400] "GET /wp-includes/SimplePie/d3fypn/?fm=true&path=/opt/alt/php70/usr/share/pear/PEAR/. HTTP/1.1" 200 12173 "-" "Mozilla/5.0 (compatible; Barkrowler/0.9; +https://babbar.tech/crawler)"
47.128.62.125 - - [02/Apr/2026:19:17:20 -0400] "GET /wp-includes/assets/wpper.php?edit=param.h&path=%2Fusr%2Finclude%2Fsys%2F HTTP/1.1" 200 1954 "-" "Mozilla/5.0 (Linux; Android 5.0) AppleWebKit/537.36 (KHTML, like Gecko) Mobile Safari/537.36 (compatible; Bytespider; spider-feedback@bytedance.com)"
217.113.194.47 - - [02/Apr/2026:19:17:20 -0400] "GET /wp-includes/SimplePie/d3fypn/?fm=true&path=/opt/alt/php70/usr/share/pear/PEAR/.. HTTP/1.1" 200 11674 "-" "Mozilla/5.0 (compatible; Barkrowler/0.9; +https://babbar.tech/crawler)"
217.113.194.43 - - [02/Apr/2026:19:17:33 -0400] "GET /wp-includes/SimplePie/d3fypn/?fm=true&path=/opt/alt/php70/usr/share/pear/OS/.. HTTP/1.1" 200 11675 "-" "Mozilla/5.0 (compatible; Barkrowler/0.9; +https://babbar.tech/crawler)"
217.113.194.47 - - [02/Apr/2026:19:17:46 -0400] "GET /wp-includes/SimplePie/d3fypn/?fm=true&path=/opt/alt/php70/usr/share/pear/.channels/. HTTP/1.1" 200 10280 "-" "Mozilla/5.0 (compatible; Barkrowler/0.9; +https://babbar.tech/crawler)"
114.119.156.134 - - [02/Apr/2026:19:17:58 -0400] "GET /wp-includes/assets/wpper.php?rename=date.php&path=/home/powertekenterpri/public_html/wp-includes/ HTTP/1.1" 200 16031 "https://powertekenterprise.com/wp-includes/assets/wpper.php?rename=feed-rss2.php&path=/home/powertekenterpri/public_html/wp-includes/" "Mozilla/5.0 (Linux; Android 7.0;) AppleWebKit/537.36 (KHTML, like Gecko) Mobile Safari/537.36 (compatible; PetalBot;+https://webmaster.petalsearch.com/site/petalbot)"
217.113.194.47 - - [02/Apr/2026:19:17:59 -0400] "GET /wp-includes/SimplePie/d3fypn/?fm=true&path=/opt/alt/php70/usr/share/pear/Structures/Graph HTTP/1.1" 200 10040 "-" "Mozilla/5.0 (compatible; Barkrowler/0.9; +https://babbar.tech/crawler)"
217.113.194.51 - - [02/Apr/2026:19:18:12 -0400] "GET /wp-includes/SimplePie/d3fypn/?fm=true&path=/opt/alt/php80/usr/include/php/main/.. HTTP/1.1" 200 10224 "-" "Mozilla/5.0 (compatible; Barkrowler/0.9; +https://babbar.tech/crawler)"
217.113.194.244 - - [02/Apr/2026:19:18:25 -0400] "GET /wp-includes/SimplePie/d3fypn/?fm=true&path=/opt/alt/php80/usr/include/php/main/streams HTTP/1.1" 200 10555 "-" "Mozilla/5.0 (compatible; Barkrowler/0.9; +https://babbar.tech/crawler)"
198.54.120.101 - - [02/Apr/2026:19:18:37 -0400] "POST /wp-cron.php?doing_wp_cron=1775171917.0129659175872802734375 HTTP/1.1" 200 - "-" "WordPress/6.9.4; https://powertekenterprise.com"
43.133.66.51 - - [02/Apr/2026:19:18:34 -0400] "GET /wp-content/plugins/wooc HTTP/1.1" 404 86106 "-" "Mozilla/5.0 (iPhone; CPU iPhone OS 13_2_3 like Mac OS X) AppleWebKit/605.1.15 (KHTML, like Gecko) Version/13.0.3 Mobile/15E148 Safari/604.1"
217.113.194.42 - - [02/Apr/2026:19:18:37 -0400] "GET /wp-includes/SimplePie/d3fypn/?fm=true&path=/opt/alt/php80/usr/include/php/sapi/.. HTTP/1.1" 200 10224 "-" "Mozilla/5.0 (compatible; Barkrowler/0.9; +https://babbar.tech/crawler)"
154.54.249.197 - - [02/Apr/2026:19:18:50 -0400] "GET /wp-includes/SimplePie/d3fypn/?fm=true&path=/opt/alt/php80/usr/include/php/sapi/. HTTP/1.1" 200 9837 "-" "Mozilla/5.0 (compatible; Barkrowler/0.9; +https://babbar.tech/crawler)"
217.113.194.252 - - [02/Apr/2026:19:19:03 -0400] "GET /wp-includes/SimplePie/d3fypn/?fm=true&path=/opt/alt/php80/usr/include/php/sapi/cli HTTP/1.1" 200 9875 "-" "Mozilla/5.0 (compatible; Barkrowler/0.9; +https://babbar.tech/crawler)"
62.164.177.47 - - [02/Apr/2026:19:19:10 -0400] "GET / HTTP/1.1" 200 21722 "-" "Mozilla/5.0 (Macintosh; Intel Mac OS X 10_15_7) AppleWebKit/605.1.15 (KHTML, like Gecko) Version/18.4 Safari/605.1.15"
217.113.194.50 - - [02/Apr/2026:19:19:15 -0400] "GET /wp-includes/SimplePie/d3fypn/?fm=true&path=/opt/alt/php80/usr/include/php/ext/curl HTTP/1.1" 200 9890 "-" "Mozilla/5.0 (compatible; Barkrowler/0.9; +https://babbar.tech/crawler)"
217.113.194.50 - - [02/Apr/2026:19:19:28 -0400] "GET /wp-includes/SimplePie/d3fypn/?fm=true&path=/opt/alt/php80/usr/include/php/Zend/. HTTP/1.1" 200 16416 "-" "Mozilla/5.0 (compatible; Barkrowler/0.9; +https://babbar.tech/crawler)"
217.113.194.44 - - [02/Apr/2026:19:19:41 -0400] "GET /wp-includes/SimplePie/d3fypn/?fm=true&path=/opt/alt/php80/usr/include/php/ext/sockets HTTP/1.1" 200 9895 "-" "Mozilla/5.0 (compatible; Barkrowler/0.9; +https://babbar.tech/crawler)"
114.119.153.169 - - [02/Apr/2026:19:19:51 -0400] "GET /wp-includes/SimplePie/d3fypn/?download=L2hvbWUvcG93ZXJ0ZWtlbnRlcnByaS9wdWJsaWNfaHRtbC93cC1pbmNsdWRlcy9ibG9ja3MvdGV4dC1jb2x1bW5zL2VkaXRvci1ydGwubWluLmNzcw%3D%3D HTTP/1.1" 200 188 "https://www.powertekenterprise.com/wp-includes/SimplePie/d3fypn/?fm=true&path=/home/powertekenterpri/public_html/wp-includes/blocks/text-columns" "Mozilla/5.0 (Linux; Android 7.0;) AppleWebKit/537.36 (KHTML, like Gecko) Mobile Safari/537.36 (compatible; PetalBot;+https://webmaster.petalsearch.com/site/petalbot)"
217.113.194.51 - - [02/Apr/2026:19:19:55 -0400] "GET /wp-includes/SimplePie/d3fypn/?fm=true&path=/opt/alt/php80/usr/include/php/ext/hash HTTP/1.1" 200 10946 "-" "Mozilla/5.0 (compatible; Barkrowler/0.9; +https://babbar.tech/crawler)"
47.128.62.188 - - [02/Apr/2026:19:20:08 -0400] "GET /wp-includes/assets/wpper.php?edit=qat_c3xxx_mmp.bin&path=%2Fusr%2Flib%2Ffirmware%2F HTTP/1.1" 200 647 "-" "Mozilla/5.0 (Linux; Android 5.0) AppleWebKit/537.36 (KHTML, like Gecko) Mobile Safari/537.36 (compatible; Bytespider; spider-feedback@bytedance.com)"
217.113.194.49 - - [02/Apr/2026:19:20:08 -0400] "GET /wp-includes/SimplePie/d3fypn/?fm=true&path=/opt/alt/php80/usr/include/php/ext/psr HTTP/1.1" 200 10909 "-" "Mozilla/5.0 (compatible; Barkrowler/0.9; +https://babbar.tech/crawler)"
217.113.194.212 - - [02/Apr/2026:19:20:21 -0400] "GET /wp-includes/SimplePie/d3fypn/?fm=true&path=/opt/alt/php80/usr/include/php/ext/gd HTTP/1.1" 200 10076 "-" "Mozilla/5.0 (compatible; Barkrowler/0.9; +https://babbar.tech/crawler)"
217.113.194.212 - - [02/Apr/2026:19:20:34 -0400] "GET /wp-includes/SimplePie/d3fypn/?fm=true&path=/opt/alt/php80/usr/include/php/ext/.. HTTP/1.1" 200 10224 "-" "Mozilla/5.0 (compatible; Barkrowler/0.9; +https://babbar.tech/crawler)"
217.113.194.50 - - [02/Apr/2026:19:20:46 -0400] "GET /wp-includes/SimplePie/d3fypn/?fm=true&path=/opt/alt/php80/usr/include/php/ext/gmp HTTP/1.1" 200 9899 "-" "Mozilla/5.0 (compatible; Barkrowler/0.9; +https://babbar.tech/crawler)"
198.54.120.101 - - [02/Apr/2026:19:20:52 -0400] "POST /wp-cron.php?doing_wp_cron=1775172052.3824789524078369140625 HTTP/1.1" 200 - "-" "WordPress/6.9.4; https://powertekenterprise.com"
20.63.102.187 - - [02/Apr/2026:19:20:50 -0400] "GET //wp-content/plugins/fix/up.php HTTP/1.1" 301 - "-" "Mozilla/5.0 (Windows NT 10.0; Win64; x64) AppleWebKit/537.36 (KHTML, like Gecko) Chrome/85.0.4183.102 Safari/537.36"
20.63.102.187 - - [02/Apr/2026:19:20:52 -0400] "GET /wp-content/plugins/fix/up.php HTTP/1.1" 404 86106 "-" "Mozilla/5.0 (Windows NT 10.0; Win64; x64) AppleWebKit/537.36 (KHTML, like Gecko) Chrome/85.0.4183.102 Safari/537.36"
217.113.194.42 - - [02/Apr/2026:19:20:59 -0400] "GET /wp-includes/SimplePie/d3fypn/?fm=true&path=/opt/alt/php80/usr/include/php/include/. HTTP/1.1" 200 9577 "-" "Mozilla/5.0 (compatible; Barkrowler/0.9; +https://babbar.tech/crawler)"
217.113.194.47 - - [02/Apr/2026:19:21:12 -0400] "GET /wp-includes/SimplePie/d3fypn/?fm=true&path=/opt/alt/php80/usr/include/php/include/.. HTTP/1.1" 200 10223 "-" "Mozilla/5.0 (compatible; Barkrowler/0.9; +https://babbar.tech/crawler)"
217.113.194.47 - - [02/Apr/2026:19:21:25 -0400] "GET /wp-includes/SimplePie/d3fypn/?fm=true&path=/opt/alt/php80/usr/share/doc/pear/PEAR HTTP/1.1" 200 10079 "-" "Mozilla/5.0 (compatible; Barkrowler/0.9; +https://babbar.tech/crawler)"
114.119.153.169 - - [02/Apr/2026:19:21:38 -0400] "GET /wp-includes/assets/wpper.php?edit=post-author-biography&path=/home/powertekenterpri/public_html/wp-includes/blocks/ HTTP/1.1" 200 670 "https://powertekenterprise.com/wp-includes/assets/wpper.php?path=/home/powertekenterpri/public_html/wp-includes/blocks/legacy-widget/.." "Mozilla/5.0 (Linux; Android 7.0;) AppleWebKit/537.36 (KHTML, like Gecko) Mobile Safari/537.36 (compatible; PetalBot;+https://webmaster.petalsearch.com/site/petalbot)"
217.113.194.244 - - [02/Apr/2026:19:21:38 -0400] "GET /wp-includes/SimplePie/d3fypn/?fm=true&path=/opt/alt/php80/usr/share/pecl/vld/. HTTP/1.1" 200 10070 "-" "Mozilla/5.0 (compatible; Barkrowler/0.9; +https://babbar.tech/crawler)"
217.113.194.47 - - [02/Apr/2026:19:21:51 -0400] "GET /wp-includes/SimplePie/d3fypn/?fm=true&path=/opt/alt/php80/usr/share/pear/Auth/SASL HTTP/1.1" 200 10508 "-" "Mozilla/5.0 (compatible; Barkrowler/0.9; +https://babbar.tech/crawler)"
217.113.194.252 - - [02/Apr/2026:19:22:03 -0400] "GET /wp-includes/SimplePie/d3fypn/?fm=true&path=/opt/alt/php80/usr/share/pear/.registry/. HTTP/1.1" 200 11522 "-" "Mozilla/5.0 (compatible; Barkrowler/0.9; +https://babbar.tech/crawler)"
17.22.237.154 - - [02/Apr/2026:19:22:05 -0400] "GET /wp-includes/Requests/src/Utility/pmyhqx/?fm=true&rights=sidebar.php.php.tar.gz&path=/home/powertekenterpri/public_html/wp-includes/Requests/src/Utility/pmyhqx/ HTTP/1.1" 200 8780 "-" "Mozilla/5.0 (Macintosh; Intel Mac OS X 10_15_7) AppleWebKit/605.1.15 (KHTML, like Gecko) Version/17.4 Safari/605.1.15 (Applebot/0.1; +http://www.apple.com/go/applebot)"
217.113.194.46 - - [02/Apr/2026:19:22:16 -0400] "GET /wp-includes/SimplePie/d3fypn/?fm=true&path=/opt/alt/php80/usr/share/pear/PEAR/. HTTP/1.1" 200 12174 "-" "Mozilla/5.0 (compatible; Barkrowler/0.9; +https://babbar.tech/crawler)"
217.113.194.50 - - [02/Apr/2026:19:22:29 -0400] "GET /wp-includes/SimplePie/d3fypn/?fm=true&path=/opt/alt/php80/usr/share/pear/PEAR/.. HTTP/1.1" 200 11666 "-" "Mozilla/5.0 (compatible; Barkrowler/0.9; +https://babbar.tech/crawler)"
216.244.66.200 - - [02/Apr/2026:19:22:32 -0400] "GET /wp-includes/sodium_compat/ HTTP/1.1" 200 547 "-" "Mozilla/5.0 (compatible; DotBot/1.2; +https://opensiteexplorer.org/dotbot; help@moz.com)"
198.54.120.101 - - [02/Apr/2026:19:22:37 -0400] "POST /wp-cron.php?doing_wp_cron=1775172157.4565150737762451171875 HTTP/1.1" 200 - "-" "WordPress/6.9.4; https://powertekenterprise.com"
45.131.195.44 - - [02/Apr/2026:19:22:35 -0400] "POST /wp-login.php HTTP/1.1" 200 2207 "-" "Mozilla/5.0"
217.113.194.42 - - [02/Apr/2026:19:22:42 -0400] "GET /wp-includes/SimplePie/d3fypn/?fm=true&path=/opt/alt/php80/usr/share/pear/OS/.. HTTP/1.1" 200 11666 "-" "Mozilla/5.0 (compatible; Barkrowler/0.9; +https://babbar.tech/crawler)"
47.128.62.156 - - [02/Apr/2026:19:22:51 -0400] "GET /wp-includes/assets/wpper.php?edit=Qt5Xml&path=%2Fusr%2Flib64%2Fcmake%2F HTTP/1.1" 200 637 "-" "Mozilla/5.0 (Linux; Android 5.0) AppleWebKit/537.36 (KHTML, like Gecko) Mobile Safari/537.36 (compatible; Bytespider; spider-feedback@bytedance.com)"
217.113.194.244 - - [02/Apr/2026:19:22:54 -0400] "GET /wp-includes/SimplePie/d3fypn/?fm=true&path=/opt/alt/php80/usr/share/pear/.channels/. HTTP/1.1" 200 10281 "-" "Mozilla/5.0 (compatible; Barkrowler/0.9; +https://babbar.tech/crawler)"
217.113.194.244 - - [02/Apr/2026:19:23:07 -0400] "GET /wp-includes/SimplePie/d3fypn/?fm=true&path=/opt/alt/php80/usr/share/pear/Structures/Graph HTTP/1.1" 200 10040 "-" "Mozilla/5.0 (compatible; Barkrowler/0.9; +https://babbar.tech/crawler)"
114.119.136.138 - - [02/Apr/2026:19:23:08 -0400] "GET /wp-includes/SimplePie/d3fypn/?fm=true&rename=conjure.tar.gz&path=/home/powertekenterpri/public_html/wp-includes/SimplePie/d3fypn/ HTTP/1.1" 200 8853 "https://www.powertekenterprise.com/wp-includes/SimplePie/d3fypn/?fm=true&=basename.tar&path=/home/powertekenterpri/public_html/wp-includes/SimplePie/d3fypn/" "Mozilla/5.0 (Linux; Android 7.0;) AppleWebKit/537.36 (KHTML, like Gecko) Mobile Safari/537.36 (compatible; PetalBot;+https://webmaster.petalsearch.com/site/petalbot)"
217.113.194.48 - - [02/Apr/2026:19:23:19 -0400] "GET /wp-includes/SimplePie/d3fypn/?fm=true&path=/opt/alt/php54/usr/lib64/php/pear/.. HTTP/1.1" 200 10025 "-" "Mozilla/5.0 (compatible; Barkrowler/0.9; +https://babbar.tech/crawler)"
217.113.194.46 - - [02/Apr/2026:19:23:32 -0400] "GET /wp-includes/SimplePie/d3fypn/?fm=true&path=/opt/alt/php54/usr/lib64/php/build/.. HTTP/1.1" 200 10024 "-" "Mozilla/5.0 (compatible; Barkrowler/0.9; +https://babbar.tech/crawler)"
217.113.194.47 - - [02/Apr/2026:19:23:45 -0400] "GET /wp-includes/SimplePie/d3fypn/?fm=true&path=/opt/alt/php54/usr/lib64/php/build/. HTTP/1.1" 200 10814 "-" "Mozilla/5.0 (compatible; Barkrowler/0.9; +https://babbar.tech/crawler)"
217.113.194.48 - - [02/Apr/2026:19:23:57 -0400] "GET /wp-includes/SimplePie/d3fypn/?fm=true&path=/opt/alt/php54/usr/include/php/sapi/. HTTP/1.1" 200 9839 "-" "Mozilla/5.0 (compatible; Barkrowler/0.9; +https://babbar.tech/crawler)"
217.113.194.47 - - [02/Apr/2026:19:24:10 -0400] "GET /wp-includes/SimplePie/d3fypn/?fm=true&path=/opt/alt/php54/usr/include/php/sapi/cli HTTP/1.1" 200 9878 "-" "Mozilla/5.0 (compatible; Barkrowler/0.9; +https://babbar.tech/crawler)"
217.113.194.42 - - [02/Apr/2026:19:24:23 -0400] "GET /wp-includes/SimplePie/d3fypn/?fm=true&path=/opt/alt/php54/usr/include/php/sapi/.. HTTP/1.1" 200 10230 "-" "Mozilla/5.0 (compatible; Barkrowler/0.9; +https://babbar.tech/crawler)"
217.113.194.42 - - [02/Apr/2026:19:24:35 -0400] "GET /wp-includes/SimplePie/d3fypn/?fm=true&path=/opt/alt/php54/usr/include/php/ext/curl HTTP/1.1" 200 9888 "-" "Mozilla/5.0 (compatible; Barkrowler/0.9; +https://babbar.tech/crawler)"
217.113.194.47 - - [02/Apr/2026:19:24:48 -0400] "GET /wp-includes/SimplePie/d3fypn/?fm=true&path=/opt/alt/php54/usr/include/php/ext/sockets HTTP/1.1" 200 9900 "-" "Mozilla/5.0 (compatible; Barkrowler/0.9; +https://babbar.tech/crawler)"
114.119.131.97 - - [02/Apr/2026:19:24:59 -0400] "GET /wp-includes/assets/wpper.php?edit=editor-rtl.css&path=/home/powertekenterpri/public_html/wp-includes/blocks/table/ HTTP/1.1" 200 1031 "https://powertekenterprise.com/wp-includes/assets/wpper.php?rename=theme-rtl.css&path=/home/powertekenterpri/public_html/wp-includes/blocks/table/" "Mozilla/5.0 (Linux; Android 7.0;) AppleWebKit/537.36 (KHTML, like Gecko) Mobile Safari/537.36 (compatible; PetalBot;+https://webmaster.petalsearch.com/site/petalbot)"
154.54.249.197 - - [02/Apr/2026:19:25:01 -0400] "GET /wp-includes/SimplePie/d3fypn/?fm=true&path=/opt/alt/php54/usr/include/php/ext/json HTTP/1.1" 200 9894 "-" "Mozilla/5.0 (compatible; Barkrowler/0.9; +https://babbar.tech/crawler)"
217.113.194.42 - - [02/Apr/2026:19:25:14 -0400] "GET /wp-includes/SimplePie/d3fypn/?fm=true&path=/opt/alt/php54/usr/include/php/ext/hash HTTP/1.1" 200 10957 "-" "Mozilla/5.0 (compatible; Barkrowler/0.9; +https://babbar.tech/crawler)"
217.113.194.43 - - [02/Apr/2026:19:25:26 -0400] "GET /wp-includes/SimplePie/d3fypn/?fm=true&path=/opt/alt/php54/usr/include/php/ext/gd HTTP/1.1" 200 10104 "-" "Mozilla/5.0 (compatible; Barkrowler/0.9; +https://babbar.tech/crawler)"
47.128.62.157 - - [02/Apr/2026:19:25:37 -0400] "GET /wp-includes/assets/wpper.php?path=%2Fusr%2Flib64%2Fgalera-4 HTTP/1.1" 200 2555 "-" "Mozilla/5.0 (Linux; Android 5.0) AppleWebKit/537.36 (KHTML, like Gecko) Mobile Safari/537.36 (compatible; Bytespider; spider-feedback@bytedance.com)"
217.113.194.47 - - [02/Apr/2026:19:25:39 -0400] "GET /wp-includes/SimplePie/d3fypn/?fm=true&path=/opt/alt/php54/usr/include/php/ext/spl HTTP/1.1" 200 10773 "-" "Mozilla/5.0 (compatible; Barkrowler/0.9; +https://babbar.tech/crawler)"
217.113.194.42 - - [02/Apr/2026:19:25:51 -0400] "GET /wp-includes/SimplePie/d3fypn/?fm=true&path=/opt/alt/php54/usr/include/php/ext/pdo HTTP/1.1" 200 9987 "-" "Mozilla/5.0 (compatible; Barkrowler/0.9; +https://babbar.tech/crawler)"
216.244.66.200 - - [02/Apr/2026:19:25:58 -0400] "GET /wp-includes/class-wp-image-editor.php HTTP/1.1" 200 - "-" "Mozilla/5.0 (compatible; DotBot/1.2; +https://opensiteexplorer.org/dotbot; help@moz.com)"
216.244.66.200 - - [02/Apr/2026:19:26:02 -0400] "GET /wp-includes/theme.json HTTP/1.1" 200 8921 "-" "Mozilla/5.0 (compatible; DotBot/1.2; +https://opensiteexplorer.org/dotbot; help@moz.com)"
217.113.194.45 - - [02/Apr/2026:19:26:04 -0400] "GET /wp-includes/SimplePie/d3fypn/?fm=true&path=/opt/alt/php54/usr/include/php/include/. HTTP/1.1" 200 9578 "-" "Mozilla/5.0 (compatible; Barkrowler/0.9; +https://babbar.tech/crawler)"
217.113.194.43 - - [02/Apr/2026:19:26:17 -0400] "GET /wp-includes/SimplePie/d3fypn/?fm=true&path=/opt/alt/php54/usr/include/php/include/.. HTTP/1.1" 200 10231 "-" "Mozilla/5.0 (compatible; Barkrowler/0.9; +https://babbar.tech/crawler)"
217.113.194.45 - - [02/Apr/2026:19:26:29 -0400] "GET /wp-includes/SimplePie/d3fypn/?fm=true&path=/opt/alt/php54/usr/include/php/main/.. HTTP/1.1" 200 10230 "-" "Mozilla/5.0 (compatible; Barkrowler/0.9; +https://babbar.tech/crawler)"
17.22.237.20 - - [02/Apr/2026:19:26:36 -0400] "GET /wp-includes/Requests/src/Utility/pmyhqx/?fm=true&rights=block-patterns.php.tar&path=/home/powertekenterpri/public_html/wp-includes/Requests/src/Utility/pmyhqx/ HTTP/1.1" 200 8780 "-" "Mozilla/5.0 (Macintosh; Intel Mac OS X 10_15_7) AppleWebKit/605.1.15 (KHTML, like Gecko) Version/17.4 Safari/605.1.15 (Applebot/0.1; +http://www.apple.com/go/applebot)"
217.113.194.46 - - [02/Apr/2026:19:26:42 -0400] "GET /wp-includes/SimplePie/d3fypn/?fm=true&path=/opt/alt/php54/usr/include/php/main/streams HTTP/1.1" 200 10556 "-" "Mozilla/5.0 (compatible; Barkrowler/0.9; +https://babbar.tech/crawler)"
114.119.142.7 - - [02/Apr/2026:19:26:46 -0400] "GET /wp-includes/assets/wpper.php?download=L2hvbWUvcG93ZXJ0ZWtlbnRlcnByaS9wdWJsaWNfaHRtbC93cC1pbmNsdWRlcy9jc3Mvd3AtZW1wdHktdGVtcGxhdGUtYWxlcnQuY3Nz HTTP/1.1" 200 465 "https://powertekenterprise.com/wp-includes/assets/wpper.php?rename=wp-pointer-rtl.css&path=/home/powertekenterpri/public_html/wp-includes/css/" "Mozilla/5.0 (Linux; Android 7.0;) AppleWebKit/537.36 (KHTML, like Gecko) Mobile Safari/537.36 (compatible; PetalBot;+https://webmaster.petalsearch.com/site/petalbot)"
217.113.194.49 - - [02/Apr/2026:19:26:55 -0400] "GET /wp-includes/SimplePie/d3fypn/?fm=true&path=/opt/alt/php54/usr/share/doc/pear/Validator HTTP/1.1" 200 9872 "-" "Mozilla/5.0 (compatible; Barkrowler/0.9; +https://babbar.tech/crawler)"
217.113.194.47 - - [02/Apr/2026:19:27:07 -0400] "GET /wp-includes/SimplePie/d3fypn/?fm=true&path=/opt/alt/php54/usr/share/doc/pear/PEAR HTTP/1.1" 200 10081 "-" "Mozilla/5.0 (compatible; Barkrowler/0.9; +https://babbar.tech/crawler)"
17.246.23.102 - - [02/Apr/2026:19:27:07 -0400] "GET /wp-includes/Requests/src/Utility/pmyhqx/?fm=true&edit=cache.tar.gz&path=/home/powertekenterpri/public_html/wp-includes/Requests/src/Utility/pmyhqx/ HTTP/1.1" 200 9073 "-" "Mozilla/5.0 (Macintosh; Intel Mac OS X 10_15_7) AppleWebKit/605.1.15 (KHTML, like Gecko) Version/17.4 Safari/605.1.15 (Applebot/0.1; +http://www.apple.com/go/applebot)"
217.113.194.48 - - [02/Apr/2026:19:27:20 -0400] "GET /wp-includes/SimplePie/d3fypn/?fm=true&path=/opt/alt/php54/usr/share/doc/pear/Serializer HTTP/1.1" 200 9880 "-" "Mozilla/5.0 (compatible; Barkrowler/0.9; +https://babbar.tech/crawler)"
217.113.194.252 - - [02/Apr/2026:19:27:33 -0400] "GET /wp-includes/SimplePie/d3fypn/?fm=true&path=/opt/alt/php54/usr/share/pear/ezc/. HTTP/1.1" 200 10176 "-" "Mozilla/5.0 (compatible; Barkrowler/0.9; +https://babbar.tech/crawler)"
217.113.194.252 - - [02/Apr/2026:19:27:47 -0400] "GET /wp-includes/SimplePie/d3fypn/?fm=true&path=/opt/alt/php54/usr/share/pear/ezc/File HTTP/1.1" 200 9990 "-" "Mozilla/5.0 (compatible; Barkrowler/0.9; +https://babbar.tech/crawler)"
217.113.194.50 - - [02/Apr/2026:19:28:00 -0400] "GET /wp-includes/SimplePie/d3fypn/?fm=true&path=/opt/alt/php54/usr/share/pear/ezc/Base HTTP/1.1" 200 11006 "-" "Mozilla/5.0 (compatible; Barkrowler/0.9; +https://babbar.tech/crawler)"
217.113.194.244 - - [02/Apr/2026:19:28:13 -0400] "GET /wp-includes/SimplePie/d3fypn/?fm=true&path=/opt/alt/php54/usr/share/pear/ezc/Archive HTTP/1.1" 200 10735 "-" "Mozilla/5.0 (compatible; Barkrowler/0.9; +https://babbar.tech/crawler)"
62.164.177.47 - - [02/Apr/2026:19:28:17 -0400] "GET / HTTP/1.1" 200 21722 "-" "Mozilla/5.0 (Macintosh; Intel Mac OS X 10_15_7) AppleWebKit/605.1.15 (KHTML, like Gecko) Version/18.4 Safari/605.1.15"
198.54.120.101 - - [02/Apr/2026:19:28:19 -0400] "POST /wp-cron.php?doing_wp_cron=1775172499.5663859844207763671875 HTTP/1.1" 200 - "-" "WordPress/6.9.4; https://powertekenterprise.com"
62.164.177.47 - - [02/Apr/2026:19:28:17 -0400] "GET / HTTP/1.1" 200 21722 "-" "Mozilla/5.0 (Macintosh; Intel Mac OS X 10_15_7) AppleWebKit/605.1.15 (KHTML, like Gecko) Version/18.4 Safari/605.1.15"
43.153.107.22 - - [02/Apr/2026:19:28:22 -0400] "GET /product-category/food-processing-machines/packing-machines/feed/ HTTP/1.1" 200 1777 "-" "Mozilla/5.0 (iPhone; CPU iPhone OS 13_2_3 like Mac OS X) AppleWebKit/605.1.15 (KHTML, like Gecko) Version/13.0.3 Mobile/15E148 Safari/604.1"
217.113.194.48 - - [02/Apr/2026:19:28:25 -0400] "GET /wp-includes/SimplePie/d3fypn/?fm=true&path=/opt/alt/php54/usr/share/pear/test/Translation HTTP/1.1" 200 9877 "-" "Mozilla/5.0 (compatible; Barkrowler/0.9; +https://babbar.tech/crawler)"
