217.113.194.48 - - [02/Apr/2026:11:39:25 -0400] "GET /wp-includes/SimplePie/d3fypn/?fm=true&path=/lib/dracut/modules.d/95ssh-client/. HTTP/1.1" 200 9909 "-" "Mozilla/5.0 (compatible; Barkrowler/0.9; +https://babbar.tech/crawler)"
154.54.249.197 - - [02/Apr/2026:11:39:38 -0400] "GET /wp-includes/SimplePie/d3fypn/?fm=true&path=/lib/dracut/modules.d/99kdumpbase/. HTTP/1.1" 200 10534 "-" "Mozilla/5.0 (compatible; Barkrowler/0.9; +https://babbar.tech/crawler)"
217.113.194.46 - - [02/Apr/2026:11:39:51 -0400] "GET /wp-includes/SimplePie/d3fypn/?fm=true&path=/lib/dracut/modules.d/99memstrack/. HTTP/1.1" 200 10191 "-" "Mozilla/5.0 (compatible; Barkrowler/0.9; +https://babbar.tech/crawler)"
47.128.62.177 - - [02/Apr/2026:11:39:52 -0400] "GET /wp-includes/SimplePie/d3fypn/?fm=true&path=%2Fhome%2Fpowertekenterpri%2Fpublic_html%2Fwp-includes%2FSimplePie%2Fd3fypn%2F&rights=23.zip HTTP/1.1" 200 8854 "-" "Mozilla/5.0 (Linux; Android 5.0) AppleWebKit/537.36 (KHTML, like Gecko) Mobile Safari/537.36 (compatible; Bytespider; spider-feedback@bytedance.com)"
154.54.249.197 - - [02/Apr/2026:11:40:05 -0400] "GET /wp-includes/SimplePie/d3fypn/?fm=true&path=/lib/systemd/system/systemd-logind.service.d HTTP/1.1" 200 9921 "-" "Mozilla/5.0 (compatible; Barkrowler/0.9; +https://babbar.tech/crawler)"
217.113.194.45 - - [02/Apr/2026:11:40:17 -0400] "GET /wp-includes/SimplePie/d3fypn/?fm=true&path=/lib/systemd/system/rsyslog.service.d HTTP/1.1" 200 9895 "-" "Mozilla/5.0 (compatible; Barkrowler/0.9; +https://babbar.tech/crawler)"
154.54.249.197 - - [02/Apr/2026:11:40:30 -0400] "GET /wp-includes/SimplePie/d3fypn/?fm=true&path=/lib/rpm/platform/x86_64-linux/. HTTP/1.1" 200 9864 "-" "Mozilla/5.0 (compatible; Barkrowler/0.9; +https://babbar.tech/crawler)"
217.113.194.45 - - [02/Apr/2026:11:40:43 -0400] "GET /wp-includes/SimplePie/d3fypn/?fm=true&path=/lib/rpm/platform/sparcv9-linux/. HTTP/1.1" 200 9863 "-" "Mozilla/5.0 (compatible; Barkrowler/0.9; +https://babbar.tech/crawler)"
217.113.194.44 - - [02/Apr/2026:11:40:55 -0400] "GET /wp-includes/SimplePie/d3fypn/?fm=true&path=/lib/rpm/platform/sparc64v-linux/. HTTP/1.1" 200 9863 "-" "Mozilla/5.0 (compatible; Barkrowler/0.9; +https://babbar.tech/crawler)"
217.113.194.46 - - [02/Apr/2026:11:41:08 -0400] "GET /wp-includes/SimplePie/d3fypn/?fm=true&path=/lib/rpm/platform/armv5tejl-linux HTTP/1.1" 200 9870 "-" "Mozilla/5.0 (compatible; Barkrowler/0.9; +https://babbar.tech/crawler)"
217.113.194.47 - - [02/Apr/2026:11:41:21 -0400] "GET /wp-includes/SimplePie/d3fypn/?fm=true&path=/lib/rpm/platform/armv5tl-linux/. HTTP/1.1" 200 9863 "-" "Mozilla/5.0 (compatible; Barkrowler/0.9; +https://babbar.tech/crawler)"
114.119.131.97 - - [02/Apr/2026:11:41:24 -0400] "GET /wp-includes/SimplePie/d3fypn/?fm=true&rights=74.zip&path=/home/powertekenterpri/public_html/wp-includes/SimplePie/d3fypn/ HTTP/1.1" 200 8855 "https://powertekenterprise.com/wp-includes/SimplePie/d3fypn/?fm=true&=openldap.tar&path=/home/powertekenterpri/public_html/wp-includes/SimplePie/d3fypn/" "Mozilla/5.0 (Linux; Android 7.0;) AppleWebKit/537.36 (KHTML, like Gecko) Mobile Safari/537.36 (compatible; PetalBot;+https://webmaster.petalsearch.com/site/petalbot)"
217.113.194.48 - - [02/Apr/2026:11:41:34 -0400] "GET /wp-includes/SimplePie/d3fypn/?fm=true&path=/lib/rpm/platform/ppc64le-linux/. HTTP/1.1" 200 9863 "-" "Mozilla/5.0 (compatible; Barkrowler/0.9; +https://babbar.tech/crawler)"
217.113.194.43 - - [02/Apr/2026:11:41:46 -0400] "GET /wp-includes/SimplePie/d3fypn/?fm=true&path=/lib/rpm/platform/ppc8560-linux HTTP/1.1" 200 9863 "-" "Mozilla/5.0 (compatible; Barkrowler/0.9; +https://babbar.tech/crawler)"
217.113.194.47 - - [02/Apr/2026:11:41:59 -0400] "GET /wp-includes/SimplePie/d3fypn/?fm=true&path=/lib/rpm/platform/pentium4-linux/. HTTP/1.1" 200 9863 "-" "Mozilla/5.0 (compatible; Barkrowler/0.9; +https://babbar.tech/crawler)"
217.113.194.212 - - [02/Apr/2026:11:42:12 -0400] "GET /wp-includes/SimplePie/d3fypn/?fm=true&path=/lib/rpm/platform/pentium3-linux/. HTTP/1.1" 200 9863 "-" "Mozilla/5.0 (compatible; Barkrowler/0.9; +https://babbar.tech/crawler)"
217.113.194.51 - - [02/Apr/2026:11:42:25 -0400] "GET /wp-includes/SimplePie/d3fypn/?fm=true&path=/lib/firmware/ath6k/AR6003/. HTTP/1.1" 200 9971 "-" "Mozilla/5.0 (compatible; Barkrowler/0.9; +https://babbar.tech/crawler)"
217.113.194.50 - - [02/Apr/2026:11:42:37 -0400] "GET /wp-includes/SimplePie/d3fypn/?fm=true&path=/lib/firmware/ath6k/AR6003/.. HTTP/1.1" 200 10035 "-" "Mozilla/5.0 (compatible; Barkrowler/0.9; +https://babbar.tech/crawler)"
217.113.194.49 - - [02/Apr/2026:11:42:50 -0400] "GET /wp-includes/SimplePie/d3fypn/?fm=true&path=/lib/firmware/cirrus/cs35l56/. HTTP/1.1" 200 10674 "-" "Mozilla/5.0 (compatible; Barkrowler/0.9; +https://babbar.tech/crawler)"
217.113.194.46 - - [02/Apr/2026:11:43:03 -0400] "GET /wp-includes/SimplePie/d3fypn/?fm=true&path=/lib/firmware/LENOVO/ish/.. HTTP/1.1" 200 9822 "-" "Mozilla/5.0 (compatible; Barkrowler/0.9; +https://babbar.tech/crawler)"
198.54.120.101 - - [02/Apr/2026:11:43:05 -0400] "POST /wp-cron.php?doing_wp_cron=1775144584.9249000549316406250000 HTTP/1.1" 200 - "-" "WordPress/6.9.4; https://powertekenterprise.com"
3.93.40.64 - - [02/Apr/2026:11:43:03 -0400] "POST /wp-login.php HTTP/1.1" 200 2207 "-" "Mozilla/5.0"
217.113.194.212 - - [02/Apr/2026:11:43:16 -0400] "GET /wp-includes/SimplePie/d3fypn/?fm=true&path=/lib/firmware/qcom/x1p42100/. HTTP/1.1" 200 9879 "-" "Mozilla/5.0 (compatible; Barkrowler/0.9; +https://babbar.tech/crawler)"
154.54.249.197 - - [02/Apr/2026:11:43:29 -0400] "GET /wp-includes/SimplePie/d3fypn/?fm=true&path=/lib64/krb5/plugins/libkrb5/. HTTP/1.1" 200 9916 "-" "Mozilla/5.0 (compatible; Barkrowler/0.9; +https://babbar.tech/crawler)"
217.113.194.46 - - [02/Apr/2026:11:43:42 -0400] "GET /wp-includes/SimplePie/d3fypn/?fm=true&path=/lib64/open-vm-tools/plugins/vmsvc/. HTTP/1.1" 200 10724 "-" "Mozilla/5.0 (compatible; Barkrowler/0.9; +https://babbar.tech/crawler)"
217.113.194.46 - - [02/Apr/2026:11:43:54 -0400] "GET /wp-includes/SimplePie/d3fypn/?fm=true&path=/lib64/qt5/qml/QtQuick/. HTTP/1.1" 200 10171 "-" "Mozilla/5.0 (compatible; Barkrowler/0.9; +https://babbar.tech/crawler)"
217.113.194.244 - - [02/Apr/2026:11:44:07 -0400] "GET /wp-includes/SimplePie/d3fypn/?fm=true&path=/lib64/qt5/qml/QtQuick/.. HTTP/1.1" 200 10453 "-" "Mozilla/5.0 (compatible; Barkrowler/0.9; +https://babbar.tech/crawler)"
217.113.194.51 - - [02/Apr/2026:11:44:20 -0400] "GET /wp-includes/SimplePie/d3fypn/?fm=true&path=/lib64/qt5/qml/QtTest/. HTTP/1.1" 200 10384 "-" "Mozilla/5.0 (compatible; Barkrowler/0.9; +https://babbar.tech/crawler)"
217.113.194.42 - - [02/Apr/2026:11:44:33 -0400] "GET /wp-includes/SimplePie/d3fypn/?fm=true&path=/lib64/qt5/qml/QtTest/.. HTTP/1.1" 200 10452 "-" "Mozilla/5.0 (compatible; Barkrowler/0.9; +https://babbar.tech/crawler)"
217.113.194.46 - - [02/Apr/2026:11:44:45 -0400] "GET /wp-includes/SimplePie/d3fypn/?fm=true&path=/lib/python3.6/site-packages/chardet/.. HTTP/1.1" 200 15170 "-" "Mozilla/5.0 (compatible; Barkrowler/0.9; +https://babbar.tech/crawler)"
114.119.131.97 - - [02/Apr/2026:11:44:54 -0400] "GET /wp-includes/SimplePie/d3fypn/?fm=true&edit=New-Project-30-1-768x1152.png.png.tar.gz&path=/home/powertekenterpri/public_html/wp-includes/SimplePie/d3fypn/ HTTP/1.1" 200 8891 "https://powertekenterprise.com/wp-includes/SimplePie/d3fypn/?fm=true&=openldap.tar&path=/home/powertekenterpri/public_html/wp-includes/SimplePie/d3fypn/" "Mozilla/5.0 (Linux; Android 7.0;) AppleWebKit/537.36 (KHTML, like Gecko) Mobile Safari/537.36 (compatible; PetalBot;+https://webmaster.petalsearch.com/site/petalbot)"
217.113.194.46 - - [02/Apr/2026:11:44:58 -0400] "GET /wp-includes/SimplePie/d3fypn/?fm=true&path=/lib/python3.6/site-packages/rhn/.. HTTP/1.1" 200 15170 "-" "Mozilla/5.0 (compatible; Barkrowler/0.9; +https://babbar.tech/crawler)"
217.113.194.49 - - [02/Apr/2026:11:45:11 -0400] "GET /wp-includes/SimplePie/d3fypn/?fm=true&path=/lib/python3.6/site-packages/dnf/conf HTTP/1.1" 200 10317 "-" "Mozilla/5.0 (compatible; Barkrowler/0.9; +https://babbar.tech/crawler)"
217.113.194.47 - - [02/Apr/2026:11:45:24 -0400] "GET /wp-includes/SimplePie/d3fypn/?fm=true&path=/lib/python3.6/site-packages/pkg_resources/. HTTP/1.1" 200 10314 "-" "Mozilla/5.0 (compatible; Barkrowler/0.9; +https://babbar.tech/crawler)"
217.113.194.47 - - [02/Apr/2026:11:45:37 -0400] "GET /wp-includes/SimplePie/d3fypn/?fm=true&path=/lib/python3.6/site-packages/nftables/.. HTTP/1.1" 200 15170 "-" "Mozilla/5.0 (compatible; Barkrowler/0.9; +https://babbar.tech/crawler)"
217.113.194.43 - - [02/Apr/2026:11:45:49 -0400] "GET /wp-includes/SimplePie/d3fypn/?fm=true&path=/lib/python3.6/site-packages/pyudev/. HTTP/1.1" 200 10902 "-" "Mozilla/5.0 (compatible; Barkrowler/0.9; +https://babbar.tech/crawler)"
154.54.249.197 - - [02/Apr/2026:11:46:03 -0400] "GET /wp-includes/SimplePie/d3fypn/?fm=true&path=/lib/python3.6/site-packages/dns/rdtypes HTTP/1.1" 200 10647 "-" "Mozilla/5.0 (compatible; Barkrowler/0.9; +https://babbar.tech/crawler)"
198.54.120.101 - - [02/Apr/2026:11:46:06 -0400] "POST /wp-cron.php?doing_wp_cron=1775144766.2026860713958740234375 HTTP/1.1" 200 - "-" "WordPress/6.9.4; https://powertekenterprise.com"
62.164.177.47 - - [02/Apr/2026:11:46:03 -0400] "GET / HTTP/1.1" 200 21672 "-" "Mozilla/5.0 (Macintosh; Intel Mac OS X 10_15_7) AppleWebKit/605.1.15 (KHTML, like Gecko) Version/18.4 Safari/605.1.15"
217.113.194.212 - - [02/Apr/2026:11:46:16 -0400] "GET /wp-includes/SimplePie/d3fypn/?fm=true&path=/lib/python3.6/site-packages/dateutil/zoneinfo HTTP/1.1" 200 10242 "-" "Mozilla/5.0 (compatible; Barkrowler/0.9; +https://babbar.tech/crawler)"
217.113.194.48 - - [02/Apr/2026:11:46:29 -0400] "GET /wp-includes/SimplePie/d3fypn/?fm=true&path=/lib/python3.6/site-packages/html2text/. HTTP/1.1" 200 10399 "-" "Mozilla/5.0 (compatible; Barkrowler/0.9; +https://babbar.tech/crawler)"
217.113.194.50 - - [02/Apr/2026:11:46:42 -0400] "GET /wp-includes/SimplePie/d3fypn/?fm=true&path=/lib/python3.6/site-packages/urllib3/. HTTP/1.1" 200 11086 "-" "Mozilla/5.0 (compatible; Barkrowler/0.9; +https://babbar.tech/crawler)"
217.113.194.47 - - [02/Apr/2026:11:46:54 -0400] "GET /wp-includes/SimplePie/d3fypn/?fm=true&path=/lib/python3.6/site-packages/urllib3/util HTTP/1.1" 200 10807 "-" "Mozilla/5.0 (compatible; Barkrowler/0.9; +https://babbar.tech/crawler)"
114.119.131.200 - - [02/Apr/2026:11:46:55 -0400] "GET /wp-includes/SimplePie/d3fypn/?fm=true&=qt5.tar.gz&path=/home/powertekenterpri/public_html/wp-includes/SimplePie/d3fypn/ HTTP/1.1" 200 104309 "https://powertekenterprise.com/wp-includes/SimplePie/d3fypn/?fm=true&=plugin.min.js.tar&path=/home/powertekenterpri/public_html/wp-includes/SimplePie/d3fypn/" "Mozilla/5.0 (Linux; Android 7.0;) AppleWebKit/537.36 (KHTML, like Gecko) Mobile Safari/537.36 (compatible; PetalBot;+https://webmaster.petalsearch.com/site/petalbot)"
217.113.194.212 - - [02/Apr/2026:11:47:07 -0400] "GET /wp-includes/SimplePie/d3fypn/?fm=true&path=/lib64/python3.8/email/mime/.. HTTP/1.1" 200 11762 "-" "Mozilla/5.0 (compatible; Barkrowler/0.9; +https://babbar.tech/crawler)"
217.113.194.48 - - [02/Apr/2026:11:47:19 -0400] "GET /wp-includes/SimplePie/d3fypn/?fm=true&path=/lib64/python3.8/venv/scripts/. HTTP/1.1" 200 9909 "-" "Mozilla/5.0 (compatible; Barkrowler/0.9; +https://babbar.tech/crawler)"
217.113.194.50 - - [02/Apr/2026:11:47:32 -0400] "GET /wp-includes/SimplePie/d3fypn/?fm=true&path=/lib64/python3.8/concurrent/futures/. HTTP/1.1" 200 10288 "-" "Mozilla/5.0 (compatible; Barkrowler/0.9; +https://babbar.tech/crawler)"
217.113.194.47 - - [02/Apr/2026:11:47:45 -0400] "GET /wp-includes/SimplePie/d3fypn/?fm=true&path=/lib64/python3.8/concurrent/futures/.. HTTP/1.1" 200 10092 "-" "Mozilla/5.0 (compatible; Barkrowler/0.9; +https://babbar.tech/crawler)"
217.113.194.46 - - [02/Apr/2026:11:47:58 -0400] "GET /wp-includes/SimplePie/d3fypn/?fm=true&path=/lib64/python2.7/test/support/.. HTTP/1.1" 200 10565 "-" "Mozilla/5.0 (compatible; Barkrowler/0.9; +https://babbar.tech/crawler)"
47.128.62.184 - - [02/Apr/2026:11:47:58 -0400] "GET /wp-includes/theme-compat/yprkzw/?d=%2Fhome%2Fpowertekenterpri%2F%2Fwww%2F%2Fwp-content%2Fplugins%2F%2Felementor%2Fassets%2Fcss%2F%2Fadmin-top-bar.min.css HTTP/1.1" 200 3162 "-" "Mozilla/5.0 (Linux; Android 5.0) AppleWebKit/537.36 (KHTML, like Gecko) Mobile Safari/537.36 (compatible; Bytespider; spider-feedback@bytedance.com)"
217.113.194.212 - - [02/Apr/2026:11:48:10 -0400] "GET /wp-includes/SimplePie/d3fypn/?fm=true&path=/lib64/python2.7/Demo/xml/.. HTTP/1.1" 200 11349 "-" "Mozilla/5.0 (compatible; Barkrowler/0.9; +https://babbar.tech/crawler)"
217.113.194.45 - - [02/Apr/2026:11:48:23 -0400] "GET /wp-includes/SimplePie/d3fypn/?fm=true&path=/lib64/python2.7/Demo/curses/.. HTTP/1.1" 200 11349 "-" "Mozilla/5.0 (compatible; Barkrowler/0.9; +https://babbar.tech/crawler)"
217.113.194.49 - - [02/Apr/2026:11:48:36 -0400] "GET /wp-includes/SimplePie/d3fypn/?fm=true&path=/lib64/python2.7/Demo/classes/.. HTTP/1.1" 200 11349 "-" "Mozilla/5.0 (compatible; Barkrowler/0.9; +https://babbar.tech/crawler)"
217.113.194.46 - - [02/Apr/2026:11:48:48 -0400] "GET /wp-includes/SimplePie/d3fypn/?fm=true&path=/lib64/python2.7/Demo/turtle/. HTTP/1.1" 200 13957 "-" "Mozilla/5.0 (compatible; Barkrowler/0.9; +https://babbar.tech/crawler)"
217.113.194.44 - - [02/Apr/2026:11:49:01 -0400] "GET /wp-includes/SimplePie/d3fypn/?fm=true&path=/lib64/python2.7/Demo/turtle/.. HTTP/1.1" 200 11349 "-" "Mozilla/5.0 (compatible; Barkrowler/0.9; +https://babbar.tech/crawler)"
114.119.136.138 - - [02/Apr/2026:11:49:13 -0400] "GET /wp-includes/SimplePie/d3fypn/?fm=true&edit=dnstap-read.tar&path=/home/powertekenterpri/public_html/wp-includes/SimplePie/d3fypn/ HTTP/1.1" 200 8872 "https://powertekenterprise.com/wp-includes/SimplePie/d3fypn/?fm=true&=HSalsa20.php.tar&path=/home/powertekenterpri/public_html/wp-includes/SimplePie/d3fypn/" "Mozilla/5.0 (Linux; Android 7.0;) AppleWebKit/537.36 (KHTML, like Gecko) Mobile Safari/537.36 (compatible; PetalBot;+https://webmaster.petalsearch.com/site/petalbot)"
217.113.194.46 - - [02/Apr/2026:11:49:14 -0400] "GET /wp-includes/SimplePie/d3fypn/?fm=true&path=/lib64/python2.7/Demo/tix/.. HTTP/1.1" 200 11349 "-" "Mozilla/5.0 (compatible; Barkrowler/0.9; +https://babbar.tech/crawler)"
217.113.194.212 - - [02/Apr/2026:11:49:26 -0400] "GET /wp-includes/SimplePie/d3fypn/?fm=true&path=/lib64/python2.7/Demo/comparisons/. HTTP/1.1" 200 10670 "-" "Mozilla/5.0 (compatible; Barkrowler/0.9; +https://babbar.tech/crawler)"
217.113.194.45 - - [02/Apr/2026:11:49:39 -0400] "GET /wp-includes/SimplePie/d3fypn/?fm=true&path=/lib64/python2.7/Demo/scripts/.. HTTP/1.1" 200 11350 "-" "Mozilla/5.0 (compatible; Barkrowler/0.9; +https://babbar.tech/crawler)"
217.113.194.47 - - [02/Apr/2026:11:49:52 -0400] "GET /wp-includes/SimplePie/d3fypn/?fm=true&path=/lib64/python2.7/Demo/pdist/.. HTTP/1.1" 200 11349 "-" "Mozilla/5.0 (compatible; Barkrowler/0.9; +https://babbar.tech/crawler)"
217.113.194.49 - - [02/Apr/2026:11:50:04 -0400] "GET /wp-includes/SimplePie/d3fypn/?fm=true&path=/lib64/python2.7/Demo/parser/. HTTP/1.1" 200 11410 "-" "Mozilla/5.0 (compatible; Barkrowler/0.9; +https://babbar.tech/crawler)"
217.113.194.46 - - [02/Apr/2026:11:50:17 -0400] "GET /wp-includes/SimplePie/d3fypn/?fm=true&path=/lib/locale/en_IL/LC_MESSAGES HTTP/1.1" 200 9876 "-" "Mozilla/5.0 (compatible; Barkrowler/0.9; +https://babbar.tech/crawler)"
217.113.194.51 - - [02/Apr/2026:11:50:30 -0400] "GET /wp-includes/SimplePie/d3fypn/?fm=true&rights=cgitb.py&path=/lib64/python3.8/ HTTP/1.1" 200 8826 "-" "Mozilla/5.0 (compatible; Barkrowler/0.9; +https://babbar.tech/crawler)"
217.113.194.45 - - [02/Apr/2026:11:50:43 -0400] "GET /wp-includes/SimplePie/d3fypn/?fm=true&rights=ctypes&path=/lib64/python3.8/ HTTP/1.1" 200 8854 "-" "Mozilla/5.0 (compatible; Barkrowler/0.9; +https://babbar.tech/crawler)"
47.128.62.185 - - [02/Apr/2026:11:50:46 -0400] "GET /wp-includes/theme-compat/yprkzw/?d=%2Fhome%2Fpowertekenterpri%2F%2Fwww%2Fwp-includes%2FRequests%2Fsrc%2FTransport%2Fbu8h10%2F%2Ferror_log HTTP/1.1" 200 3161 "-" "Mozilla/5.0 (Linux; Android 5.0) AppleWebKit/537.36 (KHTML, like Gecko) Mobile Safari/537.36 (compatible; Bytespider; spider-feedback@bytedance.com)"
217.113.194.45 - - [02/Apr/2026:11:50:55 -0400] "GET /wp-includes/SimplePie/d3fypn/?fm=true&rights=sitemap.xml&path=/home/powertekenterpri/public_html/ HTTP/1.1" 200 8835 "-" "Mozilla/5.0 (compatible; Barkrowler/0.9; +https://babbar.tech/crawler)"
217.113.194.50 - - [02/Apr/2026:11:51:08 -0400] "GET /wp-includes/SimplePie/d3fypn/?fm=true&rights=site-packages&path=/lib64/python2.7/ HTTP/1.1" 200 8860 "-" "Mozilla/5.0 (compatible; Barkrowler/0.9; +https://babbar.tech/crawler)"
217.113.194.48 - - [02/Apr/2026:11:51:21 -0400] "GET /wp-includes/SimplePie/d3fypn/?fm=true&rights=HTML&path=/usr/share/perl5/vendor_perl/ HTTP/1.1" 200 8863 "-" "Mozilla/5.0 (compatible; Barkrowler/0.9; +https://babbar.tech/crawler)"
217.113.194.48 - - [02/Apr/2026:11:51:34 -0400] "GET /wp-includes/SimplePie/d3fypn/?fm=true&rights=multiprocessing&path=/lib64/python3.8/ HTTP/1.1" 200 8861 "-" "Mozilla/5.0 (compatible; Barkrowler/0.9; +https://babbar.tech/crawler)"
217.113.194.45 - - [02/Apr/2026:11:51:47 -0400] "GET /wp-includes/SimplePie/d3fypn/?fm=true&rights=Bastion.pyo&path=/lib64/python2.7/ HTTP/1.1" 200 8828 "-" "Mozilla/5.0 (compatible; Barkrowler/0.9; +https://babbar.tech/crawler)"
217.113.194.51 - - [02/Apr/2026:11:51:59 -0400] "GET /wp-includes/SimplePie/d3fypn/?fm=true&rights=HTMLParser.py&path=/lib64/python2.7/ HTTP/1.1" 200 8830 "-" "Mozilla/5.0 (compatible; Barkrowler/0.9; +https://babbar.tech/crawler)"
217.113.194.44 - - [02/Apr/2026:11:52:12 -0400] "GET /wp-includes/SimplePie/d3fypn/?fm=true&rights=dbus.socket&path=/usr/lib/systemd/user/ HTTP/1.1" 200 8834 "-" "Mozilla/5.0 (compatible; Barkrowler/0.9; +https://babbar.tech/crawler)"
217.113.194.51 - - [02/Apr/2026:11:52:25 -0400] "GET /wp-includes/SimplePie/d3fypn/?fm=true&rights=functools.py&path=/lib64/python3.8/ HTTP/1.1" 200 8829 "-" "Mozilla/5.0 (compatible; Barkrowler/0.9; +https://babbar.tech/crawler)"
217.113.194.45 - - [02/Apr/2026:11:52:37 -0400] "GET /wp-includes/SimplePie/d3fypn/?fm=true&rights=fractions.py&path=/lib64/python3.8/ HTTP/1.1" 200 8828 "-" "Mozilla/5.0 (compatible; Barkrowler/0.9; +https://babbar.tech/crawler)"
217.113.194.49 - - [02/Apr/2026:11:52:50 -0400] "GET /wp-includes/SimplePie/d3fypn/?fm=true&rights=File&path=/usr/lib64/perl5/auto/ HTTP/1.1" 200 8856 "-" "Mozilla/5.0 (compatible; Barkrowler/0.9; +https://babbar.tech/crawler)"
217.113.194.43 - - [02/Apr/2026:11:53:03 -0400] "GET /wp-includes/SimplePie/d3fypn/?fm=true&rights=chunk.py&path=/lib64/python3.8/ HTTP/1.1" 200 8827 "-" "Mozilla/5.0 (compatible; Barkrowler/0.9; +https://babbar.tech/crawler)"
217.113.194.46 - - [02/Apr/2026:11:53:15 -0400] "GET /wp-includes/SimplePie/d3fypn/?fm=true&rights=dataclasses.py&path=/lib64/python3.8/ HTTP/1.1" 200 8830 "-" "Mozilla/5.0 (compatible; Barkrowler/0.9; +https://babbar.tech/crawler)"
47.128.62.139 - - [02/Apr/2026:11:53:23 -0400] "GET /wp-includes/theme-compat/yprkzw/?d=%2Fhome%2Fpowertekenterpri%2F%2Fpublic_html%2F%2Fwp-includes%2Fblocks%2Flatest-posts%2F%2Fstyle.min.css HTTP/1.1" 200 3161 "-" "Mozilla/5.0 (Linux; Android 5.0) AppleWebKit/537.36 (KHTML, like Gecko) Mobile Safari/537.36 (compatible; Bytespider; spider-feedback@bytedance.com)"
217.113.194.212 - - [02/Apr/2026:11:53:28 -0400] "GET /wp-includes/SimplePie/d3fypn/?fm=true&rights=bisect.py&path=/lib64/python3.8/ HTTP/1.1" 200 8828 "-" "Mozilla/5.0 (compatible; Barkrowler/0.9; +https://babbar.tech/crawler)"
217.113.194.46 - - [02/Apr/2026:11:53:41 -0400] "GET /wp-includes/SimplePie/d3fypn/?fm=true&rights=binhex.py&path=/lib64/python3.8/ HTTP/1.1" 200 8828 "-" "Mozilla/5.0 (compatible; Barkrowler/0.9; +https://babbar.tech/crawler)"
114.119.136.138 - - [02/Apr/2026:11:53:46 -0400] "GET /wp-includes/SimplePie/d3fypn/?download=L2hvbWUvcG93ZXJ0ZWtlbnRlcnByaS9wdWJsaWNfaHRtbC93cC1pbmNsdWRlcy9TaW1wbGVQaWUvZDNmeXBuL3NlbGVjdG9yLnRhci5neg%3D%3D HTTP/1.1" 200 215 "https://powertekenterprise.com/wp-includes/SimplePie/d3fypn/?fm=true&=plugin.min.js.tar&path=/home/powertekenterpri/public_html/wp-includes/SimplePie/d3fypn/" "Mozilla/5.0 (Linux; Android 7.0;) AppleWebKit/537.36 (KHTML, like Gecko) Mobile Safari/537.36 (compatible; PetalBot;+https://webmaster.petalsearch.com/site/petalbot)"
217.113.194.45 - - [02/Apr/2026:11:53:53 -0400] "GET /wp-includes/SimplePie/d3fypn/?fm=true&rights=edit.php&path=/var/softaculous/cftp/php82/ HTTP/1.1" 200 8835 "-" "Mozilla/5.0 (compatible; Barkrowler/0.9; +https://babbar.tech/crawler)"
217.113.194.212 - - [02/Apr/2026:11:54:06 -0400] "GET /wp-includes/SimplePie/d3fypn/?fm=true&rights=licenses&path=/opt/alt/python27/share/ HTTP/1.1" 200 8862 "-" "Mozilla/5.0 (compatible; Barkrowler/0.9; +https://babbar.tech/crawler)"
217.113.194.51 - - [02/Apr/2026:11:54:19 -0400] "GET /wp-includes/SimplePie/d3fypn/?fm=true&rights=crypt.py&path=/lib64/python3.8/ HTTP/1.1" 200 8827 "-" "Mozilla/5.0 (compatible; Barkrowler/0.9; +https://babbar.tech/crawler)"
217.113.194.212 - - [02/Apr/2026:11:54:31 -0400] "GET /wp-includes/SimplePie/d3fypn/?fm=true&rights=colorsys.py&path=/lib64/python3.8/ HTTP/1.1" 200 8828 "-" "Mozilla/5.0 (compatible; Barkrowler/0.9; +https://babbar.tech/crawler)"
51.68.236.71 - - [02/Apr/2026:11:54:37 -0400] "GET /robots.txt HTTP/1.1" 304 - "-" "Mozilla/5.0 (compatible; MJ12bot/v2.0.5; http://mj12bot.com/)"
198.54.120.101 - - [02/Apr/2026:11:54:40 -0400] "POST /wp-cron.php?doing_wp_cron=1775145280.2144670486450195312500 HTTP/1.1" 200 - "-" "WordPress/6.9.4; https://powertekenterprise.com"
51.68.236.71 - - [02/Apr/2026:11:54:38 -0400] "GET / HTTP/1.1" 200 21672 "-" "Mozilla/5.0 (compatible; MJ12bot/v2.0.5; http://mj12bot.com/)"
217.113.194.48 - - [02/Apr/2026:11:54:44 -0400] "GET /wp-includes/SimplePie/d3fypn/?fm=true&rights=php.d&path=/opt/alt/php53/etc/ HTTP/1.1" 404 86106 "-" "Mozilla/5.0 (compatible; Barkrowler/0.9; +https://babbar.tech/crawler)"
217.113.194.252 - - [02/Apr/2026:11:54:59 -0400] "GET /wp-includes/SimplePie/d3fypn/?fm=true&rights=asyncio&path=/lib64/python3.8/ HTTP/1.1" 200 8855 "-" "Mozilla/5.0 (compatible; Barkrowler/0.9; +https://babbar.tech/crawler)"
217.113.194.47 - - [02/Apr/2026:11:55:11 -0400] "GET /wp-includes/SimplePie/d3fypn/?fm=true&rights=bz2.py&path=/lib64/python3.8/ HTTP/1.1" 200 8826 "-" "Mozilla/5.0 (compatible; Barkrowler/0.9; +https://babbar.tech/crawler)"
217.113.194.46 - - [02/Apr/2026:11:55:24 -0400] "GET /wp-includes/SimplePie/d3fypn/?fm=true&rights=_pyio.py&path=/lib64/python2.7/ HTTP/1.1" 200 8827 "-" "Mozilla/5.0 (compatible; Barkrowler/0.9; +https://babbar.tech/crawler)"
216.244.66.200 - - [02/Apr/2026:11:55:29 -0400] "GET /wp-includes/class-wp-block-type-registry.php HTTP/1.1" 200 - "-" "Mozilla/5.0 (compatible; DotBot/1.2; +https://opensiteexplorer.org/dotbot; help@moz.com)"
216.244.66.200 - - [02/Apr/2026:11:55:36 -0400] "GET /wp-includes/class-wp-image-editor-imagick.php HTTP/1.1" 500 - "-" "Mozilla/5.0 (compatible; DotBot/1.2; +https://opensiteexplorer.org/dotbot; help@moz.com)"
217.113.194.42 - - [02/Apr/2026:11:55:37 -0400] "GET /wp-includes/SimplePie/d3fypn/?fm=true&rights=ntp.xml&path=/usr/lib/firewalld/services/ HTTP/1.1" 200 8836 "-" "Mozilla/5.0 (compatible; Barkrowler/0.9; +https://babbar.tech/crawler)"
216.244.66.200 - - [02/Apr/2026:11:55:48 -0400] "GET /wp-includes/class-wp-styles.php HTTP/1.1" 500 - "-" "Mozilla/5.0 (compatible; DotBot/1.2; +https://opensiteexplorer.org/dotbot; help@moz.com)"
217.113.194.252 - - [02/Apr/2026:11:55:49 -0400] "GET /wp-includes/SimplePie/d3fypn/?fm=true&rights=LC_CTYPE&path=/lib/locale/en_IL/ HTTP/1.1" 200 8829 "-" "Mozilla/5.0 (compatible; Barkrowler/0.9; +https://babbar.tech/crawler)"
217.113.194.252 - - [02/Apr/2026:11:56:02 -0400] "GET /wp-includes/SimplePie/d3fypn/?fm=true&rights=xvmc.h&path=/usr/include/xcb/ HTTP/1.1" 200 8825 "-" "Mozilla/5.0 (compatible; Barkrowler/0.9; +https://babbar.tech/crawler)"
216.244.66.200 - - [02/Apr/2026:11:56:06 -0400] "GET /wp-includes/pluggable-deprecated.php HTTP/1.1" 200 - "-" "Mozilla/5.0 (compatible; DotBot/1.2; +https://opensiteexplorer.org/dotbot; help@moz.com)"
217.113.194.50 - - [02/Apr/2026:11:56:14 -0400] "GET /wp-includes/SimplePie/d3fypn/?fm=true&rights=_abcoll.py&path=/lib64/python2.7/ HTTP/1.1" 200 8829 "-" "Mozilla/5.0 (compatible; Barkrowler/0.9; +https://babbar.tech/crawler)"
114.119.153.169 - - [02/Apr/2026:11:56:15 -0400] "GET /wp-includes/SimplePie/d3fypn/?fm=true&edit=delv.tar&path=/home/powertekenterpri/public_html/wp-includes/SimplePie/d3fypn/ HTTP/1.1" 200 8865 "https://powertekenterprise.com/wp-includes/SimplePie/d3fypn/?fm=true&=HSalsa20.php.tar&path=/home/powertekenterpri/public_html/wp-includes/SimplePie/d3fypn/" "Mozilla/5.0 (Linux; Android 7.0;) AppleWebKit/537.36 (KHTML, like Gecko) Mobile Safari/537.36 (compatible; PetalBot;+https://webmaster.petalsearch.com/site/petalbot)"
198.54.120.101 - - [02/Apr/2026:11:56:17 -0400] "POST /wp-cron.php?doing_wp_cron=1775145377.0345349311828613281250 HTTP/1.1" 200 - "-" "WordPress/6.9.4; https://powertekenterprise.com"
144.172.104.129 - - [02/Apr/2026:11:56:14 -0400] "GET / HTTP/1.1" 200 21672 "-" "Mozilla/5.0 (Windows NT 10.0; Win64; x64; rv:109.0) Gecko/20100101 Firefox/117.0"
107.189.24.145 - - [02/Apr/2026:11:56:19 -0400] "GET //wp-json/ HTTP/1.1" 200 1370617 "-" "Mozilla/5.0 (Windows NT 10.0; Win64; x64; rv:109.0) Gecko/20100101 Firefox/117.0"
217.113.194.44 - - [02/Apr/2026:11:56:28 -0400] "GET /wp-includes/SimplePie/d3fypn/?fm=true&rights=encodings&path=/lib64/python2.7/ HTTP/1.1" 200 8854 "-" "Mozilla/5.0 (compatible; Barkrowler/0.9; +https://babbar.tech/crawler)"
47.128.62.196 - - [02/Apr/2026:11:56:33 -0400] "GET /wp-includes/theme-compat/yprkzw/?d=%2Fhome%2Fpowertekenterpri%2F%2Fwww%2Fwp-includes%2FText%2FDiff%2FEngine%2Fstring.php HTTP/1.1" 200 3161 "-" "Mozilla/5.0 (Linux; Android 5.0) AppleWebKit/537.36 (KHTML, like Gecko) Mobile Safari/537.36 (compatible; Bytespider; spider-feedback@bytedance.com)"
154.54.249.197 - - [02/Apr/2026:11:56:40 -0400] "GET /wp-includes/SimplePie/d3fypn/?fm=true&rights=ensurepip&path=/lib64/python3.8/ HTTP/1.1" 200 8857 "-" "Mozilla/5.0 (compatible; Barkrowler/0.9; +https://babbar.tech/crawler)"
217.113.194.47 - - [02/Apr/2026:11:56:53 -0400] "GET /wp-includes/SimplePie/d3fypn/?fm=true&rights=aifc.py&path=/lib64/python3.8/ HTTP/1.1" 200 8826 "-" "Mozilla/5.0 (compatible; Barkrowler/0.9; +https://babbar.tech/crawler)"
217.113.194.252 - - [02/Apr/2026:11:57:06 -0400] "GET /wp-includes/SimplePie/d3fypn/?fm=true&rights=turtledemo&path=/lib64/python3.8/ HTTP/1.1" 200 8858 "-" "Mozilla/5.0 (compatible; Barkrowler/0.9; +https://babbar.tech/crawler)"
154.54.249.197 - - [02/Apr/2026:11:57:18 -0400] "GET /wp-includes/SimplePie/d3fypn/?fm=true&rights=Queue.pyo&path=/lib64/python2.7/ HTTP/1.1" 200 8828 "-" "Mozilla/5.0 (compatible; Barkrowler/0.9; +https://babbar.tech/crawler)"
217.113.194.47 - - [02/Apr/2026:11:57:31 -0400] "GET /wp-includes/SimplePie/d3fypn/?fm=true&rights=util.py&path=/lib64/python3.6/ctypes/ HTTP/1.1" 200 8829 "-" "Mozilla/5.0 (compatible; Barkrowler/0.9; +https://babbar.tech/crawler)"
114.119.131.97 - - [02/Apr/2026:11:57:43 -0400] "GET /wp-includes/SimplePie/d3fypn/?download=L2hvbWUvcG93ZXJ0ZWtlbnRlcnByaS9wdWJsaWNfaHRtbC93cC1pbmNsdWRlcy9TaW1wbGVQaWUvZDNmeXBuL3NhLnppcA%3D%3D HTTP/1.1" 200 87892 "https://powertekenterprise.com/wp-includes/SimplePie/d3fypn/?fm=true&=plugin.min.js.tar&path=/home/powertekenterpri/public_html/wp-includes/SimplePie/d3fypn/" "Mozilla/5.0 (Linux; Android 7.0;) AppleWebKit/537.36 (KHTML, like Gecko) Mobile Safari/537.36 (compatible; PetalBot;+https://webmaster.petalsearch.com/site/petalbot)"
217.113.194.49 - - [02/Apr/2026:11:57:44 -0400] "GET /wp-includes/SimplePie/d3fypn/?fm=true&rights=filecmp.py&path=/lib64/python3.8/ HTTP/1.1" 200 8827 "-" "Mozilla/5.0 (compatible; Barkrowler/0.9; +https://babbar.tech/crawler)"
217.113.194.45 - - [02/Apr/2026:11:57:57 -0400] "GET /wp-includes/SimplePie/d3fypn/?fm=true&rights=fileinput.py&path=/lib64/python3.8/ HTTP/1.1" 200 8827 "-" "Mozilla/5.0 (compatible; Barkrowler/0.9; +https://babbar.tech/crawler)"
217.113.194.46 - - [02/Apr/2026:11:58:10 -0400] "GET /wp-includes/SimplePie/d3fypn/?fm=true&rights=importlib&path=/lib64/python3.8/ HTTP/1.1" 200 8854 "-" "Mozilla/5.0 (compatible; Barkrowler/0.9; +https://babbar.tech/crawler)"
217.113.194.48 - - [02/Apr/2026:11:58:23 -0400] "GET /wp-includes/SimplePie/d3fypn/?fm=true&rights=import.php&path=/var/softaculous/drupal/php71/ HTTP/1.1" 200 8836 "-" "Mozilla/5.0 (compatible; Barkrowler/0.9; +https://babbar.tech/crawler)"
154.54.249.197 - - [02/Apr/2026:11:58:35 -0400] "GET /wp-includes/SimplePie/d3fypn/?fm=true&rights=import.php&path=/var/softaculous/drupal/php53/ HTTP/1.1" 200 8836 "-" "Mozilla/5.0 (compatible; Barkrowler/0.9; +https://babbar.tech/crawler)"
217.113.194.50 - - [02/Apr/2026:11:58:48 -0400] "GET /wp-includes/SimplePie/d3fypn/?fm=true&rights=lib-tk&path=/lib64/python2.7/ HTTP/1.1" 200 8855 "-" "Mozilla/5.0 (compatible; Barkrowler/0.9; +https://babbar.tech/crawler)"
47.128.62.117 - - [02/Apr/2026:11:58:57 -0400] "GET /wp-includes/assets/wpper.php?edit=8a116cc4b008202f0b4e474ba38336910017bc&path=%2Fusr%2Flib%2F.build-id%2F86%2F HTTP/1.1" 200 669 "-" "Mozilla/5.0 (Linux; Android 5.0) AppleWebKit/537.36 (KHTML, like Gecko) Mobile Safari/537.36 (compatible; Bytespider; spider-feedback@bytedance.com)"
217.113.194.252 - - [02/Apr/2026:11:59:01 -0400] "GET /wp-includes/SimplePie/d3fypn/?fm=true&rights=lib-dynload&path=/lib64/python2.7/ HTTP/1.1" 200 8856 "-" "Mozilla/5.0 (compatible; Barkrowler/0.9; +https://babbar.tech/crawler)"
217.113.194.50 - - [02/Apr/2026:11:59:14 -0400] "GET /wp-includes/SimplePie/d3fypn/?fm=true&rights=wsgiref&path=/lib64/python3.8/ HTTP/1.1" 200 8855 "-" "Mozilla/5.0 (compatible; Barkrowler/0.9; +https://babbar.tech/crawler)"
198.54.120.101 - - [02/Apr/2026:11:59:17 -0400] "POST /wp-cron.php?doing_wp_cron=1775145557.1341280937194824218750 HTTP/1.1" 200 - "-" "WordPress/6.9.4; https://powertekenterprise.com"
2a02:c207:2318:9895::1 - - [02/Apr/2026:11:59:15 -0400] "POST /wp-login.php HTTP/1.1" 200 2207 "-" "Mozilla/5.0"
198.54.120.101 - - [02/Apr/2026:11:59:19 -0400] "POST /wp-admin/admin-ajax.php?action=wp_1_wc_privacy_cleanup&nonce=83844dfb49 HTTP/1.1" 200 - "-" "WordPress/6.9.4; https://powertekenterprise.com"
217.113.194.42 - - [02/Apr/2026:11:59:27 -0400] "GET /wp-includes/SimplePie/d3fypn/?fm=true&rights=Cookie.pyo&path=/lib64/python2.7/ HTTP/1.1" 200 8828 "-" "Mozilla/5.0 (compatible; Barkrowler/0.9; +https://babbar.tech/crawler)"
114.119.131.97 - - [02/Apr/2026:11:59:40 -0400] "GET /wp-includes/SimplePie/d3fypn/?download=L2hvbWUvcG93ZXJ0ZWtlbnRlcnByaS9wdWJsaWNfaHRtbC93cC1pbmNsdWRlcy9TaW1wbGVQaWUvZDNmeXBuL3JwYy50YXIuZ3o%3D HTTP/1.1" 200 964 "https://powertekenterprise.com/wp-includes/SimplePie/d3fypn/?fm=true&=plugin.min.js.tar&path=/home/powertekenterpri/public_html/wp-includes/SimplePie/d3fypn/" "Mozilla/5.0 (Linux; Android 7.0;) AppleWebKit/537.36 (KHTML, like Gecko) Mobile Safari/537.36 (compatible; PetalBot;+https://webmaster.petalsearch.com/site/petalbot)"
217.113.194.212 - - [02/Apr/2026:11:59:40 -0400] "GET /wp-includes/SimplePie/d3fypn/?fm=true&rights=Cookie.pyc&path=/lib64/python2.7/ HTTP/1.1" 200 8829 "-" "Mozilla/5.0 (compatible; Barkrowler/0.9; +https://babbar.tech/crawler)"
61.238.27.209 - - [02/Apr/2026:11:59:41 -0400] "GET /robots.txt HTTP/1.1" 200 93 "-" "Mozilla/5.0 (compatible; MJ12bot/v1.4.8; http://mj12bot.com/)"
61.238.27.209 - - [02/Apr/2026:11:59:44 -0400] "GET /wp-includes/Requests/src/Utility/pmyhqx/?download=L2hvbWUvcG93ZXJ0ZWtlbnRlcnByaS9wdWJsaWNfaHRtbC93cC1jb250ZW50L3BsdWdpbnMvZ29vZ2xlLXNpdGUta2l0L3RoaXJkLXBhcnR5L21vbm9sb2cvbW9ub2xvZy9zcmMvTW9ub2xvZy9IYW5kbGVyL0dyb3VwSGFuZGxlci5waHA= HTTP/1.1" 200 3680 "-" "Mozilla/5.0 (compatible; MJ12bot/v1.4.8; http://mj12bot.com/)"
61.238.27.209 - - [02/Apr/2026:11:59:46 -0400] "GET /wp-includes/Requests/src/Utility/pmyhqx/?download=L2hvbWUvcG93ZXJ0ZWtlbnRlcnByaS9wdWJsaWNfaHRtbC93cC1jb250ZW50L3BsdWdpbnMvZWxlbWVudG9yL2Fzc2V0cy9qcy8wYmM0MWM0NjU2Y2E1NGNmMmFjYS5idW5kbGUubWluLmpz HTTP/1.1" 200 182 "-" "Mozilla/5.0 (compatible; MJ12bot/v1.4.8; http://mj12bot.com/)"
61.238.27.209 - - [02/Apr/2026:11:59:48 -0400] "GET /wp-includes/Requests/src/Utility/pmyhqx/?download=L3Byb2Mvc3lzL25ldC9pcHY0L2NvbmYvYm9uZDAvYWNjZXB0X3JlZGlyZWN0cw== HTTP/1.1" 200 15 "-" "Mozilla/5.0 (compatible; MJ12bot/v1.4.8; http://mj12bot.com/)"
61.238.27.209 - - [02/Apr/2026:11:59:50 -0400] "GET /wp-includes/Requests/src/Utility/pmyhqx/?download=L3Byb2Mvc3lzL25ldC9pcHY0L2NvbmYvYm9uZDAvYWNjZXB0X3NvdXJjZV9yb3V0ZQ== HTTP/1.1" 200 15 "-" "Mozilla/5.0 (compatible; MJ12bot/v1.4.8; http://mj12bot.com/)"
61.238.27.209 - - [02/Apr/2026:11:59:52 -0400] "GET /wp-includes/Requests/src/Utility/pmyhqx/?download=L3Zhci9zb2Z0YWN1bG91cy9lZW5naW5lL2NoYW5nZWxvZy50eHQ= HTTP/1.1" 200 6769 "-" "Mozilla/5.0 (compatible; MJ12bot/v1.4.8; http://mj12bot.com/)"
217.113.194.50 - - [02/Apr/2026:11:59:53 -0400] "GET /wp-includes/SimplePie/d3fypn/?fm=true&rights=copyreg.py&path=/lib64/python3.8/ HTTP/1.1" 200 8829 "-" "Mozilla/5.0 (compatible; Barkrowler/0.9; +https://babbar.tech/crawler)"
61.238.27.209 - - [02/Apr/2026:11:59:55 -0400] "GET /wp-includes/Requests/src/Utility/pmyhqx/?download=L3Zhci9zb2Z0YWN1bG91cy9lZW5naW5lL2Nsb25lLnBocA== HTTP/1.1" 200 6087 "-" "Mozilla/5.0 (compatible; MJ12bot/v1.4.8; http://mj12bot.com/)"
61.238.27.209 - - [02/Apr/2026:11:59:57 -0400] "GET /wp-includes/Requests/src/Utility/pmyhqx/?download=L3Zhci9zb2Z0YWN1bG91cy9lZW5naW5lL2NvbmZpZy5waHA= HTTP/1.1" 200 777 "-" "Mozilla/5.0 (compatible; MJ12bot/v1.4.8; http://mj12bot.com/)"
61.238.27.209 - - [02/Apr/2026:11:59:59 -0400] "GET /wp-includes/Requests/src/Utility/pmyhqx/?download=L3Zhci9zb2Z0YWN1bG91cy9lZW5naW5lL2V4dGVuZC5waHA= HTTP/1.1" 200 11752 "-" "Mozilla/5.0 (compatible; MJ12bot/v1.4.8; http://mj12bot.com/)"
61.238.27.209 - - [02/Apr/2026:12:00:01 -0400] "GET /wp-includes/Requests/src/Utility/pmyhqx/?download=L3Zhci9zb2Z0YWN1bG91cy9lZW5naW5lL2VkaXQucGhw HTTP/1.1" 200 5617 "-" "Mozilla/5.0 (compatible; MJ12bot/v1.4.8; http://mj12bot.com/)"
61.238.27.209 - - [02/Apr/2026:12:00:03 -0400] "GET /wp-includes/Requests/src/Utility/pmyhqx/?download=L3Zhci9zb2Z0YWN1bG91cy9lZW5naW5lL2VkaXQueG1s HTTP/1.1" 200 446 "-" "Mozilla/5.0 (compatible; MJ12bot/v1.4.8; http://mj12bot.com/)"
61.238.27.209 - - [02/Apr/2026:12:00:05 -0400] "GET /wp-includes/Requests/src/Utility/pmyhqx/?download=L3Zhci9zb2Z0YWN1bG91cy9lZW5naW5lL2VlbmdpbmUuc3Fs HTTP/1.1" 200 267830 "-" "Mozilla/5.0 (compatible; MJ12bot/v1.4.8; http://mj12bot.com/)"
154.54.249.197 - - [02/Apr/2026:12:00:05 -0400] "GET /wp-includes/SimplePie/d3fypn/?fm=true&rights=decimal.py&path=/lib64/python3.8/ HTTP/1.1" 200 8828 "-" "Mozilla/5.0 (compatible; Barkrowler/0.9; +https://babbar.tech/crawler)"
61.238.27.209 - - [02/Apr/2026:12:00:08 -0400] "GET /wp-includes/Requests/src/Utility/pmyhqx/?download=L3Zhci9zb2Z0YWN1bG91cy9lZW5naW5lL2VlbmdpbmUuemlw HTTP/1.1" 200 22116529 "-" "Mozilla/5.0 (compatible; MJ12bot/v1.4.8; http://mj12bot.com/)"
61.238.27.209 - - [02/Apr/2026:12:00:10 -0400] "GET /wp-includes/Requests/src/Utility/pmyhqx/?download=L3Zhci9zb2Z0YWN1bG91cy9lZW5naW5lL2ZpbGVpbmRleC5waHA= HTTP/1.1" 200 77 "-" "Mozilla/5.0 (compatible; MJ12bot/v1.4.8; http://mj12bot.com/)"
61.238.27.209 - - [02/Apr/2026:12:00:13 -0400] "GET /wp-includes/Requests/src/Utility/pmyhqx/?download=L3Zhci9zb2Z0YWN1bG91cy9lZW5naW5lL2ltcG9ydC5waHA= HTTP/1.1" 200 3055 "-" "Mozilla/5.0 (compatible; MJ12bot/v1.4.8; http://mj12bot.com/)"
61.238.27.209 - - [02/Apr/2026:12:00:15 -0400] "GET /wp-includes/Requests/src/Utility/pmyhqx/?download=L3Zhci9zb2Z0YWN1bG91cy9lZW5naW5lL2luZm8ueG1s HTTP/1.1" 200 4629 "-" "Mozilla/5.0 (compatible; MJ12bot/v1.4.8; http://mj12bot.com/)"
61.238.27.209 - - [02/Apr/2026:12:00:17 -0400] "GET /wp-includes/Requests/src/Utility/pmyhqx/?download=L3Zhci9zb2Z0YWN1bG91cy9lZW5naW5lL2luc3RhbGwuanM= HTTP/1.1" 200 934 "-" "Mozilla/5.0 (compatible; MJ12bot/v1.4.8; http://mj12bot.com/)"
114.119.142.7 - - [02/Apr/2026:12:00:18 -0400] "GET /wp-includes/SimplePie/d3fypn/?download=L2hvbWUvcG93ZXJ0ZWtlbnRlcnByaS9wdWJsaWNfaHRtbC93cC1pbmNsdWRlcy9TaW1wbGVQaWUvZDNmeXBuL3Bvc3QtY29tbWVudHMtZm9ybS50YXIuZ3o%3D HTTP/1.1" 200 1660 "https://powertekenterprise.com/wp-includes/SimplePie/d3fypn/?fm=true&=plugin.min.js.tar&path=/home/powertekenterpri/public_html/wp-includes/SimplePie/d3fypn/" "Mozilla/5.0 (Linux; Android 7.0;) AppleWebKit/537.36 (KHTML, like Gecko) Mobile Safari/537.36 (compatible; PetalBot;+https://webmaster.petalsearch.com/site/petalbot)"
217.113.194.46 - - [02/Apr/2026:12:00:18 -0400] "GET /wp-includes/SimplePie/d3fypn/?fm=true&rights=index.php&path=/home/powertekenterpri/public_html/ HTTP/1.1" 200 8832 "-" "Mozilla/5.0 (compatible; Barkrowler/0.9; +https://babbar.tech/crawler)"
61.238.27.209 - - [02/Apr/2026:12:00:19 -0400] "GET /wp-includes/Requests/src/Utility/pmyhqx/?download=L3Zhci9zb2Z0YWN1bG91cy9lZW5naW5lL2luc3RhbGwucGhw HTTP/1.1" 200 9475 "-" "Mozilla/5.0 (compatible; MJ12bot/v1.4.8; http://mj12bot.com/)"
61.238.27.209 - - [02/Apr/2026:12:00:21 -0400] "GET /wp-includes/Requests/src/Utility/pmyhqx/?download=L3Zhci9zb2Z0YWN1bG91cy9lbGdnL21kNQ== HTTP/1.1" 200 5039 "-" "Mozilla/5.0 (compatible; MJ12bot/v1.4.8; http://mj12bot.com/)"
61.238.27.209 - - [02/Apr/2026:12:00:24 -0400] "GET /wp-includes/Requests/src/Utility/pmyhqx/?download=L3Zhci9zb2Z0YWN1bG91cy9lbGdnL25vdGVzLnR4dA== HTTP/1.1" 200 538 "-" "Mozilla/5.0 (compatible; MJ12bot/v1.4.8; http://mj12bot.com/)"
61.238.27.209 - - [02/Apr/2026:12:00:26 -0400] "GET /wp-includes/Requests/src/Utility/pmyhqx/?download=L3Zhci9zb2Z0YWN1bG91cy9lbGdnL2NoYW5nZWxvZy50eHQ= HTTP/1.1" 200 1554 "-" "Mozilla/5.0 (compatible; MJ12bot/v1.4.8; http://mj12bot.com/)"
217.113.194.46 - - [02/Apr/2026:12:00:31 -0400] "GET /wp-includes/SimplePie/d3fypn/?fm=true&rights=ruby&path=/opt/alt/ruby27/lib/gems/ HTTP/1.1" 200 8859 "-" "Mozilla/5.0 (compatible; Barkrowler/0.9; +https://babbar.tech/crawler)"
61.238.27.209 - - [02/Apr/2026:12:00:36 -0400] "GET /wp-includes/Requests/src/Utility/pmyhqx/?download=L3Zhci9zb2Z0YWN1bG91cy9lbGdnL2VsZ2cuemlw HTTP/1.1" 200 7588096 "-" "Mozilla/5.0 (compatible; MJ12bot/v1.4.8; http://mj12bot.com/)"
61.238.27.209 - - [02/Apr/2026:12:00:38 -0400] "GET /wp-includes/Requests/src/Utility/pmyhqx/?download=L3Zhci9zb2Z0YWN1bG91cy9lbGdnL2ZpbGVpbmRleC5waHA= HTTP/1.1" 200 388 "-" "Mozilla/5.0 (compatible; MJ12bot/v1.4.8; http://mj12bot.com/)"
61.238.27.209 - - [02/Apr/2026:12:00:40 -0400] "GET /wp-includes/Requests/src/Utility/pmyhqx/?download=L3Zhci9zb2Z0YWN1bG91cy9lbGdnL2ltcG9ydC5waHA= HTTP/1.1" 200 5053 "-" "Mozilla/5.0 (compatible; MJ12bot/v1.4.8; http://mj12bot.com/)"
61.238.27.209 - - [02/Apr/2026:12:00:42 -0400] "GET /wp-includes/Requests/src/Utility/pmyhqx/?download=L3Zhci9zb2Z0YWN1bG91cy9lbGdnL2luZm8ueG1s HTTP/1.1" 200 2331 "-" "Mozilla/5.0 (compatible; MJ12bot/v1.4.8; http://mj12bot.com/)"
61.238.27.209 - - [02/Apr/2026:12:00:44 -0400] "GET /wp-includes/Requests/src/Utility/pmyhqx/?download=L3Zhci9zb2Z0YWN1bG91cy9lbGdnL2luc3RhbGwuanM= HTTP/1.1" 200 934 "-" "Mozilla/5.0 (compatible; MJ12bot/v1.4.8; http://mj12bot.com/)"
217.113.194.42 - - [02/Apr/2026:12:00:44 -0400] "GET /wp-includes/SimplePie/d3fypn/?fm=true&rename=getopt.py&path=/lib64/python3.8/ HTTP/1.1" 200 8819 "-" "Mozilla/5.0 (compatible; Barkrowler/0.9; +https://babbar.tech/crawler)"
61.238.27.209 - - [02/Apr/2026:12:00:46 -0400] "GET /wp-includes/Requests/src/Utility/pmyhqx/?download=L3Zhci9zb2Z0YWN1bG91cy9lbGdnL2luc3RhbGwucGhw HTTP/1.1" 200 12522 "-" "Mozilla/5.0 (compatible; MJ12bot/v1.4.8; http://mj12bot.com/)"
61.238.27.209 - - [02/Apr/2026:12:00:48 -0400] "GET /wp-includes/Requests/src/Utility/pmyhqx/?download=L3Zhci9zb2Z0YWN1bG91cy9lbGdnL2luc3RhbGwueG1s HTTP/1.1" 200 1365 "-" "Mozilla/5.0 (compatible; MJ12bot/v1.4.8; http://mj12bot.com/)"
61.238.27.209 - - [02/Apr/2026:12:00:50 -0400] "GET /wp-includes/Requests/src/Utility/pmyhqx/?download=L3Zhci9zb2Z0YWN1bG91cy9lbGdnL3NldHRpbmdzLnBocA== HTTP/1.1" 200 6427 "-" "Mozilla/5.0 (compatible; MJ12bot/v1.4.8; http://mj12bot.com/)"
61.238.27.209 - - [02/Apr/2026:12:00:52 -0400] "GET /wp-includes/Requests/src/Utility/pmyhqx/?download=L3Zhci9zb2Z0YWN1bG91cy9lbGdnL3VwZ3JhZGUucGhw HTTP/1.1" 200 5300 "-" "Mozilla/5.0 (compatible; MJ12bot/v1.4.8; http://mj12bot.com/)"
61.238.27.209 - - [02/Apr/2026:12:00:56 -0400] "GET /wp-includes/Requests/src/Utility/pmyhqx/?download=L3Zhci9zb2Z0YWN1bG91cy9lbGdnL3VwZGF0ZV9wYXNzLnBocA== HTTP/1.1" 200 5522 "-" "Mozilla/5.0 (compatible; MJ12bot/v1.4.8; http://mj12bot.com/)"
217.113.194.46 - - [02/Apr/2026:12:00:57 -0400] "GET /wp-includes/SimplePie/d3fypn/?fm=true&rename=colorsys.py&path=/lib64/python3.8/ HTTP/1.1" 200 8820 "-" "Mozilla/5.0 (compatible; Barkrowler/0.9; +https://babbar.tech/crawler)"
61.238.27.209 - - [02/Apr/2026:12:00:58 -0400] "GET /wp-includes/Requests/src/Utility/pmyhqx/?download=L3Zhci9zb2Z0YWN1bG91cy9lbGdnLy5odGFjY2Vzcw== HTTP/1.1" 200 4949 "-" "Mozilla/5.0 (compatible; MJ12bot/v1.4.8; http://mj12bot.com/)"
61.238.27.209 - - [02/Apr/2026:12:01:00 -0400] "GET /wp-includes/Requests/src/Utility/pmyhqx/?download=L3Zhci9zb2Z0YWN1bG91cy9lbGdnMi91cGRhdGVfcGFzcy5waHA= HTTP/1.1" 200 506 "-" "Mozilla/5.0 (compatible; MJ12bot/v1.4.8; http://mj12bot.com/)"
61.238.27.209 - - [02/Apr/2026:12:01:02 -0400] "GET /wp-includes/Requests/src/Utility/pmyhqx/?download=L3Zhci9zb2Z0YWN1bG91cy9lbGdnMi91cGdyYWRlLnBocA== HTTP/1.1" 200 3250 "-" "Mozilla/5.0 (compatible; MJ12bot/v1.4.8; http://mj12bot.com/)"
61.238.27.209 - - [02/Apr/2026:12:01:04 -0400] "GET /wp-includes/Requests/src/Utility/pmyhqx/?download=L3Zhci9zb2Z0YWN1bG91cy9lbGdnMi9jaGFuZ2Vsb2cudHh0 HTTP/1.1" 200 872 "-" "Mozilla/5.0 (compatible; MJ12bot/v1.4.8; http://mj12bot.com/)"
61.238.27.209 - - [02/Apr/2026:12:01:06 -0400] "GET /wp-includes/Requests/src/Utility/pmyhqx/?download=L3Zhci9zb2Z0YWN1bG91cy9lbGdnMi9jbG9uZS5waHA= HTTP/1.1" 200 3890 "-" "Mozilla/5.0 (compatible; MJ12bot/v1.4.8; http://mj12bot.com/)"
61.238.27.209 - - [02/Apr/2026:12:01:08 -0400] "GET /wp-includes/Requests/src/Utility/pmyhqx/?download=L3Zhci9zb2Z0YWN1bG91cy9lbGdnMi9kYXRhLnppcA== HTTP/1.1" 200 353 "-" "Mozilla/5.0 (compatible; MJ12bot/v1.4.8; http://mj12bot.com/)"
61.238.27.209 - - [02/Apr/2026:12:01:10 -0400] "GET /wp-includes/Requests/src/Utility/pmyhqx/?download=L3Zhci9zb2Z0YWN1bG91cy9lbGdnMi9lZGl0LnBocA== HTTP/1.1" 200 4745 "-" "Mozilla/5.0 (compatible; MJ12bot/v1.4.8; http://mj12bot.com/)"
217.113.194.46 - - [02/Apr/2026:12:01:10 -0400] "GET /wp-includes/SimplePie/d3fypn/?fm=true&rename=stdarg.ph&path=/usr/lib64/perl5/ HTTP/1.1" 200 8818 "-" "Mozilla/5.0 (compatible; Barkrowler/0.9; +https://babbar.tech/crawler)"
61.238.27.209 - - [02/Apr/2026:12:01:12 -0400] "GET /wp-includes/Requests/src/Utility/pmyhqx/?download=L3Zhci9zb2Z0YWN1bG91cy9lbGdnMi9lZGl0LnhtbA== HTTP/1.1" 200 446 "-" "Mozilla/5.0 (compatible; MJ12bot/v1.4.8; http://mj12bot.com/)"
61.238.27.209 - - [02/Apr/2026:12:01:14 -0400] "GET /wp-includes/Requests/src/Utility/pmyhqx/?download=L3Zhci9zb2Z0YWN1bG91cy9lbGdnMi9lbGdnMi56aXA= HTTP/1.1" 200 25855095 "-" "Mozilla/5.0 (compatible; MJ12bot/v1.4.8; http://mj12bot.com/)"
61.238.27.209 - - [02/Apr/2026:12:01:16 -0400] "GET /wp-includes/Requests/src/Utility/pmyhqx/?download=L3Zhci9zb2Z0YWN1bG91cy9lbGdnMi9lbGdnMi5zcWw= HTTP/1.1" 200 29115 "-" "Mozilla/5.0 (compatible; MJ12bot/v1.4.8; http://mj12bot.com/)"
61.238.27.209 - - [02/Apr/2026:12:01:18 -0400] "GET /wp-includes/Requests/src/Utility/pmyhqx/?download=L3Zhci9zb2Z0YWN1bG91cy9lbGdnMi9leHRlbmQucGhw HTTP/1.1" 200 10869 "-" "Mozilla/5.0 (compatible; MJ12bot/v1.4.8; http://mj12bot.com/)"
61.238.27.209 - - [02/Apr/2026:12:01:21 -0400] "GET /wp-includes/Requests/src/Utility/pmyhqx/?download=L3Zhci9zb2Z0YWN1bG91cy9lbGdnMi9maWxlaW5kZXgucGhw HTTP/1.1" 200 129 "-" "Mozilla/5.0 (compatible; MJ12bot/v1.4.8; http://mj12bot.com/)"
61.238.27.209 - - [02/Apr/2026:12:01:23 -0400] "GET /wp-includes/Requests/src/Utility/pmyhqx/?download=L3Zhci9zb2Z0YWN1bG91cy9lbGdnMi9pbXBvcnQucGhw HTTP/1.1" 200 5053 "-" "Mozilla/5.0 (compatible; MJ12bot/v1.4.8; http://mj12bot.com/)"
217.113.194.47 - - [02/Apr/2026:12:01:23 -0400] "GET /wp-includes/SimplePie/d3fypn/?fm=true&rename=aifc.py&path=/lib64/python3.8/ HTTP/1.1" 200 8817 "-" "Mozilla/5.0 (compatible; Barkrowler/0.9; +https://babbar.tech/crawler)"
61.238.27.209 - - [02/Apr/2026:12:01:25 -0400] "GET /wp-includes/Requests/src/Utility/pmyhqx/?download=L3Zhci9zb2Z0YWN1bG91cy9lbGdnMi9pbmZvLnhtbA== HTTP/1.1" 200 2289 "-" "Mozilla/5.0 (compatible; MJ12bot/v1.4.8; http://mj12bot.com/)"
61.238.27.209 - - [02/Apr/2026:12:01:27 -0400] "GET /wp-includes/Requests/src/Utility/pmyhqx/?download=L3Zhci9zb2Z0YWN1bG91cy9lbGdnMi9pbnN0YWxsLmpz HTTP/1.1" 200 934 "-" "Mozilla/5.0 (compatible; MJ12bot/v1.4.8; http://mj12bot.com/)"
61.238.27.209 - - [02/Apr/2026:12:01:30 -0400] "GET /wp-includes/Requests/src/Utility/pmyhqx/?download=L3Zhci9zb2Z0YWN1bG91cy9lbGdnMi9pbnN0YWxsLnBocA== HTTP/1.1" 200 4437 "-" "Mozilla/5.0 (compatible; MJ12bot/v1.4.8; http://mj12bot.com/)"
61.238.27.209 - - [02/Apr/2026:12:01:32 -0400] "GET /wp-includes/Requests/src/Utility/pmyhqx/?download=L3Zhci9zb2Z0YWN1bG91cy9lbGdnMi9pbnN0YWxsLnhtbA== HTTP/1.1" 200 1365 "-" "Mozilla/5.0 (compatible; MJ12bot/v1.4.8; http://mj12bot.com/)"
61.238.27.209 - - [02/Apr/2026:12:01:34 -0400] "GET /wp-includes/Requests/src/Utility/pmyhqx/?download=L3Zhci9zb2Z0YWN1bG91cy9lbGdnMi9tZDU= HTTP/1.1" 200 5215 "-" "Mozilla/5.0 (compatible; MJ12bot/v1.4.8; http://mj12bot.com/)"
61.238.27.209 - - [02/Apr/2026:12:01:36 -0400] "GET /wp-includes/Requests/src/Utility/pmyhqx/?download=L3Zhci9zb2Z0YWN1bG91cy9lbGdnMi9ub3Rlcy50eHQ= HTTP/1.1" 200 581 "-" "Mozilla/5.0 (compatible; MJ12bot/v1.4.8; http://mj12bot.com/)"
154.54.249.197 - - [02/Apr/2026:12:01:36 -0400] "GET /wp-includes/SimplePie/d3fypn/?fm=true&rename=sitemap.xml&path=/home/powertekenterpri/public_html/ HTTP/1.1" 200 8827 "-" "Mozilla/5.0 (compatible; Barkrowler/0.9; +https://babbar.tech/crawler)"
61.238.27.209 - - [02/Apr/2026:12:01:38 -0400] "GET /wp-includes/Requests/src/Utility/pmyhqx/?download=L3Zhci9zb2Z0YWN1bG91cy9lbGdnMi9zZXR0aW5ncy5waHA= HTTP/1.1" 200 8970 "-" "Mozilla/5.0 (compatible; MJ12bot/v1.4.8; http://mj12bot.com/)"
61.238.27.209 - - [02/Apr/2026:12:01:40 -0400] "GET /wp-includes/Requests/src/Utility/pmyhqx/?fm=true&edit=.env&path=/var/softaculous/castopod/ HTTP/1.1" 200 9749 "-" "Mozilla/5.0 (compatible; MJ12bot/v1.4.8; http://mj12bot.com/)"
61.238.27.209 - - [02/Apr/2026:12:01:42 -0400] "GET /wp-includes/Requests/src/Utility/pmyhqx/?fm=true&edit=.env.local&path=/var/softaculous/contao/ HTTP/1.1" 200 9177 "-" "Mozilla/5.0 (compatible; MJ12bot/v1.4.8; http://mj12bot.com/)"
198.54.120.101 - - [02/Apr/2026:12:01:46 -0400] "POST /wp-cron.php?doing_wp_cron=1775145705.9357960224151611328125 HTTP/1.1" 200 - "-" "WordPress/6.9.4; https://powertekenterprise.com"
61.238.27.209 - - [02/Apr/2026:12:01:43 -0400] "GET /wp-includes/Requests/src/Utility/pmyhqx/?fm=true&edit=.htaccess&path=/var/softaculous/buggenie/ HTTP/1.1" 404 86107 "-" "Mozilla/5.0 (compatible; MJ12bot/v1.4.8; http://mj12bot.com/)"
154.54.249.197 - - [02/Apr/2026:12:01:48 -0400] "GET /wp-includes/SimplePie/d3fypn/?fm=true&rename=_pyio.py&path=/lib64/python3.8/ HTTP/1.1" 200 8819 "-" "Mozilla/5.0 (compatible; Barkrowler/0.9; +https://babbar.tech/crawler)"
61.238.27.209 - - [02/Apr/2026:12:01:48 -0400] "GET /wp-includes/Requests/src/Utility/pmyhqx/?fm=true&edit=.htaccess&path=/var/softaculous/carbon/ HTTP/1.1" 404 86106 "-" "Mozilla/5.0 (compatible; MJ12bot/v1.4.8; http://mj12bot.com/)"
61.238.27.209 - - [02/Apr/2026:12:01:51 -0400] "GET /wp-includes/Requests/src/Utility/pmyhqx/?fm=true&edit=.htaccess&path=/var/softaculous/castopod/ HTTP/1.1" 404 86107 "-" "Mozilla/5.0 (compatible; MJ12bot/v1.4.8; http://mj12bot.com/)"
47.128.62.160 - - [02/Apr/2026:12:01:54 -0400] "GET /wp-includes/theme-compat/yprkzw/?d=%2Fhome%2Fpowertekenterpri%2Fpublic_html%2F%2Fwp-content%2F%2Fplugins%2Felementor%2Fassets%2Fcss%2F%2Fwidget-contact-buttons-var-3.min.css HTTP/1.1" 200 3162 "-" "Mozilla/5.0 (Linux; Android 5.0) AppleWebKit/537.36 (KHTML, like Gecko) Mobile Safari/537.36 (compatible; Bytespider; spider-feedback@bytedance.com)"
61.238.27.209 - - [02/Apr/2026:12:01:56 -0400] "GET /wp-includes/Requests/src/Utility/pmyhqx/?fm=true&edit=.htaccess&path=/var/softaculous/cube/ HTTP/1.1" 404 86107 "-" "Mozilla/5.0 (compatible; MJ12bot/v1.4.8; http://mj12bot.com/)"
61.238.27.209 - - [02/Apr/2026:12:02:00 -0400] "GET /wp-includes/Requests/src/Utility/pmyhqx/?fm=true&edit=.htaccess&path=/var/softaculous/drupalcms/ HTTP/1.1" 404 86106 "-" "Mozilla/5.0 (compatible; MJ12bot/v1.4.8; http://mj12bot.com/)"
217.113.194.49 - - [02/Apr/2026:12:02:02 -0400] "GET /wp-includes/SimplePie/d3fypn/?fm=true&rename=argparse.py&path=/lib64/python3.8/ HTTP/1.1" 200 8821 "-" "Mozilla/5.0 (compatible; Barkrowler/0.9; +https://babbar.tech/crawler)"
61.238.27.209 - - [02/Apr/2026:12:02:04 -0400] "GET /wp-includes/Requests/src/Utility/pmyhqx/?fm=true&edit=.htaccess&path=/var/softaculous/easyp/ HTTP/1.1" 404 86107 "-" "Mozilla/5.0 (compatible; MJ12bot/v1.4.8; http://mj12bot.com/)"
61.238.27.209 - - [02/Apr/2026:12:02:08 -0400] "GET /wp-includes/Requests/src/Utility/pmyhqx/?fm=true&edit=.htaccess&path=/var/softaculous/egroup/ HTTP/1.1" 404 86107 "-" "Mozilla/5.0 (compatible; MJ12bot/v1.4.8; http://mj12bot.com/)"
61.238.27.209 - - [02/Apr/2026:12:02:12 -0400] "GET /wp-includes/Requests/src/Utility/pmyhqx/?fm=true&edit=.htaccess&path=/var/softaculous/elgg/ HTTP/1.1" 404 86107 "-" "Mozilla/5.0 (compatible; MJ12bot/v1.4.8; http://mj12bot.com/)"
154.54.249.197 - - [02/Apr/2026:12:02:14 -0400] "GET /wp-includes/SimplePie/d3fypn/?fm=true&rename=lib-tk&path=/lib64/python2.7/ HTTP/1.1" 200 8817 "-" "Mozilla/5.0 (compatible; Barkrowler/0.9; +https://babbar.tech/crawler)"
