17.22.245.62 - - [02/Apr/2026:19:28:27 -0400] "GET /wp-includes/SimplePie/d3fypn/?download=L2hvbWUvcG93ZXJ0ZWtlbnRlcnByaS9wdWJsaWNfaHRtbC93cC1pbmNsdWRlcy9jbGFzcy13cC1odHRwLWNvb2tpZS5waHA= HTTP/1.1" 200 7491 "-" "Mozilla/5.0 (Macintosh; Intel Mac OS X 10_15_7) AppleWebKit/605.1.15 (KHTML, like Gecko) Version/17.4 Safari/605.1.15 (Applebot/0.1; +http://www.apple.com/go/applebot)"
47.128.62.127 - - [02/Apr/2026:19:28:35 -0400] "GET /wp-includes/SimplePie/d3fypn/?fm=true&path=%2Fhome%2Fpowertekenterpri%2Fpublic_html%2Fwp-includes%2FSimplePie%2Fd3fypn%2F&rights=admin.php.tar HTTP/1.1" 200 8860 "-" "Mozilla/5.0 (Linux; Android 5.0) AppleWebKit/537.36 (KHTML, like Gecko) Mobile Safari/537.36 (compatible; Bytespider; spider-feedback@bytedance.com)"
217.113.194.252 - - [02/Apr/2026:19:28:38 -0400] "GET /wp-includes/SimplePie/d3fypn/?fm=true&path=/opt/alt/php54/usr/share/pear/test/Validator HTTP/1.1" 200 9877 "-" "Mozilla/5.0 (compatible; Barkrowler/0.9; +https://babbar.tech/crawler)"
217.113.194.50 - - [02/Apr/2026:19:28:51 -0400] "GET /wp-includes/SimplePie/d3fypn/?fm=true&path=/opt/alt/php54/usr/share/pear/test/Routing HTTP/1.1" 200 9871 "-" "Mozilla/5.0 (compatible; Barkrowler/0.9; +https://babbar.tech/crawler)"
217.113.194.42 - - [02/Apr/2026:19:29:03 -0400] "GET /wp-includes/SimplePie/d3fypn/?fm=true&path=/opt/alt/php54/usr/share/pear/OS/.. HTTP/1.1" 200 11759 "-" "Mozilla/5.0 (compatible; Barkrowler/0.9; +https://babbar.tech/crawler)"
217.113.194.47 - - [02/Apr/2026:19:29:16 -0400] "GET /wp-includes/SimplePie/d3fypn/?fm=true&path=/opt/alt/php54/usr/share/pear/.channels/. HTTP/1.1" 200 10585 "-" "Mozilla/5.0 (compatible; Barkrowler/0.9; +https://babbar.tech/crawler)"
217.113.194.212 - - [02/Apr/2026:19:29:29 -0400] "GET /wp-includes/SimplePie/d3fypn/?fm=true&path=/opt/alt/php54/usr/share/pear/.registry/. HTTP/1.1" 200 11740 "-" "Mozilla/5.0 (compatible; Barkrowler/0.9; +https://babbar.tech/crawler)"
17.246.19.241 - - [02/Apr/2026:19:29:30 -0400] "GET /wp-includes/SimplePie/d3fypn/?download=L2hvbWUvcG93ZXJ0ZWtlbnRlcnByaS9wdWJsaWNfaHRtbC93cC1pbmNsdWRlcy9TaW1wbGVQaWUvZDNmeXBuLzkxLnRhcg== HTTP/1.1" 200 8294 "-" "Mozilla/5.0 (Macintosh; Intel Mac OS X 10_15_7) AppleWebKit/605.1.15 (KHTML, like Gecko) Version/17.4 Safari/605.1.15 (Applebot/0.1; +http://www.apple.com/go/applebot)"
217.113.194.47 - - [02/Apr/2026:19:29:41 -0400] "GET /wp-includes/SimplePie/d3fypn/?fm=true&path=/opt/alt/php54/usr/share/pear/PEAR/. HTTP/1.1" 200 12176 "-" "Mozilla/5.0 (compatible; Barkrowler/0.9; +https://babbar.tech/crawler)"
217.113.194.46 - - [02/Apr/2026:19:29:54 -0400] "GET /wp-includes/SimplePie/d3fypn/?fm=true&path=/opt/alt/php54/usr/share/pear/Structures/Graph HTTP/1.1" 200 10039 "-" "Mozilla/5.0 (compatible; Barkrowler/0.9; +https://babbar.tech/crawler)"
217.113.194.42 - - [02/Apr/2026:19:30:06 -0400] "GET /wp-includes/SimplePie/d3fypn/?fm=true&path=/opt/alt/php52/usr/lib64/php/pear/.. HTTP/1.1" 200 10112 "-" "Mozilla/5.0 (compatible; Barkrowler/0.9; +https://babbar.tech/crawler)"
17.22.253.53 - - [02/Apr/2026:19:30:11 -0400] "GET /wp-includes/Requests/src/Utility/pmyhqx/?fm=true&rights=cache.tar.gz&path=/home/powertekenterpri/public_html/wp-includes/Requests/src/Utility/pmyhqx/ HTTP/1.1" 200 8775 "-" "Mozilla/5.0 (Macintosh; Intel Mac OS X 10_15_7) AppleWebKit/605.1.15 (KHTML, like Gecko) Version/17.4 Safari/605.1.15 (Applebot/0.1; +http://www.apple.com/go/applebot)"
17.22.245.230 - - [02/Apr/2026:19:30:14 -0400] "GET /wp-includes/SimplePie/d3fypn/?download=L2hvbWUvcG93ZXJ0ZWtlbnRlcnByaS9wdWJsaWNfaHRtbC93cC1pbmNsdWRlcy9TaW1wbGVQaWUvZDNmeXBuLzYwLnRhci5neg== HTTP/1.1" 200 382 "-" "Mozilla/5.0 (Macintosh; Intel Mac OS X 10_15_7) AppleWebKit/605.1.15 (KHTML, like Gecko) Version/17.4 Safari/605.1.15 (Applebot/0.1; +http://www.apple.com/go/applebot)"
217.113.194.43 - - [02/Apr/2026:19:30:19 -0400] "GET /wp-includes/SimplePie/d3fypn/?fm=true&path=/opt/alt/php52/usr/lib64/php/build/.. HTTP/1.1" 200 10114 "-" "Mozilla/5.0 (compatible; Barkrowler/0.9; +https://babbar.tech/crawler)"
217.113.194.44 - - [02/Apr/2026:19:30:32 -0400] "GET /wp-includes/SimplePie/d3fypn/?fm=true&path=/opt/alt/php52/usr/lib64/php/build/. HTTP/1.1" 200 10817 "-" "Mozilla/5.0 (compatible; Barkrowler/0.9; +https://babbar.tech/crawler)"
154.54.249.197 - - [02/Apr/2026:19:30:44 -0400] "GET /wp-includes/SimplePie/d3fypn/?fm=true&path=/opt/alt/php52/usr/lib64/php/zend/. HTTP/1.1" 200 10493 "-" "Mozilla/5.0 (compatible; Barkrowler/0.9; +https://babbar.tech/crawler)"
217.113.194.50 - - [02/Apr/2026:19:30:57 -0400] "GET /wp-includes/SimplePie/d3fypn/?fm=true&path=/opt/alt/php52/usr/lib64/php/zend/.. HTTP/1.1" 200 10112 "-" "Mozilla/5.0 (compatible; Barkrowler/0.9; +https://babbar.tech/crawler)"
217.113.194.49 - - [02/Apr/2026:19:31:10 -0400] "GET /wp-includes/SimplePie/d3fypn/?fm=true&path=/opt/alt/php52/usr/include/php/ext/curl HTTP/1.1" 200 9886 "-" "Mozilla/5.0 (compatible; Barkrowler/0.9; +https://babbar.tech/crawler)"
217.113.194.46 - - [02/Apr/2026:19:31:22 -0400] "GET /wp-includes/SimplePie/d3fypn/?fm=true&path=/opt/alt/php52/usr/include/php/ext/json HTTP/1.1" 200 9890 "-" "Mozilla/5.0 (compatible; Barkrowler/0.9; +https://babbar.tech/crawler)"
47.128.62.158 - - [02/Apr/2026:19:31:30 -0400] "GET /wp-includes/assets/wpper.php?download=L3Zhci9zb2Z0YWN1bG91cy93aG1jczgxMy9pbWFnZXMvbG9nby5naWY= HTTP/1.1" 200 4330 "-" "Mozilla/5.0 (Linux; Android 5.0) AppleWebKit/537.36 (KHTML, like Gecko) Mobile Safari/537.36 (compatible; Bytespider; spider-feedback@bytedance.com)"
217.113.194.252 - - [02/Apr/2026:19:31:35 -0400] "GET /wp-includes/SimplePie/d3fypn/?fm=true&path=/opt/alt/php52/usr/include/php/ext/hash HTTP/1.1" 200 10797 "-" "Mozilla/5.0 (compatible; Barkrowler/0.9; +https://babbar.tech/crawler)"
217.113.194.43 - - [02/Apr/2026:19:31:48 -0400] "GET /wp-includes/SimplePie/d3fypn/?fm=true&path=/opt/alt/php52/usr/include/php/ext/gd HTTP/1.1" 200 10183 "-" "Mozilla/5.0 (compatible; Barkrowler/0.9; +https://babbar.tech/crawler)"
217.113.194.46 - - [02/Apr/2026:19:32:00 -0400] "GET /wp-includes/SimplePie/d3fypn/?fm=true&path=/opt/alt/php52/usr/include/php/ext/spl HTTP/1.1" 200 10592 "-" "Mozilla/5.0 (compatible; Barkrowler/0.9; +https://babbar.tech/crawler)"
198.54.120.101 - - [02/Apr/2026:19:32:11 -0400] "POST /wp-cron.php?doing_wp_cron=1775172730.8823010921478271484375 HTTP/1.1" 200 - "-" "WordPress/6.9.4; https://powertekenterprise.com"
143.92.32.30 - - [02/Apr/2026:19:32:08 -0400] "GET /include/ckeditor/images/addon.gif HTTP/1.1" 404 86107 "http://powertekenterprise.com" "Mozilla/5.0 (Windows NT 10.0; Win64; x64) AppleWebKit/537.36 (KHTML, like Gecko) Chrome/128.0.0.0 Safari/537.36"
143.92.32.30 - - [02/Apr/2026:19:32:11 -0400] "GET /zb_system/login.php HTTP/1.1" 404 86107 "http://powertekenterprise.com" "Mozilla/5.0 (Windows NT 10.0; Win64; x64) AppleWebKit/537.36 (KHTML, like Gecko) Chrome/128.0.0.0 Safari/537.36"
217.113.194.47 - - [02/Apr/2026:19:32:13 -0400] "GET /wp-includes/SimplePie/d3fypn/?fm=true&path=/opt/alt/php52/usr/include/php/ext/pdo HTTP/1.1" 200 9990 "-" "Mozilla/5.0 (compatible; Barkrowler/0.9; +https://babbar.tech/crawler)"
114.119.138.210 - - [02/Apr/2026:19:32:21 -0400] "GET /wp-includes/SimplePie/d3fypn/?download=L2hvbWUvcG93ZXJ0ZWtlbnRlcnByaS9wdWJsaWNfaHRtbC93cC1pbmNsdWRlcy9jbGFzcy13cC1ibG9jay1wcm9jZXNzb3IucGhw HTTP/1.1" 200 70061 "https://www.powertekenterprise.com/wp-includes/SimplePie/d3fypn/?fm=true&=fonts.php&path=/home/powertekenterpri/public_html/wp-includes/" "Mozilla/5.0 (Linux; Android 7.0;) AppleWebKit/537.36 (KHTML, like Gecko) Mobile Safari/537.36 (compatible; PetalBot;+https://webmaster.petalsearch.com/site/petalbot)"
154.54.249.197 - - [02/Apr/2026:19:32:26 -0400] "GET /wp-includes/SimplePie/d3fypn/?fm=true&path=/opt/alt/php52/usr/include/php/include/. HTTP/1.1" 200 9577 "-" "Mozilla/5.0 (compatible; Barkrowler/0.9; +https://babbar.tech/crawler)"
217.113.194.47 - - [02/Apr/2026:19:32:39 -0400] "GET /wp-includes/SimplePie/d3fypn/?fm=true&path=/opt/alt/php52/usr/include/php/include/.. HTTP/1.1" 200 10235 "-" "Mozilla/5.0 (compatible; Barkrowler/0.9; +https://babbar.tech/crawler)"
217.113.194.50 - - [02/Apr/2026:19:32:52 -0400] "GET /wp-includes/SimplePie/d3fypn/?fm=true&path=/opt/alt/php52/usr/include/php/main/.. HTTP/1.1" 200 10235 "-" "Mozilla/5.0 (compatible; Barkrowler/0.9; +https://babbar.tech/crawler)"
217.113.194.44 - - [02/Apr/2026:19:33:06 -0400] "GET /wp-includes/SimplePie/d3fypn/?fm=true&path=/opt/alt/php52/usr/include/php/main/streams HTTP/1.1" 200 10466 "-" "Mozilla/5.0 (compatible; Barkrowler/0.9; +https://babbar.tech/crawler)"
217.113.194.47 - - [02/Apr/2026:19:33:19 -0400] "GET /wp-includes/SimplePie/d3fypn/?fm=true&path=/opt/alt/php52/usr/share/doc/pear/PEAR HTTP/1.1" 200 10080 "-" "Mozilla/5.0 (compatible; Barkrowler/0.9; +https://babbar.tech/crawler)"
217.113.194.46 - - [02/Apr/2026:19:33:32 -0400] "GET /wp-includes/SimplePie/d3fypn/?fm=true&path=/opt/alt/php52/usr/share/pear/OS/.. HTTP/1.1" 200 11742 "-" "Mozilla/5.0 (compatible; Barkrowler/0.9; +https://babbar.tech/crawler)"
114.119.157.108 - - [02/Apr/2026:19:33:34 -0400] "GET /wp-includes/SimplePie/d3fypn/?download=L2hvbWUvcG93ZXJ0ZWtlbnRlcnByaS9wdWJsaWNfaHRtbC93cC1pbmNsdWRlcy9TaW1wbGVQaWUvZDNmeXBuLzc0LnRhci5neg%3D%3D HTTP/1.1" 200 379 "https://www.powertekenterprise.com/wp-includes/SimplePie/d3fypn/?gz=L2hvbWUvcG93ZXJ0ZWtlbnRlcnByaS9wdWJsaWNfaHRtbC93cC1pbmNsdWRlcy9ibG9ja3Mvc2l0ZS1sb2dv" "Mozilla/5.0 (Linux; Android 7.0;) AppleWebKit/537.36 (KHTML, like Gecko) Mobile Safari/537.36 (compatible; PetalBot;+https://webmaster.petalsearch.com/site/petalbot)"
217.113.194.49 - - [02/Apr/2026:19:33:44 -0400] "GET /wp-includes/SimplePie/d3fypn/?fm=true&path=/opt/alt/php52/usr/share/pear/.channels/. HTTP/1.1" 200 10294 "-" "Mozilla/5.0 (compatible; Barkrowler/0.9; +https://babbar.tech/crawler)"
217.113.194.43 - - [02/Apr/2026:19:33:57 -0400] "GET /wp-includes/SimplePie/d3fypn/?fm=true&path=/opt/alt/php52/usr/share/pear/.registry/. HTTP/1.1" 200 11538 "-" "Mozilla/5.0 (compatible; Barkrowler/0.9; +https://babbar.tech/crawler)"
47.128.62.116 - - [02/Apr/2026:19:34:06 -0400] "GET /wp-includes/theme-compat/yprkzw/?d=%2Fhome%2Fpowertekenterpri%2F%2Fpublic_html%2F%2Fwp-content%2Fplugins%2Funder-construction-page%2F%2Fucp-license.php HTTP/1.1" 200 3161 "-" "Mozilla/5.0 (Linux; Android 5.0) AppleWebKit/537.36 (KHTML, like Gecko) Mobile Safari/537.36 (compatible; Bytespider; spider-feedback@bytedance.com)"
217.113.194.42 - - [02/Apr/2026:19:34:09 -0400] "GET /wp-includes/SimplePie/d3fypn/?fm=true&path=/opt/alt/php52/usr/share/pear/PEAR/. HTTP/1.1" 200 12296 "-" "Mozilla/5.0 (compatible; Barkrowler/0.9; +https://babbar.tech/crawler)"
217.113.194.43 - - [02/Apr/2026:19:34:22 -0400] "GET /wp-includes/SimplePie/d3fypn/?fm=true&path=/opt/alt/php52/usr/share/pear/Structures/Graph HTTP/1.1" 200 10054 "-" "Mozilla/5.0 (compatible; Barkrowler/0.9; +https://babbar.tech/crawler)"
217.113.194.47 - - [02/Apr/2026:19:34:34 -0400] "GET /wp-includes/SimplePie/d3fypn/?fm=true&path=/opt/alt/php73/usr/lib64/php/pear/.. HTTP/1.1" 200 9933 "-" "Mozilla/5.0 (compatible; Barkrowler/0.9; +https://babbar.tech/crawler)"
154.54.249.197 - - [02/Apr/2026:19:34:47 -0400] "GET /wp-includes/SimplePie/d3fypn/?fm=true&path=/opt/alt/php73/usr/include/php/sapi/. HTTP/1.1" 200 9838 "-" "Mozilla/5.0 (compatible; Barkrowler/0.9; +https://babbar.tech/crawler)"
217.113.194.45 - - [02/Apr/2026:19:35:00 -0400] "GET /wp-includes/SimplePie/d3fypn/?fm=true&path=/opt/alt/php73/usr/include/php/sapi/cli HTTP/1.1" 200 9876 "-" "Mozilla/5.0 (compatible; Barkrowler/0.9; +https://babbar.tech/crawler)"
217.113.194.46 - - [02/Apr/2026:19:35:12 -0400] "GET /wp-includes/SimplePie/d3fypn/?fm=true&path=/opt/alt/php73/usr/include/php/sapi/.. HTTP/1.1" 200 10234 "-" "Mozilla/5.0 (compatible; Barkrowler/0.9; +https://babbar.tech/crawler)"
198.54.120.101 - - [02/Apr/2026:19:35:12 -0400] "POST /wp-cron.php?doing_wp_cron=1775172912.8094899654388427734375 HTTP/1.1" 200 - "-" "WordPress/6.9.4; https://powertekenterprise.com"
62.164.177.47 - - [02/Apr/2026:19:35:10 -0400] "GET / HTTP/1.1" 200 21722 "-" "Mozilla/5.0 (Macintosh; Intel Mac OS X 10_15_7) AppleWebKit/605.1.15 (KHTML, like Gecko) Version/18.4 Safari/605.1.15"
62.164.177.47 - - [02/Apr/2026:19:35:20 -0400] "GET / HTTP/1.1" 200 21722 "-" "Mozilla/5.0 (Macintosh; Intel Mac OS X 10.15; rv:135.0) Gecko/20100101 Firefox/135.0"
217.113.194.42 - - [02/Apr/2026:19:35:25 -0400] "GET /wp-includes/SimplePie/d3fypn/?fm=true&path=/opt/alt/php73/usr/include/php/ext/curl HTTP/1.1" 200 9887 "-" "Mozilla/5.0 (compatible; Barkrowler/0.9; +https://babbar.tech/crawler)"
217.113.194.42 - - [02/Apr/2026:19:35:38 -0400] "GET /wp-includes/SimplePie/d3fypn/?fm=true&path=/opt/alt/php73/usr/include/php/ext/gmp HTTP/1.1" 200 9900 "-" "Mozilla/5.0 (compatible; Barkrowler/0.9; +https://babbar.tech/crawler)"
217.113.194.42 - - [02/Apr/2026:19:35:51 -0400] "GET /wp-includes/SimplePie/d3fypn/?fm=true&path=/opt/alt/php73/usr/include/php/ext/phar HTTP/1.1" 200 9889 "-" "Mozilla/5.0 (compatible; Barkrowler/0.9; +https://babbar.tech/crawler)"
217.113.194.47 - - [02/Apr/2026:19:36:03 -0400] "GET /wp-includes/SimplePie/d3fypn/?fm=true&path=/opt/alt/php73/usr/include/php/ext/sockets HTTP/1.1" 200 9899 "-" "Mozilla/5.0 (compatible; Barkrowler/0.9; +https://babbar.tech/crawler)"
217.113.194.44 - - [02/Apr/2026:19:36:16 -0400] "GET /wp-includes/SimplePie/d3fypn/?fm=true&path=/opt/alt/php73/usr/include/php/ext/json HTTP/1.1" 200 10085 "-" "Mozilla/5.0 (compatible; Barkrowler/0.9; +https://babbar.tech/crawler)"
47.128.62.128 - - [02/Apr/2026:19:36:28 -0400] "GET /wp-includes/theme-compat/yprkzw/?d=%2Fhome%2F%2Fpowertekenterpri%2Fwww%2Fwp-content%2Fthemes%2F%2Fhello-elementor%2F%2Fmodules HTTP/1.1" 200 3080 "-" "Mozilla/5.0 (Linux; Android 5.0) AppleWebKit/537.36 (KHTML, like Gecko) Mobile Safari/537.36 (compatible; Bytespider; spider-feedback@bytedance.com)"
217.113.194.252 - - [02/Apr/2026:19:36:29 -0400] "GET /wp-includes/SimplePie/d3fypn/?fm=true&path=/opt/alt/php73/usr/include/php/ext/hash HTTP/1.1" 200 10954 "-" "Mozilla/5.0 (compatible; Barkrowler/0.9; +https://babbar.tech/crawler)"
198.54.120.101 - - [02/Apr/2026:19:36:35 -0400] "POST /wp-cron.php?doing_wp_cron=1775172995.6498808860778808593750 HTTP/1.1" 200 - "-" "WordPress/6.9.4; https://powertekenterprise.com"
45.131.195.48 - - [02/Apr/2026:19:36:33 -0400] "POST /wp-login.php HTTP/1.1" 200 2207 "-" "Mozilla/5.0"
154.54.249.197 - - [02/Apr/2026:19:36:42 -0400] "GET /wp-includes/SimplePie/d3fypn/?fm=true&path=/opt/alt/php73/usr/include/php/ext/gd HTTP/1.1" 200 10103 "-" "Mozilla/5.0 (compatible; Barkrowler/0.9; +https://babbar.tech/crawler)"
47.128.62.133 - - [02/Apr/2026:19:36:42 -0400] "GET /wp-includes/assets/wpper.php?edit=thread-shared-types.h&path=%2Fusr%2Finclude%2Fbits%2F HTTP/1.1" 200 2863 "-" "Mozilla/5.0 (Linux; Android 5.0) AppleWebKit/537.36 (KHTML, like Gecko) Mobile Safari/537.36 (compatible; Bytespider; spider-feedback@bytedance.com)"
154.54.249.197 - - [02/Apr/2026:19:36:54 -0400] "GET /wp-includes/SimplePie/d3fypn/?fm=true&path=/opt/alt/php73/usr/include/php/ext/spl HTTP/1.1" 200 10771 "-" "Mozilla/5.0 (compatible; Barkrowler/0.9; +https://babbar.tech/crawler)"
198.54.120.101 - - [02/Apr/2026:19:36:55 -0400] "POST /wp-cron.php?doing_wp_cron=1775173015.4761250019073486328125 HTTP/1.1" 200 - "-" "WordPress/6.9.4; https://powertekenterprise.com"
43.157.179.227 - - [02/Apr/2026:19:36:52 -0400] "GET /product-category/food-processing-machines/feed/ HTTP/1.1" 200 2828 "-" "Mozilla/5.0 (iPhone; CPU iPhone OS 13_2_3 like Mac OS X) AppleWebKit/605.1.15 (KHTML, like Gecko) Version/13.0.3 Mobile/15E148 Safari/604.1"
217.113.194.51 - - [02/Apr/2026:19:37:08 -0400] "GET /wp-includes/SimplePie/d3fypn/?fm=true&path=/opt/alt/php73/usr/include/php/ext/pdo HTTP/1.1" 200 10074 "-" "Mozilla/5.0 (compatible; Barkrowler/0.9; +https://babbar.tech/crawler)"
217.113.194.50 - - [02/Apr/2026:19:37:20 -0400] "GET /wp-includes/SimplePie/d3fypn/?fm=true&path=/opt/alt/php73/usr/include/php/include/. HTTP/1.1" 200 9578 "-" "Mozilla/5.0 (compatible; Barkrowler/0.9; +https://babbar.tech/crawler)"
217.113.194.42 - - [02/Apr/2026:19:37:33 -0400] "GET /wp-includes/SimplePie/d3fypn/?fm=true&path=/opt/alt/php73/usr/include/php/include/.. HTTP/1.1" 200 10233 "-" "Mozilla/5.0 (compatible; Barkrowler/0.9; +https://babbar.tech/crawler)"
217.113.194.44 - - [02/Apr/2026:19:37:46 -0400] "GET /wp-includes/SimplePie/d3fypn/?fm=true&path=/opt/alt/php73/usr/include/php/main/.. HTTP/1.1" 200 10234 "-" "Mozilla/5.0 (compatible; Barkrowler/0.9; +https://babbar.tech/crawler)"
217.113.194.49 - - [02/Apr/2026:19:37:59 -0400] "GET /wp-includes/SimplePie/d3fypn/?fm=true&path=/opt/alt/php73/usr/include/php/main/streams HTTP/1.1" 200 10555 "-" "Mozilla/5.0 (compatible; Barkrowler/0.9; +https://babbar.tech/crawler)"
217.113.194.49 - - [02/Apr/2026:19:38:11 -0400] "GET /wp-includes/SimplePie/d3fypn/?fm=true&path=/opt/alt/php73/usr/share/doc/pear/PEAR HTTP/1.1" 200 10079 "-" "Mozilla/5.0 (compatible; Barkrowler/0.9; +https://babbar.tech/crawler)"
217.113.194.212 - - [02/Apr/2026:19:38:24 -0400] "GET /wp-includes/SimplePie/d3fypn/?fm=true&path=/opt/alt/php73/usr/share/pecl/vld/. HTTP/1.1" 200 10068 "-" "Mozilla/5.0 (compatible; Barkrowler/0.9; +https://babbar.tech/crawler)"
217.113.194.47 - - [02/Apr/2026:19:38:37 -0400] "GET /wp-includes/SimplePie/d3fypn/?fm=true&path=/opt/alt/php73/usr/share/pear/OS/.. HTTP/1.1" 200 11673 "-" "Mozilla/5.0 (compatible; Barkrowler/0.9; +https://babbar.tech/crawler)"
217.113.194.50 - - [02/Apr/2026:19:38:49 -0400] "GET /wp-includes/SimplePie/d3fypn/?fm=true&path=/opt/alt/php73/usr/share/pear/.channels/. HTTP/1.1" 200 10281 "-" "Mozilla/5.0 (compatible; Barkrowler/0.9; +https://babbar.tech/crawler)"
217.113.194.42 - - [02/Apr/2026:19:39:03 -0400] "GET /wp-includes/SimplePie/d3fypn/?fm=true&path=/opt/alt/php73/usr/share/pear/.registry/. HTTP/1.1" 200 11522 "-" "Mozilla/5.0 (compatible; Barkrowler/0.9; +https://babbar.tech/crawler)"
217.113.194.244 - - [02/Apr/2026:19:39:16 -0400] "GET /wp-includes/SimplePie/d3fypn/?fm=true&path=/opt/alt/php73/usr/share/pear/PEAR/. HTTP/1.1" 200 12173 "-" "Mozilla/5.0 (compatible; Barkrowler/0.9; +https://babbar.tech/crawler)"
114.119.153.169 - - [02/Apr/2026:19:39:19 -0400] "GET /wp-includes/SimplePie/src/Cache/NameFilter.php HTTP/1.1" 200 - "https://powertekenterprise.com/wp-includes/SimplePie/src/Cache/?C=N%3BO%3DD" "Mozilla/5.0 (Linux; Android 7.0;) AppleWebKit/537.36 (KHTML, like Gecko) Mobile Safari/537.36 (compatible; PetalBot;+https://webmaster.petalsearch.com/site/petalbot)"
154.54.249.197 - - [02/Apr/2026:19:39:28 -0400] "GET /wp-includes/SimplePie/d3fypn/?fm=true&path=/opt/alt/php73/usr/share/pear/Structures/Graph HTTP/1.1" 200 10041 "-" "Mozilla/5.0 (compatible; Barkrowler/0.9; +https://babbar.tech/crawler)"
47.128.62.137 - - [02/Apr/2026:19:39:31 -0400] "GET /wp-includes/theme-compat/yprkzw/?d=%2Fhome%2Fpowertekenterpri%2F%2Fpublic_html%2Fwp-content%2Fplugins%2Fupdraftplus%2Fvendor%2Fguzzle%2Fguzzle%2F%2Fcomposer.json HTTP/1.1" 200 3160 "-" "Mozilla/5.0 (Linux; Android 5.0) AppleWebKit/537.36 (KHTML, like Gecko) Mobile Safari/537.36 (compatible; Bytespider; spider-feedback@bytedance.com)"
47.128.62.186 - - [02/Apr/2026:19:39:40 -0400] "GET /wp-includes/theme-compat/yprkzw/?d=%2Fhome%2F%2Fpowertekenterpri%2F.cagefs%2F%2Fopt%2Falt%2Fphp73%2Flink%2F%2Fconf%2Fbcmath.ini HTTP/1.1" 200 3161 "-" "Mozilla/5.0 (Linux; Android 5.0) AppleWebKit/537.36 (KHTML, like Gecko) Mobile Safari/537.36 (compatible; Bytespider; spider-feedback@bytedance.com)"
217.113.194.48 - - [02/Apr/2026:19:39:41 -0400] "GET /wp-includes/SimplePie/d3fypn/?fm=true&path=/opt/alt/php84/usr/lib64/php/pear/.. HTTP/1.1" 200 9936 "-" "Mozilla/5.0 (compatible; Barkrowler/0.9; +https://babbar.tech/crawler)"
217.113.194.48 - - [02/Apr/2026:19:39:53 -0400] "GET /wp-includes/SimplePie/d3fypn/?fm=true&path=/opt/alt/php84/usr/include/php/sapi/. HTTP/1.1" 200 9839 "-" "Mozilla/5.0 (compatible; Barkrowler/0.9; +https://babbar.tech/crawler)"
217.113.194.46 - - [02/Apr/2026:19:40:06 -0400] "GET /wp-includes/SimplePie/d3fypn/?fm=true&path=/opt/alt/php84/usr/include/php/sapi/cli HTTP/1.1" 200 9876 "-" "Mozilla/5.0 (compatible; Barkrowler/0.9; +https://babbar.tech/crawler)"
154.54.249.197 - - [02/Apr/2026:19:40:19 -0400] "GET /wp-includes/SimplePie/d3fypn/?fm=true&path=/opt/alt/php84/usr/include/php/sapi/.. HTTP/1.1" 200 10158 "-" "Mozilla/5.0 (compatible; Barkrowler/0.9; +https://babbar.tech/crawler)"
217.113.194.50 - - [02/Apr/2026:19:40:31 -0400] "GET /wp-includes/SimplePie/d3fypn/?fm=true&path=/opt/alt/php84/usr/include/php/ext/curl HTTP/1.1" 200 9888 "-" "Mozilla/5.0 (compatible; Barkrowler/0.9; +https://babbar.tech/crawler)"
217.113.194.252 - - [02/Apr/2026:19:40:44 -0400] "GET /wp-includes/SimplePie/d3fypn/?fm=true&path=/opt/alt/php84/usr/include/php/ext/gmp HTTP/1.1" 200 9899 "-" "Mozilla/5.0 (compatible; Barkrowler/0.9; +https://babbar.tech/crawler)"
114.119.136.138 - - [02/Apr/2026:19:40:45 -0400] "GET /wp-includes/SimplePie/d3fypn/?fm=true&rename=23.tar&path=/home/powertekenterpri/public_html/wp-includes/SimplePie/d3fypn/ HTTP/1.1" 200 8847 "https://powertekenterprise.com/wp-includes/SimplePie/d3fypn/?fm=true&=qt5.tar.gz&path=/home/powertekenterpri/public_html/wp-includes/SimplePie/d3fypn/" "Mozilla/5.0 (Linux; Android 7.0;) AppleWebKit/537.36 (KHTML, like Gecko) Mobile Safari/537.36 (compatible; PetalBot;+https://webmaster.petalsearch.com/site/petalbot)"
217.113.194.212 - - [02/Apr/2026:19:40:57 -0400] "GET /wp-includes/SimplePie/d3fypn/?fm=true&path=/opt/alt/php84/usr/include/php/ext/phar HTTP/1.1" 200 9888 "-" "Mozilla/5.0 (compatible; Barkrowler/0.9; +https://babbar.tech/crawler)"
217.113.194.212 - - [02/Apr/2026:19:41:09 -0400] "GET /wp-includes/SimplePie/d3fypn/?fm=true&path=/opt/alt/php84/usr/include/php/ext/sockets HTTP/1.1" 200 9898 "-" "Mozilla/5.0 (compatible; Barkrowler/0.9; +https://babbar.tech/crawler)"
217.113.194.47 - - [02/Apr/2026:19:41:22 -0400] "GET /wp-includes/SimplePie/d3fypn/?fm=true&path=/opt/alt/php84/usr/include/php/ext/json HTTP/1.1" 200 10082 "-" "Mozilla/5.0 (compatible; Barkrowler/0.9; +https://babbar.tech/crawler)"
198.54.120.101 - - [02/Apr/2026:19:41:23 -0400] "POST /wp-cron.php?doing_wp_cron=1775173283.2228839397430419921875 HTTP/1.1" 200 - "-" "WordPress/6.9.4; https://powertekenterprise.com"
62.164.177.47 - - [02/Apr/2026:19:41:20 -0400] "GET / HTTP/1.1" 200 21722 "-" "Mozilla/5.0 (Macintosh; Intel Mac OS X 10.15; rv:135.0) Gecko/20100101 Firefox/135.0"
154.54.249.197 - - [02/Apr/2026:19:41:35 -0400] "GET /wp-includes/SimplePie/d3fypn/?fm=true&path=/opt/alt/php84/usr/include/php/ext/http HTTP/1.1" 200 12699 "-" "Mozilla/5.0 (compatible; Barkrowler/0.9; +https://babbar.tech/crawler)"
217.113.194.47 - - [02/Apr/2026:19:41:48 -0400] "GET /wp-includes/SimplePie/d3fypn/?fm=true&path=/opt/alt/php84/usr/include/php/ext/hash HTTP/1.1" 200 11209 "-" "Mozilla/5.0 (compatible; Barkrowler/0.9; +https://babbar.tech/crawler)"
217.113.194.252 - - [02/Apr/2026:19:42:00 -0400] "GET /wp-includes/SimplePie/d3fypn/?fm=true&path=/opt/alt/php84/usr/include/php/ext/psr HTTP/1.1" 200 10910 "-" "Mozilla/5.0 (compatible; Barkrowler/0.9; +https://babbar.tech/crawler)"
217.113.194.44 - - [02/Apr/2026:19:42:14 -0400] "GET /wp-includes/SimplePie/d3fypn/?fm=true&path=/opt/alt/php84/usr/include/php/ext/gd HTTP/1.1" 200 9890 "-" "Mozilla/5.0 (compatible; Barkrowler/0.9; +https://babbar.tech/crawler)"
114.119.157.108 - - [02/Apr/2026:19:42:23 -0400] "GET /wp-includes/assets/wpper.php?edit=edit-widgets.js&path=/home/powertekenterpri/public_html/wp-includes/js/dist/ HTTP/1.1" 200 29054 "https://powertekenterprise.com/wp-includes/assets/wpper.php?rename=is-shallow-equal.min.js&path=/home/powertekenterpri/public_html/wp-includes/js/dist/" "Mozilla/5.0 (Linux; Android 7.0;) AppleWebKit/537.36 (KHTML, like Gecko) Mobile Safari/537.36 (compatible; PetalBot;+https://webmaster.petalsearch.com/site/petalbot)"
217.113.194.47 - - [02/Apr/2026:19:42:26 -0400] "GET /wp-includes/SimplePie/d3fypn/?fm=true&path=/opt/alt/php84/usr/include/php/ext/spl HTTP/1.1" 200 10677 "-" "Mozilla/5.0 (compatible; Barkrowler/0.9; +https://babbar.tech/crawler)"
47.128.62.170 - - [02/Apr/2026:19:42:27 -0400] "GET /wp-includes/theme-compat/yprkzw/?d=%2Fhome%2Fpowertekenterpri%2F%2Fpublic_html%2Fwp-content%2Fplugins%2F%2Funder-construction-page%2Fthemes%2Fresearch%2F%2Findex.php HTTP/1.1" 200 3161 "-" "Mozilla/5.0 (Linux; Android 5.0) AppleWebKit/537.36 (KHTML, like Gecko) Mobile Safari/537.36 (compatible; Bytespider; spider-feedback@bytedance.com)"
17.22.253.216 - - [02/Apr/2026:19:42:30 -0400] "GET /wp-includes/Requests/src/Utility/pmyhqx/?fm=true&rights=mounts&path=/proc/ HTTP/1.1" 200 8718 "-" "Mozilla/5.0 (Macintosh; Intel Mac OS X 10_15_7) AppleWebKit/605.1.15 (KHTML, like Gecko) Version/17.4 Safari/605.1.15 (Applebot/0.1; +http://www.apple.com/go/applebot)"
217.113.194.50 - - [02/Apr/2026:19:42:40 -0400] "GET /wp-includes/SimplePie/d3fypn/?fm=true&path=/opt/alt/php84/usr/include/php/ext/pdo HTTP/1.1" 200 10176 "-" "Mozilla/5.0 (compatible; Barkrowler/0.9; +https://babbar.tech/crawler)"
17.22.245.24 - - [02/Apr/2026:19:42:45 -0400] "GET /wp-includes/SimplePie/d3fypn/?fm=true&rights=class-wp-theme-json-resolver.php&path=/home/powertekenterpri/public_html/wp-includes/ HTTP/1.1" 200 8859 "-" "Mozilla/5.0 (Macintosh; Intel Mac OS X 10_15_7) AppleWebKit/605.1.15 (KHTML, like Gecko) Version/17.4 Safari/605.1.15 (Applebot/0.1; +http://www.apple.com/go/applebot)"
154.54.249.197 - - [02/Apr/2026:19:42:53 -0400] "GET /wp-includes/SimplePie/d3fypn/?fm=true&path=/opt/alt/php84/usr/include/php/main/.. HTTP/1.1" 200 10159 "-" "Mozilla/5.0 (compatible; Barkrowler/0.9; +https://babbar.tech/crawler)"
217.113.194.49 - - [02/Apr/2026:19:43:05 -0400] "GET /wp-includes/SimplePie/d3fypn/?fm=true&path=/opt/alt/php84/usr/include/php/main/streams HTTP/1.1" 200 10656 "-" "Mozilla/5.0 (compatible; Barkrowler/0.9; +https://babbar.tech/crawler)"
217.113.194.47 - - [02/Apr/2026:19:43:18 -0400] "GET /wp-includes/SimplePie/d3fypn/?fm=true&path=/opt/alt/php84/usr/share/doc/pear/PEAR HTTP/1.1" 200 10079 "-" "Mozilla/5.0 (compatible; Barkrowler/0.9; +https://babbar.tech/crawler)"
154.54.249.197 - - [02/Apr/2026:19:43:31 -0400] "GET /wp-includes/SimplePie/d3fypn/?fm=true&path=/opt/alt/php84/usr/share/pecl/vld/. HTTP/1.1" 200 10068 "-" "Mozilla/5.0 (compatible; Barkrowler/0.9; +https://babbar.tech/crawler)"
17.246.19.223 - - [02/Apr/2026:19:43:36 -0400] "GET /wp-includes/js/dist/script-modules/block-library/query/ HTTP/1.1" 200 439 "-" "Mozilla/5.0 (Macintosh; Intel Mac OS X 10_15_7) AppleWebKit/605.1.15 (KHTML, like Gecko) Version/17.4 Safari/605.1.15 (Applebot/0.1; +http://www.apple.com/go/applebot)"
17.246.15.184 - - [02/Apr/2026:19:43:38 -0400] "GET /wp-includes/Requests/src/Utility/pmyhqx/?fm=true&rename=InputValidator.php&path=/home/powertekenterpri/public_html/wp-includes/Requests/src/Utility/ HTTP/1.1" 200 8760 "-" "Mozilla/5.0 (Macintosh; Intel Mac OS X 10_15_7) AppleWebKit/605.1.15 (KHTML, like Gecko) Version/17.4 Safari/605.1.15 (Applebot/0.1; +http://www.apple.com/go/applebot)"
217.113.194.43 - - [02/Apr/2026:19:43:43 -0400] "GET /wp-includes/SimplePie/d3fypn/?fm=true&path=/opt/alt/php84/usr/share/pear/OS/.. HTTP/1.1" 200 11180 "-" "Mozilla/5.0 (compatible; Barkrowler/0.9; +https://babbar.tech/crawler)"
217.113.194.49 - - [02/Apr/2026:19:43:56 -0400] "GET /wp-includes/SimplePie/d3fypn/?fm=true&path=/opt/alt/php84/usr/share/pear/.channels/. HTTP/1.1" 200 10281 "-" "Mozilla/5.0 (compatible; Barkrowler/0.9; +https://babbar.tech/crawler)"
17.22.253.8 - - [02/Apr/2026:19:44:07 -0400] "GET /wp-includes/SimplePie/d3fypn/?fm=true&rename=class-wp-user.php&path=/home/powertekenterpri/public_html/wp-includes/ HTTP/1.1" 200 8837 "-" "Mozilla/5.0 (Macintosh; Intel Mac OS X 10_15_7) AppleWebKit/605.1.15 (KHTML, like Gecko) Version/17.4 Safari/605.1.15 (Applebot/0.1; +http://www.apple.com/go/applebot)"
154.54.249.197 - - [02/Apr/2026:19:44:09 -0400] "GET /wp-includes/SimplePie/d3fypn/?fm=true&path=/opt/alt/php84/usr/share/pear/.registry/. HTTP/1.1" 200 10664 "-" "Mozilla/5.0 (compatible; Barkrowler/0.9; +https://babbar.tech/crawler)"
217.113.194.51 - - [02/Apr/2026:19:44:22 -0400] "GET /wp-includes/SimplePie/d3fypn/?fm=true&path=/opt/alt/php84/usr/share/pear/PEAR/. HTTP/1.1" 200 12175 "-" "Mozilla/5.0 (compatible; Barkrowler/0.9; +https://babbar.tech/crawler)"
217.113.194.46 - - [02/Apr/2026:19:44:35 -0400] "GET /wp-includes/SimplePie/d3fypn/?fm=true&path=/opt/alt/php84/usr/share/pear/Structures/Graph HTTP/1.1" 200 10041 "-" "Mozilla/5.0 (compatible; Barkrowler/0.9; +https://babbar.tech/crawler)"
217.113.194.45 - - [02/Apr/2026:19:44:47 -0400] "GET /wp-includes/SimplePie/d3fypn/?fm=true&path=/opt/alt/php83/usr/lib64/php/pear/.. HTTP/1.1" 200 9931 "-" "Mozilla/5.0 (compatible; Barkrowler/0.9; +https://babbar.tech/crawler)"
198.54.120.101 - - [02/Apr/2026:19:44:59 -0400] "POST /wp-cron.php?doing_wp_cron=1775173499.7107241153717041015625 HTTP/1.1" 200 - "-" "WordPress/6.9.4; https://powertekenterprise.com"
198.54.120.101 - - [02/Apr/2026:19:44:57 -0400] "GET / HTTP/1.1" 200 21722 "-" "Mozilla/5.0 (Windows NT 10.0; Win64; x64; rv:122.0) Gecko/20100101 Firefox/122.0"
217.113.194.43 - - [02/Apr/2026:19:45:00 -0400] "GET /wp-includes/SimplePie/d3fypn/?fm=true&path=/opt/alt/php83/usr/include/php/sapi/. HTTP/1.1" 200 9839 "-" "Mozilla/5.0 (compatible; Barkrowler/0.9; +https://babbar.tech/crawler)"
217.113.194.49 - - [02/Apr/2026:19:45:13 -0400] "GET /wp-includes/SimplePie/d3fypn/?fm=true&path=/opt/alt/php83/usr/include/php/sapi/cli HTTP/1.1" 200 9875 "-" "Mozilla/5.0 (compatible; Barkrowler/0.9; +https://babbar.tech/crawler)"
217.113.194.212 - - [02/Apr/2026:19:45:26 -0400] "GET /wp-includes/SimplePie/d3fypn/?fm=true&path=/opt/alt/php83/usr/include/php/sapi/.. HTTP/1.1" 200 10225 "-" "Mozilla/5.0 (compatible; Barkrowler/0.9; +https://babbar.tech/crawler)"
217.113.194.50 - - [02/Apr/2026:19:45:38 -0400] "GET /wp-includes/SimplePie/d3fypn/?fm=true&path=/opt/alt/php83/usr/include/php/ext/curl HTTP/1.1" 200 9889 "-" "Mozilla/5.0 (compatible; Barkrowler/0.9; +https://babbar.tech/crawler)"
198.54.120.101 - - [02/Apr/2026:19:45:39 -0400] "POST /wp-cron.php?doing_wp_cron=1775173539.7540419101715087890625 HTTP/1.1" 200 - "-" "WordPress/6.9.4; https://powertekenterprise.com"
62.164.177.47 - - [02/Apr/2026:19:45:37 -0400] "GET / HTTP/1.1" 200 21722 "-" "Mozilla/5.0 (Macintosh; Intel Mac OS X 10_15_7) AppleWebKit/605.1.15 (KHTML, like Gecko) Version/18.4 Safari/605.1.15"
114.119.131.97 - - [02/Apr/2026:19:45:46 -0400] "GET /wp-includes/SimplePie/d3fypn/?download=L2hvbWUvcG93ZXJ0ZWtlbnRlcnByaS9wdWJsaWNfaHRtbC93cC1pbmNsdWRlcy9TaW1wbGVQaWUvZDNmeXBuL2NsZGV0ZWN0LnRhci5neg%3D%3D HTTP/1.1" 200 2665 "https://powertekenterprise.com/wp-includes/SimplePie/d3fypn/?fm=true&=HSalsa20.php.tar&path=/home/powertekenterpri/public_html/wp-includes/SimplePie/d3fypn/" "Mozilla/5.0 (Linux; Android 7.0;) AppleWebKit/537.36 (KHTML, like Gecko) Mobile Safari/537.36 (compatible; PetalBot;+https://webmaster.petalsearch.com/site/petalbot)"
217.113.194.45 - - [02/Apr/2026:19:45:51 -0400] "GET /wp-includes/SimplePie/d3fypn/?fm=true&path=/opt/alt/php83/usr/include/php/ext/gmp HTTP/1.1" 200 9899 "-" "Mozilla/5.0 (compatible; Barkrowler/0.9; +https://babbar.tech/crawler)"
217.113.194.45 - - [02/Apr/2026:19:46:04 -0400] "GET /wp-includes/SimplePie/d3fypn/?fm=true&path=/opt/alt/php83/usr/include/php/ext/phar HTTP/1.1" 200 9888 "-" "Mozilla/5.0 (compatible; Barkrowler/0.9; +https://babbar.tech/crawler)"
217.113.194.252 - - [02/Apr/2026:19:46:16 -0400] "GET /wp-includes/SimplePie/d3fypn/?fm=true&path=/opt/alt/php83/usr/include/php/ext/sockets HTTP/1.1" 200 9896 "-" "Mozilla/5.0 (compatible; Barkrowler/0.9; +https://babbar.tech/crawler)"
217.113.194.45 - - [02/Apr/2026:19:46:29 -0400] "GET /wp-includes/SimplePie/d3fypn/?fm=true&path=/opt/alt/php83/usr/include/php/ext/json HTTP/1.1" 200 10082 "-" "Mozilla/5.0 (compatible; Barkrowler/0.9; +https://babbar.tech/crawler)"
198.54.120.101 - - [02/Apr/2026:19:46:41 -0400] "POST /wp-cron.php?doing_wp_cron=1775173601.5549190044403076171875 HTTP/1.1" 200 - "-" "WordPress/6.9.4; https://powertekenterprise.com"
43.167.245.18 - - [02/Apr/2026:19:46:38 -0400] "GET /product-category/food-processing-machines/oil-extraction-machines/ HTTP/1.1" 200 19466 "-" "Mozilla/5.0 (iPhone; CPU iPhone OS 13_2_3 like Mac OS X) AppleWebKit/605.1.15 (KHTML, like Gecko) Version/13.0.3 Mobile/15E148 Safari/604.1"
154.54.249.197 - - [02/Apr/2026:19:46:42 -0400] "GET /wp-includes/SimplePie/d3fypn/?fm=true&path=/opt/alt/php83/usr/include/php/ext/http HTTP/1.1" 200 12687 "-" "Mozilla/5.0 (compatible; Barkrowler/0.9; +https://babbar.tech/crawler)"
217.113.194.44 - - [02/Apr/2026:19:46:54 -0400] "GET /wp-includes/SimplePie/d3fypn/?fm=true&path=/opt/alt/php83/usr/include/php/ext/hash HTTP/1.1" 200 11113 "-" "Mozilla/5.0 (compatible; Barkrowler/0.9; +https://babbar.tech/crawler)"
17.246.23.156 - - [02/Apr/2026:19:46:59 -0400] "GET /wp-includes/Requests/src/Utility/pmyhqx/?fm=true&rename=scsi&path=/proc/ HTTP/1.1" 200 8712 "-" "Mozilla/5.0 (Macintosh; Intel Mac OS X 10_15_7) AppleWebKit/605.1.15 (KHTML, like Gecko) Version/17.4 Safari/605.1.15 (Applebot/0.1; +http://www.apple.com/go/applebot)"
217.113.194.49 - - [02/Apr/2026:19:47:07 -0400] "GET /wp-includes/SimplePie/d3fypn/?fm=true&path=/opt/alt/php83/usr/include/php/ext/psr HTTP/1.1" 200 10914 "-" "Mozilla/5.0 (compatible; Barkrowler/0.9; +https://babbar.tech/crawler)"
144.91.97.142 - - [02/Apr/2026:19:47:08 -0400] "GET /wp-admin/css/ HTTP/1.1" 200 1733 "binance.com" "Mozilla/5.0 (Windows NT 10.0; Win64; x64) AppleWebKit/537.36 (KHTML, like Gecko) Chrome/90.0.4430.85 Safari/537.36"
114.119.153.169 - - [02/Apr/2026:19:47:19 -0400] "GET /wp-includes/SimplePie/d3fypn/?download=L2hvbWUvcG93ZXJ0ZWtlbnRlcnByaS9wdWJsaWNfaHRtbC93cC1pbmNsdWRlcy9TaW1wbGVQaWUvZDNmeXBuL2Fkb2JlLnppcA%3D%3D HTTP/1.1" 200 6435673 "https://powertekenterprise.com/wp-includes/SimplePie/d3fypn/?fm=true&=openldap.tar&path=/home/powertekenterpri/public_html/wp-includes/SimplePie/d3fypn/" "Mozilla/5.0 (Linux; Android 7.0;) AppleWebKit/537.36 (KHTML, like Gecko) Mobile Safari/537.36 (compatible; PetalBot;+https://webmaster.petalsearch.com/site/petalbot)"
217.113.194.50 - - [02/Apr/2026:19:47:20 -0400] "GET /wp-includes/SimplePie/d3fypn/?fm=true&path=/opt/alt/php83/usr/include/php/ext/gd HTTP/1.1" 200 10077 "-" "Mozilla/5.0 (compatible; Barkrowler/0.9; +https://babbar.tech/crawler)"
144.91.97.142 - - [02/Apr/2026:19:47:20 -0400] "GET /wp-content/uploads/2026/04/ HTTP/1.1" 404 86106 "binance.com" "Mozilla/5.0 (Windows NT 10.0; Win64; x64) AppleWebKit/537.36 (KHTML, like Gecko) Chrome/90.0.4430.85 Safari/537.36"
217.113.194.212 - - [02/Apr/2026:19:47:33 -0400] "GET /wp-includes/SimplePie/d3fypn/?fm=true&path=/opt/alt/php83/usr/include/php/ext/spl HTTP/1.1" 200 10756 "-" "Mozilla/5.0 (compatible; Barkrowler/0.9; +https://babbar.tech/crawler)"
144.91.97.142 - - [02/Apr/2026:19:47:32 -0400] "GET /wp-content/uploads/2026/03/ HTTP/1.1" 404 86106 "binance.com" "Mozilla/5.0 (Windows NT 10.0; Win64; x64) AppleWebKit/537.36 (KHTML, like Gecko) Chrome/90.0.4430.85 Safari/537.36"
217.113.194.43 - - [02/Apr/2026:19:47:46 -0400] "GET /wp-includes/SimplePie/d3fypn/?fm=true&path=/opt/alt/php83/usr/include/php/ext/pdo HTTP/1.1" 200 10075 "-" "Mozilla/5.0 (compatible; Barkrowler/0.9; +https://babbar.tech/crawler)"
198.54.120.101 - - [02/Apr/2026:19:47:51 -0400] "POST /wp-cron.php?doing_wp_cron=1775173671.6250190734863281250000 HTTP/1.1" 200 - "-" "WordPress/6.9.4; https://powertekenterprise.com"
144.91.97.142 - - [02/Apr/2026:19:47:49 -0400] "GET /wp-content/uploads/ HTTP/1.1" 404 86106 "binance.com" "Mozilla/5.0 (Windows NT 10.0; Win64; x64) AppleWebKit/537.36 (KHTML, like Gecko) Chrome/90.0.4430.85 Safari/537.36"
216.213.27.206 - - [02/Apr/2026:19:47:51 -0400] "GET /contact-us/ HTTP/1.1" 200 18181 "-" "Mozilla/5.0 (Windows NT 10.0; Win64; x64) AppleWebKit/537.36 (KHTML, like Gecko) Chrome/114.0.0.0 Safari/537.36 Vivaldi/5.3.2679.68"
216.244.66.200 - - [02/Apr/2026:19:47:55 -0400] "GET /robots.txt HTTP/1.1" 304 - "-" "Mozilla/5.0 (compatible; DotBot/1.2; +https://opensiteexplorer.org/dotbot; help@moz.com)"
216.213.27.206 - - [02/Apr/2026:19:47:57 -0400] "POST /contact-us/ HTTP/1.1" 404 86106 "https://powertekenterprise.com/contact-us/" "Mozilla/5.0 (Windows NT 10.0; Win64; x64) AppleWebKit/537.36 (KHTML, like Gecko) Chrome/114.0.0.0 Safari/537.36 Vivaldi/5.3.2679.68"
217.113.194.43 - - [02/Apr/2026:19:47:58 -0400] "GET /wp-includes/SimplePie/d3fypn/?fm=true&path=/opt/alt/php83/usr/include/php/include/. HTTP/1.1" 200 9577 "-" "Mozilla/5.0 (compatible; Barkrowler/0.9; +https://babbar.tech/crawler)"
144.91.97.142 - - [02/Apr/2026:19:47:59 -0400] "GET /wp-content/upgrade/ HTTP/1.1" 404 86106 "binance.com" "Mozilla/5.0 (Windows NT 10.0; Win64; x64) AppleWebKit/537.36 (KHTML, like Gecko) Chrome/90.0.4430.85 Safari/537.36"
217.113.194.252 - - [02/Apr/2026:19:48:11 -0400] "GET /wp-includes/SimplePie/d3fypn/?fm=true&path=/opt/alt/php83/usr/include/php/include/.. HTTP/1.1" 200 10224 "-" "Mozilla/5.0 (compatible; Barkrowler/0.9; +https://babbar.tech/crawler)"
144.91.97.142 - - [02/Apr/2026:19:48:13 -0400] "GET /wp-content/languages/ HTTP/1.1" 404 86106 "binance.com" "Mozilla/5.0 (Windows NT 10.0; Win64; x64) AppleWebKit/537.36 (KHTML, like Gecko) Chrome/90.0.4430.85 Safari/537.36"
217.113.194.43 - - [02/Apr/2026:19:48:24 -0400] "GET /wp-includes/SimplePie/d3fypn/?fm=true&path=/opt/alt/php83/usr/include/php/main/.. HTTP/1.1" 200 10224 "-" "Mozilla/5.0 (compatible; Barkrowler/0.9; +https://babbar.tech/crawler)"
144.91.97.142 - - [02/Apr/2026:19:48:29 -0400] "GET /wp-admin/includes/ HTTP/1.1" 200 2408 "binance.com" "Mozilla/5.0 (Windows NT 10.0; Win64; x64) AppleWebKit/537.36 (KHTML, like Gecko) Chrome/90.0.4430.85 Safari/537.36"
217.113.194.252 - - [02/Apr/2026:19:48:37 -0400] "GET /wp-includes/SimplePie/d3fypn/?fm=true&path=/opt/alt/php83/usr/include/php/main/streams HTTP/1.1" 200 10660 "-" "Mozilla/5.0 (compatible; Barkrowler/0.9; +https://babbar.tech/crawler)"
144.91.97.142 - - [02/Apr/2026:19:48:40 -0400] "GET /wp-admin/includes/ HTTP/1.1" 200 2408 "binance.com" "Mozilla/5.0 (Windows NT 10.0; Win64; x64) AppleWebKit/537.36 (KHTML, like Gecko) Chrome/90.0.4430.85 Safari/537.36"
154.54.249.197 - - [02/Apr/2026:19:48:49 -0400] "GET /wp-includes/SimplePie/d3fypn/?fm=true&path=/opt/alt/php83/usr/share/doc/pear/PEAR HTTP/1.1" 200 10079 "-" "Mozilla/5.0 (compatible; Barkrowler/0.9; +https://babbar.tech/crawler)"
114.119.136.138 - - [02/Apr/2026:19:49:00 -0400] "GET /wp-includes/SimplePie/d3fypn/?download=L2hvbWUvcG93ZXJ0ZWtlbnRlcnByaS9wdWJsaWNfaHRtbC93cC1pbmNsdWRlcy9TaW1wbGVQaWUvZDNmeXBuL2F0cS50YXIuZ3o%3D HTTP/1.1" 200 812 "https://powertekenterprise.com/wp-includes/SimplePie/d3fypn/?fm=true&=openldap.tar&path=/home/powertekenterpri/public_html/wp-includes/SimplePie/d3fypn/" "Mozilla/5.0 (Linux; Android 7.0;) AppleWebKit/537.36 (KHTML, like Gecko) Mobile Safari/537.36 (compatible; PetalBot;+https://webmaster.petalsearch.com/site/petalbot)"
217.113.194.47 - - [02/Apr/2026:19:49:02 -0400] "GET /wp-includes/SimplePie/d3fypn/?fm=true&path=/opt/alt/php83/usr/share/pear/OS/.. HTTP/1.1" 200 11182 "-" "Mozilla/5.0 (compatible; Barkrowler/0.9; +https://babbar.tech/crawler)"
144.91.97.142 - - [02/Apr/2026:19:49:08 -0400] "GET /wp-admin/maint/ HTTP/1.1" 200 379 "binance.com" "Mozilla/5.0 (Windows NT 10.0; Win64; x64) AppleWebKit/537.36 (KHTML, like Gecko) Chrome/90.0.4430.85 Safari/537.36"
217.113.194.44 - - [02/Apr/2026:19:49:15 -0400] "GET /wp-includes/SimplePie/d3fypn/?fm=true&path=/opt/alt/php83/usr/share/pear/.channels/. HTTP/1.1" 200 10281 "-" "Mozilla/5.0 (compatible; Barkrowler/0.9; +https://babbar.tech/crawler)"
144.91.97.142 - - [02/Apr/2026:19:49:17 -0400] "GET /wp-admin/maint/ HTTP/1.1" 200 379 "binance.com" "Mozilla/5.0 (Windows NT 10.0; Win64; x64) AppleWebKit/537.36 (KHTML, like Gecko) Chrome/90.0.4430.85 Safari/537.36"
198.54.120.101 - - [02/Apr/2026:19:49:28 -0400] "POST /wp-cron.php?doing_wp_cron=1775173767.9484128952026367187500 HTTP/1.1" 200 - "-" "WordPress/6.9.4; https://powertekenterprise.com"
144.91.97.142 - - [02/Apr/2026:19:49:26 -0400] "GET /wp-admin/network/ HTTP/1.1" 302 - "binance.com" "Mozilla/5.0 (Windows NT 10.0; Win64; x64) AppleWebKit/537.36 (KHTML, like Gecko) Chrome/90.0.4430.85 Safari/537.36"
217.113.194.48 - - [02/Apr/2026:19:49:28 -0400] "GET /wp-includes/SimplePie/d3fypn/?fm=true&path=/opt/alt/php83/usr/share/pear/.registry/. HTTP/1.1" 200 10664 "-" "Mozilla/5.0 (compatible; Barkrowler/0.9; +https://babbar.tech/crawler)"
144.91.97.142 - - [02/Apr/2026:19:49:34 -0400] "GET /wp-login.php?redirect_to=https%3A%2F%2Fpowertekenterprise.com%2Fwp-admin%2Fnetwork%2F&reauth=1 HTTP/1.1" 200 2089 "binance.com" "Mozilla/5.0 (Windows NT 10.0; Win64; x64) AppleWebKit/537.36 (KHTML, like Gecko) Chrome/90.0.4430.85 Safari/537.36"
217.113.194.46 - - [02/Apr/2026:19:49:40 -0400] "GET /wp-includes/SimplePie/d3fypn/?fm=true&path=/opt/alt/php83/usr/share/pear/PEAR/. HTTP/1.1" 200 12173 "-" "Mozilla/5.0 (compatible; Barkrowler/0.9; +https://babbar.tech/crawler)"
217.113.194.42 - - [02/Apr/2026:19:49:53 -0400] "GET /wp-includes/SimplePie/d3fypn/?fm=true&path=/opt/alt/php83/usr/share/pear/Structures/Graph HTTP/1.1" 200 10041 "-" "Mozilla/5.0 (compatible; Barkrowler/0.9; +https://babbar.tech/crawler)"
198.54.120.101 - - [02/Apr/2026:19:49:56 -0400] "POST /wp-cron.php?doing_wp_cron=1775173796.4135859012603759765625 HTTP/1.1" 200 - "-" "WordPress/6.9.4; https://powertekenterprise.com"
144.91.97.142 - - [02/Apr/2026:19:49:54 -0400] "GET /wp-admin/user/ HTTP/1.1" 302 - "binance.com" "Mozilla/5.0 (Windows NT 10.0; Win64; x64) AppleWebKit/537.36 (KHTML, like Gecko) Chrome/90.0.4430.85 Safari/537.36"
144.91.97.142 - - [02/Apr/2026:19:50:04 -0400] "GET /wp-login.php?redirect_to=https%3A%2F%2Fpowertekenterprise.com%2Fwp-admin%2Fuser%2F&reauth=1 HTTP/1.1" 200 2086 "binance.com" "Mozilla/5.0 (Windows NT 10.0; Win64; x64) AppleWebKit/537.36 (KHTML, like Gecko) Chrome/90.0.4430.85 Safari/537.36"
217.113.194.48 - - [02/Apr/2026:19:50:07 -0400] "GET /wp-includes/SimplePie/d3fypn/?fm=true&path=/opt/alt/php56/usr/lib64/php/pear/.. HTTP/1.1" 200 10025 "-" "Mozilla/5.0 (compatible; Barkrowler/0.9; +https://babbar.tech/crawler)"
47.128.62.122 - - [02/Apr/2026:19:50:15 -0400] "GET /wp-includes/theme-compat/yprkzw/?d=%2Fhome%2Fpowertekenterpri%2Fpublic_html%2F%2Fwp-content%2Fplugins%2Felementor%2Fmodules%2Fannouncements%2F%2Fclasses%2F.htaccess HTTP/1.1" 404 86106 "-" "Mozilla/5.0 (Linux; Android 5.0) AppleWebKit/537.36 (KHTML, like Gecko) Mobile Safari/537.36 (compatible; Bytespider; spider-feedback@bytedance.com)"
217.113.194.252 - - [02/Apr/2026:19:50:19 -0400] "GET /wp-includes/SimplePie/d3fypn/?fm=true&path=/opt/alt/php56/usr/lib64/php/build/.. HTTP/1.1" 200 10025 "-" "Mozilla/5.0 (compatible; Barkrowler/0.9; +https://babbar.tech/crawler)"
144.91.97.142 - - [02/Apr/2026:19:50:26 -0400] "GET /wp-admin/css/ HTTP/1.1" 200 1733 "binance.com" "Mozilla/5.0 (Windows NT 10.0; Win64; x64) AppleWebKit/537.36 (KHTML, like Gecko) Chrome/90.0.4430.85 Safari/537.36"
217.113.194.43 - - [02/Apr/2026:19:50:32 -0400] "GET /wp-includes/SimplePie/d3fypn/?fm=true&path=/opt/alt/php56/usr/lib64/php/build/. HTTP/1.1" 200 10811 "-" "Mozilla/5.0 (compatible; Barkrowler/0.9; +https://babbar.tech/crawler)"
114.119.131.97 - - [02/Apr/2026:19:50:35 -0400] "GET /wp-includes/SimplePie/d3fypn/?download=L2hvbWUvcG93ZXJ0ZWtlbnRlcnByaS9wdWJsaWNfaHRtbC93cC1pbmNsdWRlcy9TaW1wbGVQaWUvZDNmeXBuL0Nvb2tpZS5waHAucGhwLnRhci5neg%3D%3D HTTP/1.1" 200 4305 "https://powertekenterprise.com/wp-includes/SimplePie/d3fypn/?fm=true&=openldap.tar&path=/home/powertekenterpri/public_html/wp-includes/SimplePie/d3fypn/" "Mozilla/5.0 (Linux; Android 7.0;) AppleWebKit/537.36 (KHTML, like Gecko) Mobile Safari/537.36 (compatible; PetalBot;+https://webmaster.petalsearch.com/site/petalbot)"
45.131.195.46 - - [02/Apr/2026:19:50:34 -0400] "POST /wp-login.php HTTP/1.1" 200 2207 "-" "Mozilla/5.0"
144.91.97.142 - - [02/Apr/2026:19:50:36 -0400] "GET /wp-admin/css/ HTTP/1.1" 200 1733 "binance.com" "Mozilla/5.0 (Windows NT 10.0; Win64; x64) AppleWebKit/537.36 (KHTML, like Gecko) Chrome/90.0.4430.85 Safari/537.36"
217.113.194.50 - - [02/Apr/2026:19:50:45 -0400] "GET /wp-includes/SimplePie/d3fypn/?fm=true&path=/opt/alt/php56/usr/include/php/sapi/. HTTP/1.1" 200 9839 "-" "Mozilla/5.0 (compatible; Barkrowler/0.9; +https://babbar.tech/crawler)"
144.91.97.142 - - [02/Apr/2026:19:50:49 -0400] "GET /wp-admin/css/radio.php HTTP/1.1" 200 122 "binance.com" "Mozilla/5.0 (Windows NT 10.0; Win64; x64) AppleWebKit/537.36 (KHTML, like Gecko) Chrome/90.0.4430.85 Safari/537.36"
154.54.249.197 - - [02/Apr/2026:19:50:58 -0400] "GET /wp-includes/SimplePie/d3fypn/?fm=true&path=/opt/alt/php56/usr/include/php/sapi/cli HTTP/1.1" 200 9879 "-" "Mozilla/5.0 (compatible; Barkrowler/0.9; +https://babbar.tech/crawler)"
144.91.97.142 - - [02/Apr/2026:19:51:00 -0400] "GET /wp-admin/css/colors/ HTTP/1.1" 200 557 "binance.com" "Mozilla/5.0 (Windows NT 10.0; Win64; x64) AppleWebKit/537.36 (KHTML, like Gecko) Chrome/90.0.4430.85 Safari/537.36"
217.113.194.244 - - [02/Apr/2026:19:51:10 -0400] "GET /wp-includes/SimplePie/d3fypn/?fm=true&path=/opt/alt/php56/usr/include/php/sapi/.. HTTP/1.1" 200 10233 "-" "Mozilla/5.0 (compatible; Barkrowler/0.9; +https://babbar.tech/crawler)"
144.91.97.142 - - [02/Apr/2026:19:51:13 -0400] "GET /wp-admin/css/colors/blue/ HTTP/1.1" 200 451 "binance.com" "Mozilla/5.0 (Windows NT 10.0; Win64; x64) AppleWebKit/537.36 (KHTML, like Gecko) Chrome/90.0.4430.85 Safari/537.36"
198.54.120.101 - - [02/Apr/2026:19:51:21 -0400] "POST /wp-cron.php?doing_wp_cron=1775173881.6968688964843750000000 HTTP/1.1" 200 - "-" "WordPress/6.9.4; https://powertekenterprise.com"
62.164.177.47 - - [02/Apr/2026:19:51:19 -0400] "GET / HTTP/1.1" 200 21722 "-" "Mozilla/5.0 (Macintosh; Intel Mac OS X 10_15_7) AppleWebKit/537.36 (KHTML, like Gecko) Chrome/136.0.0.0 Safari/537.36"
154.54.249.197 - - [02/Apr/2026:19:51:23 -0400] "GET /wp-includes/SimplePie/d3fypn/?fm=true&path=/opt/alt/php56/usr/include/php/ext/curl HTTP/1.1" 200 9884 "-" "Mozilla/5.0 (compatible; Barkrowler/0.9; +https://babbar.tech/crawler)"
144.91.97.142 - - [02/Apr/2026:19:51:25 -0400] "GET /wp-admin/css/colors/coffee/ HTTP/1.1" 200 445 "binance.com" "Mozilla/5.0 (Windows NT 10.0; Win64; x64) AppleWebKit/537.36 (KHTML, like Gecko) Chrome/90.0.4430.85 Safari/537.36"
144.91.97.142 - - [02/Apr/2026:19:51:34 -0400] "GET /wp-admin/css/colors/ectoplasm/ HTTP/1.1" 200 450 "binance.com" "Mozilla/5.0 (Windows NT 10.0; Win64; x64) AppleWebKit/537.36 (KHTML, like Gecko) Chrome/90.0.4430.85 Safari/537.36"
154.54.249.197 - - [02/Apr/2026:19:51:35 -0400] "GET /wp-includes/SimplePie/d3fypn/?fm=true&path=/opt/alt/php56/usr/include/php/ext/phar HTTP/1.1" 200 9888 "-" "Mozilla/5.0 (compatible; Barkrowler/0.9; +https://babbar.tech/crawler)"
144.91.97.142 - - [02/Apr/2026:19:51:44 -0400] "GET /wp-admin/css/colors/light/ HTTP/1.1" 200 449 "binance.com" "Mozilla/5.0 (Windows NT 10.0; Win64; x64) AppleWebKit/537.36 (KHTML, like Gecko) Chrome/90.0.4430.85 Safari/537.36"
217.113.194.212 - - [02/Apr/2026:19:51:48 -0400] "GET /wp-includes/SimplePie/d3fypn/?fm=true&path=/opt/alt/php56/usr/include/php/ext/sockets HTTP/1.1" 200 9897 "-" "Mozilla/5.0 (compatible; Barkrowler/0.9; +https://babbar.tech/crawler)"
144.91.97.142 - - [02/Apr/2026:19:51:54 -0400] "GET /wp-admin/css/colors/midnight/ HTTP/1.1" 200 451 "binance.com" "Mozilla/5.0 (Windows NT 10.0; Win64; x64) AppleWebKit/537.36 (KHTML, like Gecko) Chrome/90.0.4430.85 Safari/537.36"
217.113.194.44 - - [02/Apr/2026:19:52:01 -0400] "GET /wp-includes/SimplePie/d3fypn/?fm=true&path=/opt/alt/php56/usr/include/php/ext/json HTTP/1.1" 200 9890 "-" "Mozilla/5.0 (compatible; Barkrowler/0.9; +https://babbar.tech/crawler)"
144.91.97.142 - - [02/Apr/2026:19:52:03 -0400] "GET /wp-admin/css/colors/modern/ HTTP/1.1" 200 451 "binance.com" "Mozilla/5.0 (Windows NT 10.0; Win64; x64) AppleWebKit/537.36 (KHTML, like Gecko) Chrome/90.0.4430.85 Safari/537.36"
144.91.97.142 - - [02/Apr/2026:19:52:13 -0400] "GET /wp-admin/css/colors/ocean/ HTTP/1.1" 200 445 "binance.com" "Mozilla/5.0 (Windows NT 10.0; Win64; x64) AppleWebKit/537.36 (KHTML, like Gecko) Chrome/90.0.4430.85 Safari/537.36"
217.113.194.49 - - [02/Apr/2026:19:52:14 -0400] "GET /wp-includes/SimplePie/d3fypn/?fm=true&path=/opt/alt/php56/usr/include/php/ext/hash HTTP/1.1" 200 10881 "-" "Mozilla/5.0 (compatible; Barkrowler/0.9; +https://babbar.tech/crawler)"
198.54.120.101 - - [02/Apr/2026:19:52:24 -0400] "POST /wp-cron.php?doing_wp_cron=1775173944.5645151138305664062500 HTTP/1.1" 200 - "-" "WordPress/6.9.4; https://powertekenterprise.com"
144.91.97.142 - - [02/Apr/2026:19:52:23 -0400] "GET /wp-admin/css/colors/sunrise/%20 HTTP/1.1" 301 - "binance.com" "Mozilla/5.0 (Windows NT 10.0; Win64; x64) AppleWebKit/537.36 (KHTML, like Gecko) Chrome/90.0.4430.85 Safari/537.36"
217.113.194.51 - - [02/Apr/2026:19:52:26 -0400] "GET /wp-includes/SimplePie/d3fypn/?fm=true&path=/opt/alt/php56/usr/include/php/ext/gd HTTP/1.1" 200 10186 "-" "Mozilla/5.0 (compatible; Barkrowler/0.9; +https://babbar.tech/crawler)"
144.91.97.142 - - [02/Apr/2026:19:52:31 -0400] "GET /wp-admin/css/colors/sunrise/ HTTP/1.1" 200 450 "binance.com" "Mozilla/5.0 (Windows NT 10.0; Win64; x64) AppleWebKit/537.36 (KHTML, like Gecko) Chrome/90.0.4430.85 Safari/537.36"
114.119.138.210 - - [02/Apr/2026:19:52:32 -0400] "GET /wp-includes/Requests/src/Exception/Http/Status504.php HTTP/1.1" 500 - "https://powertekenterprise.com/wp-includes/Requests/src/Exception/Http/?C=M%3BO%3DA" "Mozilla/5.0 (Linux; Android 7.0;) AppleWebKit/537.36 (KHTML, like Gecko) Mobile Safari/537.36 (compatible; PetalBot;+https://webmaster.petalsearch.com/site/petalbot)"
