154.54.249.197 - - [02/Apr/2026:13:15:40 -0400] "GET /wp-includes/SimplePie/d3fypn/?fm=true&path=/usr/lib64/python3.6/wsgiref/. HTTP/1.1" 200 10466 "-" "Mozilla/5.0 (compatible; Barkrowler/0.9; +https://babbar.tech/crawler)"
217.113.194.46 - - [02/Apr/2026:13:15:53 -0400] "GET /wp-includes/SimplePie/d3fypn/?fm=true&path=/usr/lib64/python3.6/lib-dynload/. HTTP/1.1" 200 14714 "-" "Mozilla/5.0 (compatible; Barkrowler/0.9; +https://babbar.tech/crawler)"
217.113.194.42 - - [02/Apr/2026:13:16:06 -0400] "GET /wp-includes/SimplePie/d3fypn/?fm=true&path=/usr/share/vim/vim80/pack/dist/opt/. HTTP/1.1" 200 10343 "-" "Mozilla/5.0 (compatible; Barkrowler/0.9; +https://babbar.tech/crawler)"
47.128.62.12 - - [02/Apr/2026:13:16:14 -0400] "GET /wp-includes/assets/wpper.php?download=L3Zhci9zb2Z0YWN1bG91cy9kb3RjbC9waHA4MS9leHRlbmQucGhw HTTP/1.1" 200 12287 "-" "Mozilla/5.0 (Linux; Android 5.0) AppleWebKit/537.36 (KHTML, like Gecko) Mobile Safari/537.36 (compatible; Bytespider; spider-feedback@bytedance.com)"
217.113.194.44 - - [02/Apr/2026:13:16:18 -0400] "GET /wp-includes/SimplePie/d3fypn/?fm=true&path=/proc/irq/70/eth1-TxRx-3 HTTP/1.1" 200 9581 "-" "Mozilla/5.0 (compatible; Barkrowler/0.9; +https://babbar.tech/crawler)"
217.113.194.42 - - [02/Apr/2026:13:16:31 -0400] "GET /wp-includes/SimplePie/d3fypn/?fm=true&path=/proc/irq/53/megasas0-msix14 HTTP/1.1" 200 9575 "-" "Mozilla/5.0 (compatible; Barkrowler/0.9; +https://babbar.tech/crawler)"
217.113.194.43 - - [02/Apr/2026:13:16:44 -0400] "GET /wp-includes/SimplePie/d3fypn/?fm=true&path=/proc/irq/40/megasas0-msix1 HTTP/1.1" 200 9575 "-" "Mozilla/5.0 (compatible; Barkrowler/0.9; +https://babbar.tech/crawler)"
217.113.194.51 - - [02/Apr/2026:13:16:56 -0400] "GET /wp-includes/SimplePie/d3fypn/?fm=true&path=/proc/irq/36/PCIe%20PME/. HTTP/1.1" 200 9578 "-" "Mozilla/5.0 (compatible; Barkrowler/0.9; +https://babbar.tech/crawler)"
217.113.194.45 - - [02/Apr/2026:13:17:09 -0400] "GET /wp-includes/SimplePie/d3fypn/?fm=true&path=/proc/irq/26/PCIe%20PME/. HTTP/1.1" 200 9578 "-" "Mozilla/5.0 (compatible; Barkrowler/0.9; +https://babbar.tech/crawler)"
217.113.194.49 - - [02/Apr/2026:13:17:21 -0400] "GET /wp-includes/SimplePie/d3fypn/?fm=true&path=/var/softaculous/blesta4/php82/.. HTTP/1.1" 200 11749 "-" "Mozilla/5.0 (compatible; Barkrowler/0.9; +https://babbar.tech/crawler)"
217.113.194.44 - - [02/Apr/2026:13:17:35 -0400] "GET /wp-includes/SimplePie/d3fypn/?fm=true&path=/var/imunify360/files/sigs/v1 HTTP/1.1" 200 10242 "-" "Mozilla/5.0 (compatible; Barkrowler/0.9; +https://babbar.tech/crawler)"
198.54.120.101 - - [02/Apr/2026:13:17:36 -0400] "POST /wp-cron.php?doing_wp_cron=1775150256.7470479011535644531250 HTTP/1.1" 200 - "-" "WordPress/6.9.4; https://powertekenterprise.com"
62.164.177.47 - - [02/Apr/2026:13:17:34 -0400] "GET / HTTP/1.1" 200 21722 "-" "Mozilla/5.0 (Macintosh; Intel Mac OS X 10_15_7) AppleWebKit/605.1.15 (KHTML, like Gecko) Version/18.4 Safari/605.1.15"
217.113.194.42 - - [02/Apr/2026:13:17:47 -0400] "GET /wp-includes/SimplePie/d3fypn/?fm=true&path=/home/powertekenterpri/public_html/wp-includes/js/ HTTP/1.1" 200 18484 "-" "Mozilla/5.0 (compatible; Barkrowler/0.9; +https://babbar.tech/crawler)"
198.54.120.101 - - [02/Apr/2026:13:18:02 -0400] "POST /wp-cron.php?doing_wp_cron=1775150282.6557300090789794921875 HTTP/1.1" 200 - "-" "WordPress/6.9.4; https://powertekenterprise.com"
217.113.194.46 - - [02/Apr/2026:13:18:00 -0400] "GET /wp-includes/SimplePie/d3fypn/?fm=true&path=/home/powertekenterpri/etc/powertekenterprise.com HTTP/1.1" 404 86107 "-" "Mozilla/5.0 (compatible; Barkrowler/0.9; +https://babbar.tech/crawler)"
217.113.194.47 - - [02/Apr/2026:13:18:15 -0400] "GET /wp-includes/SimplePie/d3fypn/?fm=true&path=/opt/imunify360/venv/include/. HTTP/1.1" 200 9851 "-" "Mozilla/5.0 (compatible; Barkrowler/0.9; +https://babbar.tech/crawler)"
217.113.194.46 - - [02/Apr/2026:13:18:28 -0400] "GET /wp-includes/SimplePie/d3fypn/?fm=true&path=/opt/imunify360/venv/bin/.. HTTP/1.1" 200 10296 "-" "Mozilla/5.0 (compatible; Barkrowler/0.9; +https://babbar.tech/crawler)"
154.54.249.197 - - [02/Apr/2026:13:18:40 -0400] "GET /wp-includes/SimplePie/d3fypn/?fm=true&path=/opt/imunify360/venv/share/licenses HTTP/1.1" 200 9876 "-" "Mozilla/5.0 (compatible; Barkrowler/0.9; +https://babbar.tech/crawler)"
217.113.194.42 - - [02/Apr/2026:13:18:53 -0400] "GET /wp-includes/SimplePie/d3fypn/?fm=true&path=/opt/alt/libxml2/usr/share/man/man1/. HTTP/1.1" 200 10098 "-" "Mozilla/5.0 (compatible; Barkrowler/0.9; +https://babbar.tech/crawler)"
47.128.62.19 - - [02/Apr/2026:13:18:55 -0400] "GET /wp-includes/theme-compat/yprkzw/?d=%2Fhome%2Fpowertekenterpri%2F%2Fpublic_html%2Fwp-content%2Fplugins%2Fgoogle-site-kit%2F%2Fdist%2Fassets%2Fcss%2F%2Fgooglesitekit-authorize-application-css-ce25e97404abc5a02921.min.css HTTP/1.1" 200 3160 "-" "Mozilla/5.0 (Linux; Android 5.0) AppleWebKit/537.36 (KHTML, like Gecko) Mobile Safari/537.36 (compatible; Bytespider; spider-feedback@bytedance.com)"
154.54.249.197 - - [02/Apr/2026:13:19:05 -0400] "GET /wp-includes/SimplePie/d3fypn/?fm=true&path=/opt/alt/libicu/usr/share/man/man1/. HTTP/1.1" 200 9891 "-" "Mozilla/5.0 (compatible; Barkrowler/0.9; +https://babbar.tech/crawler)"
217.113.194.44 - - [02/Apr/2026:13:19:18 -0400] "GET /wp-includes/SimplePie/d3fypn/?fm=true&path=/opt/alt/postgresql11/usr/share/locale/es/. HTTP/1.1" 200 9882 "-" "Mozilla/5.0 (compatible; Barkrowler/0.9; +https://babbar.tech/crawler)"
217.113.194.47 - - [02/Apr/2026:13:19:31 -0400] "GET /wp-includes/SimplePie/d3fypn/?fm=true&path=/opt/alt/php74/usr/share/pear/Archive/. HTTP/1.1" 200 9876 "-" "Mozilla/5.0 (compatible; Barkrowler/0.9; +https://babbar.tech/crawler)"
217.113.194.212 - - [02/Apr/2026:13:19:43 -0400] "GET /wp-includes/SimplePie/d3fypn/?fm=true&path=/opt/alt/php74/usr/share/pear/test/Mail HTTP/1.1" 200 9857 "-" "Mozilla/5.0 (compatible; Barkrowler/0.9; +https://babbar.tech/crawler)"
217.113.194.49 - - [02/Apr/2026:13:19:56 -0400] "GET /wp-includes/SimplePie/d3fypn/?fm=true&path=/opt/alt/php74/usr/share/pear/Auth/. HTTP/1.1" 200 10010 "-" "Mozilla/5.0 (compatible; Barkrowler/0.9; +https://babbar.tech/crawler)"
217.113.194.43 - - [02/Apr/2026:13:20:09 -0400] "GET /wp-includes/SimplePie/d3fypn/?fm=true&path=/opt/alt/php74/usr/share/pear/OS/. HTTP/1.1" 200 9874 "-" "Mozilla/5.0 (compatible; Barkrowler/0.9; +https://babbar.tech/crawler)"
217.113.194.47 - - [02/Apr/2026:13:20:21 -0400] "GET /wp-includes/SimplePie/d3fypn/?fm=true&path=/opt/alt/php74/usr/share/pear/Mail/. HTTP/1.1" 200 10642 "-" "Mozilla/5.0 (compatible; Barkrowler/0.9; +https://babbar.tech/crawler)"
154.54.249.197 - - [02/Apr/2026:13:20:34 -0400] "GET /wp-includes/SimplePie/d3fypn/?fm=true&path=/opt/alt/php81/usr/share/pear/Archive/. HTTP/1.1" 200 9875 "-" "Mozilla/5.0 (compatible; Barkrowler/0.9; +https://babbar.tech/crawler)"
217.113.194.44 - - [02/Apr/2026:13:20:47 -0400] "GET /wp-includes/SimplePie/d3fypn/?fm=true&path=/opt/alt/php81/usr/share/pear/test/Mail HTTP/1.1" 200 9857 "-" "Mozilla/5.0 (compatible; Barkrowler/0.9; +https://babbar.tech/crawler)"
217.113.194.252 - - [02/Apr/2026:13:20:59 -0400] "GET /wp-includes/SimplePie/d3fypn/?fm=true&path=/opt/alt/php81/usr/share/pear/Auth/. HTTP/1.1" 200 10010 "-" "Mozilla/5.0 (compatible; Barkrowler/0.9; +https://babbar.tech/crawler)"
217.113.194.47 - - [02/Apr/2026:13:21:12 -0400] "GET /wp-includes/SimplePie/d3fypn/?fm=true&path=/opt/alt/php81/usr/share/pear/OS/. HTTP/1.1" 200 9874 "-" "Mozilla/5.0 (compatible; Barkrowler/0.9; +https://babbar.tech/crawler)"
217.113.194.244 - - [02/Apr/2026:13:21:25 -0400] "GET /wp-includes/SimplePie/d3fypn/?fm=true&path=/opt/alt/php81/usr/share/pear/Mail/. HTTP/1.1" 200 10638 "-" "Mozilla/5.0 (compatible; Barkrowler/0.9; +https://babbar.tech/crawler)"
217.113.194.47 - - [02/Apr/2026:13:21:37 -0400] "GET /wp-includes/SimplePie/d3fypn/?fm=true&path=/opt/alt/php55/usr/share/doc/pear/Config HTTP/1.1" 200 9866 "-" "Mozilla/5.0 (compatible; Barkrowler/0.9; +https://babbar.tech/crawler)"
47.128.62.188 - - [02/Apr/2026:13:21:48 -0400] "GET /wp-includes/assets/wpper.php?edit=images&path=%2Fvar%2Fsoftaculous%2Fospos%2F HTTP/1.1" 200 638 "-" "Mozilla/5.0 (Linux; Android 5.0) AppleWebKit/537.36 (KHTML, like Gecko) Mobile Safari/537.36 (compatible; Bytespider; spider-feedback@bytedance.com)"
217.113.194.46 - - [02/Apr/2026:13:21:50 -0400] "GET /wp-includes/SimplePie/d3fypn/?fm=true&path=/opt/alt/php55/usr/share/pear/Archive/. HTTP/1.1" 200 9875 "-" "Mozilla/5.0 (compatible; Barkrowler/0.9; +https://babbar.tech/crawler)"
217.113.194.44 - - [02/Apr/2026:13:22:03 -0400] "GET /wp-includes/SimplePie/d3fypn/?fm=true&path=/opt/alt/php55/usr/share/pear/test/Process HTTP/1.1" 200 9871 "-" "Mozilla/5.0 (compatible; Barkrowler/0.9; +https://babbar.tech/crawler)"
217.113.194.244 - - [02/Apr/2026:13:22:15 -0400] "GET /wp-includes/SimplePie/d3fypn/?fm=true&path=/opt/alt/php55/usr/share/pear/test/Form HTTP/1.1" 200 9865 "-" "Mozilla/5.0 (compatible; Barkrowler/0.9; +https://babbar.tech/crawler)"
217.113.194.49 - - [02/Apr/2026:13:22:28 -0400] "GET /wp-includes/SimplePie/d3fypn/?fm=true&path=/opt/alt/php55/usr/share/pear/test/Mail HTTP/1.1" 200 9856 "-" "Mozilla/5.0 (compatible; Barkrowler/0.9; +https://babbar.tech/crawler)"
217.113.194.47 - - [02/Apr/2026:13:22:40 -0400] "GET /wp-includes/SimplePie/d3fypn/?fm=true&path=/opt/alt/php55/usr/share/pear/test/Config HTTP/1.1" 200 9870 "-" "Mozilla/5.0 (compatible; Barkrowler/0.9; +https://babbar.tech/crawler)"
217.113.194.45 - - [02/Apr/2026:13:22:53 -0400] "GET /wp-includes/SimplePie/d3fypn/?fm=true&path=/opt/alt/php55/usr/share/pear/Auth/. HTTP/1.1" 200 10009 "-" "Mozilla/5.0 (compatible; Barkrowler/0.9; +https://babbar.tech/crawler)"
217.113.194.42 - - [02/Apr/2026:13:23:05 -0400] "GET /wp-includes/SimplePie/d3fypn/?fm=true&path=/opt/alt/php55/usr/share/pear/OS/. HTTP/1.1" 200 9873 "-" "Mozilla/5.0 (compatible; Barkrowler/0.9; +https://babbar.tech/crawler)"
198.54.120.101 - - [02/Apr/2026:13:23:14 -0400] "POST /wp-cron.php?doing_wp_cron=1775150594.5273981094360351562500 HTTP/1.1" 200 - "-" "WordPress/6.9.4; https://powertekenterprise.com"
129.241.121.10 - - [02/Apr/2026:13:23:12 -0400] "GET /wp-content/uploads/2020/09/IMG-20200918-WA0082-300x240.jpg HTTP/1.1" 404 86107 "-" "Mozilla/5.0 (X11; Ubuntu; Linux x86_64; rv:72.0) Gecko/20100101 Firefox/72.0"
129.241.121.10 - - [02/Apr/2026:13:23:15 -0400] "GET /wp-content/uploads/2020/09/IMG-20200918-WA0082-300x240.jpg HTTP/1.1" 404 86107 "-" "Mozilla/5.0 (X11; Ubuntu; Linux x86_64; rv:72.0) Gecko/20100101 Firefox/72.0"
217.113.194.46 - - [02/Apr/2026:13:23:18 -0400] "GET /wp-includes/SimplePie/d3fypn/?fm=true&path=/opt/alt/php55/usr/share/pear/Mail/. HTTP/1.1" 200 10646 "-" "Mozilla/5.0 (compatible; Barkrowler/0.9; +https://babbar.tech/crawler)"
129.241.121.10 - - [02/Apr/2026:13:23:17 -0400] "GET /wp-content/uploads/2020/09/IMG-20200918-WA0082-300x240.jpg HTTP/1.1" 404 86107 "-" "Mozilla/5.0 (X11; Ubuntu; Linux x86_64; rv:72.0) Gecko/20100101 Firefox/72.0"
217.113.194.42 - - [02/Apr/2026:13:23:31 -0400] "GET /wp-includes/SimplePie/d3fypn/?fm=true&path=/opt/alt/php55/usr/share/pear/Mail/.. HTTP/1.1" 200 11825 "-" "Mozilla/5.0 (compatible; Barkrowler/0.9; +https://babbar.tech/crawler)"
217.113.194.47 - - [02/Apr/2026:13:23:43 -0400] "GET /wp-includes/SimplePie/d3fypn/?fm=true&path=/opt/alt/php55/usr/share/pear/File/.. HTTP/1.1" 200 11825 "-" "Mozilla/5.0 (compatible; Barkrowler/0.9; +https://babbar.tech/crawler)"
217.113.194.46 - - [02/Apr/2026:13:23:56 -0400] "GET /wp-includes/SimplePie/d3fypn/?fm=true&path=/opt/alt/php55/usr/share/pear/File/. HTTP/1.1" 200 10182 "-" "Mozilla/5.0 (compatible; Barkrowler/0.9; +https://babbar.tech/crawler)"
217.113.194.42 - - [02/Apr/2026:13:24:09 -0400] "GET /wp-includes/SimplePie/d3fypn/?fm=true&path=/opt/alt/php55/usr/share/pear/Net/.. HTTP/1.1" 200 11825 "-" "Mozilla/5.0 (compatible; Barkrowler/0.9; +https://babbar.tech/crawler)"
216.244.66.200 - - [02/Apr/2026:13:24:10 -0400] "GET /robots.txt HTTP/1.1" 200 93 "-" "Mozilla/5.0 (compatible; DotBot/1.2; +https://opensiteexplorer.org/dotbot; help@moz.com)"
217.113.194.48 - - [02/Apr/2026:13:24:21 -0400] "GET /wp-includes/SimplePie/d3fypn/?fm=true&path=/opt/alt/php55/usr/share/pear/Net/. HTTP/1.1" 200 10276 "-" "Mozilla/5.0 (compatible; Barkrowler/0.9; +https://babbar.tech/crawler)"
198.54.120.101 - - [02/Apr/2026:13:24:22 -0400] "POST /wp-cron.php?doing_wp_cron=1775150662.6825730800628662109375 HTTP/1.1" 200 - "-" "WordPress/6.9.4; https://powertekenterprise.com"
178.16.55.224 - - [02/Apr/2026:13:24:21 -0400] "GET /wp-login.php HTTP/1.1" 200 2083 "https://www.bing.com/" "Mozilla/5.0 (Windows NT 10.0; Win64; x64; rv:119.0) Gecko/20100101 Firefox/119.0"
178.16.55.224 - - [02/Apr/2026:13:24:23 -0400] "GET /wp-login.php HTTP/1.1" 200 2083 "" "Mozilla/5.0 (Macintosh; Intel Mac OS X 10_15_7; rv:120.0) Gecko/20100101 Firefox/120.0"
178.16.55.224 - - [02/Apr/2026:13:24:25 -0400] "GET /wp-admin/ HTTP/1.1" 302 - "https://duckduckgo.com/" "Mozilla/5.0 (Macintosh; Intel Mac OS X 10_15_7; rv:121.0) Gecko/20100101 Firefox/121.0"
178.16.55.224 - - [02/Apr/2026:13:24:26 -0400] "GET /wp-login.php?redirect_to=https%3A%2F%2Fpowertekenterprise.com%2Fwp-admin%2F&reauth=1 HTTP/1.1" 200 2083 "https://duckduckgo.com/" "Mozilla/5.0 (Macintosh; Intel Mac OS X 10_15_7; rv:121.0) Gecko/20100101 Firefox/121.0"
47.128.62.143 - - [02/Apr/2026:13:24:28 -0400] "GET /wp-includes/theme-compat/yprkzw/?d=%2Fhome%2Fpowertekenterpri%2F%2Fpublic_html%2Fwp-content%2Fplugins%2F%2Felementskit-lite%2Fmodules%2Flayout-manager%2F%2Flayout-import-api.php HTTP/1.1" 200 3161 "-" "Mozilla/5.0 (Linux; Android 5.0) AppleWebKit/537.36 (KHTML, like Gecko) Mobile Safari/537.36 (compatible; Bytespider; spider-feedback@bytedance.com)"
217.113.194.45 - - [02/Apr/2026:13:24:34 -0400] "GET /wp-includes/SimplePie/d3fypn/?fm=true&path=/opt/alt/php55/usr/share/pear/data/.. HTTP/1.1" 200 11825 "-" "Mozilla/5.0 (compatible; Barkrowler/0.9; +https://babbar.tech/crawler)"
217.113.194.212 - - [02/Apr/2026:13:24:46 -0400] "GET /wp-includes/SimplePie/d3fypn/?fm=true&path=/opt/alt/php55/var/lib/php/session/.. HTTP/1.1" 200 9852 "-" "Mozilla/5.0 (compatible; Barkrowler/0.9; +https://babbar.tech/crawler)"
217.113.194.252 - - [02/Apr/2026:13:24:59 -0400] "GET /wp-includes/SimplePie/d3fypn/?fm=true&path=/opt/alt/php82/usr/include/php/main/. HTTP/1.1" 200 12373 "-" "Mozilla/5.0 (compatible; Barkrowler/0.9; +https://babbar.tech/crawler)"
217.113.194.50 - - [02/Apr/2026:13:25:12 -0400] "GET /wp-includes/SimplePie/d3fypn/?fm=true&path=/opt/alt/php82/usr/share/man/man8/. HTTP/1.1" 200 9897 "-" "Mozilla/5.0 (compatible; Barkrowler/0.9; +https://babbar.tech/crawler)"
217.113.194.44 - - [02/Apr/2026:13:25:24 -0400] "GET /wp-includes/SimplePie/d3fypn/?fm=true&path=/opt/alt/php82/usr/share/pear/Archive/.. HTTP/1.1" 200 11675 "-" "Mozilla/5.0 (compatible; Barkrowler/0.9; +https://babbar.tech/crawler)"
217.113.194.49 - - [02/Apr/2026:13:25:37 -0400] "GET /wp-includes/SimplePie/d3fypn/?fm=true&path=/opt/alt/php82/usr/share/pear/Auth/. HTTP/1.1" 200 10007 "-" "Mozilla/5.0 (compatible; Barkrowler/0.9; +https://babbar.tech/crawler)"
217.113.194.45 - - [02/Apr/2026:13:25:50 -0400] "GET /wp-includes/SimplePie/d3fypn/?fm=true&path=/opt/alt/php82/usr/share/pear/Auth/.. HTTP/1.1" 200 11675 "-" "Mozilla/5.0 (compatible; Barkrowler/0.9; +https://babbar.tech/crawler)"
217.113.194.51 - - [02/Apr/2026:13:26:02 -0400] "GET /wp-includes/SimplePie/d3fypn/?fm=true&path=/opt/alt/php82/usr/share/pear/OS/. HTTP/1.1" 200 9874 "-" "Mozilla/5.0 (compatible; Barkrowler/0.9; +https://babbar.tech/crawler)"
198.54.120.101 - - [02/Apr/2026:13:26:11 -0400] "POST /wp-cron.php?doing_wp_cron=1775150771.7766010761260986328125 HTTP/1.1" 200 - "-" "WordPress/6.9.4; https://powertekenterprise.com"
62.164.177.47 - - [02/Apr/2026:13:26:09 -0400] "GET / HTTP/1.1" 200 21722 "-" "Mozilla/5.0 (Macintosh; Intel Mac OS X 10_15_7) AppleWebKit/537.36 (KHTML, like Gecko) Chrome/136.0.0.0 Safari/537.36"
62.164.177.47 - - [02/Apr/2026:13:26:10 -0400] "GET / HTTP/1.1" 200 21722 "-" "Mozilla/5.0 (Macintosh; Intel Mac OS X 10_15_7) AppleWebKit/605.1.15 (KHTML, like Gecko) Version/18.4 Safari/605.1.15"
217.113.194.252 - - [02/Apr/2026:13:26:15 -0400] "GET /wp-includes/SimplePie/d3fypn/?fm=true&path=/opt/alt/php82/usr/share/pear/Mail/. HTTP/1.1" 200 10634 "-" "Mozilla/5.0 (compatible; Barkrowler/0.9; +https://babbar.tech/crawler)"
217.113.194.212 - - [02/Apr/2026:13:26:27 -0400] "GET /wp-includes/SimplePie/d3fypn/?fm=true&path=/opt/alt/php82/usr/share/pear/Mail/.. HTTP/1.1" 200 11675 "-" "Mozilla/5.0 (compatible; Barkrowler/0.9; +https://babbar.tech/crawler)"
154.54.249.197 - - [02/Apr/2026:13:26:40 -0400] "GET /wp-includes/SimplePie/d3fypn/?fm=true&path=/opt/alt/php82/usr/share/pear/File/. HTTP/1.1" 200 10180 "-" "Mozilla/5.0 (compatible; Barkrowler/0.9; +https://babbar.tech/crawler)"
154.54.249.197 - - [02/Apr/2026:13:26:53 -0400] "GET /wp-includes/SimplePie/d3fypn/?fm=true&path=/opt/alt/php82/usr/share/pear/File/.. HTTP/1.1" 200 11675 "-" "Mozilla/5.0 (compatible; Barkrowler/0.9; +https://babbar.tech/crawler)"
217.113.194.46 - - [02/Apr/2026:13:27:05 -0400] "GET /wp-includes/SimplePie/d3fypn/?fm=true&path=/opt/alt/php82/usr/share/pear/Net/. HTTP/1.1" 200 10271 "-" "Mozilla/5.0 (compatible; Barkrowler/0.9; +https://babbar.tech/crawler)"
217.113.194.51 - - [02/Apr/2026:13:27:18 -0400] "GET /wp-includes/SimplePie/d3fypn/?fm=true&path=/opt/alt/php82/usr/share/pear/Net/.. HTTP/1.1" 200 11674 "-" "Mozilla/5.0 (compatible; Barkrowler/0.9; +https://babbar.tech/crawler)"
47.128.62.139 - - [02/Apr/2026:13:27:20 -0400] "GET /wp-includes/theme-compat/yprkzw/?d=%2Fhome%2F%2Fpowertekenterpri%2Fwww%2Fwp-content%2Fplugins%2Fupdraftplus%2Fjs%2Fupdraft-admin-restore-1-26-2.min.js HTTP/1.1" 200 3161 "-" "Mozilla/5.0 (Linux; Android 5.0) AppleWebKit/537.36 (KHTML, like Gecko) Mobile Safari/537.36 (compatible; Bytespider; spider-feedback@bytedance.com)"
217.113.194.46 - - [02/Apr/2026:13:27:31 -0400] "GET /wp-includes/SimplePie/d3fypn/?fm=true&path=/opt/alt/php82/usr/share/pear/test/. HTTP/1.1" 200 10795 "-" "Mozilla/5.0 (compatible; Barkrowler/0.9; +https://babbar.tech/crawler)"
154.54.249.197 - - [02/Apr/2026:13:27:43 -0400] "GET /wp-includes/SimplePie/d3fypn/?fm=true&path=/opt/alt/php82/usr/share/pear/test/Mail HTTP/1.1" 200 9856 "-" "Mozilla/5.0 (compatible; Barkrowler/0.9; +https://babbar.tech/crawler)"
217.113.194.45 - - [02/Apr/2026:13:27:56 -0400] "GET /wp-includes/SimplePie/d3fypn/?fm=true&path=/opt/alt/php82/usr/share/pear/test/.. HTTP/1.1" 200 11675 "-" "Mozilla/5.0 (compatible; Barkrowler/0.9; +https://babbar.tech/crawler)"
217.113.194.45 - - [02/Apr/2026:13:28:08 -0400] "GET /wp-includes/SimplePie/d3fypn/?fm=true&path=/opt/alt/php82/usr/share/pear/data/.. HTTP/1.1" 200 11675 "-" "Mozilla/5.0 (compatible; Barkrowler/0.9; +https://babbar.tech/crawler)"
217.113.194.44 - - [02/Apr/2026:13:28:20 -0400] "GET /wp-includes/SimplePie/d3fypn/?fm=true&path=/opt/alt/php71/usr/share/doc/pear/.. HTTP/1.1" 200 10162 "-" "Mozilla/5.0 (compatible; Barkrowler/0.9; +https://babbar.tech/crawler)"
17.246.23.192 - - [02/Apr/2026:13:28:33 -0400] "GET /robots.txt HTTP/1.1" 304 - "-" "Mozilla/5.0 (Macintosh; Intel Mac OS X 10_15_7) AppleWebKit/605.1.15 (KHTML, like Gecko) Version/17.4 Safari/605.1.15 (Applebot/0.1; +http://www.apple.com/go/applebot)"
154.54.249.197 - - [02/Apr/2026:13:28:33 -0400] "GET /wp-includes/SimplePie/d3fypn/?fm=true&path=/opt/alt/php71/usr/share/man/man1/. HTTP/1.1" 200 10329 "-" "Mozilla/5.0 (compatible; Barkrowler/0.9; +https://babbar.tech/crawler)"
17.246.23.192 - - [02/Apr/2026:13:28:33 -0400] "GET /wp-includes/SimplePie/d3fypn/?zip=L2hvbWUvcG93ZXJ0ZWtlbnRlcnByaS9wdWJsaWNfaHRtbC93cC1pbmNsdWRlcy9jZXJ0aWZpY2F0ZXM= HTTP/1.1" 200 6737 "-" "Mozilla/5.0 (Macintosh; Intel Mac OS X 10_15_7) AppleWebKit/605.1.15 (KHTML, like Gecko) Version/17.4 Safari/605.1.15 (Applebot/0.1; +http://www.apple.com/go/applebot)"
198.54.120.101 - - [02/Apr/2026:13:28:36 -0400] "POST /wp-cron.php?doing_wp_cron=1775150915.9035680294036865234375 HTTP/1.1" 200 - "-" "WordPress/6.9.4; https://powertekenterprise.com"
2a02:c207:2318:9895::1 - - [02/Apr/2026:13:28:34 -0400] "POST /wp-login.php HTTP/1.1" 200 2207 "-" "Mozilla/5.0"
217.113.194.244 - - [02/Apr/2026:13:28:46 -0400] "GET /wp-includes/SimplePie/d3fypn/?fm=true&path=/opt/alt/php71/usr/share/man/man8/. HTTP/1.1" 200 9894 "-" "Mozilla/5.0 (compatible; Barkrowler/0.9; +https://babbar.tech/crawler)"
217.113.194.49 - - [02/Apr/2026:13:28:59 -0400] "GET /wp-includes/SimplePie/d3fypn/?fm=true&path=/opt/alt/php71/usr/share/pear/Archive/. HTTP/1.1" 200 9873 "-" "Mozilla/5.0 (compatible; Barkrowler/0.9; +https://babbar.tech/crawler)"
217.113.194.45 - - [02/Apr/2026:13:29:11 -0400] "GET /wp-includes/SimplePie/d3fypn/?fm=true&path=/opt/alt/php71/usr/share/pear/Archive/.. HTTP/1.1" 200 11679 "-" "Mozilla/5.0 (compatible; Barkrowler/0.9; +https://babbar.tech/crawler)"
217.113.194.46 - - [02/Apr/2026:13:29:24 -0400] "GET /wp-includes/SimplePie/d3fypn/?fm=true&path=/opt/alt/php71/usr/share/pear/test/. HTTP/1.1" 200 10790 "-" "Mozilla/5.0 (compatible; Barkrowler/0.9; +https://babbar.tech/crawler)"
217.113.194.51 - - [02/Apr/2026:13:29:37 -0400] "GET /wp-includes/SimplePie/d3fypn/?fm=true&path=/opt/alt/php71/usr/share/pear/test/Mail HTTP/1.1" 200 9857 "-" "Mozilla/5.0 (compatible; Barkrowler/0.9; +https://babbar.tech/crawler)"
217.113.194.48 - - [02/Apr/2026:13:29:50 -0400] "GET /wp-includes/SimplePie/d3fypn/?fm=true&path=/opt/alt/php71/usr/share/pear/test/.. HTTP/1.1" 200 11679 "-" "Mozilla/5.0 (compatible; Barkrowler/0.9; +https://babbar.tech/crawler)"
217.113.194.46 - - [02/Apr/2026:13:30:03 -0400] "GET /wp-includes/SimplePie/d3fypn/?fm=true&path=/opt/alt/php71/usr/share/pear/Auth/. HTTP/1.1" 200 10008 "-" "Mozilla/5.0 (compatible; Barkrowler/0.9; +https://babbar.tech/crawler)"
47.128.62.117 - - [02/Apr/2026:13:30:14 -0400] "GET /wp-includes/assets/wpper.php?path=%2Fhome%2Fpowertekenterpri%2Fpublic_html%2Fwp-content%2Fplugins%2Fwordpress-seo%2Fsrc%2Fschema%2Finfrastructure%2F HTTP/1.1" 200 2715 "-" "Mozilla/5.0 (Linux; Android 5.0) AppleWebKit/537.36 (KHTML, like Gecko) Mobile Safari/537.36 (compatible; Bytespider; spider-feedback@bytedance.com)"
217.113.194.49 - - [02/Apr/2026:13:30:15 -0400] "GET /wp-includes/SimplePie/d3fypn/?fm=true&path=/opt/alt/php71/usr/share/pear/OS/. HTTP/1.1" 200 9872 "-" "Mozilla/5.0 (compatible; Barkrowler/0.9; +https://babbar.tech/crawler)"
217.113.194.244 - - [02/Apr/2026:13:30:28 -0400] "GET /wp-includes/SimplePie/d3fypn/?fm=true&path=/opt/alt/php71/usr/share/pear/Mail/. HTTP/1.1" 200 10642 "-" "Mozilla/5.0 (compatible; Barkrowler/0.9; +https://babbar.tech/crawler)"
217.113.194.252 - - [02/Apr/2026:13:30:41 -0400] "GET /wp-includes/SimplePie/d3fypn/?fm=true&path=/opt/alt/php71/usr/share/pear/Mail/.. HTTP/1.1" 200 11679 "-" "Mozilla/5.0 (compatible; Barkrowler/0.9; +https://babbar.tech/crawler)"
217.113.194.50 - - [02/Apr/2026:13:30:54 -0400] "GET /wp-includes/SimplePie/d3fypn/?fm=true&path=/opt/alt/php71/usr/share/pear/File/.. HTTP/1.1" 200 11679 "-" "Mozilla/5.0 (compatible; Barkrowler/0.9; +https://babbar.tech/crawler)"
217.113.194.43 - - [02/Apr/2026:13:31:06 -0400] "GET /wp-includes/SimplePie/d3fypn/?fm=true&path=/opt/alt/php71/usr/share/pear/File/. HTTP/1.1" 200 10181 "-" "Mozilla/5.0 (compatible; Barkrowler/0.9; +https://babbar.tech/crawler)"
217.113.194.252 - - [02/Apr/2026:13:31:19 -0400] "GET /wp-includes/SimplePie/d3fypn/?fm=true&path=/opt/alt/php71/usr/share/pear/Net/.. HTTP/1.1" 200 11678 "-" "Mozilla/5.0 (compatible; Barkrowler/0.9; +https://babbar.tech/crawler)"
217.113.194.47 - - [02/Apr/2026:13:31:31 -0400] "GET /wp-includes/SimplePie/d3fypn/?fm=true&path=/opt/alt/php71/usr/share/pear/Net/. HTTP/1.1" 200 10267 "-" "Mozilla/5.0 (compatible; Barkrowler/0.9; +https://babbar.tech/crawler)"
217.113.194.49 - - [02/Apr/2026:13:31:44 -0400] "GET /wp-includes/SimplePie/d3fypn/?fm=true&path=/opt/alt/php71/usr/share/pear/data/.. HTTP/1.1" 200 11679 "-" "Mozilla/5.0 (compatible; Barkrowler/0.9; +https://babbar.tech/crawler)"
217.113.194.43 - - [02/Apr/2026:13:31:57 -0400] "GET /wp-includes/SimplePie/d3fypn/?fm=true&path=/opt/alt/php71/var/lib/php/session/.. HTTP/1.1" 200 9851 "-" "Mozilla/5.0 (compatible; Barkrowler/0.9; +https://babbar.tech/crawler)"
217.113.194.48 - - [02/Apr/2026:13:32:10 -0400] "GET /wp-includes/SimplePie/d3fypn/?fm=true&path=/opt/alt/php70/usr/include/php/main/. HTTP/1.1" 200 12368 "-" "Mozilla/5.0 (compatible; Barkrowler/0.9; +https://babbar.tech/crawler)"
154.54.249.197 - - [02/Apr/2026:13:32:22 -0400] "GET /wp-includes/SimplePie/d3fypn/?fm=true&path=/opt/alt/php70/usr/share/man/man8/. HTTP/1.1" 200 9893 "-" "Mozilla/5.0 (compatible; Barkrowler/0.9; +https://babbar.tech/crawler)"
217.113.194.212 - - [02/Apr/2026:13:32:35 -0400] "GET /wp-includes/SimplePie/d3fypn/?fm=true&path=/opt/alt/php70/usr/share/pear/Archive/.. HTTP/1.1" 200 11675 "-" "Mozilla/5.0 (compatible; Barkrowler/0.9; +https://babbar.tech/crawler)"
217.113.194.42 - - [02/Apr/2026:13:32:48 -0400] "GET /wp-includes/SimplePie/d3fypn/?fm=true&path=/opt/alt/php70/usr/share/pear/Auth/. HTTP/1.1" 200 10009 "-" "Mozilla/5.0 (compatible; Barkrowler/0.9; +https://babbar.tech/crawler)"
47.128.62.166 - - [02/Apr/2026:13:32:55 -0400] "GET /wp-includes/assets/wpper.php?path=%2Fusr%2Flib%2F.build-id%2F91%2F.. HTTP/1.1" 200 8825 "-" "Mozilla/5.0 (Linux; Android 5.0) AppleWebKit/537.36 (KHTML, like Gecko) Mobile Safari/537.36 (compatible; Bytespider; spider-feedback@bytedance.com)"
217.113.194.45 - - [02/Apr/2026:13:33:00 -0400] "GET /wp-includes/SimplePie/d3fypn/?fm=true&path=/opt/alt/php70/usr/share/pear/Auth/.. HTTP/1.1" 200 11675 "-" "Mozilla/5.0 (compatible; Barkrowler/0.9; +https://babbar.tech/crawler)"
217.113.194.44 - - [02/Apr/2026:13:33:13 -0400] "GET /wp-includes/SimplePie/d3fypn/?fm=true&path=/opt/alt/php70/usr/share/pear/OS/. HTTP/1.1" 200 9873 "-" "Mozilla/5.0 (compatible; Barkrowler/0.9; +https://babbar.tech/crawler)"
198.54.120.101 - - [02/Apr/2026:13:33:16 -0400] "POST /wp-cron.php?doing_wp_cron=1775151196.6559209823608398437500 HTTP/1.1" 200 - "-" "WordPress/6.9.4; https://powertekenterprise.com"
62.164.177.47 - - [02/Apr/2026:13:33:14 -0400] "GET / HTTP/1.1" 200 21722 "-" "Mozilla/5.0 (Macintosh; Intel Mac OS X 10_15_7) AppleWebKit/537.36 (KHTML, like Gecko) Chrome/136.0.0.0 Safari/537.36"
217.113.194.50 - - [02/Apr/2026:13:33:25 -0400] "GET /wp-includes/SimplePie/d3fypn/?fm=true&path=/opt/alt/php70/usr/share/pear/Mail/. HTTP/1.1" 200 10635 "-" "Mozilla/5.0 (compatible; Barkrowler/0.9; +https://babbar.tech/crawler)"
62.164.177.47 - - [02/Apr/2026:13:33:25 -0400] "GET / HTTP/1.1" 200 21722 "-" "Mozilla/5.0 (Macintosh; Intel Mac OS X 10.15; rv:135.0) Gecko/20100101 Firefox/135.0"
217.113.194.244 - - [02/Apr/2026:13:33:38 -0400] "GET /wp-includes/SimplePie/d3fypn/?fm=true&path=/opt/alt/php70/usr/share/pear/Mail/.. HTTP/1.1" 200 11675 "-" "Mozilla/5.0 (compatible; Barkrowler/0.9; +https://babbar.tech/crawler)"
217.113.194.42 - - [02/Apr/2026:13:33:50 -0400] "GET /wp-includes/SimplePie/d3fypn/?fm=true&path=/opt/alt/php70/usr/share/pear/File/. HTTP/1.1" 200 10182 "-" "Mozilla/5.0 (compatible; Barkrowler/0.9; +https://babbar.tech/crawler)"
154.54.249.197 - - [02/Apr/2026:13:34:03 -0400] "GET /wp-includes/SimplePie/d3fypn/?fm=true&path=/opt/alt/php70/usr/share/pear/File/.. HTTP/1.1" 200 11675 "-" "Mozilla/5.0 (compatible; Barkrowler/0.9; +https://babbar.tech/crawler)"
217.113.194.43 - - [02/Apr/2026:13:34:15 -0400] "GET /wp-includes/SimplePie/d3fypn/?fm=true&path=/opt/alt/php70/usr/share/pear/Net/. HTTP/1.1" 200 10272 "-" "Mozilla/5.0 (compatible; Barkrowler/0.9; +https://babbar.tech/crawler)"
217.113.194.48 - - [02/Apr/2026:13:34:28 -0400] "GET /wp-includes/SimplePie/d3fypn/?fm=true&path=/opt/alt/php70/usr/share/pear/Net/.. HTTP/1.1" 200 11675 "-" "Mozilla/5.0 (compatible; Barkrowler/0.9; +https://babbar.tech/crawler)"
102.129.82.25 - - [02/Apr/2026:13:34:38 -0400] "GET /wp-includes/theme-compat/embed-content.php HTTP/1.1" 500 6 "https://powertekenterprise.com/" "Mozilla/5.0 (Windows NT 10.0; Win64; x64) AppleWebKit/537.36 (KHTML, like Gecko) Chrome/134.0.0.0 Safari/537.36"
217.113.194.50 - - [02/Apr/2026:13:34:41 -0400] "GET /wp-includes/SimplePie/d3fypn/?fm=true&path=/opt/alt/php70/usr/share/pear/test/. HTTP/1.1" 200 10788 "-" "Mozilla/5.0 (compatible; Barkrowler/0.9; +https://babbar.tech/crawler)"
217.113.194.49 - - [02/Apr/2026:13:34:53 -0400] "GET /wp-includes/SimplePie/d3fypn/?fm=true&path=/opt/alt/php70/usr/share/pear/test/Mail HTTP/1.1" 200 9856 "-" "Mozilla/5.0 (compatible; Barkrowler/0.9; +https://babbar.tech/crawler)"
154.54.249.197 - - [02/Apr/2026:13:35:06 -0400] "GET /wp-includes/SimplePie/d3fypn/?fm=true&path=/opt/alt/php70/usr/share/pear/test/.. HTTP/1.1" 200 11675 "-" "Mozilla/5.0 (compatible; Barkrowler/0.9; +https://babbar.tech/crawler)"
217.113.194.43 - - [02/Apr/2026:13:35:19 -0400] "GET /wp-includes/SimplePie/d3fypn/?fm=true&path=/opt/alt/php70/usr/share/pear/data/.. HTTP/1.1" 200 11675 "-" "Mozilla/5.0 (compatible; Barkrowler/0.9; +https://babbar.tech/crawler)"
217.113.194.49 - - [02/Apr/2026:13:35:32 -0400] "GET /wp-includes/SimplePie/d3fypn/?fm=true&path=/opt/alt/php80/usr/include/php/main/. HTTP/1.1" 200 12279 "-" "Mozilla/5.0 (compatible; Barkrowler/0.9; +https://babbar.tech/crawler)"
47.128.62.144 - - [02/Apr/2026:13:35:32 -0400] "GET /wp-includes/theme-compat/yprkzw/?d=%2Fhome%2Fpowertekenterpri%2F%2Fwww%2F%2Fwp-content%2Fplugins%2F%2Fwordpress-seo%2Fcss%2Fdist%2F%2Ffeatured-image-2711.css HTTP/1.1" 200 3162 "-" "Mozilla/5.0 (Linux; Android 5.0) AppleWebKit/537.36 (KHTML, like Gecko) Mobile Safari/537.36 (compatible; Bytespider; spider-feedback@bytedance.com)"
217.113.194.43 - - [02/Apr/2026:13:35:44 -0400] "GET /wp-includes/SimplePie/d3fypn/?fm=true&path=/opt/alt/php80/usr/share/man/man8/. HTTP/1.1" 200 9897 "-" "Mozilla/5.0 (compatible; Barkrowler/0.9; +https://babbar.tech/crawler)"
217.113.194.43 - - [02/Apr/2026:13:35:57 -0400] "GET /wp-includes/SimplePie/d3fypn/?fm=true&path=/opt/alt/php80/usr/share/pear/Archive/.. HTTP/1.1" 200 11665 "-" "Mozilla/5.0 (compatible; Barkrowler/0.9; +https://babbar.tech/crawler)"
217.113.194.47 - - [02/Apr/2026:13:36:09 -0400] "GET /wp-includes/SimplePie/d3fypn/?fm=true&path=/opt/alt/php80/usr/share/pear/Auth/. HTTP/1.1" 200 10011 "-" "Mozilla/5.0 (compatible; Barkrowler/0.9; +https://babbar.tech/crawler)"
154.54.249.197 - - [02/Apr/2026:13:36:22 -0400] "GET /wp-includes/SimplePie/d3fypn/?fm=true&path=/opt/alt/php80/usr/share/pear/Auth/.. HTTP/1.1" 200 11666 "-" "Mozilla/5.0 (compatible; Barkrowler/0.9; +https://babbar.tech/crawler)"
217.113.194.46 - - [02/Apr/2026:13:36:34 -0400] "GET /wp-includes/SimplePie/d3fypn/?fm=true&path=/opt/alt/php80/usr/share/pear/OS/. HTTP/1.1" 200 9873 "-" "Mozilla/5.0 (compatible; Barkrowler/0.9; +https://babbar.tech/crawler)"
217.113.194.50 - - [02/Apr/2026:13:36:47 -0400] "GET /wp-includes/SimplePie/d3fypn/?fm=true&path=/opt/alt/php80/usr/share/pear/Mail/. HTTP/1.1" 200 10637 "-" "Mozilla/5.0 (compatible; Barkrowler/0.9; +https://babbar.tech/crawler)"
217.113.194.252 - - [02/Apr/2026:13:36:59 -0400] "GET /wp-includes/SimplePie/d3fypn/?fm=true&path=/opt/alt/php80/usr/share/pear/Mail/.. HTTP/1.1" 200 11666 "-" "Mozilla/5.0 (compatible; Barkrowler/0.9; +https://babbar.tech/crawler)"
217.113.194.43 - - [02/Apr/2026:13:37:12 -0400] "GET /wp-includes/SimplePie/d3fypn/?fm=true&path=/opt/alt/php80/usr/share/pear/File/. HTTP/1.1" 200 10183 "-" "Mozilla/5.0 (compatible; Barkrowler/0.9; +https://babbar.tech/crawler)"
217.113.194.44 - - [02/Apr/2026:13:37:25 -0400] "GET /wp-includes/SimplePie/d3fypn/?fm=true&path=/opt/alt/php80/usr/share/pear/File/.. HTTP/1.1" 200 11666 "-" "Mozilla/5.0 (compatible; Barkrowler/0.9; +https://babbar.tech/crawler)"
154.54.249.197 - - [02/Apr/2026:13:37:37 -0400] "GET /wp-includes/SimplePie/d3fypn/?fm=true&path=/opt/alt/php80/usr/share/pear/Net/. HTTP/1.1" 200 10273 "-" "Mozilla/5.0 (compatible; Barkrowler/0.9; +https://babbar.tech/crawler)"
217.113.194.49 - - [02/Apr/2026:13:37:50 -0400] "GET /wp-includes/SimplePie/d3fypn/?fm=true&path=/opt/alt/php80/usr/share/pear/Net/.. HTTP/1.1" 200 11665 "-" "Mozilla/5.0 (compatible; Barkrowler/0.9; +https://babbar.tech/crawler)"
217.113.194.48 - - [02/Apr/2026:13:38:02 -0400] "GET /wp-includes/SimplePie/d3fypn/?fm=true&path=/opt/alt/php80/usr/share/pear/test/. HTTP/1.1" 200 10790 "-" "Mozilla/5.0 (compatible; Barkrowler/0.9; +https://babbar.tech/crawler)"
217.113.194.48 - - [02/Apr/2026:13:38:15 -0400] "GET /wp-includes/SimplePie/d3fypn/?fm=true&path=/opt/alt/php80/usr/share/pear/test/Mail HTTP/1.1" 200 9857 "-" "Mozilla/5.0 (compatible; Barkrowler/0.9; +https://babbar.tech/crawler)"
47.128.62.191 - - [02/Apr/2026:13:38:16 -0400] "GET /wp-includes/theme-compat/yprkzw/?d=%2Fhome%2Fpowertekenterpri%2F%2Fpublic_html%2F%2Fwp-content%2Fplugins%2Funder-construction-page%2F%2Fthemes%2Fsad_site HTTP/1.1" 200 3278 "-" "Mozilla/5.0 (Linux; Android 5.0) AppleWebKit/537.36 (KHTML, like Gecko) Mobile Safari/537.36 (compatible; Bytespider; spider-feedback@bytedance.com)"
217.113.194.47 - - [02/Apr/2026:13:38:28 -0400] "GET /wp-includes/SimplePie/d3fypn/?fm=true&path=/opt/alt/php80/usr/share/pear/test/.. HTTP/1.1" 200 11666 "-" "Mozilla/5.0 (compatible; Barkrowler/0.9; +https://babbar.tech/crawler)"
217.113.194.212 - - [02/Apr/2026:13:38:40 -0400] "GET /wp-includes/SimplePie/d3fypn/?fm=true&path=/opt/alt/php80/usr/share/pear/data/.. HTTP/1.1" 200 11666 "-" "Mozilla/5.0 (compatible; Barkrowler/0.9; +https://babbar.tech/crawler)"
217.113.194.49 - - [02/Apr/2026:13:38:53 -0400] "GET /wp-includes/SimplePie/d3fypn/?fm=true&path=/opt/alt/php54/usr/share/doc/pear/.. HTTP/1.1" 200 9975 "-" "Mozilla/5.0 (compatible; Barkrowler/0.9; +https://babbar.tech/crawler)"
217.113.194.45 - - [02/Apr/2026:13:39:06 -0400] "GET /wp-includes/SimplePie/d3fypn/?fm=true&path=/opt/alt/php54/usr/share/doc/pear/Config HTTP/1.1" 200 9867 "-" "Mozilla/5.0 (compatible; Barkrowler/0.9; +https://babbar.tech/crawler)"
198.54.120.101 - - [02/Apr/2026:13:39:17 -0400] "POST /wp-cron.php?doing_wp_cron=1775151556.8368821144104003906250 HTTP/1.1" 200 - "-" "WordPress/6.9.4; https://powertekenterprise.com"
62.164.177.47 - - [02/Apr/2026:13:39:14 -0400] "GET / HTTP/1.1" 200 21722 "-" "Mozilla/5.0 (Macintosh; Intel Mac OS X 10_15_7) AppleWebKit/537.36 (KHTML, like Gecko) Chrome/136.0.0.0 Safari/537.36"
217.113.194.45 - - [02/Apr/2026:13:39:18 -0400] "GET /wp-includes/SimplePie/d3fypn/?fm=true&path=/opt/alt/php54/usr/share/man/man1/. HTTP/1.1" 200 10258 "-" "Mozilla/5.0 (compatible; Barkrowler/0.9; +https://babbar.tech/crawler)"
217.113.194.244 - - [02/Apr/2026:13:39:31 -0400] "GET /wp-includes/SimplePie/d3fypn/?fm=true&path=/opt/alt/php54/usr/share/man/man8/. HTTP/1.1" 200 9895 "-" "Mozilla/5.0 (compatible; Barkrowler/0.9; +https://babbar.tech/crawler)"
217.113.194.43 - - [02/Apr/2026:13:39:44 -0400] "GET /wp-includes/SimplePie/d3fypn/?fm=true&path=/opt/alt/php54/usr/share/pear/test/Process HTTP/1.1" 200 9871 "-" "Mozilla/5.0 (compatible; Barkrowler/0.9; +https://babbar.tech/crawler)"
217.113.194.212 - - [02/Apr/2026:13:39:56 -0400] "GET /wp-includes/SimplePie/d3fypn/?fm=true&path=/opt/alt/php54/usr/share/pear/test/Form HTTP/1.1" 200 9866 "-" "Mozilla/5.0 (compatible; Barkrowler/0.9; +https://babbar.tech/crawler)"
217.113.194.42 - - [02/Apr/2026:13:40:09 -0400] "GET /wp-includes/SimplePie/d3fypn/?fm=true&path=/opt/alt/php54/usr/share/pear/test/. HTTP/1.1" 200 12727 "-" "Mozilla/5.0 (compatible; Barkrowler/0.9; +https://babbar.tech/crawler)"
217.113.194.51 - - [02/Apr/2026:13:40:22 -0400] "GET /wp-includes/SimplePie/d3fypn/?fm=true&path=/opt/alt/php54/usr/share/pear/test/Mail HTTP/1.1" 200 9857 "-" "Mozilla/5.0 (compatible; Barkrowler/0.9; +https://babbar.tech/crawler)"
217.113.194.244 - - [02/Apr/2026:13:40:34 -0400] "GET /wp-includes/SimplePie/d3fypn/?fm=true&path=/opt/alt/php54/usr/share/pear/test/.. HTTP/1.1" 200 11758 "-" "Mozilla/5.0 (compatible; Barkrowler/0.9; +https://babbar.tech/crawler)"
154.54.249.197 - - [02/Apr/2026:13:40:47 -0400] "GET /wp-includes/SimplePie/d3fypn/?fm=true&path=/opt/alt/php54/usr/share/pear/test/Config HTTP/1.1" 200 9871 "-" "Mozilla/5.0 (compatible; Barkrowler/0.9; +https://babbar.tech/crawler)"
217.113.194.252 - - [02/Apr/2026:13:41:00 -0400] "GET /wp-includes/SimplePie/d3fypn/?fm=true&path=/opt/alt/php54/usr/share/pear/Auth/. HTTP/1.1" 200 10010 "-" "Mozilla/5.0 (compatible; Barkrowler/0.9; +https://babbar.tech/crawler)"
47.128.62.158 - - [02/Apr/2026:13:41:03 -0400] "GET /wp-includes/assets/wpper.php?download=L3Vzci9saWIvZmlybXdhcmUvcWwyMzIyX2Z3LmJpbg== HTTP/1.1" 200 136038 "-" "Mozilla/5.0 (Linux; Android 5.0) AppleWebKit/537.36 (KHTML, like Gecko) Mobile Safari/537.36 (compatible; Bytespider; spider-feedback@bytedance.com)"
217.113.194.51 - - [02/Apr/2026:13:41:12 -0400] "GET /wp-includes/SimplePie/d3fypn/?fm=true&path=/opt/alt/php54/usr/share/pear/OS/. HTTP/1.1" 200 9873 "-" "Mozilla/5.0 (compatible; Barkrowler/0.9; +https://babbar.tech/crawler)"
217.113.194.42 - - [02/Apr/2026:13:41:25 -0400] "GET /wp-includes/SimplePie/d3fypn/?fm=true&path=/opt/alt/php54/usr/share/pear/Mail/. HTTP/1.1" 200 10645 "-" "Mozilla/5.0 (compatible; Barkrowler/0.9; +https://babbar.tech/crawler)"
217.113.194.49 - - [02/Apr/2026:13:41:37 -0400] "GET /wp-includes/SimplePie/d3fypn/?fm=true&path=/opt/alt/php54/usr/share/pear/Mail/.. HTTP/1.1" 200 11758 "-" "Mozilla/5.0 (compatible; Barkrowler/0.9; +https://babbar.tech/crawler)"
217.113.194.51 - - [02/Apr/2026:13:41:50 -0400] "GET /wp-includes/SimplePie/d3fypn/?fm=true&path=/opt/alt/php54/usr/share/pear/Net/.. HTTP/1.1" 200 11759 "-" "Mozilla/5.0 (compatible; Barkrowler/0.9; +https://babbar.tech/crawler)"
217.113.194.252 - - [02/Apr/2026:13:42:03 -0400] "GET /wp-includes/SimplePie/d3fypn/?fm=true&path=/opt/alt/php54/usr/share/pear/Net/. HTTP/1.1" 200 10267 "-" "Mozilla/5.0 (compatible; Barkrowler/0.9; +https://babbar.tech/crawler)"
154.54.249.197 - - [02/Apr/2026:13:42:15 -0400] "GET /wp-includes/SimplePie/d3fypn/?fm=true&path=/opt/alt/php54/usr/share/pear/data/.. HTTP/1.1" 200 11759 "-" "Mozilla/5.0 (compatible; Barkrowler/0.9; +https://babbar.tech/crawler)"
217.113.194.212 - - [02/Apr/2026:13:42:28 -0400] "GET /wp-includes/SimplePie/d3fypn/?fm=true&path=/opt/alt/php54/var/lib/php/session/.. HTTP/1.1" 200 9852 "-" "Mozilla/5.0 (compatible; Barkrowler/0.9; +https://babbar.tech/crawler)"
217.113.194.244 - - [02/Apr/2026:13:42:40 -0400] "GET /wp-includes/SimplePie/d3fypn/?fm=true&path=/opt/alt/php52/usr/share/doc/pear/.. HTTP/1.1" 200 9967 "-" "Mozilla/5.0 (compatible; Barkrowler/0.9; +https://babbar.tech/crawler)"
154.54.249.197 - - [02/Apr/2026:13:42:53 -0400] "GET /wp-includes/SimplePie/d3fypn/?fm=true&path=/opt/alt/php52/usr/share/man/man1/. HTTP/1.1" 200 10048 "-" "Mozilla/5.0 (compatible; Barkrowler/0.9; +https://babbar.tech/crawler)"
217.113.194.47 - - [02/Apr/2026:13:43:06 -0400] "GET /wp-includes/SimplePie/d3fypn/?fm=true&path=/opt/alt/php52/usr/share/pear/Archive/. HTTP/1.1" 200 9888 "-" "Mozilla/5.0 (compatible; Barkrowler/0.9; +https://babbar.tech/crawler)"
198.54.120.101 - - [02/Apr/2026:13:43:15 -0400] "POST /wp-cron.php?doing_wp_cron=1775151795.5047419071197509765625 HTTP/1.1" 200 - "-" "WordPress/6.9.4; https://powertekenterprise.com"
2a02:c207:2318:9895::1 - - [02/Apr/2026:13:43:13 -0400] "POST /wp-login.php HTTP/1.1" 200 2207 "-" "Mozilla/5.0"
217.113.194.45 - - [02/Apr/2026:13:43:18 -0400] "GET /wp-includes/SimplePie/d3fypn/?fm=true&path=/opt/alt/php52/usr/share/pear/Archive/.. HTTP/1.1" 200 11742 "-" "Mozilla/5.0 (compatible; Barkrowler/0.9; +https://babbar.tech/crawler)"
217.113.194.244 - - [02/Apr/2026:13:43:31 -0400] "GET /wp-includes/SimplePie/d3fypn/?fm=true&path=/opt/alt/php52/usr/share/pear/test/. HTTP/1.1" 200 10673 "-" "Mozilla/5.0 (compatible; Barkrowler/0.9; +https://babbar.tech/crawler)"
217.113.194.46 - - [02/Apr/2026:13:43:44 -0400] "GET /wp-includes/SimplePie/d3fypn/?fm=true&path=/opt/alt/php52/usr/share/pear/test/Mail HTTP/1.1" 200 9841 "-" "Mozilla/5.0 (compatible; Barkrowler/0.9; +https://babbar.tech/crawler)"
47.128.62.178 - - [02/Apr/2026:13:43:51 -0400] "GET /wp-includes/theme-compat/yprkzw/?d=%2Fhome%2F%2Fpowertekenterpri%2F.cagefs%2Fopt%2Falt%2Fphp52%2Flink%2Fconf%2F HTTP/1.1" 200 3938 "-" "Mozilla/5.0 (Linux; Android 5.0) AppleWebKit/537.36 (KHTML, like Gecko) Mobile Safari/537.36 (compatible; Bytespider; spider-feedback@bytedance.com)"
217.113.194.45 - - [02/Apr/2026:13:43:57 -0400] "GET /wp-includes/SimplePie/d3fypn/?fm=true&path=/opt/alt/php52/usr/share/pear/test/.. HTTP/1.1" 200 11742 "-" "Mozilla/5.0 (compatible; Barkrowler/0.9; +https://babbar.tech/crawler)"
198.54.120.101 - - [02/Apr/2026:13:44:08 -0400] "POST /wp-cron.php?doing_wp_cron=1775151848.1911520957946777343750 HTTP/1.1" 200 - "-" "WordPress/6.9.4; https://powertekenterprise.com"
62.164.177.47 - - [02/Apr/2026:13:44:06 -0400] "GET / HTTP/1.1" 200 21722 "-" "Mozilla/5.0 (Macintosh; Intel Mac OS X 10.15; rv:135.0) Gecko/20100101 Firefox/135.0"
217.113.194.47 - - [02/Apr/2026:13:44:09 -0400] "GET /wp-includes/SimplePie/d3fypn/?fm=true&path=/opt/alt/php52/usr/share/pear/Auth/. HTTP/1.1" 200 9995 "-" "Mozilla/5.0 (compatible; Barkrowler/0.9; +https://babbar.tech/crawler)"
154.54.249.197 - - [02/Apr/2026:13:44:34 -0400] "GET /wp-includes/SimplePie/d3fypn/?fm=true&path=/opt/alt/php52/usr/share/pear/OS/. HTTP/1.1" 200 9886 "-" "Mozilla/5.0 (compatible; Barkrowler/0.9; +https://babbar.tech/crawler)"
217.113.194.51 - - [02/Apr/2026:13:44:47 -0400] "GET /wp-includes/SimplePie/d3fypn/?fm=true&path=/opt/alt/php52/usr/share/pear/Mail/. HTTP/1.1" 200 10632 "-" "Mozilla/5.0 (compatible; Barkrowler/0.9; +https://babbar.tech/crawler)"
217.113.194.45 - - [02/Apr/2026:13:44:59 -0400] "GET /wp-includes/SimplePie/d3fypn/?fm=true&path=/opt/alt/php52/usr/share/pear/Mail/.. HTTP/1.1" 200 11741 "-" "Mozilla/5.0 (compatible; Barkrowler/0.9; +https://babbar.tech/crawler)"
217.113.194.47 - - [02/Apr/2026:13:45:12 -0400] "GET /wp-includes/SimplePie/d3fypn/?fm=true&path=/opt/alt/php52/usr/share/pear/File/.. HTTP/1.1" 200 11742 "-" "Mozilla/5.0 (compatible; Barkrowler/0.9; +https://babbar.tech/crawler)"
217.113.194.252 - - [02/Apr/2026:13:45:24 -0400] "GET /wp-includes/SimplePie/d3fypn/?fm=true&path=/opt/alt/php52/usr/share/pear/File/. HTTP/1.1" 200 10167 "-" "Mozilla/5.0 (compatible; Barkrowler/0.9; +https://babbar.tech/crawler)"
217.113.194.47 - - [02/Apr/2026:13:45:37 -0400] "GET /wp-includes/SimplePie/d3fypn/?fm=true&path=/opt/alt/php52/usr/share/pear/Net/.. HTTP/1.1" 200 11742 "-" "Mozilla/5.0 (compatible; Barkrowler/0.9; +https://babbar.tech/crawler)"
154.54.249.197 - - [02/Apr/2026:13:45:49 -0400] "GET /wp-includes/SimplePie/d3fypn/?fm=true&path=/opt/alt/php52/usr/share/pear/Net/. HTTP/1.1" 200 10258 "-" "Mozilla/5.0 (compatible; Barkrowler/0.9; +https://babbar.tech/crawler)"
217.113.194.47 - - [02/Apr/2026:13:46:02 -0400] "GET /wp-includes/SimplePie/d3fypn/?fm=true&path=/opt/alt/php52/usr/share/pear/data/.. HTTP/1.1" 200 11742 "-" "Mozilla/5.0 (compatible; Barkrowler/0.9; +https://babbar.tech/crawler)"
217.113.194.49 - - [02/Apr/2026:13:46:14 -0400] "GET /wp-includes/SimplePie/d3fypn/?fm=true&path=/opt/alt/php52/var/lib/php/session/.. HTTP/1.1" 200 9853 "-" "Mozilla/5.0 (compatible; Barkrowler/0.9; +https://babbar.tech/crawler)"
216.244.66.200 - - [02/Apr/2026:13:46:24 -0400] "GET /wp-includes/block-template.php HTTP/1.1" 200 - "-" "Mozilla/5.0 (compatible; DotBot/1.2; +https://opensiteexplorer.org/dotbot; help@moz.com)"
217.113.194.212 - - [02/Apr/2026:13:46:27 -0400] "GET /wp-includes/SimplePie/d3fypn/?fm=true&path=/opt/alt/php73/usr/share/doc/pear/.. HTTP/1.1" 200 10066 "-" "Mozilla/5.0 (compatible; Barkrowler/0.9; +https://babbar.tech/crawler)"
216.244.66.200 - - [02/Apr/2026:13:46:29 -0400] "GET /wp-includes/class-walker-comment.php HTTP/1.1" 500 - "-" "Mozilla/5.0 (compatible; DotBot/1.2; +https://opensiteexplorer.org/dotbot; help@moz.com)"
216.244.66.200 - - [02/Apr/2026:13:46:37 -0400] "GET /wp-includes/class-wp-customize-control.php HTTP/1.1" 200 22 "-" "Mozilla/5.0 (compatible; DotBot/1.2; +https://opensiteexplorer.org/dotbot; help@moz.com)"
154.54.249.197 - - [02/Apr/2026:13:46:40 -0400] "GET /wp-includes/SimplePie/d3fypn/?fm=true&path=/opt/alt/php73/usr/share/man/man1/. HTTP/1.1" 200 10332 "-" "Mozilla/5.0 (compatible; Barkrowler/0.9; +https://babbar.tech/crawler)"
47.128.62.179 - - [02/Apr/2026:13:46:41 -0400] "GET /wp-includes/theme-compat/yprkzw/?d=%2Fhome%2Fpowertekenterpri%2F%2Fpublic_html%2F%2Fwp-content%2Fplugins%2Fw3-total-cache%2F%2FCdnEngine_Mirror_CloudFront.php HTTP/1.1" 200 3161 "-" "Mozilla/5.0 (Linux; Android 5.0) AppleWebKit/537.36 (KHTML, like Gecko) Mobile Safari/537.36 (compatible; Bytespider; spider-feedback@bytedance.com)"
216.244.66.200 - - [02/Apr/2026:13:46:45 -0400] "GET /wp-includes/class-wp-user-query.php HTTP/1.1" 200 - "-" "Mozilla/5.0 (compatible; DotBot/1.2; +https://opensiteexplorer.org/dotbot; help@moz.com)"
216.244.66.200 - - [02/Apr/2026:13:46:52 -0400] "GET /wp-includes/error-protection.php HTTP/1.1" 200 - "-" "Mozilla/5.0 (compatible; DotBot/1.2; +https://opensiteexplorer.org/dotbot; help@moz.com)"
217.113.194.49 - - [02/Apr/2026:13:46:52 -0400] "GET /wp-includes/SimplePie/d3fypn/?fm=true&path=/opt/alt/php73/usr/share/man/man8/. HTTP/1.1" 200 9892 "-" "Mozilla/5.0 (compatible; Barkrowler/0.9; +https://babbar.tech/crawler)"
216.244.66.200 - - [02/Apr/2026:13:46:58 -0400] "GET /wp-includes/functions.php HTTP/1.1" 200 22 "-" "Mozilla/5.0 (compatible; DotBot/1.2; +https://opensiteexplorer.org/dotbot; help@moz.com)"
217.113.194.252 - - [02/Apr/2026:13:47:05 -0400] "GET /wp-includes/SimplePie/d3fypn/?fm=true&path=/opt/alt/php73/usr/share/pear/Archive/. HTTP/1.1" 200 9874 "-" "Mozilla/5.0 (compatible; Barkrowler/0.9; +https://babbar.tech/crawler)"
217.113.194.212 - - [02/Apr/2026:13:47:17 -0400] "GET /wp-includes/SimplePie/d3fypn/?fm=true&path=/opt/alt/php73/usr/share/pear/Archive/.. HTTP/1.1" 200 11673 "-" "Mozilla/5.0 (compatible; Barkrowler/0.9; +https://babbar.tech/crawler)"
154.54.249.197 - - [02/Apr/2026:13:47:30 -0400] "GET /wp-includes/SimplePie/d3fypn/?fm=true&path=/opt/alt/php73/usr/share/pear/test/. HTTP/1.1" 200 10788 "-" "Mozilla/5.0 (compatible; Barkrowler/0.9; +https://babbar.tech/crawler)"
217.113.194.244 - - [02/Apr/2026:13:47:43 -0400] "GET /wp-includes/SimplePie/d3fypn/?fm=true&path=/opt/alt/php73/usr/share/pear/test/Mail HTTP/1.1" 200 9857 "-" "Mozilla/5.0 (compatible; Barkrowler/0.9; +https://babbar.tech/crawler)"
217.113.194.252 - - [02/Apr/2026:13:47:55 -0400] "GET /wp-includes/SimplePie/d3fypn/?fm=true&path=/opt/alt/php73/usr/share/pear/test/.. HTTP/1.1" 200 11673 "-" "Mozilla/5.0 (compatible; Barkrowler/0.9; +https://babbar.tech/crawler)"
217.113.194.212 - - [02/Apr/2026:13:48:08 -0400] "GET /wp-includes/SimplePie/d3fypn/?fm=true&path=/opt/alt/php73/usr/share/pear/Auth/. HTTP/1.1" 200 10010 "-" "Mozilla/5.0 (compatible; Barkrowler/0.9; +https://babbar.tech/crawler)"
217.113.194.49 - - [02/Apr/2026:13:48:21 -0400] "GET /wp-includes/SimplePie/d3fypn/?fm=true&path=/opt/alt/php73/usr/share/pear/OS/. HTTP/1.1" 200 9874 "-" "Mozilla/5.0 (compatible; Barkrowler/0.9; +https://babbar.tech/crawler)"
217.113.194.49 - - [02/Apr/2026:13:48:33 -0400] "GET /wp-includes/SimplePie/d3fypn/?fm=true&path=/opt/alt/php73/usr/share/pear/Mail/. HTTP/1.1" 200 10645 "-" "Mozilla/5.0 (compatible; Barkrowler/0.9; +https://babbar.tech/crawler)"
217.113.194.244 - - [02/Apr/2026:13:48:46 -0400] "GET /wp-includes/SimplePie/d3fypn/?fm=true&path=/opt/alt/php73/usr/share/pear/Mail/.. HTTP/1.1" 200 11672 "-" "Mozilla/5.0 (compatible; Barkrowler/0.9; +https://babbar.tech/crawler)"
154.54.249.197 - - [02/Apr/2026:13:48:58 -0400] "GET /wp-includes/SimplePie/d3fypn/?fm=true&path=/opt/alt/php73/usr/share/pear/File/.. HTTP/1.1" 200 11673 "-" "Mozilla/5.0 (compatible; Barkrowler/0.9; +https://babbar.tech/crawler)"
154.54.249.197 - - [02/Apr/2026:13:49:11 -0400] "GET /wp-includes/SimplePie/d3fypn/?fm=true&path=/opt/alt/php73/usr/share/pear/File/. HTTP/1.1" 200 10183 "-" "Mozilla/5.0 (compatible; Barkrowler/0.9; +https://babbar.tech/crawler)"
47.128.62.115 - - [02/Apr/2026:13:49:21 -0400] "GET /wp-includes/theme-compat/yprkzw/?d=%2Fhome%2Fpowertekenterpri%2Fpublic_html%2F%2Fwp-content%2Fplugins%2Fthe-post-grid%2Fresources%2Fsettings%2F%2Fsettings.php HTTP/1.1" 200 3161 "-" "Mozilla/5.0 (Linux; Android 5.0) AppleWebKit/537.36 (KHTML, like Gecko) Mobile Safari/537.36 (compatible; Bytespider; spider-feedback@bytedance.com)"
217.113.194.45 - - [02/Apr/2026:13:49:24 -0400] "GET /wp-includes/SimplePie/d3fypn/?fm=true&path=/opt/alt/php73/usr/share/pear/Net/.. HTTP/1.1" 200 11673 "-" "Mozilla/5.0 (compatible; Barkrowler/0.9; +https://babbar.tech/crawler)"
217.113.194.51 - - [02/Apr/2026:13:49:36 -0400] "GET /wp-includes/SimplePie/d3fypn/?fm=true&path=/opt/alt/php73/usr/share/pear/Net/. HTTP/1.1" 200 10272 "-" "Mozilla/5.0 (compatible; Barkrowler/0.9; +https://babbar.tech/crawler)"
217.113.194.50 - - [02/Apr/2026:13:49:49 -0400] "GET /wp-includes/SimplePie/d3fypn/?fm=true&path=/opt/alt/php73/usr/share/pear/data/.. HTTP/1.1" 200 11673 "-" "Mozilla/5.0 (compatible; Barkrowler/0.9; +https://babbar.tech/crawler)"
217.113.194.51 - - [02/Apr/2026:13:50:01 -0400] "GET /wp-includes/SimplePie/d3fypn/?fm=true&path=/opt/alt/php73/var/lib/php/session/.. HTTP/1.1" 200 9853 "-" "Mozilla/5.0 (compatible; Barkrowler/0.9; +https://babbar.tech/crawler)"
217.113.194.47 - - [02/Apr/2026:13:50:14 -0400] "GET /wp-includes/SimplePie/d3fypn/?fm=true&path=/opt/alt/php84/usr/share/doc/pear/.. HTTP/1.1" 200 10086 "-" "Mozilla/5.0 (compatible; Barkrowler/0.9; +https://babbar.tech/crawler)"
198.54.120.101 - - [02/Apr/2026:13:50:25 -0400] "POST /wp-cron.php?doing_wp_cron=1775152225.7244958877563476562500 HTTP/1.1" 200 - "-" "WordPress/6.9.4; https://powertekenterprise.com"
