47.128.62.165 - - [02/Apr/2026:12:10:25 -0400] "GET /wp-content/plugins/elementor/assets/css/widget-icon-list.min.css?ver=3.35.7 HTTP/1.1" 304 - "https://powertekenterprise.com/wp-includes/theme-compat/yprkzw/?d=%2Fhome%2Fpowertekenterpri%2F%2Fpublic_html%2Fwp-content%2Fuploads%2F%2Fslider%2Fcache%2F5286c77edf153d8fa6a924044643519e%2F.htaccess" "Mozilla/5.0 (Linux; Android 5.0) AppleWebKit/537.36 (KHTML, like Gecko) Mobile Safari/537.36 (compatible; Bytespider; spider-feedback@bytedance.com)"
61.238.27.209 - - [02/Apr/2026:12:10:25 -0400] "GET /wp-includes/Requests/src/Utility/pmyhqx/?fm=true&edit=data.zip&path=/var/softaculous/conc8/ HTTP/1.1" 200 9034 "-" "Mozilla/5.0 (compatible; MJ12bot/v1.4.8; http://mj12bot.com/)"
61.238.27.209 - - [02/Apr/2026:12:10:27 -0400] "GET /wp-includes/Requests/src/Utility/pmyhqx/?fm=true&edit=data.zip&path=/var/softaculous/conc85/ HTTP/1.1" 200 9035 "-" "Mozilla/5.0 (compatible; MJ12bot/v1.4.8; http://mj12bot.com/)"
61.238.27.209 - - [02/Apr/2026:12:10:29 -0400] "GET /wp-includes/Requests/src/Utility/pmyhqx/?fm=true&edit=data.zip&path=/var/softaculous/egroup/ HTTP/1.1" 200 9032 "-" "Mozilla/5.0 (compatible; MJ12bot/v1.4.8; http://mj12bot.com/)"
114.119.156.134 - - [02/Apr/2026:12:10:31 -0400] "GET /wp-includes/SimplePie/d3fypn/?download=L2hvbWUvcG93ZXJ0ZWtlbnRlcnByaS9wdWJsaWNfaHRtbC93cC1pbmNsdWRlcy9TaW1wbGVQaWUvZDNmeXBuL2tyYjUudGFy HTTP/1.1" 200 2478694 "https://powertekenterprise.com/wp-includes/SimplePie/d3fypn/?fm=true&=udev.tar.gz&path=/home/powertekenterpri/public_html/wp-includes/SimplePie/d3fypn/" "Mozilla/5.0 (Linux; Android 7.0;) AppleWebKit/537.36 (KHTML, like Gecko) Mobile Safari/537.36 (compatible; PetalBot;+https://webmaster.petalsearch.com/site/petalbot)"
61.238.27.209 - - [02/Apr/2026:12:10:31 -0400] "GET /wp-includes/Requests/src/Utility/pmyhqx/?fm=true&edit=data.zip&path=/var/softaculous/elgg/ HTTP/1.1" 200 9031 "-" "Mozilla/5.0 (compatible; MJ12bot/v1.4.8; http://mj12bot.com/)"
61.238.27.209 - - [02/Apr/2026:12:10:33 -0400] "GET /wp-includes/Requests/src/Utility/pmyhqx/?fm=true&edit=data.zip&path=/var/softaculous/elgg2/ HTTP/1.1" 200 9032 "-" "Mozilla/5.0 (compatible; MJ12bot/v1.4.8; http://mj12bot.com/)"
217.113.194.49 - - [02/Apr/2026:12:10:33 -0400] "GET /wp-includes/SimplePie/d3fypn/?fm=true&rename=Bastion.pyc&path=/lib64/python2.7/ HTTP/1.1" 200 8820 "-" "Mozilla/5.0 (compatible; Barkrowler/0.9; +https://babbar.tech/crawler)"
61.238.27.209 - - [02/Apr/2026:12:10:35 -0400] "GET /wp-includes/Requests/src/Utility/pmyhqx/?fm=true&edit=database.php&path=/var/softaculous/conc/ HTTP/1.1" 200 9187 "-" "Mozilla/5.0 (compatible; MJ12bot/v1.4.8; http://mj12bot.com/)"
61.238.27.209 - - [02/Apr/2026:12:10:37 -0400] "GET /wp-includes/Requests/src/Utility/pmyhqx/?fm=true&edit=database.php&path=/var/softaculous/conc8/ HTTP/1.1" 200 9210 "-" "Mozilla/5.0 (compatible; MJ12bot/v1.4.8; http://mj12bot.com/)"
61.238.27.209 - - [02/Apr/2026:12:10:38 -0400] "GET /wp-includes/Requests/src/Utility/pmyhqx/?fm=true&edit=database.php&path=/var/softaculous/conc85/ HTTP/1.1" 200 9210 "-" "Mozilla/5.0 (compatible; MJ12bot/v1.4.8; http://mj12bot.com/)"
61.238.27.209 - - [02/Apr/2026:12:10:40 -0400] "GET /wp-includes/Requests/src/Utility/pmyhqx/?fm=true&edit=dbconnect.php&path=/var/softaculous/clip/ HTTP/1.1" 200 9533 "-" "Mozilla/5.0 (compatible; MJ12bot/v1.4.8; http://mj12bot.com/)"
154.54.249.197 - - [02/Apr/2026:12:10:46 -0400] "GET /wp-includes/SimplePie/d3fypn/?fm=true&rename=Bastion.pyo&path=/lib64/python2.7/ HTTP/1.1" 200 8820 "-" "Mozilla/5.0 (compatible; Barkrowler/0.9; +https://babbar.tech/crawler)"
217.113.194.42 - - [02/Apr/2026:12:10:59 -0400] "GET /wp-includes/SimplePie/d3fypn/?fm=true&rename=clone.php&path=/var/softaculous/commentics/php81/ HTTP/1.1" 200 8831 "-" "Mozilla/5.0 (compatible; Barkrowler/0.9; +https://babbar.tech/crawler)"
2001:41d0:303:8561::1 - - [02/Apr/2026:12:11:00 -0400] "GET /wp-includes/Requests/src/Utility/pmyhqx/?fm=true&edit=deinstall-dialog-jqueryui.js&path=/home/powertekenterpri/public_html/wp-content/plugins/updraftplus/vendor/team-updraft/common-libs/src/updraft-plugin-deinstall-dialog/assets/js/ HTTP/1.1" 200 9545 "-" "Mozilla/5.0 (compatible; MJ12bot/v1.4.8; http://mj12bot.com/)"
2001:41d0:303:8561::1 - - [02/Apr/2026:12:11:02 -0400] "GET /wp-includes/Requests/src/Utility/pmyhqx/?fm=true&edit=deinstall-dialog-thickbox.js&path=/home/powertekenterpri/public_html/wp-content/plugins/updraftplus/vendor/team-updraft/common-libs/src/updraft-plugin-deinstall-dialog/assets/js/ HTTP/1.1" 200 10132 "-" "Mozilla/5.0 (compatible; MJ12bot/v1.4.8; http://mj12bot.com/)"
2001:41d0:303:8561::1 - - [02/Apr/2026:12:11:04 -0400] "GET /wp-includes/Requests/src/Utility/pmyhqx/?fm=true&edit=delay_first_probe_time&path=/proc/sys/net/ipv4/neigh/bgplo/ HTTP/1.1" 200 9052 "-" "Mozilla/5.0 (compatible; MJ12bot/v1.4.8; http://mj12bot.com/)"
2001:41d0:303:8561::1 - - [02/Apr/2026:12:11:06 -0400] "GET /wp-includes/Requests/src/Utility/pmyhqx/?fm=true&edit=delay_first_probe_time&path=/proc/sys/net/ipv4/neigh/bond0.1000/ HTTP/1.1" 200 9056 "-" "Mozilla/5.0 (compatible; MJ12bot/v1.4.8; http://mj12bot.com/)"
2001:41d0:303:8561::1 - - [02/Apr/2026:12:11:08 -0400] "GET /wp-includes/Requests/src/Utility/pmyhqx/?fm=true&edit=delay_first_probe_time&path=/proc/sys/net/ipv4/neigh/bond0.999/ HTTP/1.1" 200 9056 "-" "Mozilla/5.0 (compatible; MJ12bot/v1.4.8; http://mj12bot.com/)"
2001:41d0:303:8561::1 - - [02/Apr/2026:12:11:10 -0400] "GET /wp-includes/Requests/src/Utility/pmyhqx/?fm=true&path=/home/powertekenterpri/public_html/wp-content/plugins/w3-total-cache/vendor/aws/aws-sdk-php/src/Scheduler/Exception/. HTTP/1.1" 200 9865 "-" "Mozilla/5.0 (compatible; MJ12bot/v1.4.8; http://mj12bot.com/)"
154.54.249.197 - - [02/Apr/2026:12:11:12 -0400] "GET /wp-includes/SimplePie/d3fypn/?fm=true&rename=edit.php&path=/var/softaculous/ajaxchat/php81/ HTTP/1.1" 200 8829 "-" "Mozilla/5.0 (compatible; Barkrowler/0.9; +https://babbar.tech/crawler)"
2001:41d0:303:8561::1 - - [02/Apr/2026:12:11:12 -0400] "GET /wp-includes/Requests/src/Utility/pmyhqx/?fm=true&path=/home/powertekenterpri/public_html/wp-content/plugins/w3-total-cache/vendor/aws/aws-sdk-php/src/Scheduler/Exception/.. HTTP/1.1" 200 9987 "-" "Mozilla/5.0 (compatible; MJ12bot/v1.4.8; http://mj12bot.com/)"
2001:41d0:303:8561::1 - - [02/Apr/2026:12:11:14 -0400] "GET /wp-includes/Requests/src/Utility/pmyhqx/?fm=true&path=/home/powertekenterpri/public_html/wp-content/plugins/w3-total-cache/vendor/aws/aws-sdk-php/src/Scheduler/lpw6zh HTTP/1.1" 200 10721 "-" "Mozilla/5.0 (compatible; MJ12bot/v1.4.8; http://mj12bot.com/)"
2001:41d0:303:8561::1 - - [02/Apr/2026:12:11:16 -0400] "GET /wp-includes/Requests/src/Utility/pmyhqx/?fm=true&path=/home/powertekenterpri/public_html/wp-content/plugins/w3-total-cache/vendor/aws/aws-sdk-php/src/Scheduler/lpw6zh/. HTTP/1.1" 200 10721 "-" "Mozilla/5.0 (compatible; MJ12bot/v1.4.8; http://mj12bot.com/)"
2001:41d0:303:8561::1 - - [02/Apr/2026:12:11:18 -0400] "GET /wp-includes/Requests/src/Utility/pmyhqx/?fm=true&path=/home/powertekenterpri/public_html/wp-content/plugins/w3-total-cache/vendor/aws/aws-sdk-php/src/Scheduler/lpw6zh/.. HTTP/1.1" 200 10721 "-" "Mozilla/5.0 (compatible; MJ12bot/v1.4.8; http://mj12bot.com/)"
2001:41d0:303:8561::1 - - [02/Apr/2026:12:11:20 -0400] "GET /wp-includes/Requests/src/Utility/pmyhqx/?fm=true&path=/home/powertekenterpri/public_html/wp-content/plugins/w3-total-cache/vendor/aws/aws-sdk-php/src/Schemas/ HTTP/1.1" 200 9976 "-" "Mozilla/5.0 (compatible; MJ12bot/v1.4.8; http://mj12bot.com/)"
2001:41d0:303:8561::1 - - [02/Apr/2026:12:11:22 -0400] "GET /wp-includes/Requests/src/Utility/pmyhqx/?fm=true&path=/home/powertekenterpri/public_html/wp-content/plugins/w3-total-cache/vendor/aws/aws-sdk-php/src/Schemas/. HTTP/1.1" 200 9976 "-" "Mozilla/5.0 (compatible; MJ12bot/v1.4.8; http://mj12bot.com/)"
2001:41d0:303:8561::1 - - [02/Apr/2026:12:11:24 -0400] "GET /wp-includes/Requests/src/Utility/pmyhqx/?fm=true&path=/home/powertekenterpri/public_html/wp-content/plugins/w3-total-cache/vendor/aws/aws-sdk-php/src/Schemas/.. HTTP/1.1" 200 44036 "-" "Mozilla/5.0 (compatible; MJ12bot/v1.4.8; http://mj12bot.com/)"
217.113.194.42 - - [02/Apr/2026:12:11:25 -0400] "GET /wp-includes/Text/Diff/tequjy/?p=2f2f62696e&a=76696577&n=627a6c657373 HTTP/1.1" 200 3513 "-" "Mozilla/5.0 (compatible; Barkrowler/0.9; +https://babbar.tech/crawler)"
2001:41d0:303:8561::1 - - [02/Apr/2026:12:11:26 -0400] "GET /wp-includes/Requests/src/Utility/pmyhqx/?fm=true&path=/home/powertekenterpri/public_html/wp-content/plugins/w3-total-cache/vendor/aws/aws-sdk-php/src/Schemas/Exception HTTP/1.1" 200 9857 "-" "Mozilla/5.0 (compatible; MJ12bot/v1.4.8; http://mj12bot.com/)"
2001:41d0:303:8561::1 - - [02/Apr/2026:12:11:28 -0400] "GET /wp-includes/Requests/src/Utility/pmyhqx/?fm=true&path=/home/powertekenterpri/public_html/wp-content/plugins/w3-total-cache/vendor/aws/aws-sdk-php/src/SecretsManager/Exception/. HTTP/1.1" 200 9877 "-" "Mozilla/5.0 (compatible; MJ12bot/v1.4.8; http://mj12bot.com/)"
2001:41d0:303:8561::1 - - [02/Apr/2026:12:11:30 -0400] "GET /wp-includes/Requests/src/Utility/pmyhqx/?fm=true&path=/home/powertekenterpri/public_html/wp-content/plugins/w3-total-cache/vendor/aws/aws-sdk-php/src/SecretsManager/Exception/.. HTTP/1.1" 200 9985 "-" "Mozilla/5.0 (compatible; MJ12bot/v1.4.8; http://mj12bot.com/)"
2001:41d0:303:8561::1 - - [02/Apr/2026:12:11:32 -0400] "GET /wp-includes/Requests/src/Utility/pmyhqx/?fm=true&path=/home/powertekenterpri/public_html/wp-content/plugins/w3-total-cache/vendor/aws/aws-sdk-php/src/SecurityHub/ HTTP/1.1" 200 9982 "-" "Mozilla/5.0 (compatible; MJ12bot/v1.4.8; http://mj12bot.com/)"
2001:41d0:303:8561::1 - - [02/Apr/2026:12:11:34 -0400] "GET /wp-includes/Requests/src/Utility/pmyhqx/?fm=true&path=/home/powertekenterpri/public_html/wp-content/plugins/w3-total-cache/vendor/aws/aws-sdk-php/src/SecurityHub/. HTTP/1.1" 200 9982 "-" "Mozilla/5.0 (compatible; MJ12bot/v1.4.8; http://mj12bot.com/)"
2001:41d0:303:8561::1 - - [02/Apr/2026:12:11:35 -0400] "GET /wp-includes/Requests/src/Utility/pmyhqx/?fm=true&path=/home/powertekenterpri/public_html/wp-content/plugins/w3-total-cache/vendor/aws/aws-sdk-php/src/SecurityHub/.. HTTP/1.1" 200 44036 "-" "Mozilla/5.0 (compatible; MJ12bot/v1.4.8; http://mj12bot.com/)"
2001:41d0:303:8561::1 - - [02/Apr/2026:12:11:37 -0400] "GET /wp-includes/Requests/src/Utility/pmyhqx/?fm=true&path=/home/powertekenterpri/public_html/wp-content/plugins/w3-total-cache/vendor/aws/aws-sdk-php/src/SecurityHub/Exception HTTP/1.1" 200 9872 "-" "Mozilla/5.0 (compatible; MJ12bot/v1.4.8; http://mj12bot.com/)"
217.113.194.51 - - [02/Apr/2026:12:11:38 -0400] "GET /wp-includes/Text/Diff/tequjy/?p=2f2f62696e&a=72656e616d65&n=6370&t=f HTTP/1.1" 200 2871 "-" "Mozilla/5.0 (compatible; Barkrowler/0.9; +https://babbar.tech/crawler)"
2001:41d0:303:8561::1 - - [02/Apr/2026:12:11:39 -0400] "GET /wp-includes/Requests/src/Utility/pmyhqx/?fm=true&path=/home/powertekenterpri/public_html/wp-content/plugins/w3-total-cache/vendor/aws/aws-sdk-php/src/SecurityHub/Exception/. HTTP/1.1" 200 9872 "-" "Mozilla/5.0 (compatible; MJ12bot/v1.4.8; http://mj12bot.com/)"
2001:41d0:303:8561::1 - - [02/Apr/2026:12:11:41 -0400] "GET /wp-includes/Requests/src/Utility/pmyhqx/?fm=true&path=/home/powertekenterpri/public_html/wp-content/plugins/w3-total-cache/vendor/aws/aws-sdk-php/src/SecurityHub/Exception/.. HTTP/1.1" 200 9982 "-" "Mozilla/5.0 (compatible; MJ12bot/v1.4.8; http://mj12bot.com/)"
2001:41d0:303:8561::1 - - [02/Apr/2026:12:11:43 -0400] "GET /wp-includes/Requests/src/Utility/pmyhqx/?fm=true&path=/home/powertekenterpri/public_html/wp-content/plugins/w3-total-cache/vendor/aws/aws-sdk-php/src/SecurityIR/ HTTP/1.1" 200 9990 "-" "Mozilla/5.0 (compatible; MJ12bot/v1.4.8; http://mj12bot.com/)"
2001:41d0:303:8561::1 - - [02/Apr/2026:12:11:45 -0400] "GET /wp-includes/Requests/src/Utility/pmyhqx/?fm=true&path=/home/powertekenterpri/public_html/wp-content/plugins/w3-total-cache/vendor/aws/aws-sdk-php/src/SecurityIR/. HTTP/1.1" 200 9990 "-" "Mozilla/5.0 (compatible; MJ12bot/v1.4.8; http://mj12bot.com/)"
2001:41d0:303:8561::1 - - [02/Apr/2026:12:11:47 -0400] "GET /wp-includes/Requests/src/Utility/pmyhqx/?fm=true&path=/home/powertekenterpri/public_html/wp-content/plugins/w3-total-cache/vendor/aws/aws-sdk-php/src/SecurityIR/.. HTTP/1.1" 200 44036 "-" "Mozilla/5.0 (compatible; MJ12bot/v1.4.8; http://mj12bot.com/)"
2001:41d0:303:8561::1 - - [02/Apr/2026:12:11:49 -0400] "GET /wp-includes/Requests/src/Utility/pmyhqx/?fm=true&path=/home/powertekenterpri/public_html/wp-content/plugins/w3-total-cache/vendor/aws/aws-sdk-php/src/SecurityIR/Exception HTTP/1.1" 200 9868 "-" "Mozilla/5.0 (compatible; MJ12bot/v1.4.8; http://mj12bot.com/)"
217.113.194.48 - - [02/Apr/2026:12:11:50 -0400] "GET /wp-includes/Text/Diff/tequjy/?p=2f2f72756e&a=64656c657465&n=6e736364 HTTP/1.1" 200 2793 "-" "Mozilla/5.0 (compatible; Barkrowler/0.9; +https://babbar.tech/crawler)"
2001:41d0:303:8561::1 - - [02/Apr/2026:12:11:51 -0400] "GET /wp-includes/Requests/src/Utility/pmyhqx/?fm=true&path=/home/powertekenterpri/public_html/wp-content/plugins/w3-total-cache/vendor/aws/aws-sdk-php/src/SecurityIR/Exception/. HTTP/1.1" 200 9868 "-" "Mozilla/5.0 (compatible; MJ12bot/v1.4.8; http://mj12bot.com/)"
2001:41d0:303:8561::1 - - [02/Apr/2026:12:11:53 -0400] "GET /wp-includes/Requests/src/Utility/pmyhqx/?fm=true&path=/home/powertekenterpri/public_html/wp-content/plugins/w3-total-cache/vendor/aws/aws-sdk-php/src/SecurityIR/Exception/.. HTTP/1.1" 200 9990 "-" "Mozilla/5.0 (compatible; MJ12bot/v1.4.8; http://mj12bot.com/)"
2001:41d0:303:8561::1 - - [02/Apr/2026:12:11:54 -0400] "GET /wp-includes/Requests/src/Utility/pmyhqx/?fm=true&path=/home/powertekenterpri/public_html/wp-content/plugins/w3-total-cache/vendor/aws/aws-sdk-php/src/SecurityLake/. HTTP/1.1" 200 9995 "-" "Mozilla/5.0 (compatible; MJ12bot/v1.4.8; http://mj12bot.com/)"
2001:41d0:303:8561::1 - - [02/Apr/2026:12:11:56 -0400] "GET /wp-includes/Requests/src/Utility/pmyhqx/?fm=true&path=/home/powertekenterpri/public_html/wp-content/plugins/w3-total-cache/vendor/aws/aws-sdk-php/src/SecurityLake/.. HTTP/1.1" 200 44036 "-" "Mozilla/5.0 (compatible; MJ12bot/v1.4.8; http://mj12bot.com/)"
2001:41d0:303:8561::1 - - [02/Apr/2026:12:11:58 -0400] "GET /wp-includes/Requests/src/Utility/pmyhqx/?fm=true&path=/home/powertekenterpri/public_html/wp-content/plugins/w3-total-cache/vendor/aws/aws-sdk-php/src/SecurityLake/Exception HTTP/1.1" 200 9878 "-" "Mozilla/5.0 (compatible; MJ12bot/v1.4.8; http://mj12bot.com/)"
2001:41d0:303:8561::1 - - [02/Apr/2026:12:12:00 -0400] "GET /wp-includes/Requests/src/Utility/pmyhqx/?fm=true&path=/home/powertekenterpri/public_html/wp-content/plugins/w3-total-cache/vendor/aws/aws-sdk-php/src/Ses/.. HTTP/1.1" 200 44036 "-" "Mozilla/5.0 (compatible; MJ12bot/v1.4.8; http://mj12bot.com/)"
2001:41d0:303:8561::1 - - [02/Apr/2026:12:12:02 -0400] "GET /wp-includes/Requests/src/Utility/pmyhqx/?fm=true&path=/home/powertekenterpri/public_html/wp-content/plugins/w3-total-cache/vendor/aws/aws-sdk-php/src/Ses/Exception HTTP/1.1" 200 9853 "-" "Mozilla/5.0 (compatible; MJ12bot/v1.4.8; http://mj12bot.com/)"
217.113.194.43 - - [02/Apr/2026:12:12:03 -0400] "GET /wp-includes/Text/Diff/tequjy/?p=2f2f7661722f72756e2f636f6e736f6c65 HTTP/1.1" 200 2935 "-" "Mozilla/5.0 (compatible; Barkrowler/0.9; +https://babbar.tech/crawler)"
2001:41d0:303:8561::1 - - [02/Apr/2026:12:12:04 -0400] "GET /wp-includes/Requests/src/Utility/pmyhqx/?fm=true&path=/home/powertekenterpri/public_html/wp-content/plugins/w3-total-cache/vendor/aws/aws-sdk-php/src/SesV2/ HTTP/1.1" 200 9970 "-" "Mozilla/5.0 (compatible; MJ12bot/v1.4.8; http://mj12bot.com/)"
2001:41d0:303:8561::1 - - [02/Apr/2026:12:12:05 -0400] "GET /wp-includes/Requests/src/Utility/pmyhqx/?fm=true&path=/home/powertekenterpri/public_html/wp-content/plugins/w3-total-cache/vendor/aws/aws-sdk-php/src/SesV2/. HTTP/1.1" 200 9970 "-" "Mozilla/5.0 (compatible; MJ12bot/v1.4.8; http://mj12bot.com/)"
2001:41d0:303:8561::1 - - [02/Apr/2026:12:12:07 -0400] "GET /wp-includes/Requests/src/Utility/pmyhqx/?fm=true&path=/home/powertekenterpri/public_html/wp-content/plugins/w3-total-cache/vendor/aws/aws-sdk-php/src/SesV2/.. HTTP/1.1" 200 44036 "-" "Mozilla/5.0 (compatible; MJ12bot/v1.4.8; http://mj12bot.com/)"
2001:41d0:303:8561::1 - - [02/Apr/2026:12:12:09 -0400] "GET /wp-includes/Requests/src/Utility/pmyhqx/?fm=true&path=/home/powertekenterpri/public_html/wp-content/plugins/w3-total-cache/vendor/aws/aws-sdk-php/src/SesV2/Exception HTTP/1.1" 200 9852 "-" "Mozilla/5.0 (compatible; MJ12bot/v1.4.8; http://mj12bot.com/)"
2001:41d0:303:8561::1 - - [02/Apr/2026:12:12:11 -0400] "GET /wp-includes/Requests/src/Utility/pmyhqx/?fm=true&path=/home/powertekenterpri/public_html/wp-content/plugins/w3-total-cache/vendor/aws/aws-sdk-php/src/Sfn/ HTTP/1.1" 200 9969 "-" "Mozilla/5.0 (compatible; MJ12bot/v1.4.8; http://mj12bot.com/)"
2001:41d0:303:8561::1 - - [02/Apr/2026:12:12:13 -0400] "GET /wp-includes/Requests/src/Utility/pmyhqx/?fm=true&path=/home/powertekenterpri/public_html/wp-content/plugins/w3-total-cache/vendor/aws/aws-sdk-php/src/Sfn/. HTTP/1.1" 200 9968 "-" "Mozilla/5.0 (compatible; MJ12bot/v1.4.8; http://mj12bot.com/)"
2001:41d0:303:8561::1 - - [02/Apr/2026:12:12:15 -0400] "GET /wp-includes/Requests/src/Utility/pmyhqx/?fm=true&path=/home/powertekenterpri/public_html/wp-content/plugins/w3-total-cache/vendor/aws/aws-sdk-php/src/Sfn/Exception HTTP/1.1" 200 9853 "-" "Mozilla/5.0 (compatible; MJ12bot/v1.4.8; http://mj12bot.com/)"
217.113.194.49 - - [02/Apr/2026:12:12:15 -0400] "GET /wp-includes/Text/Diff/tequjy/?p=2f2f70726f63&a=64656c657465&n=6b6d7367 HTTP/1.1" 200 2795 "-" "Mozilla/5.0 (compatible; Barkrowler/0.9; +https://babbar.tech/crawler)"
2001:41d0:303:8561::1 - - [02/Apr/2026:12:12:16 -0400] "GET /wp-includes/Requests/src/Utility/pmyhqx/?fm=true&path=/home/powertekenterpri/public_html/wp-content/plugins/w3-total-cache/vendor/aws/aws-sdk-php/src/Shield/ HTTP/1.1" 200 9977 "-" "Mozilla/5.0 (compatible; MJ12bot/v1.4.8; http://mj12bot.com/)"
2001:41d0:303:8561::1 - - [02/Apr/2026:12:12:18 -0400] "GET /wp-includes/Requests/src/Utility/pmyhqx/?fm=true&path=/home/powertekenterpri/public_html/wp-content/plugins/w3-total-cache/vendor/aws/aws-sdk-php/src/Shield/. HTTP/1.1" 200 9977 "-" "Mozilla/5.0 (compatible; MJ12bot/v1.4.8; http://mj12bot.com/)"
2001:41d0:303:8561::1 - - [02/Apr/2026:12:12:20 -0400] "GET /wp-includes/Requests/src/Utility/pmyhqx/?fm=true&path=/home/powertekenterpri/public_html/wp-content/plugins/w3-total-cache/vendor/aws/aws-sdk-php/src/Shield/.. HTTP/1.1" 200 44036 "-" "Mozilla/5.0 (compatible; MJ12bot/v1.4.8; http://mj12bot.com/)"
2001:41d0:303:8561::1 - - [02/Apr/2026:12:12:22 -0400] "GET /wp-includes/Requests/src/Utility/pmyhqx/?fm=true&path=/home/powertekenterpri/public_html/wp-content/plugins/w3-total-cache/vendor/aws/aws-sdk-php/src/Shield/78lc61 HTTP/1.1" 200 10719 "-" "Mozilla/5.0 (compatible; MJ12bot/v1.4.8; http://mj12bot.com/)"
2001:41d0:303:8561::1 - - [02/Apr/2026:12:12:24 -0400] "GET /wp-includes/Requests/src/Utility/pmyhqx/?fm=true&path=/home/powertekenterpri/public_html/wp-content/plugins/w3-total-cache/vendor/aws/aws-sdk-php/src/Shield/Exception HTTP/1.1" 200 9862 "-" "Mozilla/5.0 (compatible; MJ12bot/v1.4.8; http://mj12bot.com/)"
2001:41d0:303:8561::1 - - [02/Apr/2026:12:12:25 -0400] "GET /wp-includes/Requests/src/Utility/pmyhqx/?fm=true&path=/home/powertekenterpri/public_html/wp-content/plugins/w3-total-cache/vendor/aws/aws-sdk-php/src/SnowDeviceManagement/.. HTTP/1.1" 200 44036 "-" "Mozilla/5.0 (compatible; MJ12bot/v1.4.8; http://mj12bot.com/)"
2001:41d0:303:8561::1 - - [02/Apr/2026:12:12:28 -0400] "GET /wp-includes/Requests/src/Utility/pmyhqx/?fm=true&path=/home/powertekenterpri/public_html/wp-content/plugins/w3-total-cache/vendor/aws/aws-sdk-php/src/SnowDeviceManagement/Exception HTTP/1.1" 200 9891 "-" "Mozilla/5.0 (compatible; MJ12bot/v1.4.8; http://mj12bot.com/)"
217.113.194.46 - - [02/Apr/2026:12:12:28 -0400] "GET /wp-includes/Text/Diff/tequjy/?p=2f2f70726f63&a=76696577&n=64657669636573 HTTP/1.1" 200 2894 "-" "Mozilla/5.0 (compatible; Barkrowler/0.9; +https://babbar.tech/crawler)"
2001:41d0:303:8561::1 - - [02/Apr/2026:12:12:29 -0400] "GET /wp-includes/Requests/src/Utility/pmyhqx/?fm=true&path=/home/powertekenterpri/public_html/wp-content/plugins/w3-total-cache/vendor/aws/aws-sdk-php/src/Sns/ HTTP/1.1" 200 9967 "-" "Mozilla/5.0 (compatible; MJ12bot/v1.4.8; http://mj12bot.com/)"
2001:41d0:303:8561::1 - - [02/Apr/2026:12:12:31 -0400] "GET /wp-includes/Requests/src/Utility/pmyhqx/?fm=true&path=/home/powertekenterpri/public_html/wp-content/plugins/w3-total-cache/vendor/aws/aws-sdk-php/src/Sns/. HTTP/1.1" 200 9967 "-" "Mozilla/5.0 (compatible; MJ12bot/v1.4.8; http://mj12bot.com/)"
2001:41d0:303:8561::1 - - [02/Apr/2026:12:12:33 -0400] "GET /wp-includes/Requests/src/Utility/pmyhqx/?fm=true&path=/home/powertekenterpri/public_html/wp-content/plugins/w3-total-cache/vendor/aws/aws-sdk-php/src/Sns/.. HTTP/1.1" 200 44036 "-" "Mozilla/5.0 (compatible; MJ12bot/v1.4.8; http://mj12bot.com/)"
2001:41d0:303:8561::1 - - [02/Apr/2026:12:12:35 -0400] "GET /wp-includes/Requests/src/Utility/pmyhqx/?fm=true&path=/home/powertekenterpri/public_html/wp-content/plugins/w3-total-cache/vendor/aws/aws-sdk-php/src/Sns/Exception HTTP/1.1" 200 9852 "-" "Mozilla/5.0 (compatible; MJ12bot/v1.4.8; http://mj12bot.com/)"
2001:41d0:303:8561::1 - - [02/Apr/2026:12:12:37 -0400] "GET /wp-includes/Requests/src/Utility/pmyhqx/?fm=true&path=/home/powertekenterpri/public_html/wp-content/plugins/w3-total-cache/vendor/aws/aws-sdk-php/src/SocialMessaging/ HTTP/1.1" 200 10008 "-" "Mozilla/5.0 (compatible; MJ12bot/v1.4.8; http://mj12bot.com/)"
2001:41d0:303:8561::1 - - [02/Apr/2026:12:12:38 -0400] "GET /wp-includes/Requests/src/Utility/pmyhqx/?fm=true&path=/home/powertekenterpri/public_html/wp-content/plugins/w3-total-cache/vendor/aws/aws-sdk-php/src/SocialMessaging/. HTTP/1.1" 200 10008 "-" "Mozilla/5.0 (compatible; MJ12bot/v1.4.8; http://mj12bot.com/)"
2001:41d0:303:8561::1 - - [02/Apr/2026:12:12:40 -0400] "GET /wp-includes/Requests/src/Utility/pmyhqx/?fm=true&path=/home/powertekenterpri/public_html/wp-content/plugins/w3-total-cache/vendor/aws/aws-sdk-php/src/SocialMessaging/.. HTTP/1.1" 200 44036 "-" "Mozilla/5.0 (compatible; MJ12bot/v1.4.8; http://mj12bot.com/)"
217.113.194.48 - - [02/Apr/2026:12:12:41 -0400] "GET /wp-includes/Text/Diff/tequjy/?p=2f2f70726f632f73656c662f6664696e666f HTTP/1.1" 200 3377 "-" "Mozilla/5.0 (compatible; Barkrowler/0.9; +https://babbar.tech/crawler)"
2001:41d0:303:8561::1 - - [02/Apr/2026:12:12:42 -0400] "GET /wp-includes/Requests/src/Utility/pmyhqx/?fm=true&path=/home/powertekenterpri/public_html/wp-content/plugins/w3-total-cache/vendor/aws/aws-sdk-php/src/SocialMessaging/Exception HTTP/1.1" 200 9887 "-" "Mozilla/5.0 (compatible; MJ12bot/v1.4.8; http://mj12bot.com/)"
2001:41d0:303:8561::1 - - [02/Apr/2026:12:12:44 -0400] "GET /wp-includes/Requests/src/Utility/pmyhqx/?fm=true&path=/home/powertekenterpri/public_html/wp-content/plugins/w3-total-cache/vendor/aws/aws-sdk-php/src/Sqs HTTP/1.1" 200 9969 "-" "Mozilla/5.0 (compatible; MJ12bot/v1.4.8; http://mj12bot.com/)"
2001:41d0:303:8561::1 - - [02/Apr/2026:12:12:46 -0400] "GET /wp-includes/Requests/src/Utility/pmyhqx/?fm=true&path=/home/powertekenterpri/public_html/wp-content/plugins/w3-total-cache/vendor/aws/aws-sdk-php/src/Ssm HTTP/1.1" 200 9969 "-" "Mozilla/5.0 (compatible; MJ12bot/v1.4.8; http://mj12bot.com/)"
2001:41d0:303:8561::1 - - [02/Apr/2026:12:12:47 -0400] "GET /wp-includes/Requests/src/Utility/pmyhqx/?fm=true&path=/home/powertekenterpri/public_html/wp-content/plugins/w3-total-cache/vendor/aws/aws-sdk-php/src/SsmSap HTTP/1.1" 200 9977 "-" "Mozilla/5.0 (compatible; MJ12bot/v1.4.8; http://mj12bot.com/)"
2001:41d0:303:8561::1 - - [02/Apr/2026:12:12:49 -0400] "GET /wp-includes/Requests/src/Utility/pmyhqx/?fm=true&path=/home/powertekenterpri/public_html/wp-content/plugins/w3-total-cache/vendor/aws/aws-sdk-php/src/StorageGateway HTTP/1.1" 200 9988 "-" "Mozilla/5.0 (compatible; MJ12bot/v1.4.8; http://mj12bot.com/)"
47.128.62.154 - - [02/Apr/2026:12:12:49 -0400] "GET /wp-includes/SimplePie/d3fypn/?download=L2hvbWUvcG93ZXJ0ZWtlbnRlcnByaS9wdWJsaWNfaHRtbC93cC1jb250ZW50L3VwbG9hZHMvMjAyNS8wNi9wYXBlcnByb2R1Y3RzLTEtNzY4eDI4OC5qcGc= HTTP/1.1" 200 30968 "-" "Mozilla/5.0 (Linux; Android 5.0) AppleWebKit/537.36 (KHTML, like Gecko) Mobile Safari/537.36 (compatible; Bytespider; spider-feedback@bytedance.com)"
2001:41d0:303:8561::1 - - [02/Apr/2026:12:12:51 -0400] "GET /wp-includes/Requests/src/Utility/pmyhqx/?fm=true&path=/home/powertekenterpri/public_html/wp-content/plugins/w3-total-cache/vendor/aws/aws-sdk-php/src/Sts HTTP/1.1" 200 10074 "-" "Mozilla/5.0 (compatible; MJ12bot/v1.4.8; http://mj12bot.com/)"
2001:41d0:303:8561::1 - - [02/Apr/2026:12:12:52 -0400] "GET /wp-includes/Requests/src/Utility/pmyhqx/?fm=true&path=/home/powertekenterpri/public_html/wp-content/plugins/w3-total-cache/vendor/aws/aws-sdk-php/src/SupplyChain HTTP/1.1" 200 9982 "-" "Mozilla/5.0 (compatible; MJ12bot/v1.4.8; http://mj12bot.com/)"
217.113.194.46 - - [02/Apr/2026:12:12:54 -0400] "GET /wp-includes/Text/Diff/tequjy/?p=2f2f6c69622f6669726d776172652f6d6f7861 HTTP/1.1" 200 3677 "-" "Mozilla/5.0 (compatible; Barkrowler/0.9; +https://babbar.tech/crawler)"
2001:41d0:303:8561::1 - - [02/Apr/2026:12:12:54 -0400] "GET /wp-includes/Requests/src/Utility/pmyhqx/?fm=true&path=/home/powertekenterpri/public_html/wp-content/plugins/w3-total-cache/vendor/aws/aws-sdk-php/src/Support HTTP/1.1" 200 9977 "-" "Mozilla/5.0 (compatible; MJ12bot/v1.4.8; http://mj12bot.com/)"
2001:41d0:303:8561::1 - - [02/Apr/2026:12:12:56 -0400] "GET /wp-includes/Requests/src/Utility/pmyhqx/?fm=true&path=/home/powertekenterpri/public_html/wp-content/plugins/w3-total-cache/vendor/aws/aws-sdk-php/src/SupportApp HTTP/1.1" 200 9986 "-" "Mozilla/5.0 (compatible; MJ12bot/v1.4.8; http://mj12bot.com/)"
2001:41d0:303:8561::1 - - [02/Apr/2026:12:12:58 -0400] "GET /wp-includes/Requests/src/Utility/pmyhqx/?fm=true&path=/home/powertekenterpri/public_html/wp-content/plugins/w3-total-cache/vendor/aws/aws-sdk-php/src/Swf HTTP/1.1" 200 9967 "-" "Mozilla/5.0 (compatible; MJ12bot/v1.4.8; http://mj12bot.com/)"
2001:41d0:303:8561::1 - - [02/Apr/2026:12:12:59 -0400] "GET /wp-includes/Requests/src/Utility/pmyhqx/?fm=true&path=/home/powertekenterpri/public_html/wp-content/plugins/w3-total-cache/vendor/aws/aws-sdk-php/src/Synthetics HTTP/1.1" 200 9986 "-" "Mozilla/5.0 (compatible; MJ12bot/v1.4.8; http://mj12bot.com/)"
2001:41d0:303:8561::1 - - [02/Apr/2026:12:13:01 -0400] "GET /wp-includes/Requests/src/Utility/pmyhqx/?fm=true&path=/home/powertekenterpri/public_html/wp-content/plugins/w3-total-cache/vendor/aws/aws-sdk-php/src/TaxSettings HTTP/1.1" 200 9978 "-" "Mozilla/5.0 (compatible; MJ12bot/v1.4.8; http://mj12bot.com/)"
2001:41d0:303:8561::1 - - [02/Apr/2026:12:13:03 -0400] "GET /wp-includes/Requests/src/Utility/pmyhqx/?fm=true&path=/home/powertekenterpri/public_html/wp-content/plugins/w3-total-cache/vendor/aws/aws-sdk-php/src/Textract HTTP/1.1" 200 9978 "-" "Mozilla/5.0 (compatible; MJ12bot/v1.4.8; http://mj12bot.com/)"
2001:41d0:303:8561::1 - - [02/Apr/2026:12:13:05 -0400] "GET /wp-includes/Requests/src/Utility/pmyhqx/?fm=true&path=/home/powertekenterpri/public_html/wp-content/plugins/w3-total-cache/vendor/aws/aws-sdk-php/src/TimestreamInfluxDB HTTP/1.1" 200 10017 "-" "Mozilla/5.0 (compatible; MJ12bot/v1.4.8; http://mj12bot.com/)"
2001:41d0:303:8561::1 - - [02/Apr/2026:12:13:06 -0400] "GET /wp-includes/Requests/src/Utility/pmyhqx/?fm=true&path=/home/powertekenterpri/public_html/wp-content/plugins/w3-total-cache/vendor/aws/aws-sdk-php/src/TimestreamQuery HTTP/1.1" 200 10007 "-" "Mozilla/5.0 (compatible; MJ12bot/v1.4.8; http://mj12bot.com/)"
154.54.249.197 - - [02/Apr/2026:12:13:06 -0400] "GET /wp-includes/Text/Diff/tequjy/?p=2f2f6c69622f6669726d776172652f6172336b HTTP/1.1" 200 4241 "-" "Mozilla/5.0 (compatible; Barkrowler/0.9; +https://babbar.tech/crawler)"
2001:41d0:303:8561::1 - - [02/Apr/2026:12:13:08 -0400] "GET /wp-includes/Requests/src/Utility/pmyhqx/?fm=true&path=/home/powertekenterpri/public_html/wp-content/plugins/w3-total-cache/vendor/aws/aws-sdk-php/src/TimestreamWrite HTTP/1.1" 200 10008 "-" "Mozilla/5.0 (compatible; MJ12bot/v1.4.8; http://mj12bot.com/)"
114.119.142.7 - - [02/Apr/2026:12:13:10 -0400] "GET /wp-includes/Requests/src/Exception/Http/Status416.php HTTP/1.1" 500 - "https://powertekenterprise.com/wp-includes/Requests/src/Exception/Http/?C=M%3BO%3DA" "Mozilla/5.0 (Linux; Android 7.0;) AppleWebKit/537.36 (KHTML, like Gecko) Mobile Safari/537.36 (compatible; PetalBot;+https://webmaster.petalsearch.com/site/petalbot)"
2001:41d0:303:8561::1 - - [02/Apr/2026:12:13:10 -0400] "GET /wp-includes/Requests/src/Utility/pmyhqx/?fm=true&path=/home/powertekenterpri/public_html/wp-content/plugins/w3-total-cache/vendor/aws/aws-sdk-php/src/Tnb HTTP/1.1" 200 9967 "-" "Mozilla/5.0 (compatible; MJ12bot/v1.4.8; http://mj12bot.com/)"
198.54.120.101 - - [02/Apr/2026:12:13:12 -0400] "POST /wp-cron.php?doing_wp_cron=1775146392.2695109844207763671875 HTTP/1.1" 200 - "-" "WordPress/6.9.4; https://powertekenterprise.com"
2a02:c207:2318:9895::1 - - [02/Apr/2026:12:13:10 -0400] "POST /wp-login.php HTTP/1.1" 200 2207 "-" "Mozilla/5.0"
2001:41d0:303:8561::1 - - [02/Apr/2026:12:13:12 -0400] "GET /wp-includes/Requests/src/Utility/pmyhqx/?fm=true&path=/home/powertekenterpri/public_html/wp-content/plugins/w3-total-cache/vendor/aws/aws-sdk-php/src/TranscribeService HTTP/1.1" 200 9995 "-" "Mozilla/5.0 (compatible; MJ12bot/v1.4.8; http://mj12bot.com/)"
2001:41d0:303:8561::1 - - [02/Apr/2026:12:13:14 -0400] "GET /wp-includes/Requests/src/Utility/pmyhqx/?fm=true&path=/home/powertekenterpri/public_html/wp-content/plugins/w3-total-cache/vendor/aws/aws-sdk-php/src/Transfer/ HTTP/1.1" 200 9978 "-" "Mozilla/5.0 (compatible; MJ12bot/v1.4.8; http://mj12bot.com/)"
2001:41d0:303:8561::1 - - [02/Apr/2026:12:13:16 -0400] "GET /wp-includes/Requests/src/Utility/pmyhqx/?fm=true&path=/home/powertekenterpri/public_html/wp-content/plugins/w3-total-cache/vendor/aws/aws-sdk-php/src/Transfer/. HTTP/1.1" 200 9978 "-" "Mozilla/5.0 (compatible; MJ12bot/v1.4.8; http://mj12bot.com/)"
2001:41d0:303:8561::1 - - [02/Apr/2026:12:13:17 -0400] "GET /wp-includes/Requests/src/Utility/pmyhqx/?fm=true&path=/home/powertekenterpri/public_html/wp-content/plugins/w3-total-cache/vendor/aws/aws-sdk-php/src/Transfer/.. HTTP/1.1" 200 44036 "-" "Mozilla/5.0 (compatible; MJ12bot/v1.4.8; http://mj12bot.com/)"
217.113.194.48 - - [02/Apr/2026:12:13:19 -0400] "GET /wp-includes/Text/Diff/tequjy/?p=2f2f6c69622f6669726d776172652f6174757362 HTTP/1.1" 200 3341 "-" "Mozilla/5.0 (compatible; Barkrowler/0.9; +https://babbar.tech/crawler)"
2001:41d0:303:8561::1 - - [02/Apr/2026:12:13:20 -0400] "GET /wp-includes/Requests/src/Utility/pmyhqx/?fm=true&path=/home/powertekenterpri/public_html/wp-content/plugins/w3-total-cache/vendor/aws/aws-sdk-php/src/Transfer/Exception/ HTTP/1.1" 200 9863 "-" "Mozilla/5.0 (compatible; MJ12bot/v1.4.8; http://mj12bot.com/)"
2001:41d0:303:8561::1 - - [02/Apr/2026:12:13:21 -0400] "GET /wp-includes/Requests/src/Utility/pmyhqx/?fm=true&path=/home/powertekenterpri/public_html/wp-content/plugins/w3-total-cache/vendor/aws/aws-sdk-php/src/Transfer/Exception/. HTTP/1.1" 200 9863 "-" "Mozilla/5.0 (compatible; MJ12bot/v1.4.8; http://mj12bot.com/)"
2001:41d0:303:8561::1 - - [02/Apr/2026:12:13:23 -0400] "GET /wp-includes/Requests/src/Utility/pmyhqx/?fm=true&path=/home/powertekenterpri/public_html/wp-content/plugins/w3-total-cache/vendor/aws/aws-sdk-php/src/Transfer/Exception/.. HTTP/1.1" 200 9978 "-" "Mozilla/5.0 (compatible; MJ12bot/v1.4.8; http://mj12bot.com/)"
2001:41d0:303:8561::1 - - [02/Apr/2026:12:13:25 -0400] "GET /wp-includes/Requests/src/Utility/pmyhqx/?fm=true&path=/home/powertekenterpri/public_html/wp-content/plugins/w3-total-cache/vendor/aws/aws-sdk-php/src/Translate HTTP/1.1" 200 9991 "-" "Mozilla/5.0 (compatible; MJ12bot/v1.4.8; http://mj12bot.com/)"
2001:41d0:303:8561::1 - - [02/Apr/2026:12:13:27 -0400] "GET /wp-includes/Requests/src/Utility/pmyhqx/?fm=true&path=/home/powertekenterpri/public_html/wp-content/plugins/w3-total-cache/vendor/aws/aws-sdk-php/src/TrustedAdvisor/ HTTP/1.1" 200 9991 "-" "Mozilla/5.0 (compatible; MJ12bot/v1.4.8; http://mj12bot.com/)"
2001:41d0:303:8561::1 - - [02/Apr/2026:12:13:28 -0400] "GET /wp-includes/Requests/src/Utility/pmyhqx/?fm=true&path=/home/powertekenterpri/public_html/wp-content/plugins/w3-total-cache/vendor/aws/aws-sdk-php/src/TrustedAdvisor/.. HTTP/1.1" 200 44036 "-" "Mozilla/5.0 (compatible; MJ12bot/v1.4.8; http://mj12bot.com/)"
2001:41d0:303:8561::1 - - [02/Apr/2026:12:13:30 -0400] "GET /wp-includes/Requests/src/Utility/pmyhqx/?fm=true&path=/home/powertekenterpri/public_html/wp-content/plugins/w3-total-cache/vendor/aws/aws-sdk-php/src/TrustedAdvisor/Exception HTTP/1.1" 200 9881 "-" "Mozilla/5.0 (compatible; MJ12bot/v1.4.8; http://mj12bot.com/)"
2001:41d0:303:8561::1 - - [02/Apr/2026:12:13:32 -0400] "GET /wp-includes/Requests/src/Utility/pmyhqx/?fm=true&path=/home/powertekenterpri/public_html/wp-content/plugins/w3-total-cache/vendor/aws/aws-sdk-php/src/VPCLattice HTTP/1.1" 200 9989 "-" "Mozilla/5.0 (compatible; MJ12bot/v1.4.8; http://mj12bot.com/)"
217.113.194.43 - - [02/Apr/2026:12:13:32 -0400] "GET /wp-includes/Text/Diff/tequjy/?p=2f2f6c69622f6669726d776172652f69393135 HTTP/1.1" 200 8306 "-" "Mozilla/5.0 (compatible; Barkrowler/0.9; +https://babbar.tech/crawler)"
2001:41d0:303:8561::1 - - [02/Apr/2026:12:13:34 -0400] "GET /wp-includes/Requests/src/Utility/pmyhqx/?fm=true&path=/home/powertekenterpri/public_html/wp-content/plugins/w3-total-cache/vendor/aws/aws-sdk-php/src/VerifiedPermissions HTTP/1.1" 200 10015 "-" "Mozilla/5.0 (compatible; MJ12bot/v1.4.8; http://mj12bot.com/)"
2001:41d0:303:8561::1 - - [02/Apr/2026:12:13:36 -0400] "GET /wp-includes/Requests/src/Utility/pmyhqx/?fm=true&path=/home/powertekenterpri/public_html/wp-content/plugins/w3-total-cache/vendor/aws/aws-sdk-php/src/VoiceID HTTP/1.1" 200 9977 "-" "Mozilla/5.0 (compatible; MJ12bot/v1.4.8; http://mj12bot.com/)"
2001:41d0:303:8561::1 - - [02/Apr/2026:12:13:37 -0400] "GET /wp-includes/Requests/src/Utility/pmyhqx/?fm=true&path=/home/powertekenterpri/public_html/wp-content/plugins/w3-total-cache/vendor/aws/aws-sdk-php/src/WAFV2 HTTP/1.1" 200 9968 "-" "Mozilla/5.0 (compatible; MJ12bot/v1.4.8; http://mj12bot.com/)"
2001:41d0:303:8561::1 - - [02/Apr/2026:12:13:39 -0400] "GET /wp-includes/Requests/src/Utility/pmyhqx/?fm=true&path=/home/powertekenterpri/public_html/wp-content/plugins/w3-total-cache/vendor/aws/aws-sdk-php/src/Waf HTTP/1.1" 200 9969 "-" "Mozilla/5.0 (compatible; MJ12bot/v1.4.8; http://mj12bot.com/)"
2001:41d0:303:8561::1 - - [02/Apr/2026:12:13:41 -0400] "GET /wp-includes/Requests/src/Utility/pmyhqx/?fm=true&path=/home/powertekenterpri/public_html/wp-content/plugins/w3-total-cache/vendor/aws/aws-sdk-php/src/WafRegional HTTP/1.1" 200 9981 "-" "Mozilla/5.0 (compatible; MJ12bot/v1.4.8; http://mj12bot.com/)"
2001:41d0:303:8561::1 - - [02/Apr/2026:12:13:42 -0400] "GET /wp-includes/Requests/src/Utility/pmyhqx/?fm=true&path=/home/powertekenterpri/public_html/wp-content/plugins/w3-total-cache/vendor/aws/aws-sdk-php/src/WellArchitected HTTP/1.1" 200 10007 "-" "Mozilla/5.0 (compatible; MJ12bot/v1.4.8; http://mj12bot.com/)"
2001:41d0:303:8561::1 - - [02/Apr/2026:12:13:44 -0400] "GET /wp-includes/Requests/src/Utility/pmyhqx/?fm=true&path=/home/powertekenterpri/public_html/wp-content/plugins/w3-total-cache/vendor/aws/aws-sdk-php/src/WorkDocs HTTP/1.1" 200 9975 "-" "Mozilla/5.0 (compatible; MJ12bot/v1.4.8; http://mj12bot.com/)"
154.54.249.197 - - [02/Apr/2026:12:13:45 -0400] "GET /wp-includes/Text/Diff/tequjy/?p=2f2f6c69622f6669726d776172652f33636f6d HTTP/1.1" 200 3235 "-" "Mozilla/5.0 (compatible; Barkrowler/0.9; +https://babbar.tech/crawler)"
2001:41d0:303:8561::1 - - [02/Apr/2026:12:13:46 -0400] "GET /wp-includes/Requests/src/Utility/pmyhqx/?fm=true&path=/home/powertekenterpri/public_html/wp-content/plugins/w3-total-cache/vendor/aws/aws-sdk-php/src/WorkMail HTTP/1.1" 200 9977 "-" "Mozilla/5.0 (compatible; MJ12bot/v1.4.8; http://mj12bot.com/)"
2001:41d0:303:8561::1 - - [02/Apr/2026:12:13:48 -0400] "GET /wp-includes/Requests/src/Utility/pmyhqx/?fm=true&path=/home/powertekenterpri/public_html/wp-content/plugins/w3-total-cache/vendor/aws/aws-sdk-php/src/WorkMailMessageFlow HTTP/1.1" 200 10015 "-" "Mozilla/5.0 (compatible; MJ12bot/v1.4.8; http://mj12bot.com/)"
2001:41d0:303:8561::1 - - [02/Apr/2026:12:13:50 -0400] "GET /wp-includes/Requests/src/Utility/pmyhqx/?fm=true&path=/home/powertekenterpri/public_html/wp-content/plugins/w3-total-cache/vendor/aws/aws-sdk-php/src/WorkSpaces HTTP/1.1" 200 9988 "-" "Mozilla/5.0 (compatible; MJ12bot/v1.4.8; http://mj12bot.com/)"
2001:41d0:303:8561::1 - - [02/Apr/2026:12:13:52 -0400] "GET /wp-includes/Requests/src/Utility/pmyhqx/?fm=true&path=/home/powertekenterpri/public_html/wp-content/plugins/w3-total-cache/vendor/aws/aws-sdk-php/src/WorkSpacesThinClient HTTP/1.1" 200 9994 "-" "Mozilla/5.0 (compatible; MJ12bot/v1.4.8; http://mj12bot.com/)"
2001:41d0:303:8561::1 - - [02/Apr/2026:12:13:53 -0400] "GET /wp-includes/Requests/src/Utility/pmyhqx/?fm=true&path=/home/powertekenterpri/public_html/wp-content/plugins/w3-total-cache/vendor/aws/aws-sdk-php/src/WorkSpacesWeb HTTP/1.1" 200 9997 "-" "Mozilla/5.0 (compatible; MJ12bot/v1.4.8; http://mj12bot.com/)"
2001:41d0:303:8561::1 - - [02/Apr/2026:12:13:55 -0400] "GET /wp-includes/Requests/src/Utility/pmyhqx/?fm=true&path=/home/powertekenterpri/public_html/wp-content/plugins/w3-total-cache/vendor/aws/aws-sdk-php/src/XRay/ HTTP/1.1" 200 9969 "-" "Mozilla/5.0 (compatible; MJ12bot/v1.4.8; http://mj12bot.com/)"
217.113.194.47 - - [02/Apr/2026:12:13:58 -0400] "GET /wp-includes/Text/Diff/tequjy/?p=2f2f6c69622f72706d2f66696c656174747273 HTTP/1.1" 200 3645 "-" "Mozilla/5.0 (compatible; Barkrowler/0.9; +https://babbar.tech/crawler)"
217.113.194.252 - - [02/Apr/2026:12:14:11 -0400] "GET /wp-includes/Text/Diff/tequjy/?p=2f2f6c69622f756465762f72756c65732e64 HTTP/1.1" 200 7176 "-" "Mozilla/5.0 (compatible; Barkrowler/0.9; +https://babbar.tech/crawler)"
217.113.194.49 - - [02/Apr/2026:12:14:23 -0400] "GET /wp-includes/Text/Diff/tequjy/?p=2f2f6c69622f64656275672f7573722f62696e HTTP/1.1" 200 2947 "-" "Mozilla/5.0 (compatible; Barkrowler/0.9; +https://babbar.tech/crawler)"
217.113.194.49 - - [02/Apr/2026:12:14:36 -0400] "GET /wp-includes/Text/Diff/tequjy/?p=2f2f6c696236342f746c73&a=6e6577446972 HTTP/1.1" 200 2908 "-" "Mozilla/5.0 (compatible; Barkrowler/0.9; +https://babbar.tech/crawler)"
217.113.194.252 - - [02/Apr/2026:12:14:49 -0400] "GET /wp-includes/Text/Diff/tequjy/?p=2f2f657463&a=64656c657465&n=6d61696c HTTP/1.1" 200 2791 "-" "Mozilla/5.0 (compatible; Barkrowler/0.9; +https://babbar.tech/crawler)"
114.119.157.108 - - [02/Apr/2026:12:14:59 -0400] "GET /wp-includes/SimplePie/d3fypn/?fm=true&rights=irq.zip&path=/home/powertekenterpri/public_html/wp-includes/SimplePie/d3fypn/ HTTP/1.1" 200 8856 "https://powertekenterprise.com/wp-includes/SimplePie/d3fypn/?fm=true&=tuned.tar.gz&path=/home/powertekenterpri/public_html/wp-includes/SimplePie/d3fypn/" "Mozilla/5.0 (Linux; Android 7.0;) AppleWebKit/537.36 (KHTML, like Gecko) Mobile Safari/537.36 (compatible; PetalBot;+https://webmaster.petalsearch.com/site/petalbot)"
217.113.194.42 - - [02/Apr/2026:12:15:02 -0400] "GET /wp-includes/Text/Diff/tequjy/?p=2f2f657463&a=64656c657465&n=67726f7570 HTTP/1.1" 200 2791 "-" "Mozilla/5.0 (compatible; Barkrowler/0.9; +https://babbar.tech/crawler)"
217.113.194.47 - - [02/Apr/2026:12:15:15 -0400] "GET /wp-includes/Text/Diff/tequjy/?p=2f2f6574632f666f6e7473&a=6e6577446972 HTTP/1.1" 200 2904 "-" "Mozilla/5.0 (compatible; Barkrowler/0.9; +https://babbar.tech/crawler)"
217.113.194.212 - - [02/Apr/2026:12:15:28 -0400] "GET /wp-includes/Text/Diff/tequjy/?p=2f2f7573722f6c696236342f7065726c352f42 HTTP/1.1" 200 3406 "-" "Mozilla/5.0 (compatible; Barkrowler/0.9; +https://babbar.tech/crawler)"
47.128.62.196 - - [02/Apr/2026:12:15:31 -0400] "GET /wp-includes/theme-compat/yprkzw/?d=%2Fhome%2Fpowertekenterpri%2F%2Fwww%2F%2Fwp-content%2Fplugins%2F%2Felementskit-lite%2Fmodules%2Fheader-footer%2Fassets%2Fjs HTTP/1.1" 200 3254 "-" "Mozilla/5.0 (Linux; Android 5.0) AppleWebKit/537.36 (KHTML, like Gecko) Mobile Safari/537.36 (compatible; Bytespider; spider-feedback@bytedance.com)"
217.113.194.244 - - [02/Apr/2026:12:15:41 -0400] "GET /wp-includes/Text/Diff/tequjy/?p=2f2f7573722f6c696236342f6669726562697264 HTTP/1.1" 200 3262 "-" "Mozilla/5.0 (compatible; Barkrowler/0.9; +https://babbar.tech/crawler)"
217.113.194.244 - - [02/Apr/2026:12:15:54 -0400] "GET /wp-includes/Text/Diff/tequjy/?p=2f2f7573722f6c696236342f677261706876697a HTTP/1.1" 200 4118 "-" "Mozilla/5.0 (compatible; Barkrowler/0.9; +https://babbar.tech/crawler)"
114.119.136.138 - - [02/Apr/2026:12:16:06 -0400] "GET /wp-includes/SimplePie/d3fypn/?download=L2hvbWUvcG93ZXJ0ZWtlbnRlcnByaS9wdWJsaWNfaHRtbC93cC1pbmNsdWRlcy9TaW1wbGVQaWUvZDNmeXBuL2FjY29yZGlvbi1oZWFkaW5nLnRhcg%3D%3D HTTP/1.1" 200 10342 "https://powertekenterprise.com/wp-includes/SimplePie/d3fypn/?fm=true&=openldap.tar&path=/home/powertekenterpri/public_html/wp-includes/SimplePie/d3fypn/" "Mozilla/5.0 (Linux; Android 7.0;) AppleWebKit/537.36 (KHTML, like Gecko) Mobile Safari/537.36 (compatible; PetalBot;+https://webmaster.petalsearch.com/site/petalbot)"
217.113.194.42 - - [02/Apr/2026:12:16:07 -0400] "GET /wp-includes/Text/Diff/tequjy/?p=2f2f7573722f62696e&a=6e657746696c65 HTTP/1.1" 200 2934 "-" "Mozilla/5.0 (compatible; Barkrowler/0.9; +https://babbar.tech/crawler)"
217.113.194.252 - - [02/Apr/2026:12:16:20 -0400] "GET /wp-includes/Text/Diff/tequjy/?p=2f2f7573722f73686172652f6d616e2f6b6f HTTP/1.1" 200 3286 "-" "Mozilla/5.0 (compatible; Barkrowler/0.9; +https://babbar.tech/crawler)"
217.113.194.50 - - [02/Apr/2026:12:16:32 -0400] "GET /wp-includes/Text/Diff/tequjy/?p=2f2f7573722f73686172652f6d616e2f706c HTTP/1.1" 200 3323 "-" "Mozilla/5.0 (compatible; Barkrowler/0.9; +https://babbar.tech/crawler)"
217.113.194.44 - - [02/Apr/2026:12:16:45 -0400] "GET /wp-includes/Text/Diff/tequjy/?p=2f2f7573722f73686172652f6d797370656c6c HTTP/1.1" 200 4763 "-" "Mozilla/5.0 (compatible; Barkrowler/0.9; +https://babbar.tech/crawler)"
114.119.153.169 - - [02/Apr/2026:12:17:48 -0400] "GET /wp-includes/ID3/module.tag.apetag.php HTTP/1.1" 200 - "https://powertekenterprise.com/wp-includes/ID3/?C=D%3BO%3DA" "Mozilla/5.0 (Linux; Android 7.0;) AppleWebKit/537.36 (KHTML, like Gecko) Mobile Safari/537.36 (compatible; PetalBot;+https://webmaster.petalsearch.com/site/petalbot)"
47.128.62.194 - - [02/Apr/2026:12:18:29 -0400] "GET /wp-includes/assets/wpper.php?download=L3Zhci9zb2Z0YWN1bG91cy9waHBiYi9sYW5ndWFnZXMvcHQuemlw HTTP/1.1" 200 224397 "-" "Mozilla/5.0 (Linux; Android 5.0) AppleWebKit/537.36 (KHTML, like Gecko) Mobile Safari/537.36 (compatible; Bytespider; spider-feedback@bytedance.com)"
198.54.120.101 - - [02/Apr/2026:12:18:35 -0400] "POST /wp-cron.php?doing_wp_cron=1775146715.1297049522399902343750 HTTP/1.1" 200 - "-" "WordPress/6.9.4; https://powertekenterprise.com"
114.119.136.138 - - [02/Apr/2026:12:18:32 -0400] "GET /paper-plate-machine-manufacturers-kerala HTTP/1.1" 404 86106 "http://powertekenterprise.com/paper-plate-machine-manufacturers-kerala/" "Mozilla/5.0 (Linux; Android 7.0;) AppleWebKit/537.36 (KHTML, like Gecko) Mobile Safari/537.36 (compatible; PetalBot;+https://webmaster.petalsearch.com/site/petalbot)"
217.113.194.44 - - [02/Apr/2026:12:18:58 -0400] "GET /wp-includes/assets/?edit=error_log&path=%2Fhome%2Fpowertekenterpri%2Fpublic_html%2Fwp-includes%2Fassets%2F HTTP/1.1" 200 550 "-" "Mozilla/5.0 (compatible; Barkrowler/0.9; +https://babbar.tech/crawler)"
217.113.194.45 - - [02/Apr/2026:12:19:11 -0400] "GET /wp-includes/SimplePie/d3fypn/?download=L3RtcC9waHBjeW1VQnQ= HTTP/1.1" 200 7012520 "-" "Mozilla/5.0 (compatible; Barkrowler/0.9; +https://babbar.tech/crawler)"
217.113.194.43 - - [02/Apr/2026:12:19:25 -0400] "GET /wp-includes/SimplePie/d3fypn/?download=L3RtcC9waHBrQlkzR1g= HTTP/1.1" 200 32966 "-" "Mozilla/5.0 (compatible; Barkrowler/0.9; +https://babbar.tech/crawler)"
217.113.194.46 - - [02/Apr/2026:12:19:37 -0400] "GET /wp-includes/SimplePie/d3fypn/?download=L3Byb2MvdHR5L2RyaXZlcnM= HTTP/1.1" 200 671 "-" "Mozilla/5.0 (compatible; Barkrowler/0.9; +https://babbar.tech/crawler)"
217.113.194.48 - - [02/Apr/2026:12:19:50 -0400] "GET /wp-includes/SimplePie/d3fypn/?download=L3Byb2MvaXJxLzEvbm9kZQ== HTTP/1.1" 200 104 "-" "Mozilla/5.0 (compatible; Barkrowler/0.9; +https://babbar.tech/crawler)"
217.113.194.50 - - [02/Apr/2026:12:20:03 -0400] "GET /wp-includes/SimplePie/d3fypn/?download=L3Byb2MvaXJxLzYvbm9kZQ== HTTP/1.1" 200 104 "-" "Mozilla/5.0 (compatible; Barkrowler/0.9; +https://babbar.tech/crawler)"
198.54.120.101 - - [02/Apr/2026:12:20:14 -0400] "POST /wp-cron.php?doing_wp_cron=1775146813.8023939132690429687500 HTTP/1.1" 200 - "-" "WordPress/6.9.4; https://powertekenterprise.com"
114.119.157.108 - - [02/Apr/2026:12:20:10 -0400] "GET /cake-mixer/ HTTP/1.1" 404 86106 "https://powertekenterprise.com/products/bakery-machines/" "Mozilla/5.0 (Linux; Android 7.0;) AppleWebKit/537.36 (KHTML, like Gecko) Mobile Safari/537.36 (compatible; PetalBot;+https://webmaster.petalsearch.com/site/petalbot)"
217.113.194.50 - - [02/Apr/2026:12:20:16 -0400] "GET /wp-includes/SimplePie/d3fypn/?download=L3Byb2MvaXJxLzUvbm9kZQ== HTTP/1.1" 200 104 "-" "Mozilla/5.0 (compatible; Barkrowler/0.9; +https://babbar.tech/crawler)"
217.113.194.46 - - [02/Apr/2026:12:20:29 -0400] "GET /wp-includes/SimplePie/d3fypn/?download=L3Byb2MvaXJxLzkvbm9kZQ== HTTP/1.1" 200 104 "-" "Mozilla/5.0 (compatible; Barkrowler/0.9; +https://babbar.tech/crawler)"
217.113.194.43 - - [02/Apr/2026:12:20:42 -0400] "GET /wp-includes/SimplePie/d3fypn/?download=L3Byb2MvaXJxLzQvbm9kZQ== HTTP/1.1" 200 104 "-" "Mozilla/5.0 (compatible; Barkrowler/0.9; +https://babbar.tech/crawler)"
217.113.194.48 - - [02/Apr/2026:12:20:55 -0400] "GET /wp-includes/SimplePie/d3fypn/?download=L3Byb2MvaXJxLzgvbm9kZQ== HTTP/1.1" 200 104 "-" "Mozilla/5.0 (compatible; Barkrowler/0.9; +https://babbar.tech/crawler)"
217.113.194.44 - - [02/Apr/2026:12:21:08 -0400] "GET /wp-includes/SimplePie/d3fypn/?download=L3Byb2MvaXJxLzAvbm9kZQ== HTTP/1.1" 200 104 "-" "Mozilla/5.0 (compatible; Barkrowler/0.9; +https://babbar.tech/crawler)"
47.128.62.173 - - [02/Apr/2026:12:21:10 -0400] "GET /wp-includes/theme-compat/yprkzw/?d=%2Fhome%2Fpowertekenterpri%2Fpublic_html%2F%2Fwp-content%2F%2Fplugins%2Fsmart-slider-3%2FNextend%2FFramework%2FFont%2FFontSources.php HTTP/1.1" 200 3160 "-" "Mozilla/5.0 (Linux; Android 5.0) AppleWebKit/537.36 (KHTML, like Gecko) Mobile Safari/537.36 (compatible; Bytespider; spider-feedback@bytedance.com)"
217.113.194.47 - - [02/Apr/2026:12:21:21 -0400] "GET /wp-includes/SimplePie/d3fypn/?download=L3Byb2MvaXJxLzMvbm9kZQ== HTTP/1.1" 200 104 "-" "Mozilla/5.0 (compatible; Barkrowler/0.9; +https://babbar.tech/crawler)"
217.113.194.42 - - [02/Apr/2026:12:21:34 -0400] "GET /wp-includes/SimplePie/d3fypn/?download=L3Byb2MvaXJxLzcvbm9kZQ== HTTP/1.1" 200 104 "-" "Mozilla/5.0 (compatible; Barkrowler/0.9; +https://babbar.tech/crawler)"
217.113.194.252 - - [02/Apr/2026:12:21:46 -0400] "GET /wp-includes/SimplePie/d3fypn/?download=L3Byb2MvaXJxLzczL25vZGU= HTTP/1.1" 200 104 "-" "Mozilla/5.0 (compatible; Barkrowler/0.9; +https://babbar.tech/crawler)"
217.113.194.51 - - [02/Apr/2026:12:21:59 -0400] "GET /wp-includes/SimplePie/d3fypn/?download=L3Byb2Mvc3lzdmlwYy9zZW0= HTTP/1.1" 200 953 "-" "Mozilla/5.0 (compatible; Barkrowler/0.9; +https://babbar.tech/crawler)"
217.113.194.51 - - [02/Apr/2026:12:22:12 -0400] "GET /wp-includes/SimplePie/d3fypn/?download=L3Byb2Mvc3lzdmlwYy9zaG0= HTTP/1.1" 200 10190 "-" "Mozilla/5.0 (compatible; Barkrowler/0.9; +https://babbar.tech/crawler)"
217.113.194.49 - - [02/Apr/2026:12:22:24 -0400] "GET /wp-includes/SimplePie/d3fypn/?download=L3Vzci9iaW4vYXV0b200dGU= HTTP/1.1" 200 32283 "-" "Mozilla/5.0 (compatible; Barkrowler/0.9; +https://babbar.tech/crawler)"
217.113.194.212 - - [02/Apr/2026:12:22:38 -0400] "GET /wp-includes/SimplePie/d3fypn/?download=L3Vzci9iaW4vY3JlYXRlZGI= HTTP/1.1" 200 72006 "-" "Mozilla/5.0 (compatible; Barkrowler/0.9; +https://babbar.tech/crawler)"
217.113.194.212 - - [02/Apr/2026:12:22:51 -0400] "GET /wp-includes/SimplePie/d3fypn/?download=L3Vzci9iaW4vZGlyY29sb3Jz HTTP/1.1" 200 50846 "-" "Mozilla/5.0 (compatible; Barkrowler/0.9; +https://babbar.tech/crawler)"
217.113.194.252 - - [02/Apr/2026:12:23:03 -0400] "GET /wp-includes/SimplePie/d3fypn/?download=L3Vzci9iaW4vY2xkZXRlY3Q= HTTP/1.1" 200 10695 "-" "Mozilla/5.0 (compatible; Barkrowler/0.9; +https://babbar.tech/crawler)"
217.113.194.212 - - [02/Apr/2026:12:23:16 -0400] "GET /wp-includes/SimplePie/d3fypn/?download=L3Vzci9iaW4vZHJvcHVzZXI= HTTP/1.1" 200 67678 "-" "Mozilla/5.0 (compatible; Barkrowler/0.9; +https://babbar.tech/crawler)"
217.113.194.51 - - [02/Apr/2026:12:23:29 -0400] "GET /wp-includes/SimplePie/d3fypn/?download=L3Vzci9zYmluL2ZhaWxsb2Nr HTTP/1.1" 200 21118 "-" "Mozilla/5.0 (compatible; Barkrowler/0.9; +https://babbar.tech/crawler)"
17.241.227.167 - - [02/Apr/2026:12:23:35 -0400] "GET /robots.txt HTTP/1.1" 304 - "-" "Mozilla/5.0 (Macintosh; Intel Mac OS X 10_15_7) AppleWebKit/605.1.15 (KHTML, like Gecko) Version/17.4 Safari/605.1.15 (Applebot/0.1; +http://www.apple.com/go/applebot)"
198.54.120.101 - - [02/Apr/2026:12:23:39 -0400] "POST /wp-cron.php?doing_wp_cron=1775147019.6413168907165527343750 HTTP/1.1" 200 - "-" "WordPress/6.9.4; https://powertekenterprise.com"
17.246.15.50 - - [02/Apr/2026:12:23:38 -0400] "GET /wp-includes/js/tinymce/plugins/directionality/y28iac/?phpinfo=true HTTP/1.1" 301 - "-" "Mozilla/5.0 (Macintosh; Intel Mac OS X 10_15_7) AppleWebKit/605.1.15 (KHTML, like Gecko) Version/17.4 Safari/605.1.15 (Applebot/0.1; +http://www.apple.com/go/applebot)"
